000
CDUS46 KOTX 301245
CLIDEW


CLIMATE REPORT
NATIONAL WEATHER SERVICE SPOKANE, WA
545 AM PDT TUE AUG 30 2016


...................................

...THE DEER_PARK WA AIRPORT CLIMATE SUMMARY FOR AUGUST 29 2016...

CLIMATE NORMAL PERIOD 1981 TO 2010
CLIMATE RECORD PERIOD 9999 TO 9999


WEATHER ITEM   OBSERVED TIME   RECORD YEAR NORMAL DEPARTURE LAST
                VALUE   (LST)  VALUE       VALUE  FROM      YEAR
                                                  NORMAL
..................................................................
TEMPERATURE (F)
 YESTERDAY
  MAXIMUM         91    359 PM  MM      MM  80     11       80
  MINIMUM         47    125 AM  MM      MM  44      3       54
  AVERAGE         69                        62      7       67

PRECIPITATION (IN)
  YESTERDAY        0.00         MM      MM   0.03  -0.03     0.05
  MONTH TO DATE    0.17                      0.76  -0.59     0.14
  SINCE OCT 1     23.24                     21.18   2.06    16.76
  SINCE JAN 1     14.25                     13.36   0.89    10.37

SNOWFALL (IN)
  YESTERDAY       MM

DEGREE DAYS
 HEATING
  YESTERDAY        0                         4     -4        0
  MONTH TO DATE   35                        67    -32       27
  SINCE JUN 1    288                       335    -47      119
  SINCE JUL 1    117                       135    -18       41

 COOLING
  YESTERDAY        4                         1      3        2
  MONTH TO DATE   87                        72     15      114
  SINCE JUN 1    208                       166     42      375
  SINCE JAN 1    208                       169     39      386
..................................................................


WIND (MPH)
  HIGHEST WIND SPEED    16   HIGHEST WIND DIRECTION    NE (40)
  HIGHEST GUST SPEED    23   HIGHEST GUST DIRECTION     E (110)
  AVERAGE WIND SPEED     5.4


SKY COVER
  POSSIBLE SUNSHINE  MM
  AVERAGE SKY COVER 0.0


WEATHER CONDITIONS
 THE FOLLOWING WEATHER WAS RECORDED YESTERDAY.
  HAZE


RELATIVE HUMIDITY (PERCENT)
 HIGHEST    61           100 AM
 LOWEST     13           200 PM
 AVERAGE    37

..........................................................


THE DEER_PARK WA AIRPORT CLIMATE NORMALS FOR TODAY
                         NORMAL    RECORD    YEAR
 MAXIMUM TEMPERATURE (F)   80        MM        MM
 MINIMUM TEMPERATURE (F)   44        MM        MM


SUNRISE AND SUNSET
AUGUST 30 2016........SUNRISE   606 AM PDT   SUNSET   733 PM PDT
AUGUST 31 2016........SUNRISE   607 AM PDT   SUNSET   731 PM PDT


-  INDICATES NEGATIVE NUMBERS.
R  INDICATES RECORD WAS SET OR TIED.
MM INDICATES DATA IS MISSING.
T  INDICATES TRACE AMOUNT.




$$
