000
CDUS46 KOTX 220837
CLIDEW


CLIMATE REPORT
NATIONAL WEATHER SERVICE SPOKANE, WA
136 AM PDT FRI AUG 22 2014


...................................

...THE DEER_PARK WA AIRPORT CLIMATE SUMMARY FOR AUGUST 21 2014...

CLIMATE NORMAL PERIOD 1981 TO 2010
CLIMATE RECORD PERIOD 9999 TO 9999


WEATHER ITEM   OBSERVED TIME   RECORD YEAR NORMAL DEPARTURE LAST
                VALUE   (LST)  VALUE       VALUE  FROM      YEAR
                                                  NORMAL
..................................................................
TEMPERATURE (F)
 YESTERDAY
  MAXIMUM         80    141 PM  MM      MM  83     -3       87
  MINIMUM         54   1202 AM  MM      MM  46      8       41
  AVERAGE         67                        64      3       64

PRECIPITATION (IN)
  YESTERDAY        0.11         MM      MM   0.03   0.08     0.00
  MONTH TO DATE    0.89                      0.49   0.40     1.66
  SINCE OCT 1     18.37                     20.91  -2.54    20.36
  SINCE JAN 1     14.57                     13.09   1.48    11.52

SNOWFALL (IN)
  YESTERDAY       MM            MM      MM  MM     MM       MM
  MONTH TO DATE   MM                        MM     MM       MM
  SINCE JUN 1     MM                        MM     MM       MM
  SINCE JUL 1     MM                        MM     MM       MM
  SNOW DEPTH      MM

DEGREE DAYS
 HEATING
  YESTERDAY        0                         3     -3        1
  MONTH TO DATE    0                        40    -40       14
  SINCE JUN 1    224                       308    -84      239
  SINCE JUL 1     18                       108    -90       37

 COOLING
  YESTERDAY        2                         2      0        0
  MONTH TO DATE  126                        58     68       90
  SINCE JUN 1    338                       152    186      219
  SINCE JAN 1    338                       155    183      222
..................................................................


WIND (MPH)
  HIGHEST WIND SPEED    23   HIGHEST WIND DIRECTION    NE (50)
  HIGHEST GUST SPEED    28   HIGHEST GUST DIRECTION    NE (40)
  AVERAGE WIND SPEED     8.5


SKY COVER
  POSSIBLE SUNSHINE  MM
  AVERAGE SKY COVER 0.5


WEATHER CONDITIONS
 THE FOLLOWING WEATHER WAS RECORDED YESTERDAY.
  THUNDERSTORM
  HEAVY RAIN
  RAIN


RELATIVE HUMIDITY (PERCENT)
 HIGHEST    93          1200 AM
 LOWEST     37           400 PM
 AVERAGE    65

..........................................................


THE DEER_PARK WA AIRPORT CLIMATE NORMALS FOR TODAY
                         NORMAL    RECORD    YEAR
 MAXIMUM TEMPERATURE (F)   82        MM        MM
 MINIMUM TEMPERATURE (F)   46        MM        MM


SUNRISE AND SUNSET
AUGUST 22 2014........SUNRISE   554 AM PDT   SUNSET   750 PM PDT
AUGUST 23 2014........SUNRISE   556 AM PDT   SUNSET   748 PM PDT


-  INDICATES NEGATIVE NUMBERS.
R  INDICATES RECORD WAS SET OR TIED.
MM INDICATES DATA IS MISSING.
T  INDICATES TRACE AMOUNT.




$$
