000
CDUS46 KOTX 280824
CLIDEW


CLIMATE REPORT
NATIONAL WEATHER SERVICE SPOKANE, WA
1221 AM PST SUN DEC 28 2014


...................................

...THE DEER_PARK WA AIRPORT CLIMATE SUMMARY FOR DECEMBER 27 2014...

CLIMATE NORMAL PERIOD 1981 TO 2010
CLIMATE RECORD PERIOD 9999 TO 9999


WEATHER ITEM   OBSERVED TIME   RECORD YEAR NORMAL DEPARTURE LAST
                VALUE   (LST)  VALUE       VALUE  FROM      YEAR
                                                  NORMAL
..................................................................
TEMPERATURE (F)
 YESTERDAY
  MAXIMUM         33   1008 PM   MM    MM   31      2       31
  MINIMUM         27    149 AM   MM    MM   18      9       12
  AVERAGE         30                        25      5       22

PRECIPITATION (IN)
  YESTERDAY        0.30          MM    MM   0.10   0.20     0.00
  MONTH TO DATE    2.64                     2.51   0.13     0.67
  SINCE OCT 1      6.38                     7.46  -1.08     3.71
  SINCE JAN 1     21.60                    21.90  -0.30    18.09

SNOWFALL (IN)
  YESTERDAY       MM

DEGREE DAYS
 HEATING
  YESTERDAY       35                        40     -5       43
  MONTH TO DATE  827                      1063   -236     1136
  SINCE DEC 1    827                      1063   -236     1136
  SINCE JUL 1   2452                      3066   -614     3052

 COOLING
  YESTERDAY        0                         0      0        0
  MONTH TO DATE    0                         0      0        0
  SINCE DEC 1      0                         0      0        0
  SINCE JAN 1    354                       187    167      310
..................................................................


WIND (MPH)
  HIGHEST WIND SPEED    10   HIGHEST WIND DIRECTION     S (200)
  HIGHEST GUST SPEED    14   HIGHEST GUST DIRECTION    SW (210)
  AVERAGE WIND SPEED     3.2


SKY COVER
  POSSIBLE SUNSHINE  MM
  AVERAGE SKY COVER 1.0


WEATHER CONDITIONS
 THE FOLLOWING WEATHER WAS RECORDED YESTERDAY.
  SNOW
  LIGHT SNOW
  FOG
  FOG W/VISIBILITY <= 1/4 MILE


RELATIVE HUMIDITY (PERCENT)
 HIGHEST   100          1000 AM
 LOWEST     92          1200 AM
 AVERAGE    96

..........................................................


THE DEER_PARK WA AIRPORT CLIMATE NORMALS FOR TODAY
                         NORMAL    RECORD    YEAR
 MAXIMUM TEMPERATURE (F)   31        MM        MM
 MINIMUM TEMPERATURE (F)   18        MM        MM


SUNRISE AND SUNSET
DECEMBER 28 2014......SUNRISE   739 AM PST   SUNSET   404 PM PST
DECEMBER 29 2014......SUNRISE   739 AM PST   SUNSET   405 PM PST


-  INDICATES NEGATIVE NUMBERS.
R  INDICATES RECORD WAS SET OR TIED.
MM INDICATES DATA IS MISSING.
T  INDICATES TRACE AMOUNT.

$$
