000
CDUS46 KOTX 280833
CLIDEW


CLIMATE REPORT
NATIONAL WEATHER SERVICE SPOKANE, WA
133 AM PDT SAT MAY 28 2016


...................................

...THE DEER_PARK WA AIRPORT CLIMATE SUMMARY FOR MAY 27 2016...

CLIMATE NORMAL PERIOD 1981 TO 2010
CLIMATE RECORD PERIOD 9999 TO 9999


WEATHER ITEM   OBSERVED TIME   RECORD YEAR NORMAL DEPARTURE LAST
                VALUE   (LST)  VALUE       VALUE  FROM      YEAR
                                                  NORMAL
..................................................................
TEMPERATURE (F)
 YESTERDAY
  MAXIMUM         62    331 PM  MM      MM  69     -7       73
  MINIMUM         40   1159 PM  MM      MM  41     -1       45
  AVERAGE         51                        55     -4       59

PRECIPITATION (IN)
  YESTERDAY        0.05         MM      MM   0.07  -0.02     0.00
  MONTH TO DATE    1.31                      1.57  -0.26     1.28
  SINCE OCT 1     20.37                     17.29   3.08    15.09
  SINCE JAN 1     11.38                      9.47   1.91     8.70

SNOWFALL (IN)
  YESTERDAY       MM

DEGREE DAYS
 HEATING
  YESTERDAY       14                        10      4        6
  MONTH TO DATE  232                       364   -132      235
  SINCE MAR 1   1379                      1810   -431     1538
  SINCE JUL 1   6002                      7175  -1173     6107

 COOLING
  YESTERDAY        0                         0      0        0
  MONTH TO DATE    0                         0      0        4
  SINCE MAR 1      0                         0      0        4
  SINCE JAN 1      0                         0      0        4
..................................................................


WIND (MPH)
  HIGHEST WIND SPEED    23   HIGHEST WIND DIRECTION     S (200)
  HIGHEST GUST SPEED    32   HIGHEST GUST DIRECTION     S (190)
  AVERAGE WIND SPEED     9.8


SKY COVER
  POSSIBLE SUNSHINE  MM
  AVERAGE SKY COVER 0.9


WEATHER CONDITIONS
 THE FOLLOWING WEATHER WAS RECORDED YESTERDAY.
  RAIN
  LIGHT RAIN
  FOG


RELATIVE HUMIDITY (PERCENT)
 HIGHEST    89           600 AM
 LOWEST     29           300 PM
 AVERAGE    59

..........................................................


THE DEER_PARK WA AIRPORT CLIMATE NORMALS FOR TODAY
                         NORMAL    RECORD    YEAR
 MAXIMUM TEMPERATURE (F)   69        MM        MM
 MINIMUM TEMPERATURE (F)   42        MM        MM


SUNRISE AND SUNSET
MAY 28 2016...........SUNRISE   457 AM PDT   SUNSET   838 PM PDT
MAY 29 2016...........SUNRISE   456 AM PDT   SUNSET   839 PM PDT


-  INDICATES NEGATIVE NUMBERS.
R  INDICATES RECORD WAS SET OR TIED.
MM INDICATES DATA IS MISSING.
T  INDICATES TRACE AMOUNT.




$$
