000
CDUS44 KFWD 270643
CLIDFW

CLIMATE REPORT
NATIONAL WEATHER SERVICE FORT WORTH TX
1238 AM CST SAT DEC 27 2014


...................................

...THE DALLAS FORT WORTH CLIMATE SUMMARY FOR DECEMBER 26 2014...

CLIMATE NORMAL PERIOD 1981 TO 2010
CLIMATE RECORD PERIOD 1898 TO 2014


WEATHER ITEM   OBSERVED TIME   RECORD YEAR NORMAL DEPARTURE LAST
                VALUE   (LST)  VALUE       VALUE  FROM      YEAR
                                                  NORMAL
..................................................................
TEMPERATURE (F)
 YESTERDAY
  MAXIMUM         66    449 PM  83    2008  56     10       55
  MINIMUM         50    157 AM  16    1983  36     14       30
  AVERAGE         58                        46     12       43

PRECIPITATION (IN)
  YESTERDAY        0.01          1.35 1940   0.08  -0.07     0.00
  MONTH TO DATE    1.13                      2.19  -1.06     2.76
  SINCE DEC 1      1.13                      2.19  -1.06     2.76
  SINCE JAN 1     21.32                     35.78 -14.46    29.40

SNOWFALL (IN)
  YESTERDAY        0.0           T    1997   0.0    0.0      0.0
                                      1974
                                      1948
  MONTH TO DATE    0.0                       0.2   -0.2      2.1
  SINCE DEC 1      0.0                       0.2   -0.2      2.1
  SINCE JUL 1      T                         0.2   -0.2      2.1
  SNOW DEPTH       0

DEGREE DAYS
 HEATING
  YESTERDAY        7                        20    -13       22
  MONTH TO DATE  337                       459   -122      556
  SINCE DEC 1    337                       459   -122      556
  SINCE JUL 1    755                       813    -58      957

 COOLING
  YESTERDAY        0                         0      0        0
  MONTH TO DATE    1                         0      1        0
  SINCE DEC 1      1                         0      1        0
  SINCE JAN 1   2952                      2752    200     2930
..................................................................


WIND (MPH)
  HIGHEST WIND SPEED    18   HIGHEST WIND DIRECTION    SE (150)
  HIGHEST GUST SPEED    21   HIGHEST GUST DIRECTION     S (160)
  AVERAGE WIND SPEED     9.5


SKY COVER
  POSSIBLE SUNSHINE  MM
  AVERAGE SKY COVER 0.9


WEATHER CONDITIONS
 THE FOLLOWING WEATHER WAS RECORDED YESTERDAY.
  LIGHT RAIN
  FOG
  HAZE


RELATIVE HUMIDITY (PERCENT)
 HIGHEST    93           800 PM
 LOWEST     71          1200 AM
 AVERAGE    82

..........................................................


THE DALLAS FORT WORTH CLIMATE NORMALS FOR TODAY
                         NORMAL    RECORD    YEAR
 MAXIMUM TEMPERATURE (F)   56        82      2005
 MINIMUM TEMPERATURE (F)   36        19      1925
                                             1904


SUNRISE AND SUNSET
DECEMBER 27 2014......SUNRISE   729 AM CST   SUNSET   529 PM CST
DECEMBER 28 2014......SUNRISE   730 AM CST   SUNSET   530 PM CST


-  INDICATES NEGATIVE NUMBERS.
R  INDICATES RECORD WAS SET OR TIED.
MM INDICATES DATA IS MISSING.
T  INDICATES TRACE AMOUNT.




$$
