000
CDUS44 KFWD 130638
CLIDFW

FTWCLIDFW
TTAA00 KFWD 130637


CLIMATE REPORT
NATIONAL WEATHER SERVICE FORT WORTH TX
137 AM CDT SUN JUL 13 2014


...................................

...THE DALLAS FORT WORTH CLIMATE SUMMARY FOR JULY 12 2014...

CLIMATE NORMAL PERIOD 1981 TO 2010
CLIMATE RECORD PERIOD 1898 TO 2014


WEATHER ITEM   OBSERVED TIME   RECORD YEAR NORMAL DEPARTURE LAST
                VALUE   (LST)  VALUE       VALUE  FROM      YEAR
                                                  NORMAL
..................................................................
TEMPERATURE (F)
 YESTERDAY
  MAXIMUM         99    340 PM 110    1998  95      4      101
  MINIMUM         75    548 AM  64    1899  75      0       75
  AVERAGE         87                        85      2       88

PRECIPITATION (IN)
  YESTERDAY        0.00          2.46 1902   0.07  -0.07     0.00
  MONTH TO DATE    T                         1.05  -1.05      T
  SINCE JUN 1      3.26                      4.84  -1.58     2.14
  SINCE JAN 1     10.59                     21.09 -10.50    15.30

DEGREE DAYS
 HEATING
  YESTERDAY        0                         0      0        0
  MONTH TO DATE    0                         0      0        0
  SINCE JUN 1      0                         0      0        0
  SINCE JUL 1      0                         0      0        0

 COOLING
  YESTERDAY       22                        20      2       23
  MONTH TO DATE  243                       235      8      240
  SINCE JUN 1    770                       726     44      778
  SINCE JAN 1   1246                      1148     98     1167
..................................................................


WIND (MPH)
  HIGHEST WIND SPEED    18   HIGHEST WIND DIRECTION     S (180)
  HIGHEST GUST SPEED    26   HIGHEST GUST DIRECTION     S (170)
  AVERAGE WIND SPEED    10.6


SKY COVER
  POSSIBLE SUNSHINE  MM
  AVERAGE SKY COVER 0.1


WEATHER CONDITIONS
 THE FOLLOWING WEATHER WAS RECORDED YESTERDAY.
  NO SIGNIFICANT WEATHER WAS OBSERVED.


RELATIVE HUMIDITY (PERCENT)
 HIGHEST    69           500 AM
 LOWEST     26          1100 AM
 AVERAGE    48

..........................................................


THE DALLAS FORT WORTH CLIMATE NORMALS FOR TODAY
                         NORMAL    RECORD    YEAR
 MAXIMUM TEMPERATURE (F)   95       107      1980
 MINIMUM TEMPERATURE (F)   75        64      1990


SUNRISE AND SUNSET
JULY 13 2014..........SUNRISE   629 AM CDT   SUNSET   838 PM CDT
JULY 14 2014..........SUNRISE   630 AM CDT   SUNSET   838 PM CDT


-  INDICATES NEGATIVE NUMBERS.
R  INDICATES RECORD WAS SET OR TIED.
MM INDICATES DATA IS MISSING.
T  INDICATES TRACE AMOUNT.




$$
