000
CDUS44 KFWD 300645
CLIDFW


CLIMATE REPORT
NATIONAL WEATHER SERVICE FORT WORTH TX
145 AM CDT THU JUL 30 2015

...................................

...THE DALLAS FORT WORTH CLIMATE SUMMARY FOR JULY 29 2015...

CLIMATE NORMAL PERIOD 1981 TO 2010
CLIMATE RECORD PERIOD 1898 TO 2015


WEATHER ITEM   OBSERVED TIME   RECORD YEAR NORMAL DEPARTURE LAST
                VALUE   (LST)  VALUE       VALUE  FROM      YEAR
                                                  NORMAL
..................................................................
TEMPERATURE (F)
 YESTERDAY
  MAXIMUM        102    326 PM 109    1912  97      5       85
  MINIMUM         79    613 AM  67    1984  76      3       73
  AVERAGE         91                        86      5       79

PRECIPITATION (IN)
  YESTERDAY        0.00          1.71 2004   0.05  -0.05      T
  MONTH TO DATE    0.92                      2.05  -1.13     0.81
  SINCE JUN 1      4.87                      5.84  -0.97     4.07
  SINCE JAN 1     36.50                     22.09  14.41    11.40

DEGREE DAYS
 HEATING
  YESTERDAY        0                         0      0        0
  MONTH TO DATE    0                         0      0        0
  SINCE JUN 1      0                         0      0        0
  SINCE JUL 1      0                         0      0        0

 COOLING
  YESTERDAY       26                        21      5       14
  MONTH TO DATE  642                       588     54      561
  SINCE JUN 1   1162                      1079     83     1088
  SINCE JAN 1   1481                      1501    -20     1564
..................................................................


WIND (MPH)
  HIGHEST WIND SPEED    14   HIGHEST WIND DIRECTION     S (160)
  HIGHEST GUST SPEED    18   HIGHEST GUST DIRECTION     S (190)
  AVERAGE WIND SPEED     7.9


SKY COVER
  POSSIBLE SUNSHINE  MM
  AVERAGE SKY COVER 0.1


WEATHER CONDITIONS
 THE FOLLOWING WEATHER WAS RECORDED YESTERDAY.
  NO SIGNIFICANT WEATHER WAS OBSERVED.


RELATIVE HUMIDITY (PERCENT)
 HIGHEST    71           600 AM
 LOWEST     27           500 PM
 AVERAGE    49

..........................................................


THE DALLAS FORT WORTH CLIMATE NORMALS FOR TODAY
                         NORMAL    RECORD    YEAR
 MAXIMUM TEMPERATURE (F)   97       106      1986
                                             1980
                                             1957
 MINIMUM TEMPERATURE (F)   76        63      1971


SUNRISE AND SUNSET
JULY 30 2015..........SUNRISE   640 AM CDT   SUNSET   828 PM CDT
JULY 31 2015..........SUNRISE   641 AM CDT   SUNSET   828 PM CDT


-  INDICATES NEGATIVE NUMBERS.
R  INDICATES RECORD WAS SET OR TIED.
MM INDICATES DATA IS MISSING.
T  INDICATES TRACE AMOUNT.

$$
