682
CDUS44 KFWD 230638
CLIDFW

CLIMATE REPORT
NATIONAL WEATHER SERVICE FORT WORTH TX
140 AM CDT SAT SEP 23 2017

...................................

...THE DALLAS FORT WORTH CLIMATE SUMMARY FOR SEPTEMBER 22 2017...

CLIMATE NORMAL PERIOD 1981 TO 2010
CLIMATE RECORD PERIOD 1898 TO 2017


WEATHER ITEM   OBSERVED TIME   RECORD YEAR NORMAL DEPARTURE LAST
                VALUE   (LST)  VALUE       VALUE  FROM      YEAR
                                                  NORMAL
..................................................................
TEMPERATURE (F)
 YESTERDAY
  MAXIMUM         95    409 PM 101    2005  86      9       94
  MINIMUM         75    336 AM  45    1983  65     10       72
  AVERAGE         85                        76      9       83

PRECIPITATION (IN)
  YESTERDAY        0.00          1.47 1914   0.08  -0.08     0.00
  MONTH TO DATE    T                         1.93  -1.93     0.48
  SINCE SEP 1      T                         1.93  -1.93     0.48
  SINCE JAN 1     28.66                     26.04   2.62    29.15

DEGREE DAYS
 HEATING
  YESTERDAY        0                         0      0        0
  MONTH TO DATE    0                         0      0        0
  SINCE SEP 1      0                         0      0        0
  SINCE JUL 1      0                         0      0        0

 COOLING
  YESTERDAY       20                        11      9       18
  MONTH TO DATE  358                       319     39      421
  SINCE SEP 1    358                       319     39      421
  SINCE JAN 1   2859                      2501    358     2772
..................................................................


WIND (MPH)
  HIGHEST WIND SPEED    20   HIGHEST WIND DIRECTION    SE (140)
  HIGHEST GUST SPEED    24   HIGHEST GUST DIRECTION    SE (140)
  AVERAGE WIND SPEED    11.9


SKY COVER
  POSSIBLE SUNSHINE  MM
  AVERAGE SKY COVER 0.4


WEATHER CONDITIONS
 THE FOLLOWING WEATHER WAS RECORDED YESTERDAY.
  NO SIGNIFICANT WEATHER WAS OBSERVED.


RELATIVE HUMIDITY (PERCENT)
 HIGHEST    87           300 AM
 LOWEST     39           400 PM
 AVERAGE    63

..........................................................


THE DALLAS FORT WORTH CLIMATE NORMALS FOR TODAY
                         NORMAL    RECORD    YEAR
 MAXIMUM TEMPERATURE (F)   86        99      2005
                                             1926
 MINIMUM TEMPERATURE (F)   65        44      1995


SUNRISE AND SUNSET
SEPTEMBER 23 2017.....SUNRISE   717 AM CDT   SUNSET   723 PM CDT
SEPTEMBER 24 2017.....SUNRISE   718 AM CDT   SUNSET   722 PM CDT


-  INDICATES NEGATIVE NUMBERS.
R  INDICATES RECORD WAS SET OR TIED.
MM INDICATES DATA IS MISSING.
T  INDICATES TRACE AMOUNT.

$$
