000
CDUS44 KFWD 030706
CLIDFW


CLIMATE REPORT
NATIONAL WEATHER SERVICE FORT WORTH TX
205 AM CDT THU SEP 3 2015

...................................

...THE DALLAS FORT WORTH CLIMATE SUMMARY FOR SEPTEMBER 2 2015...

CLIMATE NORMAL PERIOD 1981 TO 2010
CLIMATE RECORD PERIOD 1898 TO 2015


WEATHER ITEM   OBSERVED TIME   RECORD YEAR NORMAL DEPARTURE LAST
                VALUE   (LST)  VALUE       VALUE  FROM      YEAR
                                                  NORMAL
..................................................................
TEMPERATURE (F)
 YESTERDAY
  MAXIMUM         95    437 PM 109    2000  93      2       97
  MINIMUM         73    618 AM  58    1915  72      1       79
  AVERAGE         84                        83      1       88

PRECIPITATION (IN)
  YESTERDAY        0.00          1.40 1986   0.09  -0.09     0.00
  MONTH TO DATE    0.00                      0.19  -0.19     0.00
  SINCE SEP 1      0.00                      0.19  -0.19     0.00
  SINCE JAN 1     36.96                     24.30  12.66    15.91

DEGREE DAYS
 HEATING
  YESTERDAY        0                         0      0        0
  MONTH TO DATE    0                         0      0        0
  SINCE SEP 1      0                         0      0        0
  SINCE JUL 1      0                         0      0        0

 COOLING
  YESTERDAY       19                        18      1       23
  MONTH TO DATE   39                        36      3       46
  SINCE SEP 1     39                        36      3       46
  SINCE JAN 1   2271                      2218     53     2302
..................................................................

WIND (MPH)
  HIGHEST WIND SPEED    16   HIGHEST WIND DIRECTION     S (160)
  HIGHEST GUST SPEED    22   HIGHEST GUST DIRECTION     S (160)
  AVERAGE WIND SPEED     8.1


SKY COVER
  POSSIBLE SUNSHINE  MM
  AVERAGE SKY COVER 0.2


WEATHER CONDITIONS
 THE FOLLOWING WEATHER WAS RECORDED YESTERDAY.
  NO SIGNIFICANT WEATHER WAS OBSERVED.


RELATIVE HUMIDITY (PERCENT)
 HIGHEST    84           500 AM
 LOWEST     33           300 PM
 AVERAGE    59

..........................................................

THE DALLAS FORT WORTH CLIMATE NORMALS FOR TODAY
                         NORMAL    RECORD    YEAR
 MAXIMUM TEMPERATURE (F)   93       109      2000
 MINIMUM TEMPERATURE (F)   72        60      1974


SUNRISE AND SUNSET
SEPTEMBER  3 2015.....SUNRISE   704 AM CDT   SUNSET   751 PM CDT
SEPTEMBER  4 2015.....SUNRISE   704 AM CDT   SUNSET   749 PM CDT


-  INDICATES NEGATIVE NUMBERS.
R  INDICATES RECORD WAS SET OR TIED.
MM INDICATES DATA IS MISSING.
T  INDICATES TRACE AMOUNT.

$$
