000
CDUS44 KFWD 210651
CLIDFW

CLIMATE REPORT
NATIONAL WEATHER SERVICE FORT WORTH TX
149 AM CDT THU AUG 21 2014

...CORRECTION...

...THE DALLAS FORT WORTH CLIMATE SUMMARY FOR AUGUST 20 2014...

CLIMATE NORMAL PERIOD 1981 TO 2010
CLIMATE RECORD PERIOD 1898 TO 2014


WEATHER ITEM   OBSERVED TIME   RECORD YEAR NORMAL DEPARTURE LAST
                VALUE   (LST)  VALUE       VALUE  FROM      YEAR
                                                  NORMAL
..................................................................
TEMPERATURE (F)
 YESTERDAY
  MAXIMUM         97    519 PM 107    2011  96      1       96
  MINIMUM         79    649 AM  58    1940  75      4       71
  AVERAGE         88                        86      2       84

PRECIPITATION (IN)
  YESTERDAY        0.00          1.53 1977   0.07  -0.07     0.00
  MONTH TO DATE    3.94                      1.10   2.84     1.18
  SINCE JUN 1      8.18                      7.05   1.13     5.37
  SINCE JAN 1     15.51                     23.30  -7.79    18.53

DEGREE DAYS
 HEATING
  YESTERDAY        0                         0      0        0
  MONTH TO DATE    0                         0      0        0
  SINCE JUN 1      0                         0      0        0
  SINCE JUL 1      0                         0      0        0

 COOLING
  YESTERDAY       23                        21      2       19
  MONTH TO DATE  420                       420      0      442
  SINCE JUN 1   1536                      1542     -6     1589
  SINCE JAN 1   2012                      1964     48     1978
..................................................................


WIND (MPH)
  HIGHEST WIND SPEED    26   HIGHEST WIND DIRECTION    SE (150)
  HIGHEST GUST SPEED    32   HIGHEST GUST DIRECTION    SE (150)
  AVERAGE WIND SPEED    15.1


SKY COVER
  POSSIBLE SUNSHINE  MM
  AVERAGE SKY COVER 0.5


WEATHER CONDITIONS
 THE FOLLOWING WEATHER WAS RECORDED YESTERDAY.
  NO SIGNIFICANT WEATHER WAS OBSERVED.


RELATIVE HUMIDITY (PERCENT)
 HIGHEST    74           700 AM
 LOWEST     35           400 PM
 AVERAGE    55

..........................................................


THE DALLAS FORT WORTH CLIMATE NORMALS FOR TODAY
                         NORMAL    RECORD    YEAR
 MAXIMUM TEMPERATURE (F)   96       105      1948
 MINIMUM TEMPERATURE (F)   75        62      1940
                                             1927


SUNRISE AND SUNSET
AUGUST 21 2014........SUNRISE   655 AM CDT   SUNSET   806 PM CDT
AUGUST 22 2014........SUNRISE   656 AM CDT   SUNSET   805 PM CDT


-  INDICATES NEGATIVE NUMBERS.
R  INDICATES RECORD WAS SET OR TIED.
MM INDICATES DATA IS MISSING.
T  INDICATES TRACE AMOUNT.




$$
