000
CDUS44 KFWD 230650
CLIDFW


CLIMATE REPORT
NATIONAL WEATHER SERVICE FORT WORTH TX
1249 AM CST TUE JAN 23 2018


...................................

...THE DALLAS FORT WORTH CLIMATE SUMMARY FOR JANUARY 22 2018...

CLIMATE NORMAL PERIOD 1981 TO 2010
CLIMATE RECORD PERIOD 1898 TO 2018


WEATHER ITEM   OBSERVED TIME   RECORD YEAR NORMAL DEPARTURE LAST
                VALUE   (LST)  VALUE       VALUE  FROM      YEAR
                                                  NORMAL
..................................................................
TEMPERATURE (F)
 YESTERDAY
  MAXIMUM         62    334 PM  85    1909  57      5       66
  MINIMUM         45    755 AM   6    1918  36      9       48
  AVERAGE         54                        46      8       57

PRECIPITATION (IN)
  YESTERDAY        0.00          1.95 1932   0.07  -0.07     0.00
  MONTH TO DATE    0.77                      1.43  -0.66     4.39
  SINCE DEC 1      5.33                      3.98   1.35     4.99
  SINCE JAN 1      0.77                      1.43  -0.66     4.39

SNOWFALL (IN)
  YESTERDAY        0.0           4.0  1940   0.0    0.0      0.0
  MONTH TO DATE    T                         0.1   -0.1      0.1
  SINCE DEC 1      T                         0.4   -0.4      0.1
  SINCE JUL 1      T                         0.4   -0.4      0.1
  SNOW DEPTH       0

DEGREE DAYS
 HEATING
  YESTERDAY       11                        19     -8        8
  MONTH TO DATE  478                       429     49      326
  SINCE DEC 1    954                       987    -33      810
  SINCE JUL 1   1157                      1341   -184      912

 COOLING
  YESTERDAY        0                         0      0        0
  MONTH TO DATE    3                         0      3        6
  SINCE DEC 1     15                         4     11       22
  SINCE JAN 1      3                         0      3        6
..................................................................


WIND (MPH)
  HIGHEST WIND SPEED    31   HIGHEST WIND DIRECTION    NW (300)
  HIGHEST GUST SPEED    39   HIGHEST GUST DIRECTION    NW (310)
  AVERAGE WIND SPEED    16.7


SKY COVER
  POSSIBLE SUNSHINE  MM
  AVERAGE SKY COVER 0.1


WEATHER CONDITIONS
 THE FOLLOWING WEATHER WAS RECORDED YESTERDAY.
  NO SIGNIFICANT WEATHER WAS OBSERVED.


RELATIVE HUMIDITY (PERCENT)
 HIGHEST    49           800 AM
 LOWEST     19          1200 AM
 AVERAGE    34

..........................................................


THE DALLAS FORT WORTH CLIMATE NORMALS FOR TODAY
                         NORMAL    RECORD    YEAR
 MAXIMUM TEMPERATURE (F)   57        88      1943
 MINIMUM TEMPERATURE (F)   36         9      1966


SUNRISE AND SUNSET
JANUARY 23 2018.......SUNRISE   728 AM CST   SUNSET   552 PM CST
JANUARY 24 2018.......SUNRISE   728 AM CST   SUNSET   553 PM CST


-  INDICATES NEGATIVE NUMBERS.
R  INDICATES RECORD WAS SET OR TIED.
MM INDICATES DATA IS MISSING.
T  INDICATES TRACE AMOUNT.




$$
