000
CDUS44 KFWD 050639
CLIDFW


CLIMATE REPORT
NATIONAL WEATHER SERVICE FORT WORTH TX
139 AM CDT SUN JUL 5 2015


...................................

...THE DALLAS FORT WORTH CLIMATE SUMMARY FOR JULY 4 2015...

CLIMATE NORMAL PERIOD 1981 TO 2010
CLIMATE RECORD PERIOD 1898 TO 2015


WEATHER ITEM   OBSERVED TIME   RECORD YEAR NORMAL DEPARTURE LAST
                VALUE   (LST)  VALUE       VALUE  FROM      YEAR
                                                  NORMAL
..................................................................
TEMPERATURE (F)
 YESTERDAY
  MAXIMUM         94    426 PM 105    1996  94      0       93
  MINIMUM         78    556 AM  60    1924  74      4       74
  AVERAGE         86                        84      2       84

PRECIPITATION (IN)
  YESTERDAY        0.00          1.31 2006   0.09  -0.09     0.00
  MONTH TO DATE    0.00                      0.37  -0.37     0.00
  SINCE JUN 1      3.95                      4.16  -0.21     3.26
  SINCE JAN 1     35.58                     20.41  15.17    10.59

DEGREE DAYS
 HEATING
  YESTERDAY        0                         0      0        0
  MONTH TO DATE    0                         0      0        0
  SINCE JUN 1      0                         0      0        0
  SINCE JUL 1      0                         0      0        0

 COOLING
  YESTERDAY       21                        19      2       19
  MONTH TO DATE   81                        76      5       72
  SINCE JUN 1    601                       567     34      599
  SINCE JAN 1    920                       989    -69     1075
..................................................................


WIND (MPH)
  HIGHEST WIND SPEED    20   HIGHEST WIND DIRECTION     S (170)
  HIGHEST GUST SPEED    23   HIGHEST GUST DIRECTION     S (170)
  AVERAGE WIND SPEED    11.5


SKY COVER
  POSSIBLE SUNSHINE  MM
  AVERAGE SKY COVER 0.6


WEATHER CONDITIONS
 THE FOLLOWING WEATHER WAS RECORDED YESTERDAY.
  NO SIGNIFICANT WEATHER WAS OBSERVED.


RELATIVE HUMIDITY (PERCENT)
 HIGHEST    74           300 AM
 LOWEST     41           500 PM
 AVERAGE    58

..........................................................


THE DALLAS FORT WORTH CLIMATE NORMALS FOR TODAY
                         NORMAL    RECORD    YEAR
 MAXIMUM TEMPERATURE (F)   95       103      1996
                                             1980
 MINIMUM TEMPERATURE (F)   74        56      1924


SUNRISE AND SUNSET
JULY  5 2015..........SUNRISE   625 AM CDT   SUNSET   840 PM CDT
JULY  6 2015..........SUNRISE   626 AM CDT   SUNSET   840 PM CDT


-  INDICATES NEGATIVE NUMBERS.
R  INDICATES RECORD WAS SET OR TIED.
MM INDICATES DATA IS MISSING.
T  INDICATES TRACE AMOUNT.




$$
