000
CDUS44 KFWD 260637
CLIDFW


CLIMATE REPORT
NATIONAL WEATHER SERVICE FORT WORTH TX
137 AM CDT WED JUL 26 2017


...................................

...THE DALLAS FORT WORTH CLIMATE SUMMARY FOR JULY 25 2017...

CLIMATE NORMAL PERIOD 1981 TO 2010
CLIMATE RECORD PERIOD 1898 TO 2017


WEATHER ITEM   OBSERVED TIME   RECORD YEAR NORMAL DEPARTURE LAST
                VALUE   (LST)  VALUE       VALUE  FROM      YEAR
                                                  NORMAL
..................................................................
TEMPERATURE (F)
 YESTERDAY
  MAXIMUM         96    532 PM 109    1954  97     -1      100
  MINIMUM         78    605 AM  65    1915  76      2       79
  AVERAGE         87                        86      1       90

PRECIPITATION (IN)
  YESTERDAY        0.00          2.99 1975   0.05  -0.05     0.03
  MONTH TO DATE    4.12                      1.84   2.28     3.89
  SINCE JUN 1     12.56                      5.63   6.93     7.49
  SINCE JAN 1     24.42                     21.88   2.54    24.25

DEGREE DAYS
 HEATING
  YESTERDAY        0                         0      0        0
  MONTH TO DATE    0                         0      0        0
  SINCE JUN 1      0                         0      0        0
  SINCE JUL 1      0                         0      0        0

 COOLING
  YESTERDAY       22                        21      1       25
  MONTH TO DATE  536                       504     32      560
  SINCE JUN 1   1068                       995     73     1134
  SINCE JAN 1   1750                      1417    333     1557
..................................................................


WIND (MPH)
  HIGHEST WIND SPEED    17   HIGHEST WIND DIRECTION     S (160)
  HIGHEST GUST SPEED    22   HIGHEST GUST DIRECTION     S (160)
  AVERAGE WIND SPEED    10.8


SKY COVER
  POSSIBLE SUNSHINE  MM
  AVERAGE SKY COVER 0.3


WEATHER CONDITIONS
 THE FOLLOWING WEATHER WAS RECORDED YESTERDAY.
  NO SIGNIFICANT WEATHER WAS OBSERVED.


RELATIVE HUMIDITY (PERCENT)
 HIGHEST    91           200 AM
 LOWEST     42           500 PM
 AVERAGE    67

..........................................................


THE DALLAS FORT WORTH CLIMATE NORMALS FOR TODAY
                         NORMAL    RECORD    YEAR
 MAXIMUM TEMPERATURE (F)   97       106      1980
 MINIMUM TEMPERATURE (F)   76        65      1911


SUNRISE AND SUNSET
JULY 26 2017..........SUNRISE   638 AM CDT   SUNSET   831 PM CDT
JULY 27 2017..........SUNRISE   639 AM CDT   SUNSET   830 PM CDT


-  INDICATES NEGATIVE NUMBERS.
R  INDICATES RECORD WAS SET OR TIED.
MM INDICATES DATA IS MISSING.
T  INDICATES TRACE AMOUNT.




$$
