000
CDUS44 KFWD 310649
CLIDFW

CLIMATE REPORT
NATIONAL WEATHER SERVICE FORT WORTH TX
148 AM CDT THU JUL 31 2014


...................................

...THE DALLAS FORT WORTH CLIMATE SUMMARY FOR JULY 30 2014...

CLIMATE NORMAL PERIOD 1981 TO 2010
CLIMATE RECORD PERIOD 1898 TO 2014


WEATHER ITEM   OBSERVED TIME   RECORD YEAR NORMAL DEPARTURE LAST
                VALUE   (LST)  VALUE       VALUE  FROM      YEAR
                                                  NORMAL
..................................................................
TEMPERATURE (F)
 YESTERDAY
  MAXIMUM         91    529 PM 106    1986  97     -6       99
                                      1980
                                      1957
  MINIMUM         73    106 AM  63    1971  76     -3       79
  AVERAGE         82                        86     -4       89

PRECIPITATION (IN)
  YESTERDAY        0.17          5.27 1933   0.05   0.12     0.00
  MONTH TO DATE    0.98                      2.10  -1.12     2.05
  SINCE JUN 1      4.24                      5.89  -1.65     4.19
  SINCE JAN 1     11.57                     22.14 -10.57    17.35

DEGREE DAYS
 HEATING
  YESTERDAY        0                         0      0        0
  MONTH TO DATE    0                         0      0        0
  SINCE JUN 1      0                         0      0        0
  SINCE JUL 1      0                         0      0        0

 COOLING
  YESTERDAY       17                        21     -4       24
  MONTH TO DATE  578                       609    -31      583
  SINCE JUN 1   1105                      1100      5     1121
  SINCE JAN 1   1581                      1522     59     1510
..................................................................


WIND (MPH)
  HIGHEST WIND SPEED    22   HIGHEST WIND DIRECTION    SE (150)
  HIGHEST GUST SPEED    28   HIGHEST GUST DIRECTION    SE (150)
  AVERAGE WIND SPEED    11.4


SKY COVER
  POSSIBLE SUNSHINE  MM
  AVERAGE SKY COVER 0.8


WEATHER CONDITIONS
 THE FOLLOWING WEATHER WAS RECORDED YESTERDAY.
  LIGHT RAIN
  FOG


RELATIVE HUMIDITY (PERCENT)
 HIGHEST    94           900 AM
 LOWEST     50           600 PM
 AVERAGE    72

..........................................................


THE DALLAS FORT WORTH CLIMATE NORMALS FOR TODAY
                         NORMAL    RECORD    YEAR
 MAXIMUM TEMPERATURE (F)   97       106      2012
                                             1998
                                             1986
 MINIMUM TEMPERATURE (F)   76        60      1971


SUNRISE AND SUNSET
JULY 31 2014..........SUNRISE   641 AM CDT   SUNSET   828 PM CDT
AUGUST  1 2014........SUNRISE   642 AM CDT   SUNSET   827 PM CDT


-  INDICATES NEGATIVE NUMBERS.
R  INDICATES RECORD WAS SET OR TIED.
MM INDICATES DATA IS MISSING.
T  INDICATES TRACE AMOUNT.




$$
