000
CDUS44 KFWD 220642
CLIDFW

CLIMATE REPORT
NATIONAL WEATHER SERVICE FORT WORTH TX
140 AM CDT TUE JUL 22 2014

...................................

...THE DALLAS FORT WORTH CLIMATE SUMMARY FOR JULY 21 2014...

CLIMATE NORMAL PERIOD 1981 TO 2010
CLIMATE RECORD PERIOD 1898 TO 2014


WEATHER ITEM   OBSERVED TIME   RECORD YEAR NORMAL DEPARTURE LAST
                VALUE   (LST)  VALUE       VALUE  FROM      YEAR
                                                  NORMAL
..................................................................
TEMPERATURE (F)
 YESTERDAY
  MAXIMUM         98    332 PM 107    2012  96      2       96
  MINIMUM         74    547 AM  66    1989  76     -2       74
  AVERAGE         86                        86      0       85

PRECIPITATION (IN)
  YESTERDAY        0.00          1.77 1985   0.06  -0.06     0.00
  MONTH TO DATE    0.81                      1.63  -0.82     1.96
  SINCE JUN 1      4.07                      5.42  -1.35     4.10
  SINCE JAN 1     11.40                     21.67 -10.27    17.26

DEGREE DAYS
 HEATING
  YESTERDAY        0                         0      0        0
  MONTH TO DATE    0                         0      0        0
  SINCE JUN 1      0                         0      0        0
  SINCE JUL 1      0                         0      0        0

 COOLING
  YESTERDAY       21                        21      0       20
  MONTH TO DATE  385                       420    -35      392
  SINCE JUN 1    912                       911      1      930
  SINCE JAN 1   1388                      1333     55     1319
..................................................................


WIND (MPH)
  HIGHEST WIND SPEED    16   HIGHEST WIND DIRECTION    SE (130)
  HIGHEST GUST SPEED    20   HIGHEST GUST DIRECTION    SE (130)
  AVERAGE WIND SPEED     8.2


SKY COVER
  POSSIBLE SUNSHINE  MM
  AVERAGE SKY COVER 0.4


WEATHER CONDITIONS
 THE FOLLOWING WEATHER WAS RECORDED YESTERDAY.
  FOG
  HAZE


RELATIVE HUMIDITY (PERCENT)
 HIGHEST    93           500 AM
 LOWEST     42           200 PM
 AVERAGE    68

..........................................................


THE DALLAS FORT WORTH CLIMATE NORMALS FOR TODAY
                         NORMAL    RECORD    YEAR
 MAXIMUM TEMPERATURE (F)   96       106      1974
 MINIMUM TEMPERATURE (F)   76        63      1970
                                             1915


SUNRISE AND SUNSET
JULY 22 2014..........SUNRISE   635 AM CDT   SUNSET   834 PM CDT
JULY 23 2014..........SUNRISE   636 AM CDT   SUNSET   833 PM CDT


-  INDICATES NEGATIVE NUMBERS.
R  INDICATES RECORD WAS SET OR TIED.
MM INDICATES DATA IS MISSING.
T  INDICATES TRACE AMOUNT.

$$
