000
CDUS44 KFWD 170646
CLIDFW

CLIMATE REPORT
NATIONAL WEATHER SERVICE FORT WORTH TX
145 AM CDT WED SEP 17 2014


...................................

...THE DALLAS FORT WORTH CLIMATE SUMMARY FOR SEPTEMBER 16 2014...

CLIMATE NORMAL PERIOD 1981 TO 2010
CLIMATE RECORD PERIOD 1898 TO 2014


WEATHER ITEM   OBSERVED TIME   RECORD YEAR NORMAL DEPARTURE LAST
                VALUE   (LST)  VALUE       VALUE  FROM      YEAR
                                                  NORMAL
..................................................................
TEMPERATURE (F)
 YESTERDAY
  MAXIMUM         92    326 PM 102    1900  88      4       97
  MINIMUM         75    707 AM  50    1903  67      8       76
  AVERAGE         84                        78      6       87

PRECIPITATION (IN)
  YESTERDAY        0.00          2.22 1970   0.08  -0.08     0.00
  MONTH TO DATE    0.06                      1.48  -1.42     0.26
  SINCE SEP 1      0.06                      1.48  -1.42     0.26
  SINCE JAN 1     15.97                     25.59  -9.62    18.93

DEGREE DAYS
 HEATING
  YESTERDAY        0                         0      0        0
  MONTH TO DATE    1                         0      1        0
  SINCE SEP 1      1                         0      1        0
  SINCE JUL 1      1                         0      1        0

 COOLING
  YESTERDAY       19                        13      6       22
  MONTH TO DATE  271                       248     23      351
  SINCE SEP 1    271                       248     23      351
  SINCE JAN 1   2527                      2430     97     2579
..................................................................


WIND (MPH)
  HIGHEST WIND SPEED    12   HIGHEST WIND DIRECTION     E (80)
  HIGHEST GUST SPEED    16   HIGHEST GUST DIRECTION     E (70)
  AVERAGE WIND SPEED     3.7


SKY COVER
  POSSIBLE SUNSHINE  MM
  AVERAGE SKY COVER 0.8


WEATHER CONDITIONS
 THE FOLLOWING WEATHER WAS RECORDED YESTERDAY.
  NO SIGNIFICANT WEATHER WAS OBSERVED.


RELATIVE HUMIDITY (PERCENT)
 HIGHEST    82           600 AM
 LOWEST     44           500 PM
 AVERAGE    63

..........................................................


THE DALLAS FORT WORTH CLIMATE NORMALS FOR TODAY
                         NORMAL    RECORD    YEAR
 MAXIMUM TEMPERATURE (F)   88        99      1997
 MINIMUM TEMPERATURE (F)   67        44      1903


SUNRISE AND SUNSET
SEPTEMBER 17 2014.....SUNRISE   713 AM CDT   SUNSET   732 PM CDT
SEPTEMBER 18 2014.....SUNRISE   714 AM CDT   SUNSET   730 PM CDT


-  INDICATES NEGATIVE NUMBERS.
R  INDICATES RECORD WAS SET OR TIED.
MM INDICATES DATA IS MISSING.
T  INDICATES TRACE AMOUNT.




$$
