000
CDUS43 KDDC 102329
CLIDGC


CLIMATE REPORT
NATIONAL WEATHER SERVICE DODGE CITY KS
528 PM CST WED FEB 10 2016


...................................

...THE DODGE CITY KS CLIMATE SUMMARY FOR FEBRUARY 10 2016...
VALID TODAY AS OF 0500 PM LOCAL TIME.

CLIMATE NORMAL PERIOD 1981 TO 2010
CLIMATE RECORD PERIOD 1875 TO 2016


WEATHER ITEM   OBSERVED TIME   RECORD YEAR NORMAL DEPARTURE LAST
                VALUE   (LST)  VALUE       VALUE  FROM      YEAR
                                                  NORMAL
..................................................................
TEMPERATURE (F)
 TODAY
  MAXIMUM         74    330 PM  80    1999  47     27       66
  MINIMUM         30    301 AM -10    2011  22      8       31
  AVERAGE         52                        35     17       49

PRECIPITATION (IN)
  TODAY            0.00          1.82 1993   0.03  -0.03     0.00
  MONTH TO DATE    0.31                      0.23   0.08     0.03
  SINCE DEC 1      3.02                      1.65   1.37     1.69
  SINCE JAN 1      0.59                      0.81  -0.22     0.69

SNOWFALL (IN)
  TODAY            0.0           7.2  1898   0.2   -0.2      0.0
                                      1897
  MONTH TO DATE    0.1                       1.6   -1.5       T
  SINCE DEC 1      8.9                      10.6   -1.7      8.3
  SINCE JUL 1     10.0                      12.8   -2.8     10.5
  SNOW DEPTH       0

DEGREE DAYS
 HEATING
  TODAY           13                        30    -17       16
  MONTH TO DATE  305                       312     -7      238
  SINCE DEC 1   2152                      2330   -178     2125
  SINCE JUL 1   2982                      3344   -362     3123

 COOLING
  TODAY            0                         0      0        0
  MONTH TO DATE    0                         0      0        0
  SINCE DEC 1      0                         0      0        0
  SINCE JAN 1      0                         0      0        0
..................................................................


WIND (MPH)
  HIGHEST WIND SPEED    25   HIGHEST WIND DIRECTION    NW (320)
  HIGHEST GUST SPEED    33   HIGHEST GUST DIRECTION    NW (320)
  AVERAGE WIND SPEED    15.5


SKY COVER
  POSSIBLE SUNSHINE  MM
  AVERAGE SKY COVER 0.0


WEATHER CONDITIONS
 THE FOLLOWING WEATHER WAS RECORDED TODAY.
  NO SIGNIFICANT WEATHER WAS OBSERVED.


RELATIVE HUMIDITY (PERCENT)
 HIGHEST    72           400 AM
 LOWEST     10           300 PM
 AVERAGE    41

..........................................................


THE DODGE CITY KS CLIMATE NORMALS FOR TOMORROW
                         NORMAL    RECORD    YEAR
 MAXIMUM TEMPERATURE (F)   47        82      1962
 MINIMUM TEMPERATURE (F)   22       -19      1899


SUNRISE AND SUNSET
FEBRUARY 10 2016......SUNRISE   736 AM CST   SUNSET   613 PM CST
FEBRUARY 11 2016......SUNRISE   735 AM CST   SUNSET   614 PM CST


-  INDICATES NEGATIVE NUMBERS.
R  INDICATES RECORD WAS SET OR TIED.
MM INDICATES DATA IS MISSING.
T  INDICATES TRACE AMOUNT.




$$
