159
CDUS45 KCYS 052126
CLIDGW


CLIMATE REPORT
NATIONAL WEATHER SERVICE CHEYENNE WY
326 PM MDT THU MAY 5 2016


...................................

...THE DOUGLAS WY AIRPORT CLIMATE SUMMARY FOR MAY 5 2016...
VALID AS OF 0300 PM LOCAL TIME.

CLIMATE NORMAL PERIOD 1981 TO 2010
CLIMATE RECORD PERIOD 1998 TO 2016


WEATHER ITEM   OBSERVED TIME   RECORD YEAR NORMAL DEPARTURE LAST
                VALUE   (LST)  VALUE       VALUE  FROM      YEAR
                                                  NORMAL
..................................................................
TEMPERATURE (F)
 TODAY
  MAXIMUM         81    159 PM  89    2000  64     17       66
  MINIMUM         40    511 AM  22    2011  35      5       44
                                      2010
  AVERAGE         61                        49     12       55

PRECIPITATION (IN)
  TODAY            0.00          1.90 2007   0.08  -0.08     0.00
  MONTH TO DATE    0.00                      0.41  -0.41     0.22
  SINCE JAN 1      5.45                      3.56   1.89     4.85

DEGREE DAYS
 HEATING
  TODAY            4                        16    -12       10
  MONTH TO DATE   72                        82    -10       50
  SINCE MAR 1   1521                      1639   -118     1412
  SINCE JUL 1   6332                      7039   -707     6415

 COOLING
  TODAY            0                         0      0        0
  MONTH TO DATE    0                         0      0        0
  SINCE MAR 1      0                         0      0        1
  SINCE JAN 1      0                         0      0        1
..................................................................


WIND (MPH)
  HIGHEST WIND SPEED    13   HIGHEST WIND DIRECTION    NW (310)
  HIGHEST GUST SPEED    17   HIGHEST GUST DIRECTION    NW (320)
  AVERAGE WIND SPEED     3.5


SKY COVER
  AVERAGE SKY COVER 0.0


WEATHER CONDITIONS
 THE FOLLOWING WEATHER WAS RECORDED TODAY.
  NO SIGNIFICANT WEATHER WAS OBSERVED.


RELATIVE HUMIDITY (PERCENT)
 HIGHEST    92           500 AM
 LOWEST     16           200 PM
 AVERAGE    54

..........................................................


THE DOUGLAS WY AIRPORT CLIMATE NORMALS FOR TOMORROW
                         NORMAL    RECORD    YEAR
 MAXIMUM TEMPERATURE (F)   64        83      2004
 MINIMUM TEMPERATURE (F)   35        24      2012


SUNRISE AND SUNSET
MAY  5 2016...........SUNRISE   550 AM MDT   SUNSET   807 PM MDT
MAY  6 2016...........SUNRISE   548 AM MDT   SUNSET   808 PM MDT


-  INDICATES NEGATIVE NUMBERS.
R  INDICATES RECORD WAS SET OR TIED.
MM INDICATES DATA IS MISSING.
T  INDICATES TRACE AMOUNT.




$$
