000
CDUS44 KTAE 240631
CLIDHN


CLIMATE REPORT
NATIONAL WEATHER SERVICE TALLAHASSEE FL
231 AM EDT TUE OCT 24 2017


...................................

...THE DOTHAN CLIMATE SUMMARY FOR OCTOBER 23 2017...

CLIMATE NORMAL PERIOD 1981 TO 2010
CLIMATE RECORD PERIOD 1965 TO 2017


WEATHER ITEM   OBSERVED TIME   NORMAL DEPARTURE LAST
                VALUE   (LST)  VALUE  FROM      YEAR
                                      NORMAL
......................................................
TEMPERATURE (F)
 YESTERDAY
  MAXIMUM         77    242 PM  78     -1       80
  MINIMUM         56   1159 PM  53      3       40
  AVERAGE         67            65      2       60

PRECIPITATION (IN)
  YESTERDAY        1.35          0.11   1.24     0.00
  MONTH TO DATE    2.55          2.50   0.05      T
  SINCE SEP 1      5.40          6.09  -0.69     0.76
  SINCE JAN 1     46.65         44.48   2.17    43.99

SNOWFALL (IN)
  YESTERDAY        0.0

DEGREE DAYS
 HEATING
  YESTERDAY        0             3     -3        5
  MONTH TO DATE    3            27    -24       12
  SINCE SEP 1      7            29    -22       12
  SINCE JUL 1      7            29    -22       12

 COOLING
  YESTERDAY        2             3     -1        0
  MONTH TO DATE  238           113    125      187
  SINCE SEP 1    607           461    146      614
  SINCE JAN 1   2665          2341    324     2682
......................................................


WIND (MPH)
  HIGHEST WIND SPEED    21   HIGHEST WIND DIRECTION     W (290)
  HIGHEST GUST SPEED    25   HIGHEST GUST DIRECTION    NW (320)
  AVERAGE WIND SPEED    10.2








-  INDICATES NEGATIVE NUMBERS.
R  INDICATES RECORD WAS SET OR TIED.
MM INDICATES DATA IS MISSING.
T  INDICATES TRACE AMOUNT.




$$
