000
CDUS44 KTAE 220633
CLIDHN


CLIMATE REPORT
NATIONAL WEATHER SERVICE TALLAHASSEE FL
133 AM EST MON JAN 22 2018


...................................

...THE DOTHAN CLIMATE SUMMARY FOR JANUARY 21 2018...

CLIMATE NORMAL PERIOD 1981 TO 2010
CLIMATE RECORD PERIOD 1965 TO 2018


WEATHER ITEM   OBSERVED TIME   NORMAL DEPARTURE LAST
                VALUE   (LST)  VALUE  FROM      YEAR
                                      NORMAL
......................................................
TEMPERATURE (F)
 YESTERDAY
  MAXIMUM         70    416 PM  60     10       73
  MINIMUM         37    740 AM  38     -1       61
  AVERAGE         54            49      5       67

PRECIPITATION (IN)
  YESTERDAY        0.00          0.12  -0.12     3.78
  MONTH TO DATE    0.96          2.77  -1.81    12.49
  SINCE DEC 1      3.87          7.16  -3.29    22.85
  SINCE JAN 1      0.96          2.77  -1.81    12.49

SNOWFALL (IN)
  YESTERDAY        0.0

DEGREE DAYS
 HEATING
  YESTERDAY       11            16     -5        0
  MONTH TO DATE  464           347    117      165
  SINCE DEC 1    847           783     64      446
  SINCE JUL 1   1068          1060      8      607
......................................................


WIND (MPH)
  HIGHEST WIND SPEED    10   HIGHEST WIND DIRECTION    SE (130)
  HIGHEST GUST SPEED    14   HIGHEST GUST DIRECTION    SE (140)
  AVERAGE WIND SPEED     3.5








-  INDICATES NEGATIVE NUMBERS.
R  INDICATES RECORD WAS SET OR TIED.
MM INDICATES DATA IS MISSING.
T  INDICATES TRACE AMOUNT.




$$
