976
CDUS44 KAMA 250629
CLIDHT


CLIMATE REPORT
NATIONAL WEATHER SERVICE AMARILLO TX
129 AM CDT MON SEP 25 2017


...................................

...THE DALHART CLIMATE SUMMARY FOR SEPTEMBER 24 2017...

CLIMATE NORMAL PERIOD 1981 TO 2010
CLIMATE RECORD PERIOD 1948 TO 2017


WEATHER ITEM   OBSERVED TIME   RECORD YEAR NORMAL DEPARTURE LAST
                VALUE   (LST)  VALUE       VALUE  FROM      YEAR
                                                  NORMAL
..................................................................
TEMPERATURE (F)
 YESTERDAY
  MAXIMUM         81    347 PM  95    1998  79      2       84
  MINIMUM         60    215 AM  32    2000  49     11       50
  AVERAGE         71                        64      7       67

PRECIPITATION (IN)
  YESTERDAY        0.04          0.62 1955   0.06  -0.02     0.00
  MONTH TO DATE    1.77                      1.36   0.41     3.42
  SINCE SEP 1      1.77                      1.36   0.41     3.42
  SINCE JAN 1     19.01                     14.71   4.30    17.61

SNOWFALL (IN)
  YESTERDAY        0.0           0.0    MM   0.0    0.0      0.0
  MONTH TO DATE    0.0                       0.0    0.0      0.0
  SINCE SEP 1      0.0                       0.0    0.0      0.0
  SINCE JUL 1      0.0                       0.0    0.0      0.0
  SNOW DEPTH       0

DEGREE DAYS
 HEATING
  YESTERDAY        0                         3     -3        0
  MONTH TO DATE    0                        34    -34        1
  SINCE SEP 1      0                        34    -34        1
  SINCE JUL 1      0                        37    -37        1

 COOLING
  YESTERDAY        6                         2      4        2
  MONTH TO DATE  157                       121     36      219
  SINCE SEP 1    157                       121     36      219
  SINCE JAN 1   1305                      1117    188     1494
..................................................................


WIND (MPH)
  RESULTANT WIND SPEED  13   RESULTANT WIND DIRECTION   S (160)
  HIGHEST WIND SPEED    23   HIGHEST WIND DIRECTION     S (170)
  HIGHEST GUST SPEED    28   HIGHEST GUST DIRECTION     S (160)
  AVERAGE WIND SPEED    12.9


SKY COVER
  AVERAGE SKY COVER 0.8


WEATHER CONDITIONS
 THE FOLLOWING WEATHER WAS RECORDED YESTERDAY.
  LIGHT RAIN
  FOG


RELATIVE HUMIDITY (PERCENT)
 HIGHEST   100           200 AM
 LOWEST     54           400 PM
 AVERAGE    77

..........................................................


THE DALHART CLIMATE NORMALS FOR TODAY
                         NORMAL    RECORD    YEAR
 MAXIMUM TEMPERATURE (F)   78        93      1998
 MINIMUM TEMPERATURE (F)   49        32      2000


SUNRISE AND SUNSET
SEPTEMBER 25 2017.....SUNRISE   741 AM CDT   SUNSET   742 PM CDT
SEPTEMBER 26 2017.....SUNRISE   741 AM CDT   SUNSET   741 PM CDT


-  INDICATES NEGATIVE NUMBERS.
R  INDICATES RECORD WAS SET OR TIED.
MM INDICATES DATA IS MISSING.
T  INDICATES TRACE AMOUNT.




$$
