000
CDUS44 KAMA 260628
CLIDHT


CLIMATE REPORT
NATIONAL WEATHER SERVICE AMARILLO TX
126 AM CDT SAT JUL 26 2014


...................................

...THE DALHART CLIMATE SUMMARY FOR JULY 25 2014...

CLIMATE NORMAL PERIOD 1981 TO 2010
CLIMATE RECORD PERIOD 1894 TO 2014


WEATHER ITEM   OBSERVED TIME   RECORD YEAR NORMAL DEPARTURE LAST
                VALUE   (LST)  VALUE       VALUE  FROM      YEAR
                                                  NORMAL
..................................................................
TEMPERATURE (F)
 YESTERDAY
  MAXIMUM        105R   348 PM 102    2006  91     14       87
  MINIMUM         71    634 AM  54    2004  62      9       66
  AVERAGE         88                        77     11       77

PRECIPITATION (IN)
  YESTERDAY        0.00          1.12 1983   0.10  -0.10      T
  MONTH TO DATE    1.14                      2.20  -1.06     1.20
  SINCE JUN 1      4.91                      4.50   0.41     1.83
  SINCE JAN 1      6.75                      9.91  -3.16     3.13

SNOWFALL (IN)
  YESTERDAY        0.0           0.0    MM   0.0    0.0      0.0
  MONTH TO DATE    0.0                       0.0    0.0      0.0
  SINCE JUN 1      0.0                       0.0    0.0      0.0
  SINCE JUL 1      0.0                       0.0    0.0      0.0
  SNOW DEPTH       0

DEGREE DAYS
 HEATING
  YESTERDAY        0                         0      0        0
  MONTH TO DATE    0                         0      0        0
  SINCE JUN 1      4                        12     -8        0
  SINCE JUL 1      0                         0      0        0

 COOLING
  YESTERDAY       23                        12     11       12
  MONTH TO DATE  320                       296     24      322
  SINCE JUN 1    616                       536     80      729
  SINCE JAN 1    736                       608    128      883
..................................................................


WIND (MPH)
  RESULTANT WIND SPEED  15   RESULTANT WIND DIRECTION   S (200)
  HIGHEST WIND SPEED    30   HIGHEST WIND DIRECTION    SW (220)
  HIGHEST GUST SPEED    37   HIGHEST GUST DIRECTION    SW (220)
  AVERAGE WIND SPEED    15.9


SKY COVER
  AVERAGE SKY COVER 0.0


WEATHER CONDITIONS
 THE FOLLOWING WEATHER WAS RECORDED YESTERDAY.
  NO SIGNIFICANT WEATHER WAS OBSERVED.


RELATIVE HUMIDITY (PERCENT)
 HIGHEST    61           500 AM
 LOWEST     11           600 PM
 AVERAGE    36

..........................................................


THE DALHART CLIMATE NORMALS FOR TODAY
                         NORMAL    RECORD    YEAR
 MAXIMUM TEMPERATURE (F)   91       103      2011
 MINIMUM TEMPERATURE (F)   62        54      2004


SUNRISE AND SUNSET
JULY 26 2014..........SUNRISE   653 AM CDT   SUNSET   900 PM CDT
JULY 27 2014..........SUNRISE   654 AM CDT   SUNSET   859 PM CDT


-  INDICATES NEGATIVE NUMBERS.
R  INDICATES RECORD WAS SET OR TIED.
MM INDICATES DATA IS MISSING.
T  INDICATES TRACE AMOUNT.




$$
