000
CDUS44 KAMA 280744
CLIDHT


CLIMATE REPORT
NATIONAL WEATHER SERVICE AMARILLO TX
142 AM CST SAT FEB 28 2015


...................................

...THE DALHART CLIMATE SUMMARY FOR FEBRUARY 27 2015...

CLIMATE NORMAL PERIOD 1981 TO 2010
CLIMATE RECORD PERIOD 1894 TO 2015


WEATHER ITEM   OBSERVED TIME   RECORD YEAR NORMAL DEPARTURE LAST
                VALUE   (LST)  VALUE       VALUE  FROM      YEAR
                                                  NORMAL
..................................................................
TEMPERATURE (F)
 YESTERDAY
  MAXIMUM         19   1218 AM  79    2006  56    -37       71
  MINIMUM         13    948 AM   4    1962  25    -12       18
  AVERAGE         16                        41    -25       45

PRECIPITATION (IN)
  YESTERDAY        0.26          1.22 1966   0.01   0.25     0.00
  MONTH TO DATE    1.37                      0.38   0.99     0.08
  SINCE DEC 1      3.42                      1.44   1.98     0.30
  SINCE JAN 1      3.09                      0.90   2.19     0.09

SNOWFALL (IN)
  YESTERDAY        3.1           5.0  1966   0.1    3.0      0.0
  MONTH TO DATE   11.8                       2.9    8.9      2.8
  SINCE DEC 1     29.5                      11.5   18.0     12.3
  SINCE JUL 1     31.0                      13.4   17.6     15.3
  SNOW DEPTH       2

DEGREE DAYS
 HEATING
  YESTERDAY       49                        24     25       20
  MONTH TO DATE  660                       736    -76      740
  SINCE DEC 1   2395                      2623   -228     2641
  SINCE JUL 1   3248                      3618   -370     3587

 COOLING
  YESTERDAY        0                         0      0        0
  MONTH TO DATE    0                         0      0        0
  SINCE DEC 1      0                         0      0        0
  SINCE JAN 1      0                         0      0        0
..................................................................


WIND (MPH)
  RESULTANT WIND SPEED  13   RESULTANT WIND DIRECTION  SE (140)
  HIGHEST WIND SPEED    20   HIGHEST WIND DIRECTION    SE (150)
  HIGHEST GUST SPEED    22   HIGHEST GUST DIRECTION    SE (140)
  AVERAGE WIND SPEED    14.1


SKY COVER
  AVERAGE SKY COVER 0.9


WEATHER CONDITIONS
 THE FOLLOWING WEATHER WAS RECORDED YESTERDAY.
  SNOW
  LIGHT SNOW
  FOG
  FOG W/VISIBILITY <= 1/4 MILE


RELATIVE HUMIDITY (PERCENT)
 HIGHEST    88           300 AM
 LOWEST     73           100 PM
 AVERAGE    81

..........................................................


THE DALHART CLIMATE NORMALS FOR TODAY
                         NORMAL    RECORD    YEAR
 MAXIMUM TEMPERATURE (F)   56        85      2006
 MINIMUM TEMPERATURE (F)   26         1      1962


SUNRISE AND SUNSET
FEBRUARY 28 2015......SUNRISE   722 AM CST   SUNSET   644 PM CST
MARCH  1 2015.........SUNRISE   721 AM CST   SUNSET   645 PM CST


-  INDICATES NEGATIVE NUMBERS.
R  INDICATES RECORD WAS SET OR TIED.
MM INDICATES DATA IS MISSING.
T  INDICATES TRACE AMOUNT.




$$
