000
CDUS44 KAMA 270629
CLIDHT


CLIMATE REPORT
NATIONAL WEATHER SERVICE AMARILLO TX
128 AM CDT MON MAR 27 2017


...................................

...THE DALHART CLIMATE SUMMARY FOR MARCH 26 2017...

CLIMATE NORMAL PERIOD 1981 TO 2010
CLIMATE RECORD PERIOD 1948 TO 2017


WEATHER ITEM   OBSERVED TIME   RECORD YEAR NORMAL DEPARTURE LAST
                VALUE   (LST)  VALUE       VALUE  FROM      YEAR
                                                  NORMAL
..................................................................
TEMPERATURE (F)
 YESTERDAY
  MAXIMUM         70    249 PM  88    1956  64      6       54
  MINIMUM         35    658 AM  10    1955  32      3       31
  AVERAGE         53                        48      5       43

PRECIPITATION (IN)
  YESTERDAY        0.00          0.30 2016   0.04  -0.04     0.30
  MONTH TO DATE    0.24                      0.95  -0.71     0.30
  SINCE MAR 1      0.24                      0.95  -0.71     0.30
  SINCE JAN 1      1.32                      1.87  -0.55     0.68

SNOWFALL (IN)
  YESTERDAY        0.0           T    1994   0.1   -0.1      6.0
  MONTH TO DATE    0.0                       3.5   -3.5      6.0
  SINCE MAR 1      0.0                       3.5   -3.5      6.0
  SINCE JUL 1      1.3                      17.0  -15.7     12.7
  SNOW DEPTH       0

DEGREE DAYS
 HEATING
  YESTERDAY       12                        17     -5       22
  MONTH TO DATE  333                       530   -197      398
  SINCE MAR 1    333                       530   -197      398
  SINCE JUL 1   3150                      4173  -1023     3343

 COOLING
  YESTERDAY        0                         0      0        0
  MONTH TO DATE    6                         0      6        0
  SINCE MAR 1      6                         0      6        0
  SINCE JAN 1      6                         0      6        0
..................................................................


WIND (MPH)
  RESULTANT WIND SPEED   4   RESULTANT WIND DIRECTION   N (340)
  HIGHEST WIND SPEED    28   HIGHEST WIND DIRECTION    NW (300)
  HIGHEST GUST SPEED    35   HIGHEST GUST DIRECTION    NW (300)
  AVERAGE WIND SPEED    13.7


SKY COVER
  AVERAGE SKY COVER 0.1


WEATHER CONDITIONS
 THE FOLLOWING WEATHER WAS RECORDED YESTERDAY.
  HAZE


RELATIVE HUMIDITY (PERCENT)
 HIGHEST    82           700 AM
 LOWEST     31          1100 AM
 AVERAGE    57

..........................................................


THE DALHART CLIMATE NORMALS FOR TODAY
                         NORMAL    RECORD    YEAR
 MAXIMUM TEMPERATURE (F)   64        90      1971
 MINIMUM TEMPERATURE (F)   32         7      1955


SUNRISE AND SUNSET
MARCH 27 2017.........SUNRISE   743 AM CDT   SUNSET   808 PM CDT
MARCH 28 2017.........SUNRISE   742 AM CDT   SUNSET   809 PM CDT


-  INDICATES NEGATIVE NUMBERS.
R  INDICATES RECORD WAS SET OR TIED.
MM INDICATES DATA IS MISSING.
T  INDICATES TRACE AMOUNT.




$$
