000
CDUS44 KAMA 281412
CLIDHT


CLIMATE REPORT
NATIONAL WEATHER SERVICE AMARILLO TX
911 AM CDT SAT MAY 28 2016


...................................

...THE DALHART CLIMATE SUMMARY FOR MAY 28 2016...
VALID AS OF 0900 AM LOCAL TIME.

CLIMATE NORMAL PERIOD 1981 TO 2010
CLIMATE RECORD PERIOD 1948 TO 2016


WEATHER ITEM   OBSERVED TIME   RECORD YEAR NORMAL DEPARTURE LAST
                VALUE   (LST)  VALUE       VALUE  FROM      YEAR
                                                  NORMAL
..................................................................
TEMPERATURE (F)
 TODAY
  MINIMUM         44    538 AM  38    1992  53     -9       56

PRECIPITATION (IN)
  TODAY            0.00          2.14 1991   0.08  -0.08     0.03
  MONTH TO DATE    2.35                      1.98   0.37     2.02
  SINCE MAR 1      6.69                      4.23   2.46     3.40
  SINCE JAN 1      6.94                      5.15   1.79     6.71

SNOWFALL (IN)
  TODAY            0.0           T    1991   0.0    0.0      0.0
  MONTH TO DATE    0.0                       0.1   -0.1      0.0
  SINCE MAR 1      0.0                       5.5   -5.5      0.8
  SINCE JUL 1      2.5                      19.0  -16.5     34.1
  SNOW DEPTH       0

..................................................................


WIND (MPH)
  RESULTANT WIND SPEED   6   RESULTANT WIND DIRECTION  NW (320)
  HIGHEST WIND SPEED    13   HIGHEST WIND DIRECTION     N (340)
  HIGHEST GUST SPEED    17   HIGHEST GUST DIRECTION    NW (330)
  AVERAGE WIND SPEED     6.3


SKY COVER
  AVERAGE SKY COVER 0.0


WEATHER CONDITIONS
 THE FOLLOWING WEATHER WAS RECORDED TODAY.
  NO SIGNIFICANT WEATHER WAS OBSERVED.


RELATIVE HUMIDITY (PERCENT)
 HIGHEST    82           400 AM
 LOWEST     66           100 AM
 AVERAGE    74

..........................................................


THE DALHART CLIMATE NORMALS FOR TOMORROW
                         NORMAL    RECORD    YEAR
 MAXIMUM TEMPERATURE (F)   82       102      2011
 MINIMUM TEMPERATURE (F)   53        38      1973


SUNRISE AND SUNSET
MAY 28 2016...........SUNRISE   636 AM CDT   SUNSET   859 PM CDT
MAY 29 2016...........SUNRISE   636 AM CDT   SUNSET   900 PM CDT


-  INDICATES NEGATIVE NUMBERS.
R  INDICATES RECORD WAS SET OR TIED.
MM INDICATES DATA IS MISSING.
T  INDICATES TRACE AMOUNT.




$$
