000
CDUS44 KAMA 260725
CLIDHT


CLIMATE REPORT
NATIONAL WEATHER SERVICE AMARILLO TX
125 AM CST MON JAN 26 2015


...................................

...THE DALHART CLIMATE SUMMARY FOR JANUARY 25 2015...

CLIMATE NORMAL PERIOD 1981 TO 2010
CLIMATE RECORD PERIOD 1894 TO 2015


WEATHER ITEM   OBSERVED TIME   RECORD YEAR NORMAL DEPARTURE LAST
                VALUE   (LST)  VALUE       VALUE  FROM      YEAR
                                                  NORMAL
..................................................................
TEMPERATURE (F)
 YESTERDAY
  MAXIMUM         50    254 PM  76    1953  51     -1       60
  MINIMUM         25    213 AM   2    1957  20      5       29
  AVERAGE         38                        35      3       45

PRECIPITATION (IN)
  YESTERDAY        0.00          0.33 1962   0.02  -0.02     0.00
  MONTH TO DATE    1.09                      0.40   0.69     0.01
  SINCE DEC 1      1.42                      0.94   0.48     0.22
  SINCE JAN 1      1.09                      0.40   0.69     0.01

SNOWFALL (IN)
  YESTERDAY        0.0           0.3  1949   0.2   -0.2      0.0
  MONTH TO DATE   15.0                       3.4   11.6      3.0
  SINCE DEC 1     19.5                       7.7   11.8      9.5
  SINCE JUL 1     21.0                       9.6   11.4     12.5
  SNOW DEPTH       0

DEGREE DAYS
 HEATING
  YESTERDAY       27                        30     -3       20
  MONTH TO DATE  766                       761      5      721
  SINCE DEC 1   1629                      1709    -80     1710
  SINCE JUL 1   2482                      2704   -222     2656

 COOLING
  YESTERDAY        0                         0      0        0
  MONTH TO DATE    0                         0      0        0
  SINCE DEC 1      0                         0      0        0
  SINCE JAN 1      0                         0      0        0
..................................................................


WIND (MPH)
  RESULTANT WIND SPEED  10   RESULTANT WIND DIRECTION   W (290)
  HIGHEST WIND SPEED    17   HIGHEST WIND DIRECTION     W (260)
  HIGHEST GUST SPEED    23   HIGHEST GUST DIRECTION     W (260)
  AVERAGE WIND SPEED    10.6


SKY COVER
  AVERAGE SKY COVER 0.0


WEATHER CONDITIONS
 THE FOLLOWING WEATHER WAS RECORDED YESTERDAY.
  NO SIGNIFICANT WEATHER WAS OBSERVED.


RELATIVE HUMIDITY (PERCENT)
 HIGHEST    76           800 PM
 LOWEST     50           400 PM
 AVERAGE    63

..........................................................


THE DALHART CLIMATE NORMALS FOR TODAY
                         NORMAL    RECORD    YEAR
 MAXIMUM TEMPERATURE (F)   51        75      1975
 MINIMUM TEMPERATURE (F)   20        -2      1963


SUNRISE AND SUNSET
JANUARY 26 2015.......SUNRISE   755 AM CST   SUNSET   611 PM CST
JANUARY 27 2015.......SUNRISE   755 AM CST   SUNSET   612 PM CST


-  INDICATES NEGATIVE NUMBERS.
R  INDICATES RECORD WAS SET OR TIED.
MM INDICATES DATA IS MISSING.
T  INDICATES TRACE AMOUNT.




$$
