000
CDUS44 KAMA 142135
CLIDHT


CLIMATE REPORT
NATIONAL WEATHER SERVICE AMARILLO TX
435 PM CDT SUN SEP 14 2014


...................................

...THE DALHART CLIMATE SUMMARY FOR SEPTEMBER 14 2014...
VALID TODAY AS OF 0400 PM LOCAL TIME.

CLIMATE NORMAL PERIOD 1981 TO 2010
CLIMATE RECORD PERIOD 1894 TO 2014


WEATHER ITEM   OBSERVED TIME   RECORD YEAR NORMAL DEPARTURE LAST
                VALUE   (LST)  VALUE       VALUE  FROM      YEAR
                                                  NORMAL
..................................................................
TEMPERATURE (F)
 TODAY
  MAXIMUM         83    317 PM 101    1956  83      0       81
  MINIMUM         53    651 AM  37    1993  54     -1       63
  AVERAGE         68                        68      0       72

PRECIPITATION (IN)
  TODAY            0.00          1.27   MM   0.05  -0.05      T
  MONTH TO DATE    1.13                      0.82   0.31     0.58
  SINCE SEP 1      1.13                      0.82   0.31     0.58
  SINCE JAN 1      9.77                     14.17  -4.40     5.60

SNOWFALL (IN)
  TODAY            0.0           0.0    MM   0.0    0.0      0.0
  MONTH TO DATE    0.0                       0.0    0.0      0.0
  SINCE SEP 1      0.0                       0.0    0.0      0.0
  SINCE JUL 1      0.0                       0.0    0.0      0.0
  SNOW DEPTH       0

DEGREE DAYS
 HEATING
  TODAY            0                         1     -1        0
  MONTH TO DATE   21                         9     12        0
  SINCE SEP 1     21                         9     12        0
  SINCE JUL 1     21                        12      9        0

 COOLING
  TODAY            3                         5     -2        7
  MONTH TO DATE   97                        88      9      150
  SINCE SEP 1     97                        88      9      150
  SINCE JAN 1   1312                      1084    228     1503
..................................................................


WIND (MPH)
  RESULTANT WIND SPEED  16   RESULTANT WIND DIRECTION   S (200)
  HIGHEST WIND SPEED    29   HIGHEST WIND DIRECTION    SW (210)
  HIGHEST GUST SPEED    37   HIGHEST GUST DIRECTION     S (200)
  AVERAGE WIND SPEED    15.9


SKY COVER
  AVERAGE SKY COVER 0.0


WEATHER CONDITIONS
 THE FOLLOWING WEATHER WAS RECORDED TODAY.
  NO SIGNIFICANT WEATHER WAS OBSERVED.


RELATIVE HUMIDITY (PERCENT)
 HIGHEST    93           100 AM
 LOWEST     43           300 PM
 AVERAGE    68

..........................................................


THE DALHART CLIMATE NORMALS FOR TOMORROW
                         NORMAL    RECORD    YEAR
 MAXIMUM TEMPERATURE (F)   82        97      2010
 MINIMUM TEMPERATURE (F)   53        38      1993


SUNRISE AND SUNSET
SEPTEMBER 14 2014.....SUNRISE   732 AM CDT   SUNSET   759 PM CDT
SEPTEMBER 15 2014.....SUNRISE   733 AM CDT   SUNSET   757 PM CDT


-  INDICATES NEGATIVE NUMBERS.
R  INDICATES RECORD WAS SET OR TIED.
MM INDICATES DATA IS MISSING.
T  INDICATES TRACE AMOUNT.




$$
