000
CDUS44 KAMA 250735
CLIDHT


CLIMATE REPORT
NATIONAL WEATHER SERVICE AMARILLO TX
134 AM CST THU DEC 25 2014


...................................

...THE DALHART CLIMATE SUMMARY FOR DECEMBER 24 2014...

CLIMATE NORMAL PERIOD 1981 TO 2010
CLIMATE RECORD PERIOD 1894 TO 2014


WEATHER ITEM   OBSERVED TIME   RECORD YEAR NORMAL DEPARTURE LAST
                VALUE   (LST)  VALUE       VALUE  FROM      YEAR
                                                  NORMAL
..................................................................
TEMPERATURE (F)
 YESTERDAY
  MAXIMUM         46    443 PM  82    1955  48     -2       48
  MINIMUM         18    808 AM  -4    1983  19     -1        9
  AVERAGE         32                        34     -2       29

PRECIPITATION (IN)
  YESTERDAY        0.00          0.33 1975   0.01  -0.01     0.00
  MONTH TO DATE    0.17                      0.42  -0.25     0.21
  SINCE DEC 1      0.17                      0.42  -0.25     0.21
  SINCE JAN 1     11.52                     17.47  -5.95     7.84

SNOWFALL (IN)
  YESTERDAY        0.0           1.0  1975   0.1   -0.1      0.0
  MONTH TO DATE    T                         3.3   -3.3      6.5
  SINCE DEC 1      T                         3.3   -3.3      6.5
  SINCE JUL 1      1.5                       5.2   -3.7      9.5
  SNOW DEPTH       0

DEGREE DAYS
 HEATING
  YESTERDAY       33                        31      2       36
  MONTH TO DATE  587                       726   -139      779
  SINCE DEC 1    587                       726   -139      779
  SINCE JUL 1   1440                      1721   -281     1725

 COOLING
  YESTERDAY        0                         0      0        0
  MONTH TO DATE    0                         0      0        0
  SINCE DEC 1      0                         0      0        0
  SINCE JAN 1   1411                      1138    273     1576
..................................................................


WIND (MPH)
  RESULTANT WIND SPEED   9   RESULTANT WIND DIRECTION   W (260)
  HIGHEST WIND SPEED    22   HIGHEST WIND DIRECTION    SW (230)
  HIGHEST GUST SPEED    27   HIGHEST GUST DIRECTION    SW (230)
  AVERAGE WIND SPEED    11.7


SKY COVER
  AVERAGE SKY COVER 0.0


WEATHER CONDITIONS
 THE FOLLOWING WEATHER WAS RECORDED YESTERDAY.
  NO SIGNIFICANT WEATHER WAS OBSERVED.


RELATIVE HUMIDITY (PERCENT)
 HIGHEST    77           300 AM
 LOWEST     23           300 PM
 AVERAGE    50

..........................................................


THE DALHART CLIMATE NORMALS FOR TODAY
                         NORMAL    RECORD    YEAR
 MAXIMUM TEMPERATURE (F)   48        77      1979
 MINIMUM TEMPERATURE (F)   19        -1      2002


SUNRISE AND SUNSET
DECEMBER 25 2014......SUNRISE   759 AM CST   SUNSET   542 PM CST
DECEMBER 26 2014......SUNRISE   759 AM CST   SUNSET   543 PM CST


-  INDICATES NEGATIVE NUMBERS.
R  INDICATES RECORD WAS SET OR TIED.
MM INDICATES DATA IS MISSING.
T  INDICATES TRACE AMOUNT.




$$
