000
CDUS43 KBIS 310734
CLIDIK


CLIMATE REPORT
NATIONAL WEATHER SERVICE BISMARCK ND
233 AM CDT SUN AUG 31 2014


...................................

...THE DICKINSON ND CLIMATE SUMMARY FOR AUGUST 30 2014...

CLIMATE NORMAL PERIOD 1981 TO 2010
CLIMATE RECORD PERIOD 1903 TO 2014


WEATHER ITEM   OBSERVED TIME   RECORD YEAR NORMAL DEPARTURE LAST
                VALUE   (LST)  VALUE       VALUE  FROM      YEAR
                                                  NORMAL
..................................................................
TEMPERATURE (F)
 YESTERDAY
  MAXIMUM         77    241 PM 101    2008  79     -2       98
  MINIMUM         50    304 AM  30    1935  50      0       61
  AVERAGE         64                        64      0       80

PRECIPITATION (IN)
  YESTERDAY        0.13          1.60 1982   0.05   0.08     0.00
  MONTH TO DATE    6.42                      1.49   4.93     1.67
  SINCE JUN 1     11.36                      7.13   4.23     6.08
  SINCE JAN 1     19.40                     12.24   7.16    15.01

DEGREE DAYS
 HEATING
  YESTERDAY        1                         3     -2        0
  MONTH TO DATE   50                        48      2        8
  SINCE JUN 1    264                       219     45      164
  SINCE JUL 1     99                        82     17       40

 COOLING
  YESTERDAY        0                         3     -3       15
  MONTH TO DATE   95                       150    -55      168
  SINCE JUN 1    202                       369   -167      302
  SINCE JAN 1    232                       379   -147      311
..................................................................


WIND (MPH)
  HIGHEST WIND SPEED    25   HIGHEST WIND DIRECTION    SE (140)
  HIGHEST GUST SPEED    30   HIGHEST GUST DIRECTION    SE (150)
  AVERAGE WIND SPEED    13.5


SKY COVER
  POSSIBLE SUNSHINE  MM
  AVERAGE SKY COVER 0.3


WEATHER CONDITIONS
 THE FOLLOWING WEATHER WAS RECORDED YESTERDAY.
  THUNDERSTORM
  LIGHT RAIN
  FOG


RELATIVE HUMIDITY (PERCENT)
 HIGHEST    96           500 AM
 LOWEST     54           100 PM
 AVERAGE    75

..........................................................


THE DICKINSON ND CLIMATE NORMALS FOR TODAY
                         NORMAL    RECORD    YEAR
 MAXIMUM TEMPERATURE (F)   79        99      1948
 MINIMUM TEMPERATURE (F)   50        32      1924


SUNRISE AND SUNSET
AUGUST 31 2014........SUNRISE   610 AM MDT   SUNSET   732 PM MDT
SEPTEMBER  1 2014.....SUNRISE   611 AM MDT   SUNSET   730 PM MDT


-  INDICATES NEGATIVE NUMBERS.
R  INDICATES RECORD WAS SET OR TIED.
MM INDICATES DATA IS MISSING.
T  INDICATES TRACE AMOUNT.




$$
