000
CDUS43 KBIS 020827
CLIDIK


CLIMATE REPORT
NATIONAL WEATHER SERVICE BISMARCK ND
326 AM CDT THU JUL 2 2015


...................................

...THE DICKINSON ND CLIMATE SUMMARY FOR JULY 1 2015...

CLIMATE NORMAL PERIOD 1981 TO 2010
CLIMATE RECORD PERIOD 1893 TO 2015


WEATHER ITEM   OBSERVED TIME   RECORD YEAR NORMAL DEPARTURE LAST
                VALUE   (LST)  VALUE       VALUE  FROM      YEAR
                                                  NORMAL
..................................................................
TEMPERATURE (F)
 YESTERDAY
  MAXIMUM         77    407 PM  97    2003  80     -3       69
                                      1981
  MINIMUM         61   1159 PM  39    1932  53      8       47
  AVERAGE         69                        66      3       58

PRECIPITATION (IN)
  YESTERDAY        0.02          2.55 1997   0.09  -0.07     0.02
  MONTH TO DATE    0.02                      0.09  -0.07     0.02
  SINCE JUN 1      2.95                      3.29  -0.34     3.85
  SINCE JAN 1      6.38                      8.40  -2.02    11.89

DEGREE DAYS
 HEATING
  YESTERDAY        0                         2     -2        7
  MONTH TO DATE    0                         2     -2        7
  SINCE JUN 1     68                       139    -71      172
  SINCE JUL 1      0                         2     -2        7

 COOLING
  YESTERDAY        4                         4      0        0
  MONTH TO DATE    4                         4      0        0
  SINCE JUN 1     62                        58      4       12
  SINCE JAN 1     62                        68     -6       42
..................................................................


WIND (MPH)
  HIGHEST WIND SPEED    14   HIGHEST WIND DIRECTION    SE (130)
  HIGHEST GUST SPEED    17   HIGHEST GUST DIRECTION    SE (130)
  AVERAGE WIND SPEED     4.1


SKY COVER
  POSSIBLE SUNSHINE  MM
  AVERAGE SKY COVER 0.6


WEATHER CONDITIONS
 THE FOLLOWING WEATHER WAS RECORDED YESTERDAY.
  LIGHT RAIN
  FOG
  HAZE


RELATIVE HUMIDITY (PERCENT)
 HIGHEST   100           300 AM
 LOWEST     58           400 PM
 AVERAGE    79

..........................................................


THE DICKINSON ND CLIMATE NORMALS FOR TODAY
                         NORMAL    RECORD    YEAR
 MAXIMUM TEMPERATURE (F)   81       101      1949
 MINIMUM TEMPERATURE (F)   53        37      1967
                                             1915


SUNRISE AND SUNSET
JULY  2 2015..........SUNRISE   501 AM MDT   SUNSET   849 PM MDT
JULY  3 2015..........SUNRISE   502 AM MDT   SUNSET   848 PM MDT


-  INDICATES NEGATIVE NUMBERS.
R  INDICATES RECORD WAS SET OR TIED.
MM INDICATES DATA IS MISSING.
T  INDICATES TRACE AMOUNT.




$$
