000
CDUS43 KBIS 250730
CLIDIK


CLIMATE REPORT
NATIONAL WEATHER SERVICE BISMARCK ND
130 AM CST SAT NOV 25 2017


...................................

...THE DICKINSON ND CLIMATE SUMMARY FOR NOVEMBER 24 2017...

CLIMATE NORMAL PERIOD 1981 TO 2010
CLIMATE RECORD PERIOD 1893 TO 2017


WEATHER ITEM   OBSERVED TIME   RECORD YEAR NORMAL DEPARTURE LAST
                VALUE   (LST)  VALUE       VALUE  FROM      YEAR
                                                  NORMAL
..................................................................
TEMPERATURE (F)
 YESTERDAY
  MAXIMUM         54    115 AM  66    1984  35     19       42
  MINIMUM         30   1016 PM -17    1977  15     15       22
  AVERAGE         42                        25     17       32

PRECIPITATION (IN)
  YESTERDAY        0.01          0.34 1930   0.01   0.00      T
  MONTH TO DATE    0.09                      0.48  -0.39      T
  SINCE SEP 1      2.98                      3.18  -0.20     4.35
  SINCE JAN 1     10.22                     15.47  -5.25    15.98

DEGREE DAYS
 HEATING
  YESTERDAY       23                        40    -17       33
  MONTH TO DATE  878                       816     62      581
  SINCE SEP 1   1752                      1741     11     1405
  SINCE JUL 1   1803                      1827    -24     1465

 COOLING
  YESTERDAY        0                         0      0        0
  MONTH TO DATE    0                         0      0        0
  SINCE SEP 1     41                        33      8       21
  SINCE JAN 1    487                       419     68      315
..................................................................


WIND (MPH)
  HIGHEST WIND SPEED    32   HIGHEST WIND DIRECTION     W (290)
  HIGHEST GUST SPEED    43   HIGHEST GUST DIRECTION     W (290)
  AVERAGE WIND SPEED    15.9


SKY COVER
  POSSIBLE SUNSHINE  MM
  AVERAGE SKY COVER 0.3


WEATHER CONDITIONS
 THE FOLLOWING WEATHER WAS RECORDED YESTERDAY.
  LIGHT RAIN


RELATIVE HUMIDITY (PERCENT)
 HIGHEST    86           600 AM
 LOWEST     44           200 PM
 AVERAGE    65

..........................................................


THE DICKINSON ND CLIMATE NORMALS FOR TODAY
                         NORMAL    RECORD    YEAR
 MAXIMUM TEMPERATURE (F)   35        70      1960
 MINIMUM TEMPERATURE (F)   15       -15      1898


SUNRISE AND SUNSET
NOVEMBER 25 2017......SUNRISE   708 AM MST   SUNSET   408 PM MST
NOVEMBER 26 2017......SUNRISE   710 AM MST   SUNSET   407 PM MST


-  INDICATES NEGATIVE NUMBERS.
R  INDICATES RECORD WAS SET OR TIED.
MM INDICATES DATA IS MISSING.
T  INDICATES TRACE AMOUNT.




$$
