000
CDUS43 KBIS 140743
CLIDIK


CLIMATE REPORT
NATIONAL WEATHER SERVICE BISMARCK ND
142 AM CST SUN FEB 14 2016


...................................

...THE DICKINSON ND CLIMATE SUMMARY FOR FEBRUARY 13 2016...

CLIMATE NORMAL PERIOD 1981 TO 2010
CLIMATE RECORD PERIOD 1893 TO 2016


WEATHER ITEM   OBSERVED TIME   RECORD YEAR NORMAL DEPARTURE LAST
                VALUE   (LST)  VALUE       VALUE  FROM      YEAR
                                                  NORMAL
..................................................................
TEMPERATURE (F)
 YESTERDAY
  MAXIMUM         35    910 PM  55    1984  30      5       47
  MINIMUM         10    816 AM -31    1905  10      0       21
  AVERAGE         23                        20      3       34

PRECIPITATION (IN)
  YESTERDAY        0.04          0.63 1959   0.01   0.03      T
  MONTH TO DATE    0.15                      0.11   0.04     0.15
  SINCE DEC 1      0.57                      0.65  -0.08     0.34
  SINCE JAN 1      0.31                      0.41  -0.10     0.27

DEGREE DAYS
 HEATING
  YESTERDAY       42                        45     -3       31
  MONTH TO DATE  512                       601    -89      562
  SINCE DEC 1   3234                      3571   -337     3141
  SINCE JUL 1   4908                      5648   -740     5347

 COOLING
  YESTERDAY        0                         0      0        0
  MONTH TO DATE    0                         0      0        0
  SINCE DEC 1      0                         0      0        0
  SINCE JAN 1      0                         0      0        0
..................................................................


WIND (MPH)
  HIGHEST WIND SPEED    29   HIGHEST WIND DIRECTION     S (160)
  HIGHEST GUST SPEED    34   HIGHEST GUST DIRECTION    NW (310)
  AVERAGE WIND SPEED    18.4


SKY COVER
  POSSIBLE SUNSHINE  MM
  AVERAGE SKY COVER 1.0


WEATHER CONDITIONS
 THE FOLLOWING WEATHER WAS RECORDED YESTERDAY.
  LIGHT SNOW
  FOG
  HAZE


RELATIVE HUMIDITY (PERCENT)
 HIGHEST    96           900 PM
 LOWEST     80           100 PM
 AVERAGE    88

..........................................................


THE DICKINSON ND CLIMATE NORMALS FOR TODAY
                         NORMAL    RECORD    YEAR
 MAXIMUM TEMPERATURE (F)   31        57      1981
 MINIMUM TEMPERATURE (F)   10       -37      1936


SUNRISE AND SUNSET
FEBRUARY 14 2016......SUNRISE   658 AM MST   SUNSET   514 PM MST
FEBRUARY 15 2016......SUNRISE   656 AM MST   SUNSET   515 PM MST


-  INDICATES NEGATIVE NUMBERS.
R  INDICATES RECORD WAS SET OR TIED.
MM INDICATES DATA IS MISSING.
T  INDICATES TRACE AMOUNT.




$$
