000
CDUS43 KBIS 250045
CLIDIK


CLIMATE REPORT
NATIONAL WEATHER SERVICE BISMARCK ND
744 PM CDT FRI MAR 24 2017


...................................

...THE DICKINSON ND CLIMATE SUMMARY FOR MARCH 24 2017...
VALID TODAY AS OF 0700 PM LOCAL TIME.

CLIMATE NORMAL PERIOD 1981 TO 2010
CLIMATE RECORD PERIOD 1893 TO 2017


WEATHER ITEM   OBSERVED TIME   RECORD YEAR NORMAL DEPARTURE LAST
                VALUE   (LST)  VALUE       VALUE  FROM      YEAR
                                                  NORMAL
..................................................................
TEMPERATURE (F)
 TODAY
  MAXIMUM         58        MM  78    1993  45     13       57
  MINIMUM         21        MM -19    1894  22     -1       19
  AVERAGE         40                        33      7       38

PRECIPITATION (IN)
  TODAY            0.00          0.68 1963   0.02  -0.02      T
  MONTH TO DATE    0.21                      0.48  -0.27     0.10
  SINCE MAR 1      0.21                      0.48  -0.27     0.10
  SINCE JAN 1      0.49                      1.11  -0.62     0.52

DEGREE DAYS
 HEATING
  TODAY           25                        32     -7       27
  MONTH TO DATE  886                       875     11      674
  SINCE MAR 1    886                       875     11      674
  SINCE JUL 1   7016                      7169   -153     6083

 COOLING
  TODAY            0                         0      0        0
  MONTH TO DATE    0                         0      0        0
  SINCE MAR 1      0                         0      0        0
  SINCE JAN 1      0                         0      0        0
..................................................................


WIND (MPH)
  RESULTANT WIND SPEED   4   RESULTANT WIND DIRECTION  SE (130)
  HIGHEST WIND SPEED    18   HIGHEST WIND DIRECTION    SE (130)
  HIGHEST GUST SPEED    MM   HIGHEST GUST DIRECTION    MM
  AVERAGE WIND SPEED     6.3


SKY COVER
  POSSIBLE SUNSHINE  MM
  AVERAGE SKY COVER 0.3


WEATHER CONDITIONS
 THE FOLLOWING WEATHER WAS RECORDED TODAY.
  FOG
  FOG W/VISIBILITY <= 1/4 MILE


RELATIVE HUMIDITY (PERCENT)
 HIGHEST   100           200 AM
 LOWEST     40           300 PM
 AVERAGE    70

..........................................................


THE DICKINSON ND CLIMATE NORMALS FOR TOMORROW
                         NORMAL    RECORD    YEAR
 MAXIMUM TEMPERATURE (F)   45        77      2007
 MINIMUM TEMPERATURE (F)   22       -13      1975


SUNRISE AND SUNSET
MARCH 24 2017.........SUNRISE   646 AM MDT   SUNSET   710 PM MDT
MARCH 25 2017.........SUNRISE   644 AM MDT   SUNSET   711 PM MDT


-  INDICATES NEGATIVE NUMBERS.
R  INDICATES RECORD WAS SET OR TIED.
MM INDICATES DATA IS MISSING.
T  INDICATES TRACE AMOUNT.




$$
