000
CDUS43 KBIS 300743
CLIDIK


CLIMATE REPORT
NATIONAL WEATHER SERVICE BISMARCK ND
243 AM CDT TUE SEP 30 2014


...................................

...THE DICKINSON ND CLIMATE SUMMARY FOR SEPTEMBER 29 2014...

CLIMATE NORMAL PERIOD 1981 TO 2010
CLIMATE RECORD PERIOD 1903 TO 2014


WEATHER ITEM   OBSERVED TIME   RECORD YEAR NORMAL DEPARTURE LAST
                VALUE   (LST)  VALUE       VALUE  FROM      YEAR
                                                  NORMAL
..................................................................
TEMPERATURE (F)
 YESTERDAY
  MAXIMUM         52   1048 PM  89    1989  65    -13       77
  MINIMUM         43    729 AM  16    1907  37      6       44
  AVERAGE         48                        51     -3       61

PRECIPITATION (IN)
  YESTERDAY        0.10          0.46 1966   0.05   0.05     0.00
  MONTH TO DATE    0.87                      1.43  -0.56     3.30
  SINCE SEP 1      0.87                      1.43  -0.56     3.30
  SINCE JAN 1     20.64                     13.72   6.92    18.31

DEGREE DAYS
 HEATING
  YESTERDAY       17                        14      3        4
  MONTH TO DATE  250                       253     -3      122
  SINCE SEP 1    250                       253     -3      122
  SINCE JUL 1    351                       339     12      162

 COOLING
  YESTERDAY        0                         0      0        0
  MONTH TO DATE   24                        30     -6       74
  SINCE SEP 1     24                        30     -6       74
  SINCE JAN 1    256                       416   -160      386
..................................................................


WIND (MPH)
  HIGHEST WIND SPEED    20   HIGHEST WIND DIRECTION    SE (130)
  HIGHEST GUST SPEED    25   HIGHEST GUST DIRECTION    SE (130)
  AVERAGE WIND SPEED    13.2


SKY COVER
  POSSIBLE SUNSHINE  MM
  AVERAGE SKY COVER 1.0


WEATHER CONDITIONS
 THE FOLLOWING WEATHER WAS RECORDED YESTERDAY.
  HEAVY RAIN
  LIGHT RAIN
  FOG
  FOG W/VISIBILITY <= 1/4 MILE


RELATIVE HUMIDITY (PERCENT)
 HIGHEST   100           700 AM
 LOWEST     80          1100 AM
 AVERAGE    90

..........................................................


THE DICKINSON ND CLIMATE NORMALS FOR TODAY
                         NORMAL    RECORD    YEAR
 MAXIMUM TEMPERATURE (F)   64        93      1989
 MINIMUM TEMPERATURE (F)   37        17      1974


SUNRISE AND SUNSET
SEPTEMBER 30 2014.....SUNRISE   649 AM MDT   SUNSET   633 PM MDT
OCTOBER  1 2014.......SUNRISE   650 AM MDT   SUNSET   631 PM MDT


-  INDICATES NEGATIVE NUMBERS.
R  INDICATES RECORD WAS SET OR TIED.
MM INDICATES DATA IS MISSING.
T  INDICATES TRACE AMOUNT.




$$
