000
CDUS43 KBIS 180722
CLIDIK


CLIMATE REPORT
NATIONAL WEATHER SERVICE BISMARCK ND
221 AM CDT THU SEP 18 2014


...................................

...THE DICKINSON ND CLIMATE SUMMARY FOR SEPTEMBER 17 2014...

CLIMATE NORMAL PERIOD 1981 TO 2010
CLIMATE RECORD PERIOD 1903 TO 2014


WEATHER ITEM   OBSERVED TIME   RECORD YEAR NORMAL DEPARTURE LAST
                VALUE   (LST)  VALUE       VALUE  FROM      YEAR
                                                  NORMAL
..................................................................
TEMPERATURE (F)
 YESTERDAY
  MAXIMUM         72    343 PM  95    1989  70      2       86
  MINIMUM         41    411 AM  28    1916  42     -1       53
  AVERAGE         57                        56      1       70

PRECIPITATION (IN)
  YESTERDAY        0.00          0.86 1996   0.04  -0.04     0.12
  MONTH TO DATE    0.77                      0.83  -0.06     2.75
  SINCE SEP 1      0.77                      0.83  -0.06     2.75
  SINCE JAN 1     20.54                     13.12   7.42    17.76

DEGREE DAYS
 HEATING
  YESTERDAY        8                         9     -1        0
  MONTH TO DATE  199                       110     89       19
  SINCE SEP 1    199                       110     89       19
  SINCE JUL 1    300                       196    104       59

 COOLING
  YESTERDAY        0                         1     -1        5
  MONTH TO DATE    0                        28    -28       72
  SINCE SEP 1      0                        28    -28       72
  SINCE JAN 1    232                       414   -182      384
..................................................................


WIND (MPH)
  HIGHEST WIND SPEED    16   HIGHEST WIND DIRECTION    SE (150)
  HIGHEST GUST SPEED    20   HIGHEST GUST DIRECTION     E (100)
  AVERAGE WIND SPEED     7.8


SKY COVER
  POSSIBLE SUNSHINE  MM
  AVERAGE SKY COVER 0.0


WEATHER CONDITIONS
 THE FOLLOWING WEATHER WAS RECORDED YESTERDAY.
  NO SIGNIFICANT WEATHER WAS OBSERVED.


RELATIVE HUMIDITY (PERCENT)
 HIGHEST    89           200 AM
 LOWEST     41           200 PM
 AVERAGE    65

..........................................................


THE DICKINSON ND CLIMATE NORMALS FOR TODAY
                         NORMAL    RECORD    YEAR
 MAXIMUM TEMPERATURE (F)   70        95      1933
 MINIMUM TEMPERATURE (F)   42        25      1991


SUNRISE AND SUNSET
SEPTEMBER 18 2014.....SUNRISE   633 AM MDT   SUNSET   657 PM MDT
SEPTEMBER 19 2014.....SUNRISE   634 AM MDT   SUNSET   655 PM MDT


-  INDICATES NEGATIVE NUMBERS.
R  INDICATES RECORD WAS SET OR TIED.
MM INDICATES DATA IS MISSING.
T  INDICATES TRACE AMOUNT.




$$
