000
CDUS43 KBIS 300729
CLIDIK


CLIMATE REPORT
NATIONAL WEATHER SERVICE BISMARCK ND
228 AM CDT MON MAY 30 2016


...................................

...THE DICKINSON ND CLIMATE SUMMARY FOR MAY 29 2016...

CLIMATE NORMAL PERIOD 1981 TO 2010
CLIMATE RECORD PERIOD 1893 TO 2016


WEATHER ITEM   OBSERVED TIME   RECORD YEAR NORMAL DEPARTURE LAST
                VALUE   (LST)  VALUE       VALUE  FROM      YEAR
                                                  NORMAL
..................................................................
TEMPERATURE (F)
 YESTERDAY
  MAXIMUM         78    322 PM 102    1934  70      8       57
  MINIMUM         42    428 AM  17    1947  44     -2       37
  AVERAGE         60                        57      3       47

PRECIPITATION (IN)
  YESTERDAY        0.00          1.66 1962   0.08  -0.08     0.00
  MONTH TO DATE    0.25                      2.14  -1.89     1.66
  SINCE MAR 1      2.88                      4.30  -1.42     3.16
  SINCE JAN 1      3.30                      4.93  -1.63     3.43

DEGREE DAYS
 HEATING
  YESTERDAY        5                         8     -3       18
  MONTH TO DATE  352                       362    -10      410
  SINCE MAR 1   1898                      2130   -232     1877
  SINCE JUL 1   7307                      8424  -1117     7992

 COOLING
  YESTERDAY        0                         0      0        0
  MONTH TO DATE    3                         0      3        0
  SINCE MAR 1      3                         1      2        0
  SINCE JAN 1      3                         1      2        0
..................................................................


WIND (MPH)
  HIGHEST WIND SPEED    18   HIGHEST WIND DIRECTION    NW (300)
  HIGHEST GUST SPEED    24   HIGHEST GUST DIRECTION     W (270)
  AVERAGE WIND SPEED     7.9


SKY COVER
  POSSIBLE SUNSHINE  MM
  AVERAGE SKY COVER 0.2


WEATHER CONDITIONS
 THE FOLLOWING WEATHER WAS RECORDED YESTERDAY.
  NO SIGNIFICANT WEATHER WAS OBSERVED.


RELATIVE HUMIDITY (PERCENT)
 HIGHEST   100          1200 AM
 LOWEST     19           300 PM
 AVERAGE    60

..........................................................


THE DICKINSON ND CLIMATE NORMALS FOR TODAY
                         NORMAL    RECORD    YEAR
 MAXIMUM TEMPERATURE (F)   70        98      1934
 MINIMUM TEMPERATURE (F)   45        29      1947


SUNRISE AND SUNSET
MAY 30 2016...........SUNRISE   502 AM MDT   SUNSET   836 PM MDT
MAY 31 2016...........SUNRISE   501 AM MDT   SUNSET   837 PM MDT


-  INDICATES NEGATIVE NUMBERS.
R  INDICATES RECORD WAS SET OR TIED.
MM INDICATES DATA IS MISSING.
T  INDICATES TRACE AMOUNT.




$$
