000
CDUS43 KBIS 160744
CLIDIK


CLIMATE REPORT
NATIONAL WEATHER SERVICE BISMARCK ND
144 AM CST MON JAN 16 2017


...................................

...THE DICKINSON ND CLIMATE SUMMARY FOR JANUARY 15 2017...

CLIMATE NORMAL PERIOD 1981 TO 2010
CLIMATE RECORD PERIOD 1893 TO 2017


WEATHER ITEM   OBSERVED TIME   RECORD YEAR NORMAL DEPARTURE LAST
                VALUE   (LST)  VALUE       VALUE  FROM      YEAR
                                                  NORMAL
..................................................................
TEMPERATURE (F)
 YESTERDAY
  MAXIMUM         24    722 PM  58    1921  26     -2       24
  MINIMUM          8    107 AM -35    1907   6      2       -3
  AVERAGE         16                        16      0       11

PRECIPITATION (IN)
  YESTERDAY        0.00          0.38 1943   0.01  -0.01      T
  MONTH TO DATE    0.04                      0.16  -0.12     0.04
  SINCE DEC 1      0.20                      0.40  -0.20     0.30
  SINCE JAN 1      0.04                      0.16  -0.12     0.04

DEGREE DAYS
 HEATING
  YESTERDAY       49                        49      0       54
  MONTH TO DATE  985                       735    250      733
  SINCE DEC 1   2614                      2195    419     2011
  SINCE JUL 1   4281                      4272      9     3685

 COOLING
  YESTERDAY        0                         0      0        0
  MONTH TO DATE    0                         0      0        0
  SINCE DEC 1      0                         0      0        0
  SINCE JAN 1      0                         0      0        0
..................................................................


WIND (MPH)
  HIGHEST WIND SPEED    22   HIGHEST WIND DIRECTION    SW (240)
  HIGHEST GUST SPEED    27   HIGHEST GUST DIRECTION    SW (240)
  AVERAGE WIND SPEED    12.8


SKY COVER
  POSSIBLE SUNSHINE  MM
  AVERAGE SKY COVER 0.0


WEATHER CONDITIONS
 THE FOLLOWING WEATHER WAS RECORDED YESTERDAY.
  NO SIGNIFICANT WEATHER WAS OBSERVED.


RELATIVE HUMIDITY (PERCENT)
 HIGHEST    68           300 PM
 LOWEST     46           700 PM
 AVERAGE    57

..........................................................


THE DICKINSON ND CLIMATE NORMALS FOR TODAY
                         NORMAL    RECORD    YEAR
 MAXIMUM TEMPERATURE (F)   26        52      1974
 MINIMUM TEMPERATURE (F)    6       -27      1978
                                             1954


SUNRISE AND SUNSET
JANUARY 16 2017.......SUNRISE   731 AM MST   SUNSET   432 PM MST
JANUARY 17 2017.......SUNRISE   730 AM MST   SUNSET   433 PM MST


-  INDICATES NEGATIVE NUMBERS.
R  INDICATES RECORD WAS SET OR TIED.
MM INDICATES DATA IS MISSING.
T  INDICATES TRACE AMOUNT.




$$
