000
CDUS43 KDLH 030636
CLIDLH


CLIMATE REPORT
NATIONAL WEATHER SERVICE DULUTH MN
134 AM CDT WED JUN 3 2015


...................................

...THE DULUTH MN CLIMATE SUMMARY FOR JUNE 2 2015...

CLIMATE NORMAL PERIOD 1981 TO 2010
CLIMATE RECORD PERIOD 1870 TO 2015


WEATHER ITEM   OBSERVED TIME   RECORD YEAR NORMAL DEPARTURE LAST
                VALUE   (LST)  VALUE       VALUE  FROM      YEAR
                                                  NORMAL
..................................................................
TEMPERATURE (F)
 YESTERDAY
  MAXIMUM         74    147 PM  88    1948  67      7       74
                                      1894
  MINIMUM         43    329 AM  30    1962  45     -2       49
  AVERAGE         59                        56      3       62

PRECIPITATION (IN)
  YESTERDAY        T             1.51 1902   0.11  -0.11     0.71
  MONTH TO DATE    T                         0.23  -0.23     1.14
  SINCE JUN 1      T                         0.23  -0.23     1.14
  SINCE JAN 1      6.39                      9.15  -2.76    13.57

SNOWFALL (IN)
  YESTERDAY        0.0           0.2  1945   0.0    0.0       T
  MONTH TO DATE    0.0                       0.0    0.0       T
  SINCE JUN 1      0.0                       0.0    0.0       T
  SINCE JUL 1     49.2                      86.1  -36.9    131.0
  SNOW DEPTH       0

DEGREE DAYS
 HEATING
  YESTERDAY        6                         9     -3        3
  MONTH TO DATE   22                        18      4        4
  SINCE JUN 1     22                        18      4        4
  SINCE JUL 1   9004                      9283   -279    10184

 COOLING
  YESTERDAY        0                         0      0        0
  MONTH TO DATE    0                         0      0        0
  SINCE JUN 1      0                         0      0        0
  SINCE JAN 1      4                         4      0       18
..................................................................


WIND (MPH)
  HIGHEST WIND SPEED    20   HIGHEST WIND DIRECTION     S (190)
  HIGHEST GUST SPEED    26   HIGHEST GUST DIRECTION     S (190)
  AVERAGE WIND SPEED     9.6


SKY COVER
  AVERAGE SKY COVER 0.4


WEATHER CONDITIONS
 THE FOLLOWING WEATHER WAS RECORDED YESTERDAY.
  LIGHT RAIN


RELATIVE HUMIDITY (PERCENT)
 HIGHEST    71           500 AM
 LOWEST     41           100 PM
 AVERAGE    56

..........................................................


THE DULUTH MN CLIMATE NORMALS FOR TODAY
                         NORMAL    RECORD    YEAR
 MAXIMUM TEMPERATURE (F)   67        90      1948
 MINIMUM TEMPERATURE (F)   46        30      1982


SUNRISE AND SUNSET
JUNE  3 2015..........SUNRISE   517 AM CDT   SUNSET   856 PM CDT
JUNE  4 2015..........SUNRISE   517 AM CDT   SUNSET   857 PM CDT


-  INDICATES NEGATIVE NUMBERS.
R  INDICATES RECORD WAS SET OR TIED.
MM INDICATES DATA IS MISSING.
T  INDICATES TRACE AMOUNT.




$$
