000
CDUS43 KDLH 300621
CLIDLH


CLIMATE REPORT
NATIONAL WEATHER SERVICE DULUTH MN
120 AM CDT WED JUL 30 2014


...................................

...THE DULUTH MN CLIMATE SUMMARY FOR JULY 29 2014...

CLIMATE NORMAL PERIOD 1981 TO 2010
CLIMATE RECORD PERIOD 1870 TO 2014


WEATHER ITEM   OBSERVED TIME   RECORD YEAR NORMAL DEPARTURE LAST
                VALUE   (LST)  VALUE       VALUE  FROM      YEAR
                                                  NORMAL
..................................................................
TEMPERATURE (F)
 YESTERDAY
  MAXIMUM         78    255 PM  96    1916  77      1       76
  MINIMUM         53    402 AM  42    1971  56     -3       47
                                      1925
  AVERAGE         66                        66      0       62

PRECIPITATION (IN)
  YESTERDAY        0.39          1.40 1955   0.11   0.28     0.00
  MONTH TO DATE    3.42                      3.62  -0.20     1.56
  SINCE JUN 1      7.89                      7.85   0.04     6.10
  SINCE JAN 1     20.32                     16.77   3.55    19.44

SNOWFALL (IN)
  YESTERDAY        0.0           0.0  2002   0.0    0.0      0.0
                                      2001
  MONTH TO DATE    0.0                       0.0    0.0      0.0
  SINCE JUN 1      T                         0.0    0.0      0.0
  SINCE JUL 1      0.0                       0.0    0.0      0.0
  SNOW DEPTH       0

DEGREE DAYS
 HEATING
  YESTERDAY        0                         2     -2        3
  MONTH TO DATE   39                        64    -25       47
  SINCE JUN 1    201                       243    -42      193
  SINCE JUL 1     39                        64    -25       47

 COOLING
  YESTERDAY        1                         3     -2        0
  MONTH TO DATE   82                        84     -2      135
  SINCE JUN 1    111                       114     -3      188
  SINCE JAN 1    129                       118     11      189
..................................................................


WIND (MPH)
  HIGHEST WIND SPEED    24   HIGHEST WIND DIRECTION     N (20)
  HIGHEST GUST SPEED    33   HIGHEST GUST DIRECTION    NE (30)
  AVERAGE WIND SPEED     9.2


SKY COVER
  AVERAGE SKY COVER 0.3


WEATHER CONDITIONS
 THE FOLLOWING WEATHER WAS RECORDED YESTERDAY.
  THUNDERSTORM
  HEAVY RAIN
  LIGHT RAIN
  FOG


RELATIVE HUMIDITY (PERCENT)
 HIGHEST    93           400 AM
 LOWEST     42           300 PM
 AVERAGE    68

..........................................................


THE DULUTH MN CLIMATE NORMALS FOR TODAY
                         NORMAL    RECORD    YEAR
 MAXIMUM TEMPERATURE (F)   77        94      1995
                                             1885
 MINIMUM TEMPERATURE (F)   56        42      1992
                                             1971


SUNRISE AND SUNSET
JULY 30 2014..........SUNRISE   546 AM CDT   SUNSET   843 PM CDT
JULY 31 2014..........SUNRISE   547 AM CDT   SUNSET   842 PM CDT


-  INDICATES NEGATIVE NUMBERS.
R  INDICATES RECORD WAS SET OR TIED.
MM INDICATES DATA IS MISSING.
T  INDICATES TRACE AMOUNT.




$$
