000
CDUS43 KDLH 292227
CLIDLH


CLIMATE REPORT
NATIONAL WEATHER SERVICE DULUTH MN
526 PM CDT MON MAY 29 2017


...................................

...THE DULUTH MN CLIMATE SUMMARY FOR MAY 29 2017...
VALID TODAY AS OF 0500 PM LOCAL TIME.

CLIMATE NORMAL PERIOD 1981 TO 2010
CLIMATE RECORD PERIOD 1870 TO 2017


WEATHER ITEM   OBSERVED TIME   RECORD YEAR NORMAL DEPARTURE LAST
                VALUE   (LST)  VALUE       VALUE  FROM      YEAR
                                                  NORMAL
..................................................................
TEMPERATURE (F)
 TODAY
  MAXIMUM         58    117 PM  87    1986  66     -8       70
  MINIMUM         51   1249 AM  29    1984  44      7       52
  AVERAGE         55                        55      0       61

PRECIPITATION (IN)
  TODAY            T             1.48 2006   0.10  -0.10     0.07
  MONTH TO DATE    4.06                      3.00   1.06     1.61
  SINCE MAR 1      8.13                      6.92   1.21     7.97
  SINCE JAN 1     11.09                      8.69   2.40     9.85

SNOWFALL (IN)
  TODAY            0.0           T    1991   0.0    0.0      0.0
  MONTH TO DATE    0.8                       0.4    0.4      0.1
  SINCE JUL 1     67.0                      86.1  -19.1     81.4
  SNOW DEPTH       0

DEGREE DAYS
 HEATING
  TODAY           10                        10      0        4
  MONTH TO DATE  421                       406     15      353
  SINCE MAR 1   2292                      2378    -86     2190
  SINCE JUL 1   7982                      9245  -1263     8027

 COOLING
  TODAY            0                         0      0        0
  MONTH TO DATE    0                         0      0        8
  SINCE MAR 1      0                         0      0        8
  SINCE JAN 1      0                         0      0        8
..................................................................


WIND (MPH)
  HIGHEST WIND SPEED    23   HIGHEST WIND DIRECTION    NW (310)
  HIGHEST GUST SPEED    31   HIGHEST GUST DIRECTION     W (290)
  AVERAGE WIND SPEED    13.9


SKY COVER
  POSSIBLE SUNSHINE  MM
  AVERAGE SKY COVER 0.9


WEATHER CONDITIONS
 THE FOLLOWING WEATHER WAS RECORDED TODAY.
  LIGHT RAIN
  FOG


RELATIVE HUMIDITY (PERCENT)
 HIGHEST    93           100 PM
 LOWEST     77           900 AM
 AVERAGE    85

..........................................................


THE DULUTH MN CLIMATE NORMALS FOR TOMORROW
                         NORMAL    RECORD    YEAR
 MAXIMUM TEMPERATURE (F)   66        95      1939
 MINIMUM TEMPERATURE (F)   44        29      1990


SUNRISE AND SUNSET
MAY 29 2017...........SUNRISE   520 AM CDT   SUNSET   853 PM CDT
MAY 30 2017...........SUNRISE   519 AM CDT   SUNSET   854 PM CDT


-  INDICATES NEGATIVE NUMBERS.
R  INDICATES RECORD WAS SET OR TIED.
MM INDICATES DATA IS MISSING.
T  INDICATES TRACE AMOUNT.




$$
