000
CDUS45 KTFX 231148
CLIDLN


CLIMATE REPORT
NATIONAL WEATHER SERVICE GREAT FALLS MT
448 AM MST SUN NOV 23 2014


...................................

...THE DILLON AIRPORT MT CLIMATE SUMMARY FOR NOVEMBER 22 2014...

CLIMATE NORMAL PERIOD 1981 TO 2010
CLIMATE RECORD PERIOD 1929 TO 2014


WEATHER ITEM   OBSERVED TIME   RECORD YEAR NORMAL DEPARTURE LAST
                VALUE   (LST)  VALUE       VALUE  FROM      YEAR
                                                  NORMAL
..................................................................
TEMPERATURE (F)
 YESTERDAY
  MAXIMUM         43   1139 AM  66    1954  37      6       33
  MINIMUM         24    948 PM -21    1985  17      7        6
  AVERAGE         34                        27      7       20

PRECIPITATION (IN)
  YESTERDAY        0.05          0.22 1962   0.01   0.04     0.00
  MONTH TO DATE    0.17                      0.29  -0.12     0.08
  SINCE OCT 1      0.43                      1.05  -0.62     0.35
  SINCE JAN 1     10.16                     10.22  -0.06     9.81

SNOWFALL (IN)
  YESTERDAY       MM
  SNOW DEPTH       0

DEGREE DAYS
 HEATING
  YESTERDAY       31                               -7       45
  MONTH TO DATE  841                              126      669
  SINCE SEP 1   1584                             -111     1668
  SINCE JUL 1   1676                             -155     1674

 COOLING
  YESTERDAY        0                                0        0
  MONTH TO DATE    0                                0        0
  SINCE SEP 1      6                               -2       19
  SINCE JAN 1    170                               14      247
..................................................................


WIND (MPH)
  HIGHEST WIND SPEED    33   HIGHEST WIND DIRECTION     W (280)
  HIGHEST GUST SPEED    41   HIGHEST GUST DIRECTION     W (280)
  AVERAGE WIND SPEED    14.7



WEATHER CONDITIONS
 THE FOLLOWING WEATHER WAS RECORDED YESTERDAY.
  RAIN
  LIGHT RAIN
  FOG


RELATIVE HUMIDITY (PERCENT)
 HIGHEST    70
 LOWEST     44
 AVERAGE    57

..........................................................


THE DILLON AIRPORT MT CLIMATE NORMALS FOR TODAY
                         NORMAL    RECORD    YEAR
 MAXIMUM TEMPERATURE (F)   37        63      1954
 MINIMUM TEMPERATURE (F)   17       -21      1985


SUNRISE AND SUNSET
NOVEMBER 23 2014......SUNRISE   739 AM MST   SUNSET   454 PM MST
NOVEMBER 24 2014......SUNRISE   741 AM MST   SUNSET   453 PM MST


-  INDICATES NEGATIVE NUMBERS.
R  INDICATES RECORD WAS SET OR TIED.
MM INDICATES DATA IS MISSING.
T  INDICATES TRACE AMOUNT.




$$
