000
CDUS45 KTFX 182230
CLIDLN


CLIMATE REPORT
NATIONAL WEATHER SERVICE GREAT FALLS MT
429 PM MDT FRI APR 18 2014


...................................

...THE DILLON AIRPORT MT CLIMATE SUMMARY FOR APRIL 18 2014...
VALID TODAY AS OF 0400 PM LOCAL TIME.

CLIMATE NORMAL PERIOD 1981 TO 2010
CLIMATE RECORD PERIOD 1929 TO 2014


WEATHER ITEM   OBSERVED TIME   RECORD YEAR NORMAL DEPARTURE LAST
                VALUE   (LST)  VALUE       VALUE  FROM      YEAR
                                                  NORMAL
..................................................................
TEMPERATURE (F)
 TODAY
  MAXIMUM         59    141 PM  77    1962  55      4       51
  MINIMUM         43    746 AM  11    1941  29     14       13
  AVERAGE         51                        42      9       32

PRECIPITATION (IN)
  TODAY            0.03          0.71 2005   0.04  -0.01     0.00
  MONTH TO DATE    0.04                      0.60  -0.56     0.11
  SINCE OCT 1      1.10                      3.08  -1.98     1.53
  SINCE JAN 1      0.61                      1.68  -1.07     0.51

SNOWFALL (IN)
  TODAY           MM
  SNOW DEPTH       0

DEGREE DAYS
 HEATING
  TODAY           14                        23     -9       33
  MONTH TO DATE  408                       452    -44      493
  SINCE MAR 1   1332                      1402    -70     1409
  SINCE JUL 1   7112                      7319   -207     6824

 COOLING
  TODAY            0                         0      0        0
  MONTH TO DATE    0                         0      0        0
  SINCE MAR 1      0                         0      0        0
  SINCE JAN 1      0                         0      0        0
..................................................................


WIND (MPH)
  HIGHEST WIND SPEED    39   HIGHEST WIND DIRECTION     W (270)
  HIGHEST GUST SPEED    49   HIGHEST GUST DIRECTION     W (260)
  AVERAGE WIND SPEED    18.8


SKY COVER
  AVERAGE SKY COVER 0.6


WEATHER CONDITIONS
 THE FOLLOWING WEATHER WAS RECORDED TODAY.
  LIGHT RAIN


RELATIVE HUMIDITY (PERCENT)
 HIGHEST    82
 LOWEST     17
 AVERAGE    50

..........................................................


THE DILLON AIRPORT MT CLIMATE NORMALS FOR TOMORROW
                         NORMAL    RECORD    YEAR
 MAXIMUM TEMPERATURE (F)   56        80      1962
 MINIMUM TEMPERATURE (F)   29         1      1941


SUNRISE AND SUNSET
APRIL 18 2014.........SUNRISE   640 AM MDT   SUNSET   820 PM MDT
APRIL 19 2014.........SUNRISE   638 AM MDT   SUNSET   821 PM MDT


-  INDICATES NEGATIVE NUMBERS.
R  INDICATES RECORD WAS SET OR TIED.
MM INDICATES DATA IS MISSING.
T  INDICATES TRACE AMOUNT.




$$
