000
CDUS45 KTFX 280935
CLIDLN


CLIMATE REPORT
NATIONAL WEATHER SERVICE GREAT FALLS MT
334 AM MDT WED JUN 28 2017


...................................

...THE DILLON AIRPORT MT CLIMATE SUMMARY FOR JUNE 27 2017...

CLIMATE NORMAL PERIOD 1981 TO 2010
CLIMATE RECORD PERIOD 1929 TO 2017


WEATHER ITEM   OBSERVED TIME   RECORD YEAR NORMAL DEPARTURE LAST
                VALUE   (LST)  VALUE       VALUE  FROM      YEAR
                                                  NORMAL
..................................................................
TEMPERATURE (F)
 YESTERDAY
  MAXIMUM         72   1002 AM  96    2015  77     -5       88
  MINIMUM         53   1139 PM  30    1949  47      6       46
  AVERAGE         63                        62      1       67

PRECIPITATION (IN)
  YESTERDAY        0.13          0.58 1944   0.04   0.09     0.00
  MONTH TO DATE    1.29                      1.84  -0.55     1.12
  SINCE OCT 1      8.06                      7.31   0.75     6.60
  SINCE JAN 1      5.52                      5.91  -0.39     4.52

SNOWFALL (IN)
  YESTERDAY       MM
  SNOW DEPTH       0

DEGREE DAYS
 HEATING
  YESTERDAY        2                               -2        0
  MONTH TO DATE  162                              -49      108
  SINCE JUN 1    162                              -49      108
  SINCE JUL 1   7943                             -293     7480

 COOLING
  YESTERDAY        0                               -1        2
  MONTH TO DATE   22                               12       25
  SINCE JUN 1     22                               12       25
  SINCE JAN 1     22                               11       25
..................................................................


WIND (MPH)
  HIGHEST WIND SPEED    41   HIGHEST WIND DIRECTION    SW (220)
  HIGHEST GUST SPEED    52   HIGHEST GUST DIRECTION    SW (220)
  AVERAGE WIND SPEED    10.3


SKY COVER
  AVERAGE SKY COVER 0.4


WEATHER CONDITIONS
 THE FOLLOWING WEATHER WAS RECORDED YESTERDAY.
  THUNDERSTORM
  RAIN
  LIGHT RAIN


RELATIVE HUMIDITY (PERCENT)
 HIGHEST    77
 LOWEST     37
 AVERAGE    57

..........................................................


THE DILLON AIRPORT MT CLIMATE NORMALS FOR TODAY
                         NORMAL    RECORD    YEAR
 MAXIMUM TEMPERATURE (F)   77        98      2015
 MINIMUM TEMPERATURE (F)   47        30      1975


SUNRISE AND SUNSET
JUNE 28 2017..........SUNRISE   545 AM MDT   SUNSET   922 PM MDT
JUNE 29 2017..........SUNRISE   546 AM MDT   SUNSET   922 PM MDT


-  INDICATES NEGATIVE NUMBERS.
R  INDICATES RECORD WAS SET OR TIED.
MM INDICATES DATA IS MISSING.
T  INDICATES TRACE AMOUNT.




$$
