000
CDUS45 KTFX 051015
CLIDLN


CLIMATE REPORT
NATIONAL WEATHER SERVICE GREAT FALLS MT
415 AM MDT SAT SEP 5 2015


...................................

...THE DILLON AIRPORT MT CLIMATE SUMMARY FOR SEPTEMBER 4 2015...

CLIMATE NORMAL PERIOD 1981 TO 2010
CLIMATE RECORD PERIOD 1929 TO 2015


WEATHER ITEM   OBSERVED TIME   RECORD YEAR NORMAL DEPARTURE LAST
                VALUE   (LST)  VALUE       VALUE  FROM      YEAR
                                                  NORMAL
..................................................................
TEMPERATURE (F)
 YESTERDAY
  MAXIMUM         58    400 PM  92    1998  75    -17       63
  MINIMUM         44    408 AM  32    1975  43      1       34
  AVERAGE         51                        59     -8       49

PRECIPITATION (IN)
  YESTERDAY        0.01          0.40 1949   0.03  -0.02     0.00
  MONTH TO DATE    0.01                      0.13  -0.12     0.00
  SINCE OCT 1      7.88                      9.83  -1.95     9.36
  SINCE JAN 1      6.72                      8.43  -1.71     8.87

SNOWFALL (IN)
  YESTERDAY       MM
  SNOW DEPTH       0

DEGREE DAYS
 HEATING
  YESTERDAY       14                                8       16
  MONTH TO DATE   22                               -1       36
  SINCE SEP 1     22                               -1       36
  SINCE JUL 1    128                              -31      128

 COOLING
  YESTERDAY        0                               -1        0
  MONTH TO DATE    7                                3        0
  SINCE SEP 1      7                                3        0
  SINCE JAN 1    246                               94      164
..................................................................


WIND (MPH)
  HIGHEST WIND SPEED    18   HIGHEST WIND DIRECTION    NE (40)
  HIGHEST GUST SPEED    22   HIGHEST GUST DIRECTION    NE (30)
  AVERAGE WIND SPEED     5.6


SKY COVER
  AVERAGE SKY COVER 1.0


WEATHER CONDITIONS
 THE FOLLOWING WEATHER WAS RECORDED YESTERDAY.
  LIGHT RAIN


RELATIVE HUMIDITY (PERCENT)
 HIGHEST    93
 LOWEST     55
 AVERAGE    74

..........................................................


THE DILLON AIRPORT MT CLIMATE NORMALS FOR TODAY
                         NORMAL    RECORD    YEAR
 MAXIMUM TEMPERATURE (F)   75        92      1976
 MINIMUM TEMPERATURE (F)   43        27      1956


SUNRISE AND SUNSET
SEPTEMBER  5 2015.....SUNRISE   656 AM MDT   SUNSET   800 PM MDT
SEPTEMBER  6 2015.....SUNRISE   658 AM MDT   SUNSET   759 PM MDT


-  INDICATES NEGATIVE NUMBERS.
R  INDICATES RECORD WAS SET OR TIED.
MM INDICATES DATA IS MISSING.
T  INDICATES TRACE AMOUNT.




$$
