000
CDUS45 KTFX 172218
CLIDLN


CLIMATE REPORT
NATIONAL WEATHER SERVICE GREAT FALLS MT
417 PM MDT WED SEP 17 2014


...................................

...THE DILLON AIRPORT MT CLIMATE SUMMARY FOR SEPTEMBER 17 2014...
VALID TODAY AS OF 0400 PM LOCAL TIME.

CLIMATE NORMAL PERIOD 1981 TO 2010
CLIMATE RECORD PERIOD 1929 TO 2014


WEATHER ITEM   OBSERVED TIME   RECORD YEAR NORMAL DEPARTURE LAST
                VALUE   (LST)  VALUE       VALUE  FROM      YEAR
                                                  NORMAL
..................................................................
TEMPERATURE (F)
 TODAY
  MAXIMUM         83    259 PM  85    1981  69     14       61
  MINIMUM         47    530 AM  14    1965  39      8       44
  AVERAGE         65                        54     11       53

PRECIPITATION (IN)
  TODAY            0.00          0.54 2002   0.03  -0.03     0.34
  MONTH TO DATE    0.06                      0.51  -0.45     1.09
  SINCE OCT 1      9.42                     10.21  -0.79     9.11
  SINCE JAN 1      8.93                      8.81   0.12     8.09

SNOWFALL (IN)
  TODAY           MM
  SNOW DEPTH       0

DEGREE DAYS
 HEATING
  TODAY            0                        11    -11       12
  MONTH TO DATE  172                       136     36       36
  SINCE SEP 1    172                       136     36       36
  SINCE JUL 1    264                       272     -8       42

 COOLING
  TODAY            0                         0      0        0
  MONTH TO DATE    1                         7     -6       19
  SINCE SEP 1      1                         7     -6       19
  SINCE JAN 1    165                       155     10      247
..................................................................


WIND (MPH)
  HIGHEST WIND SPEED    16   HIGHEST WIND DIRECTION    SW (220)
  HIGHEST GUST SPEED    19   HIGHEST GUST DIRECTION    SW (220)
  AVERAGE WIND SPEED     6.7


SKY COVER
  AVERAGE SKY COVER 0.0


WEATHER CONDITIONS
 THE FOLLOWING WEATHER WAS RECORDED TODAY.
  HAZE


RELATIVE HUMIDITY (PERCENT)
 HIGHEST    86
 LOWEST     20
 AVERAGE    53

..........................................................


THE DILLON AIRPORT MT CLIMATE NORMALS FOR TOMORROW
                         NORMAL    RECORD    YEAR
 MAXIMUM TEMPERATURE (F)   69        89      1981
 MINIMUM TEMPERATURE (F)   39        17      1965


SUNRISE AND SUNSET
SEPTEMBER 17 2014.....SUNRISE   711 AM MDT   SUNSET   737 PM MDT
SEPTEMBER 18 2014.....SUNRISE   712 AM MDT   SUNSET   735 PM MDT


-  INDICATES NEGATIVE NUMBERS.
R  INDICATES RECORD WAS SET OR TIED.
MM INDICATES DATA IS MISSING.
T  INDICATES TRACE AMOUNT.




$$
