000
CDUS45 KTFX 040839
CLIDLN


CLIMATE REPORT
NATIONAL WEATHER SERVICE GREAT FALLS MT
136 AM MST WED MAR 4 2015


...................................

...THE DILLON AIRPORT MT CLIMATE SUMMARY FOR MARCH 3 2015...

CLIMATE NORMAL PERIOD 1981 TO 2010
CLIMATE RECORD PERIOD 1929 TO 2015


WEATHER ITEM   OBSERVED TIME   RECORD YEAR NORMAL DEPARTURE LAST
                VALUE   (LST)  VALUE       VALUE  FROM      YEAR
                                                  NORMAL
..................................................................
TEMPERATURE (F)
 YESTERDAY
  MAXIMUM         23    434 PM  62    1986  43    -20       46
  MINIMUM          3   1129 PM -16    1976  19    -16       28
  AVERAGE         13                        31    -18       37

PRECIPITATION (IN)
  YESTERDAY        T             0.10 1956   0.02  -0.02     0.04
  MONTH TO DATE    T                         0.04  -0.04     0.05
  SINCE OCT 1      1.35                      1.96  -0.61     0.77
  SINCE JAN 1      0.19                      0.56  -0.37     0.28

SNOWFALL (IN)
  YESTERDAY       MM
  SNOW DEPTH       1

DEGREE DAYS
 HEATING
  YESTERDAY       52                               18       28
  MONTH TO DATE  135                               31      143
  SINCE MAR 1    135                               31      143
  SINCE JUL 1   5247                             -774     5923

 COOLING
  YESTERDAY        0                                0        0
  MONTH TO DATE    0                                0        0
  SINCE MAR 1      0                                0        0
  SINCE JAN 1      0                                0        0
..................................................................


WIND (MPH)
  HIGHEST WIND SPEED    26   HIGHEST WIND DIRECTION    NE (30)
  HIGHEST GUST SPEED    34   HIGHEST GUST DIRECTION     N (10)
  AVERAGE WIND SPEED     9.5


SKY COVER
  AVERAGE SKY COVER 0.4


WEATHER CONDITIONS
 THE FOLLOWING WEATHER WAS RECORDED YESTERDAY.
  LIGHT SNOW
  FOG
  HAZE


RELATIVE HUMIDITY (PERCENT)
 HIGHEST    80
 LOWEST     47
 AVERAGE    64

..........................................................


THE DILLON AIRPORT MT CLIMATE NORMALS FOR TODAY
                         NORMAL    RECORD    YEAR
 MAXIMUM TEMPERATURE (F)   43        63      1987
 MINIMUM TEMPERATURE (F)   19       -14      1989


SUNRISE AND SUNSET
MARCH  4 2015.........SUNRISE   703 AM MST   SUNSET   621 PM MST
MARCH  5 2015.........SUNRISE   701 AM MST   SUNSET   623 PM MST


-  INDICATES NEGATIVE NUMBERS.
R  INDICATES RECORD WAS SET OR TIED.
MM INDICATES DATA IS MISSING.
T  INDICATES TRACE AMOUNT.




$$
