000
CDUS41 KLWX 170525
CLIDMH


CLIMATE REPORT
NATIONAL WEATHER SERVICE BALTIMORE MD/WASHINGTON DC
1225 AM EST TUE JAN 17 2017


...................................

...THE BALTIMORE INNER HARBOR MD CLIMATE SUMMARY FOR JANUARY 16 2017...

CLIMATE NORMAL PERIOD 1981 TO 2010
CLIMATE RECORD PERIOD 9999 TO 9999


WEATHER ITEM   OBSERVED TIME   RECORD YEAR NORMAL DEPARTURE LAST
                VALUE   (LST)  VALUE       VALUE  FROM      YEAR
                                                  NORMAL
..................................................................
TEMPERATURE (F)
 YESTERDAY
  MAXIMUM         41   1159 PM  MM      MM  42     -1       54
  MINIMUM         34    731 AM  MM      MM  29      5       40
  AVERAGE         38                        36      2       47

PRECIPITATION (IN)
  YESTERDAY        0.00         MM      MM   0.08  -0.08     0.03
  MONTH TO DATE    1.89                      1.49   0.40     1.29
  SINCE DEC 1      4.23                      4.90  -0.67     7.53
  SINCE JAN 1      1.89                      1.49   0.40     1.29

DEGREE DAYS
 HEATING
  YESTERDAY       27                        29     -2       18
  MONTH TO DATE  422                       464    -42      433
  SINCE DEC 1   1146                      1256   -110      852
  SINCE JUL 1   1655                      1907   -252     1380

 COOLING
  YESTERDAY        0                         0      0        0
  MONTH TO DATE    0                         0      0        0
  SINCE DEC 1      0                         0      0        3
  SINCE JAN 1      0                         0      0        0
..................................................................


WIND (MPH)
  HIGHEST WIND SPEED    MM   HIGHEST WIND DIRECTION    MM
  HIGHEST GUST SPEED    MM   HIGHEST GUST DIRECTION    MM
  AVERAGE WIND SPEED    MM


SKY COVER
  POSSIBLE SUNSHINE  MM



RELATIVE HUMIDITY (PERCENT)
 HIGHEST    65          1000 PM
 LOWEST     48          1200 AM
 AVERAGE    57

..........................................................


THE BALTIMORE INNER HARBOR MD CLIMATE NORMALS FOR TODAY
                         NORMAL
 MAXIMUM TEMPERATURE (F)   42
 MINIMUM TEMPERATURE (F)   29


SUNRISE AND SUNSET
JANUARY 17 2017.......SUNRISE   724 AM EST   SUNSET   510 PM EST
JANUARY 18 2017.......SUNRISE   723 AM EST   SUNSET   511 PM EST


-  INDICATES NEGATIVE NUMBERS.
R  INDICATES RECORD WAS SET OR TIED.
MM INDICATES DATA IS MISSING.
T  INDICATES TRACE AMOUNT.




$$
