000
CDUS41 KLWX 180526
CLIDMH


CLIMATE REPORT
NATIONAL WEATHER SERVICE BALTIMORE MD/WASHINGTON DC
1226 AM EST THU JAN 18 2018


...................................

...THE BALTIMORE INNER HARBOR MD CLIMATE SUMMARY FOR JANUARY 17 2018...

CLIMATE NORMAL PERIOD 1981 TO 2010
CLIMATE RECORD PERIOD 1999 TO 2018


WEATHER ITEM   OBSERVED TIME   RECORD YEAR NORMAL DEPARTURE LAST
                VALUE   (LST)  VALUE       VALUE  FROM      YEAR
                                                  NORMAL
..................................................................
TEMPERATURE (F)
 YESTERDAY
  MAXIMUM         38   1204 AM  MM      MM  42     -4       46
  MINIMUM         21   1159 PM  MM      MM  29     -8       40
  AVERAGE         30                        36     -6       43

PRECIPITATION (IN)
  YESTERDAY        0.08         MM      MM   0.09  -0.01     0.08
  MONTH TO DATE    0.59                      1.58  -0.99     1.97
  SINCE DEC 1      1.37                      4.99  -3.62     4.31
  SINCE JAN 1      0.59                      1.58  -0.99     1.97

DEGREE DAYS
 HEATING
  YESTERDAY       35                        29      6       22
  MONTH TO DATE  602                       493    109      444
  SINCE DEC 1   1390                      1285    105     1168
  SINCE JUL 1   1918                      1936    -18     1677

 COOLING
  YESTERDAY        0                         0      0        0
  MONTH TO DATE    0                         0      0        0
  SINCE DEC 1      0                         0      0        0
  SINCE JAN 1      0                         0      0        0
..................................................................


WIND (MPH)
  HIGHEST WIND SPEED    MM   HIGHEST WIND DIRECTION    MM
  HIGHEST GUST SPEED    MM   HIGHEST GUST DIRECTION    MM
  AVERAGE WIND SPEED    MM


SKY COVER
  POSSIBLE SUNSHINE  MM



RELATIVE HUMIDITY (PERCENT)
 HIGHEST    89           400 AM
 LOWEST     42           100 PM
 AVERAGE    66

..........................................................


THE BALTIMORE INNER HARBOR MD CLIMATE NORMALS FOR TODAY
                         NORMAL
 MAXIMUM TEMPERATURE (F)   42
 MINIMUM TEMPERATURE (F)   29


SUNRISE AND SUNSET
JANUARY 18 2018.......SUNRISE   723 AM EST   SUNSET   511 PM EST
JANUARY 19 2018.......SUNRISE   723 AM EST   SUNSET   512 PM EST


-  INDICATES NEGATIVE NUMBERS.
R  INDICATES RECORD WAS SET OR TIED.
MM INDICATES DATA IS MISSING.
T  INDICATES TRACE AMOUNT.




$$
