000
CDUS41 KLWX 200524
CLIDMH


CLIMATE REPORT
NATIONAL WEATHER SERVICE BALTIMORE MD/WASHINGTON DC
1224 AM EST SAT DEC 20 2014


...................................

...THE BALTIMORE INNER HARBOR MD CLIMATE SUMMARY FOR DECEMBER 19 2014...

CLIMATE NORMAL PERIOD 1981 TO 2010
CLIMATE RECORD PERIOD 9999 TO 9999


WEATHER ITEM   OBSERVED TIME   RECORD YEAR NORMAL DEPARTURE LAST
                VALUE   (LST)  VALUE       VALUE  FROM      YEAR
                                                  NORMAL
..................................................................
TEMPERATURE (F)
 YESTERDAY
  MAXIMUM         40    456 PM  MM      MM  45     -5       54
  MINIMUM         33   1159 PM  MM      MM  32      1       29
  AVERAGE         37                        38     -1       42

PRECIPITATION (IN)
  YESTERDAY        0.00         MM      MM   0.12  -0.12     0.00
  MONTH TO DATE    2.02                      2.19  -0.17     2.99
  SINCE DEC 1      2.02                      2.19  -0.17     2.99
  SINCE JAN 1     51.54                     39.67  11.87    39.95

DEGREE DAYS
 HEATING
  YESTERDAY       28                        27      1       23
  MONTH TO DATE  454                       456     -2      339
  SINCE DEC 1    454                       456     -2      339
  SINCE JUL 1   1189                      1107     82      964

 COOLING
  YESTERDAY        0                         0      0        0
  MONTH TO DATE    0                         0      0        0
  SINCE DEC 1      0                         0      0        0
  SINCE JAN 1   1456                      1665   -209     2023
..................................................................


WIND (MPH)
  HIGHEST WIND SPEED    MM   HIGHEST WIND DIRECTION    MM
  HIGHEST GUST SPEED    MM   HIGHEST GUST DIRECTION    MM
  AVERAGE WIND SPEED    MM


SKY COVER
  POSSIBLE SUNSHINE  MM



RELATIVE HUMIDITY (PERCENT)
 HIGHEST    61          1100 PM
 LOWEST     48           200 PM
 AVERAGE    55

..........................................................


THE BALTIMORE INNER HARBOR MD CLIMATE NORMALS FOR TODAY
                         NORMAL
 MAXIMUM TEMPERATURE (F)   45
 MINIMUM TEMPERATURE (F)   31


SUNRISE AND SUNSET
DECEMBER 20 2014......SUNRISE   722 AM EST   SUNSET   446 PM EST
DECEMBER 21 2014......SUNRISE   723 AM EST   SUNSET   447 PM EST


-  INDICATES NEGATIVE NUMBERS.
R  INDICATES RECORD WAS SET OR TIED.
MM INDICATES DATA IS MISSING.
T  INDICATES TRACE AMOUNT.




$$
