215
CDUS41 KLWX 302132
CLIDMH


CLIMATE REPORT
NATIONAL WEATHER SERVICE BALTIMORE MD/WASHINGTON DC
532 PM EDT SUN APR 30 2017


...................................

...THE BALTIMORE INNER HARBOR MD CLIMATE SUMMARY FOR APRIL 30 2017...
VALID TODAY AS OF 0500 PM LOCAL TIME.

CLIMATE NORMAL PERIOD 1981 TO 2010
CLIMATE RECORD PERIOD 9999 TO 9999


WEATHER ITEM   OBSERVED TIME   RECORD YEAR NORMAL DEPARTURE LAST
                VALUE   (LST)  VALUE       VALUE  FROM      YEAR
                                                  NORMAL
..................................................................
TEMPERATURE (F)
 TODAY
  MAXIMUM         80    147 PM  MM      MM  71      9       61
  MINIMUM         71   1022 AM  MM      MM  52     19       49
  AVERAGE         76                        61     15       55

PRECIPITATION (IN)
  TODAY            0.00         MM      MM   0.10  -0.10     0.00
  MONTH TO DATE    3.09                      3.22  -0.13     1.59
  SINCE MAR 1      6.76                      7.08  -0.32     3.77
  SINCE JAN 1     10.65                     12.60  -1.95    12.37

DEGREE DAYS
 HEATING
  TODAY            0                         5     -5       10
  MONTH TO DATE  130                       277   -147      286
  SINCE MAR 1    716                       857   -141      672
  SINCE JUL 1   3170                      3945   -775     3288

 COOLING
  TODAY           11                         1     10        0
  MONTH TO DATE   83                        24     59       29
  SINCE MAR 1     87                        25     62       35
  SINCE JAN 1     87                        25     62       35
..................................................................


WIND (MPH)
  HIGHEST WIND SPEED    MM   HIGHEST WIND DIRECTION    MM
  HIGHEST GUST SPEED    MM   HIGHEST GUST DIRECTION    MM
  AVERAGE WIND SPEED    MM


SKY COVER
  POSSIBLE SUNSHINE  MM



RELATIVE HUMIDITY (PERCENT)
 HIGHEST    69           200 AM
 LOWEST     54           200 PM
 AVERAGE    62

..........................................................


THE BALTIMORE INNER HARBOR MD CLIMATE NORMALS FOR TOMORROW
                         NORMAL    RECORD    YEAR
 MAXIMUM TEMPERATURE (F)   71        MM        MM
 MINIMUM TEMPERATURE (F)   52        MM        MM


SUNRISE AND SUNSET
APRIL 30 2017.........SUNRISE   609 AM EDT   SUNSET   759 PM EDT
MAY  1 2017...........SUNRISE   608 AM EDT   SUNSET   800 PM EDT


-  INDICATES NEGATIVE NUMBERS.
R  INDICATES RECORD WAS SET OR TIED.
MM INDICATES DATA IS MISSING.
T  INDICATES TRACE AMOUNT.




$$
