000
CDUS41 KLWX 302141
CLIDMH


CLIMATE REPORT
NATIONAL WEATHER SERVICE BALTIMORE MD/WASHINGTON DC
540 PM EDT TUE JUN 30 2015


...................................

...THE BALTIMORE INNER HARBOR MD CLIMATE SUMMARY FOR JUNE 30 2015...
VALID TODAY AS OF 0500 PM LOCAL TIME.

CLIMATE NORMAL PERIOD 1981 TO 2010
CLIMATE RECORD PERIOD 9999 TO 9999


WEATHER ITEM   OBSERVED TIME   RECORD YEAR NORMAL DEPARTURE LAST
                VALUE   (LST)  VALUE       VALUE  FROM      YEAR
                                                  NORMAL
..................................................................
TEMPERATURE (F)
 TODAY
  MAXIMUM         87    209 PM  MM      MM  89     -2       87
  MINIMUM         71    433 AM  MM      MM  71      0       73
  AVERAGE         79                        80     -1       80

PRECIPITATION (IN)
  TODAY            0.00         MM      MM   0.12  -0.12     0.00
  MONTH TO DATE    7.64                      3.27   4.37     6.77
  SINCE JUN 1      7.64                      3.27   4.37     6.77
  SINCE JAN 1     23.98                     19.36   4.62    29.82

DEGREE DAYS
 HEATING
  TODAY            0                         0      0        0
  MONTH TO DATE   10                         4      6        0
  SINCE JUN 1     10                         5      5        0
  SINCE JUL 1   4387                      4031    356     4126

 COOLING
  TODAY           14                        15     -1       15
  MONTH TO DATE  354                       337     17      328
  SINCE JUN 1    354                       337     17      328
  SINCE JAN 1    600                       476    124      458
..................................................................


WIND (MPH)
  HIGHEST WIND SPEED    MM   HIGHEST WIND DIRECTION    MM
  HIGHEST GUST SPEED    MM   HIGHEST GUST DIRECTION    MM
  AVERAGE WIND SPEED    MM


SKY COVER
  POSSIBLE SUNSHINE  MM



RELATIVE HUMIDITY (PERCENT)
 HIGHEST    87           600 AM
 LOWEST     50           200 PM
 AVERAGE    69

..........................................................


THE BALTIMORE INNER HARBOR MD CLIMATE NORMALS FOR TOMORROW
                         NORMAL    RECORD    YEAR
 MAXIMUM TEMPERATURE (F)   89        MM        MM
 MINIMUM TEMPERATURE (F)   71        MM        MM


SUNRISE AND SUNSET
JUNE 30 2015..........SUNRISE   543 AM EDT   SUNSET   837 PM EDT
JULY  1 2015..........SUNRISE   543 AM EDT   SUNSET   837 PM EDT


-  INDICATES NEGATIVE NUMBERS.
R  INDICATES RECORD WAS SET OR TIED.
MM INDICATES DATA IS MISSING.
T  INDICATES TRACE AMOUNT.




$$
