162
CDUS41 KLWX 240523
CLIDMH


CLIMATE REPORT
NATIONAL WEATHER SERVICE BALTIMORE MD/WASHINGTON DC
123 AM EDT FRI MAR 24 2017


...................................

...THE BALTIMORE INNER HARBOR MD CLIMATE SUMMARY FOR MARCH 23 2017...

CLIMATE NORMAL PERIOD 1981 TO 2010
CLIMATE RECORD PERIOD 9999 TO 9999


WEATHER ITEM   OBSERVED TIME   RECORD YEAR NORMAL DEPARTURE LAST
                VALUE   (LST)  VALUE       VALUE  FROM      YEAR
                                                  NORMAL
..................................................................
TEMPERATURE (F)
 YESTERDAY
  MAXIMUM         48        MM  MM      MM  56     -8       76
  MINIMUM         29        MM  MM      MM  41    -12       47
  AVERAGE         39                        49    -10       62

PRECIPITATION (IN)
  YESTERDAY        0.00         MM      MM   0.14  -0.14     0.00
  MONTH TO DATE    1.89                      2.69  -0.80     1.81
  SINCE MAR 1      1.89                      2.69  -0.80     1.81
  SINCE JAN 1      5.78                      8.21  -2.43    10.41

DEGREE DAYS
 HEATING
  YESTERDAY       26                        16     10        3
  MONTH TO DATE  500                       458     42      312
  SINCE MAR 1    500                       458     42      312
  SINCE JUL 1   2954                      3546   -592     2928

 COOLING
  YESTERDAY        0                         0      0        0
  MONTH TO DATE    2                         0      2        6
  SINCE MAR 1      2                         0      2        6
  SINCE JAN 1      2                         0      2        6
..................................................................


WIND (MPH)
  HIGHEST WIND SPEED    MM   HIGHEST WIND DIRECTION    MM
  HIGHEST GUST SPEED    MM   HIGHEST GUST DIRECTION    MM
  AVERAGE WIND SPEED    MM


SKY COVER
  POSSIBLE SUNSHINE  MM



RELATIVE HUMIDITY (PERCENT)
 HIGHEST    48          1000 PM
 LOWEST     17           200 PM
 AVERAGE    33

..........................................................


THE BALTIMORE INNER HARBOR MD CLIMATE NORMALS FOR TODAY
                         NORMAL
 MAXIMUM TEMPERATURE (F)   57
 MINIMUM TEMPERATURE (F)   41


SUNRISE AND SUNSET
MARCH 24 2017.........SUNRISE   703 AM EDT   SUNSET   723 PM EDT
MARCH 25 2017.........SUNRISE   702 AM EDT   SUNSET   724 PM EDT


-  INDICATES NEGATIVE NUMBERS.
R  INDICATES RECORD WAS SET OR TIED.
MM INDICATES DATA IS MISSING.
T  INDICATES TRACE AMOUNT.




$$
