000
CDUS41 KLWX 020531
CLIDMH


CLIMATE REPORT
NATIONAL WEATHER SERVICE BALTIMORE MD/WASHINGTON DC
130 AM EDT SUN AUG 2 2015


...................................

...THE BALTIMORE INNER HARBOR MD CLIMATE SUMMARY FOR AUGUST 1 2015...

CLIMATE NORMAL PERIOD 1981 TO 2010
CLIMATE RECORD PERIOD 9999 TO 9999


WEATHER ITEM   OBSERVED TIME   RECORD YEAR NORMAL DEPARTURE LAST
                VALUE   (LST)  VALUE       VALUE  FROM      YEAR
                                                  NORMAL
..................................................................
TEMPERATURE (F)
 YESTERDAY
  MAXIMUM         90    336 PM  MM      MM  88      2       82
  MINIMUM         74    426 AM  MM      MM  72      2       68
  AVERAGE         82                        80      2       75

PRECIPITATION (IN)
  YESTERDAY        0.00         MM      MM   0.12  -0.12     0.01
  MONTH TO DATE    0.00                      0.12  -0.12     0.01
  SINCE JUN 1     10.08                      8.01   2.07    10.22
  SINCE JAN 1     26.42                     24.10   2.32    33.27

DEGREE DAYS
 HEATING
  YESTERDAY        0                         0      0        0
  MONTH TO DATE    0                         0      0        0
  SINCE JUN 1     10                         5      5        0
  SINCE JUL 1      0                         0      0        0

 COOLING
  YESTERDAY       17                        15      2       10
  MONTH TO DATE   17                        15      2       10
  SINCE JUN 1    833                       840     -7      760
  SINCE JAN 1   1079                       979    100      890
..................................................................


WIND (MPH)
  HIGHEST WIND SPEED    MM   HIGHEST WIND DIRECTION    MM
  HIGHEST GUST SPEED    MM   HIGHEST GUST DIRECTION    MM
  AVERAGE WIND SPEED    MM


SKY COVER
  POSSIBLE SUNSHINE  MM



RELATIVE HUMIDITY (PERCENT)
 HIGHEST    64           300 AM
 LOWEST     34           100 PM
 AVERAGE    49

..........................................................


THE BALTIMORE INNER HARBOR MD CLIMATE NORMALS FOR TODAY
                         NORMAL
 MAXIMUM TEMPERATURE (F)   88
 MINIMUM TEMPERATURE (F)   72


SUNRISE AND SUNSET
AUGUST  2 2015........SUNRISE   607 AM EDT   SUNSET   818 PM EDT
AUGUST  3 2015........SUNRISE   608 AM EDT   SUNSET   817 PM EDT


-  INDICATES NEGATIVE NUMBERS.
R  INDICATES RECORD WAS SET OR TIED.
MM INDICATES DATA IS MISSING.
T  INDICATES TRACE AMOUNT.




$$
