000
CDUS41 KLWX 180529
CLIDMH


CLIMATE REPORT
NATIONAL WEATHER SERVICE BALTIMORE MD/WASHINGTON DC
1229 AM EST SAT NOV 18 2017


...................................

...THE BALTIMORE INNER HARBOR MD CLIMATE SUMMARY FOR NOVEMBER 17 2017...

CLIMATE NORMAL PERIOD 1981 TO 2010
CLIMATE RECORD PERIOD 1999 TO 2017


WEATHER ITEM   OBSERVED TIME   RECORD YEAR NORMAL DEPARTURE LAST
                VALUE   (LST)  VALUE       VALUE  FROM      YEAR
                                                  NORMAL
..................................................................
TEMPERATURE (F)
 YESTERDAY
  MAXIMUM         53    327 PM  MM      MM  57     -4       61
  MINIMUM         41    721 AM  MM      MM  43     -2       48
  AVERAGE         47                        50     -3       55

PRECIPITATION (IN)
  YESTERDAY        0.00         MM      MM   0.09  -0.09     0.00
  MONTH TO DATE    1.59                      1.66  -0.07     0.13
  SINCE SEP 1      6.09                      8.80  -2.71     6.02
  SINCE JAN 1     34.17                     36.17  -2.00    35.89

DEGREE DAYS
 HEATING
  YESTERDAY       18                        15      3       10
  MONTH TO DATE  241                       211     30      168
  SINCE SEP 1    325                       420    -95      297
  SINCE JUL 1    325                       420    -95      297

 COOLING
  YESTERDAY        0                         0      0        0
  MONTH TO DATE    4                         0      4        2
  SINCE SEP 1    371                       268    103      370
  SINCE JAN 1   1885                      1664    221     1923
..................................................................


WIND (MPH)
  HIGHEST WIND SPEED    MM   HIGHEST WIND DIRECTION    MM
  HIGHEST GUST SPEED    MM   HIGHEST GUST DIRECTION    MM
  AVERAGE WIND SPEED    MM


SKY COVER
  POSSIBLE SUNSHINE  MM



RELATIVE HUMIDITY (PERCENT)
 HIGHEST    65           700 AM
 LOWEST     35           300 PM
 AVERAGE    50

..........................................................


THE BALTIMORE INNER HARBOR MD CLIMATE NORMALS FOR TODAY
                         NORMAL
 MAXIMUM TEMPERATURE (F)   57
 MINIMUM TEMPERATURE (F)   42


SUNRISE AND SUNSET
NOVEMBER 18 2017......SUNRISE   654 AM EST   SUNSET   449 PM EST
NOVEMBER 19 2017......SUNRISE   655 AM EST   SUNSET   449 PM EST


-  INDICATES NEGATIVE NUMBERS.
R  INDICATES RECORD WAS SET OR TIED.
MM INDICATES DATA IS MISSING.
T  INDICATES TRACE AMOUNT.




$$
