000
CDUS45 KEPZ 200928
CLIDMN


CLIMATE REPORT
NATIONAL WEATHER SERVICE EL PASO, TX
326 AM MDT THU JUL 20 2017


...................................

...THE DEMING CLIMATE SUMMARY FOR JULY 19 2017...

CLIMATE NORMAL PERIOD 1981 TO 2010
CLIMATE RECORD PERIOD 2000 TO 2017


WEATHER ITEM   OBSERVED TIME   NORMAL DEPARTURE LAST
                VALUE   (LST)  VALUE  FROM      YEAR
                                      NORMAL
......................................................
TEMPERATURE (F)
 YESTERDAY
  MAXIMUM         94    136 PM  95              98
  MINIMUM         66   1159 PM  67              69
  AVERAGE         80            81     -1       84

PRECIPITATION (IN)
  YESTERDAY        0.03          0.08  -0.05     0.01
  MONTH TO DATE    0.33          1.23  -0.90     0.19
  SINCE JUN 1      0.89          1.93  -1.04     0.64
  SINCE JAN 1      4.08          4.34  -0.26     1.83

......................................................


WIND (MPH)
  HIGHEST WIND SPEED    45   HIGHEST WIND DIRECTION    SE (120)
  HIGHEST GUST SPEED    55   HIGHEST GUST DIRECTION     E (110)
  AVERAGE WIND SPEED     8.5


SKY COVER
  AVERAGE SKY COVER 0.2


WEATHER CONDITIONS
 THE FOLLOWING WEATHER WAS RECORDED YESTERDAY.
  THUNDERSTORM
  LIGHT RAIN


RELATIVE HUMIDITY (PERCENT)
 HIGHEST    93          1000 PM
 LOWEST     26           400 PM
 AVERAGE    60

..........................................................


THE DEMING CLIMATE NORMALS FOR TODAY
                         NORMAL
 MAXIMUM TEMPERATURE (F)   95
 MINIMUM TEMPERATURE (F)   67


SUNRISE AND SUNSET
JULY 20 2017..........SUNRISE   618 AM MDT   SUNSET   816 PM MDT
JULY 21 2017..........SUNRISE   619 AM MDT   SUNSET   815 PM MDT


-  INDICATES NEGATIVE NUMBERS.
R  INDICATES RECORD WAS SET OR TIED.
MM INDICATES DATA IS MISSING.
T  INDICATES TRACE AMOUNT.




$$
