000
CDUS45 KEPZ 131003
CLIDMN


CLIMATE REPORT
NATIONAL WEATHER SERVICE EL PASO, TX
403 AM MDT SUN JUL 13 2014


...................................

...THE DEMING CLIMATE SUMMARY FOR JULY 12 2014...

CLIMATE NORMAL PERIOD 1981 TO 2010
CLIMATE RECORD PERIOD 2000 TO 2014


WEATHER ITEM   OBSERVED TIME   NORMAL DEPARTURE LAST
                VALUE   (LST)  VALUE  FROM      YEAR
                                      NORMAL
......................................................
TEMPERATURE (F)
 YESTERDAY
  MAXIMUM         95    408 PM  96              96
  MINIMUM         66    506 AM  66              67
  AVERAGE         81            81      0       82

PRECIPITATION (IN)
  YESTERDAY        T             0.07  -0.07     0.18
  MONTH TO DATE    0.59          0.73  -0.14     0.63
  SINCE JUN 1      0.62          1.43  -0.81     0.63
  SINCE JAN 1      1.19          3.84  -2.65     1.14

......................................................


WIND (MPH)
  HIGHEST WIND SPEED    31   HIGHEST WIND DIRECTION    SE (120)
  HIGHEST GUST SPEED    43   HIGHEST GUST DIRECTION    SE (130)
  AVERAGE WIND SPEED     8.8


SKY COVER
  AVERAGE SKY COVER 0.3


WEATHER CONDITIONS
 THE FOLLOWING WEATHER WAS RECORDED YESTERDAY.
  LIGHT RAIN
  HAZE


RELATIVE HUMIDITY (PERCENT)
 HIGHEST    87           400 AM
 LOWEST     23           400 PM
 AVERAGE    55

..........................................................


THE DEMING CLIMATE NORMALS FOR TODAY
                         NORMAL
 MAXIMUM TEMPERATURE (F)   96
 MINIMUM TEMPERATURE (F)   66


SUNRISE AND SUNSET
JULY 13 2014..........SUNRISE   614 AM MDT   SUNSET   819 PM MDT
JULY 14 2014..........SUNRISE   614 AM MDT   SUNSET   819 PM MDT


-  INDICATES NEGATIVE NUMBERS.
R  INDICATES RECORD WAS SET OR TIED.
MM INDICATES DATA IS MISSING.
T  INDICATES TRACE AMOUNT.




$$
