000
CDUS45 KEPZ 280942
CLIDMN


CLIMATE REPORT
NATIONAL WEATHER SERVICE EL PASO, TX
341 AM MDT SAT MAY 28 2016


...................................

...THE DEMING CLIMATE SUMMARY FOR MAY 27 2016...

CLIMATE NORMAL PERIOD 1981 TO 2010
CLIMATE RECORD PERIOD 2000 TO 2016


WEATHER ITEM   OBSERVED TIME   NORMAL DEPARTURE LAST
                VALUE   (LST)  VALUE  FROM      YEAR
                                      NORMAL
......................................................
TEMPERATURE (F)
 YESTERDAY
  MAXIMUM         82    304 PM  90              91
  MINIMUM         48    526 AM  54              48
  AVERAGE         65            72     -7       70

PRECIPITATION (IN)
  YESTERDAY        0.00          0.00   0.00     0.00
  MONTH TO DATE    0.10          0.41  -0.31     0.19
  SINCE MAR 1      0.48          1.19  -0.71     1.16
  SINCE JAN 1      1.02          2.39  -1.37     2.63

......................................................


WIND (MPH)
  HIGHEST WIND SPEED    25   HIGHEST WIND DIRECTION     W (270)
  HIGHEST GUST SPEED    34   HIGHEST GUST DIRECTION     W (290)
  AVERAGE WIND SPEED    10.9


SKY COVER
  AVERAGE SKY COVER 0.0


WEATHER CONDITIONS
 THE FOLLOWING WEATHER WAS RECORDED YESTERDAY.
  NO SIGNIFICANT WEATHER WAS OBSERVED.


RELATIVE HUMIDITY (PERCENT)
 HIGHEST    39           500 AM
 LOWEST      9           300 PM
 AVERAGE    24

..........................................................


THE DEMING CLIMATE NORMALS FOR TODAY
                         NORMAL
 MAXIMUM TEMPERATURE (F)   91
 MINIMUM TEMPERATURE (F)   54


SUNRISE AND SUNSET
MAY 28 2016...........SUNRISE   606 AM MDT   SUNSET   811 PM MDT
MAY 29 2016...........SUNRISE   606 AM MDT   SUNSET   811 PM MDT


-  INDICATES NEGATIVE NUMBERS.
R  INDICATES RECORD WAS SET OR TIED.
MM INDICATES DATA IS MISSING.
T  INDICATES TRACE AMOUNT.




$$
