000
CDUS45 KEPZ 240928
CLIDMN


CLIMATE REPORT
NATIONAL WEATHER SERVICE EL PASO, TX
327 AM MDT SUN JUL 24 2016


...................................

...THE DEMING CLIMATE SUMMARY FOR JULY 23 2016...

CLIMATE NORMAL PERIOD 1981 TO 2010
CLIMATE RECORD PERIOD 2000 TO 2016


WEATHER ITEM   OBSERVED TIME   NORMAL DEPARTURE LAST
                VALUE   (LST)  VALUE  FROM      YEAR
                                      NORMAL
......................................................
TEMPERATURE (F)
 YESTERDAY
  MAXIMUM        105    343 PM  94              95
  MINIMUM         74    506 AM  67              70
  AVERAGE         90            80     10       83

PRECIPITATION (IN)
  YESTERDAY        0.00          0.08  -0.08     0.00
  MONTH TO DATE    0.22          1.58  -1.36     3.19
  SINCE JUN 1      0.67          2.28  -1.61     3.64
  SINCE JAN 1      1.86          4.69  -2.83     6.27

......................................................


WIND (MPH)
  HIGHEST WIND SPEED    22   HIGHEST WIND DIRECTION    NW (330)
  HIGHEST GUST SPEED    30   HIGHEST GUST DIRECTION    NW (330)
  AVERAGE WIND SPEED     8.0


SKY COVER
  AVERAGE SKY COVER 0.0


WEATHER CONDITIONS
 THE FOLLOWING WEATHER WAS RECORDED YESTERDAY.
  NO SIGNIFICANT WEATHER WAS OBSERVED.


RELATIVE HUMIDITY (PERCENT)
 HIGHEST    38           300 AM
 LOWEST     12           400 PM
 AVERAGE    25

..........................................................


THE DEMING CLIMATE NORMALS FOR TODAY
                         NORMAL
 MAXIMUM TEMPERATURE (F)   94
 MINIMUM TEMPERATURE (F)   67


SUNRISE AND SUNSET
JULY 24 2016..........SUNRISE   621 AM MDT   SUNSET   813 PM MDT
JULY 25 2016..........SUNRISE   621 AM MDT   SUNSET   813 PM MDT


-  INDICATES NEGATIVE NUMBERS.
R  INDICATES RECORD WAS SET OR TIED.
MM INDICATES DATA IS MISSING.
T  INDICATES TRACE AMOUNT.




$$
