000
CDUS45 KEPZ 202329
CLIDMN


CLIMATE REPORT
NATIONAL WEATHER SERVICE EL PASO, TX
528 PM MDT MON OCT 20 2014


...................................

...THE DEMING CLIMATE SUMMARY FOR OCTOBER 20 2014...
VALID TODAY AS OF 0500 PM LOCAL TIME.

CLIMATE NORMAL PERIOD 1981 TO 2010
CLIMATE RECORD PERIOD 2000 TO 2014


WEATHER ITEM   OBSERVED TIME   NORMAL DEPARTURE LAST
                VALUE   (LST)  VALUE  FROM      YEAR
                                      NORMAL
......................................................
TEMPERATURE (F)
 TODAY
  MAXIMUM         72    325 PM  76     -4       77
  MINIMUM         52    656 AM  44      8       32

PRECIPITATION (IN)
  TODAY            T             0.04  -0.04     0.00
  MONTH TO DATE    0.23          0.79  -0.56      T
  SINCE SEP 1      5.06          2.09   2.97     3.07
  SINCE JAN 1      8.64          9.68  -1.04     9.31

......................................................


WIND (MPH)
  HIGHEST WIND SPEED    17   HIGHEST WIND DIRECTION    NE (60)
  HIGHEST GUST SPEED    21   HIGHEST GUST DIRECTION    NE (60)


SKY COVER
  AVERAGE SKY COVER 0.3


WEATHER CONDITIONS
 THE FOLLOWING WEATHER WAS RECORDED TODAY.
  LIGHT RAIN


RELATIVE HUMIDITY (PERCENT)
 HIGHEST    96           700 AM
 LOWEST     51           400 PM
 AVERAGE    74

..........................................................


THE DEMING CLIMATE NORMALS FOR TOMORROW
                         NORMAL
 MAXIMUM TEMPERATURE (F)   76
 MINIMUM TEMPERATURE (F)   43


SUNRISE AND SUNSET
OCTOBER 20 2014.......SUNRISE   718 AM MDT   SUNSET   632 PM MDT
OCTOBER 21 2014.......SUNRISE   719 AM MDT   SUNSET   631 PM MDT


-  INDICATES NEGATIVE NUMBERS.
R  INDICATES RECORD WAS SET OR TIED.
MM INDICATES DATA IS MISSING.
T  INDICATES TRACE AMOUNT.




$$
