000
CDUS45 KEPZ 262330
CLIDMN


CLIMATE REPORT
NATIONAL WEATHER SERVICE EL PASO, TX
529 PM MDT TUE AUG 26 2014


...................................

...THE DEMING CLIMATE SUMMARY FOR AUGUST 26 2014...
VALID TODAY AS OF 500 PM LOCAL TIME.

CLIMATE NORMAL PERIOD 1981 TO 2010
CLIMATE RECORD PERIOD 2000 TO 2014


WEATHER ITEM   OBSERVED TIME   NORMAL DEPARTURE LAST
                VALUE   (LST)  VALUE  FROM      YEAR
                                      NORMAL
......................................................
TEMPERATURE (F)
 TODAY
  MAXIMUM         84    320 PM  91     -7       92
  MINIMUM         64    530 AM  63      1       69

PRECIPITATION (IN)
  TODAY            0.02          0.05  -0.03     0.00
  MONTH TO DATE    1.01          2.07  -1.06     1.87
  SINCE JUN 1      3.01          4.96  -1.95     5.13
  SINCE JAN 1      3.58          7.37  -3.79     5.64

......................................................


WIND (MPH)
  HIGHEST WIND SPEED    15   HIGHEST WIND DIRECTION    NW (320)
  HIGHEST GUST SPEED    20   HIGHEST GUST DIRECTION    NW (300)


SKY COVER
  AVERAGE SKY COVER 0.3


WEATHER CONDITIONS
 THE FOLLOWING WEATHER WAS RECORDED TODAY.
  RAIN


RELATIVE HUMIDITY (PERCENT)
 HIGHEST    84           400 AM
 LOWEST     43           200 PM
 AVERAGE    64

..........................................................


THE DEMING CLIMATE NORMALS FOR TOMORROW
                         NORMAL
 MAXIMUM TEMPERATURE (F)   91
 MINIMUM TEMPERATURE (F)   63


SUNRISE AND SUNSET
AUGUST 26 2014........SUNRISE   642 AM MDT   SUNSET   742 PM MDT
AUGUST 27 2014........SUNRISE   643 AM MDT   SUNSET   741 PM MDT


-  INDICATES NEGATIVE NUMBERS.
R  INDICATES RECORD WAS SET OR TIED.
MM INDICATES DATA IS MISSING.
T  INDICATES TRACE AMOUNT.




$$
