000
CDUS43 KEAX 160033
CLIDMO


CLIMATE REPORT
NATIONAL WEATHER SERVICE KANSAS CITY/PLEASANT HILL MO
732 PM CDT TUE APR 15 2014


...................................

...THE SEDALIA MO CLIMATE SUMMARY FOR APRIL 15 2014...
VALID TODAY AS OF 0700 PM LOCAL TIME.

CLIMATE NORMAL PERIOD 1981 TO 2010
CLIMATE RECORD PERIOD 9999 TO 9999


WEATHER ITEM   OBSERVED TIME   NORMAL DEPARTURE LAST
                VALUE   (LST)  VALUE  FROM      YEAR
                                      NORMAL
......................................................
TEMPERATURE (F)
 TODAY
  MAXIMUM         51    505 PM  67    -16       60
  MINIMUM         30    623 AM  46    -16       45
  AVERAGE         41            57    -16       53

PRECIPITATION (IN)
  TODAY            0.00          0.15  -0.15     0.62
  MONTH TO DATE    5.40          1.71   3.69     2.23
  SINCE MAR 1      6.33          4.32   2.01     4.63
  SINCE JAN 1      7.11          7.92  -0.81     9.90

DEGREE DAYS
 HEATING
  TODAY           24            10     14       12
  MONTH TO DATE  192           172     20      187
  SINCE MAR 1    886           757    129      990
  SINCE JUL 1   5105          4374    731     4428

 COOLING
  TODAY            0             1     -1        0
  MONTH TO DATE    6            14     -8       12
  SINCE MAR 1      6            17    -11       12
  SINCE JAN 1      6            17    -11       13
......................................................


WIND (MPH)
  HIGHEST WIND SPEED    14   HIGHEST WIND DIRECTION    NW (320)
  HIGHEST GUST SPEED    22   HIGHEST GUST DIRECTION     W (270)
  AVERAGE WIND SPEED     5.5


SKY COVER
  AVERAGE SKY COVER 0.2


WEATHER CONDITIONS
 THE FOLLOWING WEATHER WAS RECORDED TODAY.
  LIGHT RAIN


RELATIVE HUMIDITY (PERCENT)
 HIGHEST    78           400 AM
 LOWEST     33           200 PM
 AVERAGE    56

..........................................................


THE SEDALIA MO CLIMATE NORMALS FOR TOMORROW
                         NORMAL
 MAXIMUM TEMPERATURE (F)   68
 MINIMUM TEMPERATURE (F)   46


SUNRISE AND SUNSET
APRIL 15 2014.........SUNRISE   636 AM CDT   SUNSET   749 PM CDT
APRIL 16 2014.........SUNRISE   635 AM CDT   SUNSET   750 PM CDT


-  INDICATES NEGATIVE NUMBERS.
R  INDICATES RECORD WAS SET OR TIED.
MM INDICATES DATA IS MISSING.
T  INDICATES TRACE AMOUNT.




$$
