000
CDUS43 KEAX 290633
CLIDMO


CLIMATE REPORT
NATIONAL WEATHER SERVICE KANSAS CITY/PLEASANT HILL MO
133 AM CDT SUN MAY 29 2016


...................................

...THE SEDALIA MO CLIMATE SUMMARY FOR MAY 28 2016...

CLIMATE NORMAL PERIOD 1981 TO 2010
CLIMATE RECORD PERIOD 9999 TO 9999


WEATHER ITEM   OBSERVED TIME   NORMAL DEPARTURE LAST
                VALUE   (LST)  VALUE  FROM      YEAR
                                      NORMAL
......................................................
TEMPERATURE (F)
 YESTERDAY
  MAXIMUM         80    438 PM  80      0       82
  MINIMUM         61    322 AM  59      2       63
  AVERAGE         71            70      1       73

PRECIPITATION (IN)
  YESTERDAY        T             0.13  -0.13     0.13
  MONTH TO DATE    4.25          4.23   0.02     6.15
  SINCE MAR 1      7.85         11.09  -3.24    11.10
  SINCE JAN 1      9.00         14.69  -5.69    13.18

DEGREE DAYS
 HEATING
  YESTERDAY        0             1     -1        0
  MONTH TO DATE  110            80     30       61
  SINCE MAR 1    692           945   -253      788
  SINCE JUL 1   3680          4562   -882     4636

 COOLING
  YESTERDAY        6             6      0        8
  MONTH TO DATE   70            87    -17      106
  SINCE MAR 1     94           121    -27      123
  SINCE JAN 1     94           121    -27      123
......................................................


WIND (MPH)
  HIGHEST WIND SPEED    21   HIGHEST WIND DIRECTION    SW (210)
  HIGHEST GUST SPEED    26   HIGHEST GUST DIRECTION    SW (210)
  AVERAGE WIND SPEED    10.8


SKY COVER
  AVERAGE SKY COVER 0.3


WEATHER CONDITIONS
 THE FOLLOWING WEATHER WAS RECORDED YESTERDAY.
  LIGHT RAIN


RELATIVE HUMIDITY (PERCENT)
 HIGHEST    93           500 AM
 LOWEST     51           400 PM
 AVERAGE    72

..........................................................


THE SEDALIA MO CLIMATE NORMALS FOR TODAY
                         NORMAL
 MAXIMUM TEMPERATURE (F)   80
 MINIMUM TEMPERATURE (F)   60


SUNRISE AND SUNSET
MAY 29 2016...........SUNRISE   551 AM CDT   SUNSET   830 PM CDT
MAY 30 2016...........SUNRISE   550 AM CDT   SUNSET   830 PM CDT


-  INDICATES NEGATIVE NUMBERS.
R  INDICATES RECORD WAS SET OR TIED.
MM INDICATES DATA IS MISSING.
T  INDICATES TRACE AMOUNT.




$$
