000
CDUS43 KEAX 020050
CLIDMO


CLIMATE REPORT
NATIONAL WEATHER SERVICE KANSAS CITY/PLEASANT HILL MO
750 PM CDT WED JUL 1 2015


...................................

...THE SEDALIA MO CLIMATE SUMMARY FOR JULY 1 2015...
VALID TODAY AS OF 0700 PM LOCAL TIME.

CLIMATE NORMAL PERIOD 1981 TO 2010
CLIMATE RECORD PERIOD 9999 TO 9999


WEATHER ITEM   OBSERVED TIME   NORMAL DEPARTURE LAST
                VALUE   (LST)  VALUE  FROM      YEAR
                                      NORMAL
......................................................
TEMPERATURE (F)
 TODAY
  MAXIMUM         84    341 PM  88     -4       84
  MINIMUM         69    653 AM  69      0       70
  AVERAGE         77            78     -1       77

PRECIPITATION (IN)
  TODAY            2.14          0.13   2.01     0.15
  MONTH TO DATE    2.14          0.13   2.01     0.15
  SINCE JUN 1      8.43          5.22   3.21     6.26
  SINCE JAN 1     21.86         20.37   1.49    17.63

DEGREE DAYS
 HEATING
  TODAY            0             0      0        0
  MONTH TO DATE    0             0      0        0
  SINCE JUN 1      5             6     -1        0
  SINCE JUL 1      0             0      0        0

 COOLING
  TODAY           12            13     -1       12
  MONTH TO DATE   12            13     -1       12
  SINCE JUN 1    351           317     34      324
  SINCE JAN 1    478           456     22      519
......................................................


WIND (MPH)
  HIGHEST WIND SPEED    21   HIGHEST WIND DIRECTION     S (170)
  HIGHEST GUST SPEED    25   HIGHEST GUST DIRECTION     S (170)
  AVERAGE WIND SPEED     7.2


SKY COVER
  AVERAGE SKY COVER 0.9


WEATHER CONDITIONS
 THE FOLLOWING WEATHER WAS RECORDED TODAY.
  HEAVY RAIN
  RAIN
  LIGHT RAIN
  FOG
  HAZE


RELATIVE HUMIDITY (PERCENT)
 HIGHEST    93           300 AM
 LOWEST     74           400 PM
 AVERAGE    84

..........................................................


THE SEDALIA MO CLIMATE NORMALS FOR TOMORROW
                         NORMAL
 MAXIMUM TEMPERATURE (F)   88
 MINIMUM TEMPERATURE (F)   69


SUNRISE AND SUNSET
JULY  1 2015..........SUNRISE   551 AM CDT   SUNSET   841 PM CDT
JULY  2 2015..........SUNRISE   552 AM CDT   SUNSET   841 PM CDT


-  INDICATES NEGATIVE NUMBERS.
R  INDICATES RECORD WAS SET OR TIED.
MM INDICATES DATA IS MISSING.
T  INDICATES TRACE AMOUNT.




$$
