000
CDUS43 KEAX 230635
CLIDMO


CLIMATE REPORT
NATIONAL WEATHER SERVICE KANSAS CITY/PLEASANT HILL MO
134 AM CDT SUN JUL 23 2017


...................................

...THE SEDALIA MO CLIMATE SUMMARY FOR JULY 22 2017...

CLIMATE NORMAL PERIOD 1981 TO 2010
CLIMATE RECORD PERIOD 9999 TO 9999


WEATHER ITEM   OBSERVED TIME   NORMAL DEPARTURE LAST
                VALUE   (LST)  VALUE  FROM      YEAR
                                      NORMAL
......................................................
TEMPERATURE (F)
 YESTERDAY
  MAXIMUM         98    402 PM  90      8       93
  MINIMUM         71   1117 PM  69      2       78
  AVERAGE         85            79      6       86

PRECIPITATION (IN)
  YESTERDAY        0.72          0.14   0.58     0.00
  MONTH TO DATE    1.84          3.22  -1.38     7.54
  SINCE JUN 1      6.36          8.31  -1.95    11.72
  SINCE JAN 1     22.55         23.46  -0.91    20.98

DEGREE DAYS
 HEATING
  YESTERDAY        0             0      0        0
  MONTH TO DATE    0             0      0        0
  SINCE JUN 1      0             6     -6        0
  SINCE JUL 1      0             0      0        0

 COOLING
  YESTERDAY       20            14      6       21
  MONTH TO DATE  315           305     10      323
  SINCE JUN 1    628           609     19      741
  SINCE JAN 1    791           748     43      863
......................................................


WIND (MPH)
  HIGHEST WIND SPEED    33   HIGHEST WIND DIRECTION    NW (300)
  HIGHEST GUST SPEED    47   HIGHEST GUST DIRECTION    NW (300)
  AVERAGE WIND SPEED    13.4


SKY COVER
  AVERAGE SKY COVER 0.1


WEATHER CONDITIONS
 THE FOLLOWING WEATHER WAS RECORDED YESTERDAY.
  THUNDERSTORM
  HEAVY RAIN
  LIGHT RAIN
  FOG


RELATIVE HUMIDITY (PERCENT)
 HIGHEST    80           900 PM
 LOWEST     55           100 PM
 AVERAGE    68

..........................................................


THE SEDALIA MO CLIMATE NORMALS FOR TODAY
                         NORMAL
 MAXIMUM TEMPERATURE (F)   90
 MINIMUM TEMPERATURE (F)   69


SUNRISE AND SUNSET
JULY 23 2017..........SUNRISE   606 AM CDT   SUNSET   831 PM CDT
JULY 24 2017..........SUNRISE   607 AM CDT   SUNSET   830 PM CDT


-  INDICATES NEGATIVE NUMBERS.
R  INDICATES RECORD WAS SET OR TIED.
MM INDICATES DATA IS MISSING.
T  INDICATES TRACE AMOUNT.




$$
