000
CDUS43 KEAX 290034
CLIDMO


CLIMATE REPORT
NATIONAL WEATHER SERVICE KANSAS CITY/PLEASANT HILL MO
633 PM CST SUN DEC 28 2014


...................................

...THE SEDALIA MO CLIMATE SUMMARY FOR DECEMBER 28 2014...
VALID TODAY AS OF 0600 PM LOCAL TIME.

CLIMATE NORMAL PERIOD 1981 TO 2010
CLIMATE RECORD PERIOD 9999 TO 9999


WEATHER ITEM   OBSERVED TIME   NORMAL DEPARTURE LAST
                VALUE   (LST)  VALUE  FROM      YEAR
                                      NORMAL
......................................................
TEMPERATURE (F)
 TODAY
  MAXIMUM         39    246 PM  41     -2       54
  MINIMUM         21    507 AM  24     -3       38
  AVERAGE         30            32     -2       46

PRECIPITATION (IN)
  TODAY            0.00          0.08  -0.08     0.00
  MONTH TO DATE    1.94          2.07  -0.13     1.63
  SINCE DEC 1      1.94          2.07  -0.13     1.63
  SINCE JAN 1     35.27         40.86  -5.59    40.69

DEGREE DAYS
 HEATING
  TODAY           35            33      2       19
  MONTH TO DATE  717           837   -120      911
  SINCE DEC 1    717           837   -120      911
  SINCE JUL 1   1702          1682     20     1860

 COOLING
  TODAY            0             0      0        0
  MONTH TO DATE    0             0      0        0
  SINCE DEC 1      0             0      0        0
  SINCE JAN 1   1409          1490    -81     1485
......................................................


WIND (MPH)
  HIGHEST WIND SPEED     7   HIGHEST WIND DIRECTION     S (190)
  HIGHEST GUST SPEED    10   HIGHEST GUST DIRECTION     S (200)
  AVERAGE WIND SPEED     3.5


SKY COVER
  AVERAGE SKY COVER 0.0


WEATHER CONDITIONS
 THE FOLLOWING WEATHER WAS RECORDED TODAY.
  NO SIGNIFICANT WEATHER WAS OBSERVED.


RELATIVE HUMIDITY (PERCENT)
 HIGHEST    96           600 AM
 LOWEST     44           200 PM
 AVERAGE    70

..........................................................


THE SEDALIA MO CLIMATE NORMALS FOR TOMORROW
                         NORMAL
 MAXIMUM TEMPERATURE (F)   41
 MINIMUM TEMPERATURE (F)   23


SUNRISE AND SUNSET
DECEMBER 28 2014......SUNRISE   730 AM CST   SUNSET   459 PM CST
DECEMBER 29 2014......SUNRISE   730 AM CST   SUNSET   459 PM CST


-  INDICATES NEGATIVE NUMBERS.
R  INDICATES RECORD WAS SET OR TIED.
MM INDICATES DATA IS MISSING.
T  INDICATES TRACE AMOUNT.




$$
