532
CDUS43 KEAX 260635
CLIDMO


CLIMATE REPORT
NATIONAL WEATHER SERVICE KANSAS CITY/PLEASANT HILL MO
135 AM CDT FRI AUG 26 2016


...................................

...THE SEDALIA MO CLIMATE SUMMARY FOR AUGUST 25 2016...

CLIMATE NORMAL PERIOD 1981 TO 2010
CLIMATE RECORD PERIOD 9999 TO 9999


WEATHER ITEM   OBSERVED TIME   NORMAL DEPARTURE LAST
                VALUE   (LST)  VALUE  FROM      YEAR
                                      NORMAL
......................................................
TEMPERATURE (F)
 YESTERDAY
  MAXIMUM         88    440 PM  88      0       83
  MINIMUM         68    607 AM  66      2       56
  AVERAGE         78            77      1       70

PRECIPITATION (IN)
  YESTERDAY        0.03          0.14  -0.11     0.00
  MONTH TO DATE    2.28          2.64  -0.36     2.37
  SINCE JUN 1     15.03         11.94   3.09    14.79
  SINCE JAN 1     24.29         27.09  -2.80    28.22

DEGREE DAYS
 HEATING
  YESTERDAY        0             0      0        0
  MONTH TO DATE    0             0      0        0
  SINCE JUN 1      0             6     -6        5
  SINCE JUL 1      0             0      0        0

 COOLING
  YESTERDAY       13            12      1        5
  MONTH TO DATE  326           337    -11      274
  SINCE JUN 1   1205          1078    127     1060
  SINCE JAN 1   1327          1217    110     1187
......................................................


WIND (MPH)
  HIGHEST WIND SPEED    12   HIGHEST WIND DIRECTION    SW (220)
  HIGHEST GUST SPEED    15   HIGHEST GUST DIRECTION    SW (220)
  AVERAGE WIND SPEED     5.4


SKY COVER
  AVERAGE SKY COVER 0.4


WEATHER CONDITIONS
 THE FOLLOWING WEATHER WAS RECORDED YESTERDAY.
  THUNDERSTORM
  LIGHT RAIN


RELATIVE HUMIDITY (PERCENT)
 HIGHEST    97           200 AM
 LOWEST     59           100 PM
 AVERAGE    78

..........................................................


THE SEDALIA MO CLIMATE NORMALS FOR TODAY
                         NORMAL
 MAXIMUM TEMPERATURE (F)   88
 MINIMUM TEMPERATURE (F)   66


SUNRISE AND SUNSET
AUGUST 26 2016........SUNRISE   637 AM CDT   SUNSET   751 PM CDT
AUGUST 27 2016........SUNRISE   638 AM CDT   SUNSET   749 PM CDT


-  INDICATES NEGATIVE NUMBERS.
R  INDICATES RECORD WAS SET OR TIED.
MM INDICATES DATA IS MISSING.
T  INDICATES TRACE AMOUNT.




$$
