000
CDUS43 KEAX 160637
CLIDMO


CLIMATE REPORT
NATIONAL WEATHER SERVICE KANSAS CITY/PLEASANT HILL MO
135 AM CDT TUE SEP 16 2014


...................................

...THE SEDALIA MO CLIMATE SUMMARY FOR SEPTEMBER 15 2014...

CLIMATE NORMAL PERIOD 1981 TO 2010
CLIMATE RECORD PERIOD 9999 TO 9999


WEATHER ITEM   OBSERVED TIME   NORMAL DEPARTURE LAST
                VALUE   (LST)  VALUE  FROM      YEAR
                                      NORMAL
......................................................
TEMPERATURE (F)
 YESTERDAY
  MAXIMUM         77   1021 AM  80     -3       84
  MINIMUM         56    212 AM  59     -3       61
  AVERAGE         67            69     -2       73

PRECIPITATION (IN)
  YESTERDAY        T             0.12  -0.12     0.08
  MONTH TO DATE    1.48          2.27  -0.79     1.71
  SINCE SEP 1      1.48          2.27  -0.79     1.71
  SINCE JAN 1     23.05         30.21  -7.16    31.62

DEGREE DAYS
 HEATING
  YESTERDAY        0             1     -1        0
  MONTH TO DATE   39             5     34        2
  SINCE SEP 1     39             5     34        2
  SINCE JUL 1     39             6     33        2

 COOLING
  YESTERDAY        2             5     -3        8
  MONTH TO DATE   95           111    -16      167
  SINCE SEP 1     95           111    -16      167
  SINCE JAN 1   1312          1396    -84     1382
......................................................


WIND (MPH)
  HIGHEST WIND SPEED    21   HIGHEST WIND DIRECTION    SW (230)
  HIGHEST GUST SPEED    28   HIGHEST GUST DIRECTION    SW (220)
  AVERAGE WIND SPEED     9.7


SKY COVER
  AVERAGE SKY COVER 0.7


WEATHER CONDITIONS
 THE FOLLOWING WEATHER WAS RECORDED YESTERDAY.
  LIGHT RAIN
  FOG
  HAZE


RELATIVE HUMIDITY (PERCENT)
 HIGHEST    90           200 PM
 LOWEST     69          1000 AM
 AVERAGE    80

..........................................................


THE SEDALIA MO CLIMATE NORMALS FOR TODAY
                         NORMAL
 MAXIMUM TEMPERATURE (F)   79
 MINIMUM TEMPERATURE (F)   59


SUNRISE AND SUNSET
SEPTEMBER 16 2014.....SUNRISE   655 AM CDT   SUNSET   719 PM CDT
SEPTEMBER 17 2014.....SUNRISE   656 AM CDT   SUNSET   717 PM CDT


-  INDICATES NEGATIVE NUMBERS.
R  INDICATES RECORD WAS SET OR TIED.
MM INDICATES DATA IS MISSING.
T  INDICATES TRACE AMOUNT.




$$
