910
CDUS43 KEAX 220632
CLIDMO


CLIMATE REPORT
NATIONAL WEATHER SERVICE KANSAS CITY/PLEASANT HILL MO
131 AM CDT FRI SEP 22 2017


...................................

...THE SEDALIA MO CLIMATE SUMMARY FOR SEPTEMBER 21 2017...

CLIMATE NORMAL PERIOD 1981 TO 2010
CLIMATE RECORD PERIOD 9999 TO 9999


WEATHER ITEM   OBSERVED TIME   NORMAL DEPARTURE LAST
                VALUE   (LST)  VALUE  FROM      YEAR
                                      NORMAL
......................................................
TEMPERATURE (F)
 YESTERDAY
  MAXIMUM         92    317 PM  77     15       89
  MINIMUM         74    307 AM  56     18       70
  AVERAGE         83            67     16       80

PRECIPITATION (IN)
  YESTERDAY        0.00          0.13  -0.13     0.00
  MONTH TO DATE    1.02          3.00  -1.98     4.45
  SINCE SEP 1      1.02          3.00  -1.98     4.45
  SINCE JAN 1     30.22         30.94  -0.72    28.81

DEGREE DAYS
 HEATING
  YESTERDAY        0             2     -2        0
  MONTH TO DATE    2            14    -12        0
  SINCE SEP 1      2            14    -12        0
  SINCE JUL 1      7            15     -8        0

 COOLING
  YESTERDAY       18             4     14       15
  MONTH TO DATE  159           137     22      210
  SINCE SEP 1    159           137     22      210
  SINCE JAN 1   1333          1422    -89     1623
......................................................


WIND (MPH)
  HIGHEST WIND SPEED    17   HIGHEST WIND DIRECTION     S (160)
  HIGHEST GUST SPEED    24   HIGHEST GUST DIRECTION     S (170)
  AVERAGE WIND SPEED    10.3


SKY COVER
  AVERAGE SKY COVER 0.0


WEATHER CONDITIONS
 THE FOLLOWING WEATHER WAS RECORDED YESTERDAY.
  NO SIGNIFICANT WEATHER WAS OBSERVED.


RELATIVE HUMIDITY (PERCENT)
 HIGHEST    94           700 AM
 LOWEST     56           200 PM
 AVERAGE    75

..........................................................


THE SEDALIA MO CLIMATE NORMALS FOR TODAY
                         NORMAL
 MAXIMUM TEMPERATURE (F)   77
 MINIMUM TEMPERATURE (F)   56


SUNRISE AND SUNSET
SEPTEMBER 22 2017.....SUNRISE   700 AM CDT   SUNSET   709 PM CDT
SEPTEMBER 23 2017.....SUNRISE   701 AM CDT   SUNSET   707 PM CDT


-  INDICATES NEGATIVE NUMBERS.
R  INDICATES RECORD WAS SET OR TIED.
MM INDICATES DATA IS MISSING.
T  INDICATES TRACE AMOUNT.




$$
