822
CDUS43 KEAX 050637
CLIDMO


CLIMATE REPORT
NATIONAL WEATHER SERVICE KANSAS CITY/PLEASANT HILL MO
1236 AM CST MON DEC 5 2016


...................................

...THE SEDALIA MO CLIMATE SUMMARY FOR DECEMBER 4 2016...

CLIMATE NORMAL PERIOD 1981 TO 2010
CLIMATE RECORD PERIOD 9999 TO 9999


WEATHER ITEM   OBSERVED TIME   NORMAL DEPARTURE LAST
                VALUE   (LST)  VALUE  FROM      YEAR
                                      NORMAL
......................................................
TEMPERATURE (F)
 YESTERDAY
  MAXIMUM         45    355 PM  47     -2       56
  MINIMUM         31   1142 PM  30      1       30
  AVERAGE         38            38      0       43

PRECIPITATION (IN)
  YESTERDAY        0.30          0.08   0.22     0.00
  MONTH TO DATE    0.30          0.31  -0.01      T
  SINCE DEC 1      0.30          0.31  -0.01      T
  SINCE JAN 1     31.48         39.10  -7.62    38.43

DEGREE DAYS
 HEATING
  YESTERDAY       27            27      0       22
  MONTH TO DATE  106           104      2       99
  SINCE DEC 1    106           104      2       99
  SINCE JUL 1    613           949   -336      744

 COOLING
  YESTERDAY        0             0      0        0
  MONTH TO DATE    0             0      0        0
  SINCE DEC 1      0             0      0        0
  SINCE JAN 1   1775          1490    285     1552
......................................................


WIND (MPH)
  HIGHEST WIND SPEED    13   HIGHEST WIND DIRECTION     W (280)
  HIGHEST GUST SPEED    17   HIGHEST GUST DIRECTION     W (290)
  AVERAGE WIND SPEED     6.5


SKY COVER
  AVERAGE SKY COVER 0.7


WEATHER CONDITIONS
 THE FOLLOWING WEATHER WAS RECORDED YESTERDAY.
  LIGHT RAIN
  LIGHT SNOW
  FOG


RELATIVE HUMIDITY (PERCENT)
 HIGHEST    96           900 AM
 LOWEST     70          1200 AM
 AVERAGE    83

..........................................................


THE SEDALIA MO CLIMATE NORMALS FOR TODAY
                         NORMAL
 MAXIMUM TEMPERATURE (F)   47
 MINIMUM TEMPERATURE (F)   29


SUNRISE AND SUNSET
DECEMBER  5 2016......SUNRISE   716 AM CST   SUNSET   451 PM CST
DECEMBER  6 2016......SUNRISE   717 AM CST   SUNSET   451 PM CST


-  INDICATES NEGATIVE NUMBERS.
R  INDICATES RECORD WAS SET OR TIED.
MM INDICATES DATA IS MISSING.
T  INDICATES TRACE AMOUNT.




$$
