000
CDUS43 KLOT 230635
CLIDPA


CLIMATE REPORT
NATIONAL WEATHER SERVICE CHICAGO IL
133 AM CDT SAT JUL 23 2016


...................................

...THE DU PAGE  AIRPORT CLIMATE SUMMARY FOR JULY 22 2016...

CLIMATE NORMAL PERIOD 1981 TO 2010
CLIMATE RECORD PERIOD 1997 TO 2016


WEATHER ITEM   OBSERVED TIME   RECORD YEAR NORMAL DEPARTURE LAST
                VALUE   (LST)  VALUE       VALUE  FROM      YEAR
                                                  NORMAL
..................................................................
TEMPERATURE (F)
 YESTERDAY
  MAXIMUM         89    455 PM  94    2001  85      4       82
  MINIMUM         70    533 AM  53    2007  63      7       61
                                      2000
  AVERAGE         80                        74      6       72

PRECIPITATION (IN)
  YESTERDAY        0.01          1.01        0.18  -0.17     0.00
  MONTH TO DATE    3.17                      2.74   0.43     3.26
  SINCE JUN 1      6.31                      6.63  -0.32    11.27
  SINCE JAN 1     20.59                     19.65   0.94    22.26

SNOWFALL (IN)
  YESTERDAY        0.0
  MONTH TO DATE    0.0
  SINCE JUL 1      0.0

DEGREE DAYS
 HEATING
  YESTERDAY        0                         0      0        0
  MONTH TO DATE    1                         0      1       18
  SINCE JUN 1     13                        36    -23       52
  SINCE JUL 1      1                         0      1       18

 COOLING
  YESTERDAY       15                         9      6        7
  MONTH TO DATE  189                       198     -9      128
  SINCE JUN 1    364                       376    -12      248
  SINCE JAN 1    437                       422     15      302
..................................................................


WIND (MPH)
  RESULTANT WIND SPEED   5   RESULTANT WIND DIRECTION   W (260)
  HIGHEST WIND SPEED    24   HIGHEST WIND DIRECTION     S (180)
  HIGHEST GUST SPEED    28   HIGHEST GUST DIRECTION     S (180)
  AVERAGE WIND SPEED     5.8



WEATHER CONDITIONS
 THE FOLLOWING WEATHER WAS RECORDED YESTERDAY.
  LIGHT RAIN


..........................................................


THE DU PAGE  AIRPORT CLIMATE NORMALS FOR TODAY
                         NORMAL    RECORD    YEAR
 MAXIMUM TEMPERATURE (F)   85        93      1999
 MINIMUM TEMPERATURE (F)   63        48      2000


SUNRISE AND SUNSET
JULY 23 2016..........SUNRISE   538 AM CDT   SUNSET   820 PM CDT
JULY 24 2016..........SUNRISE   539 AM CDT   SUNSET   819 PM CDT


-  INDICATES NEGATIVE NUMBERS.
R  INDICATES RECORD WAS SET OR TIED.
MM INDICATES DATA IS MISSING.
T  INDICATES TRACE AMOUNT.




$$
