000
CDUS43 KLOT 110633
CLIDPA


CLIMATE REPORT
NATIONAL WEATHER SERVICE CHICAGO IL
131 AM CDT FRI JUL 11 2014


...................................

...THE DU PAGE  AIRPORT CLIMATE SUMMARY FOR JULY 10 2014...

CLIMATE NORMAL PERIOD 1981 TO 2010
CLIMATE RECORD PERIOD 1997 TO 2014


WEATHER ITEM   OBSERVED TIME   RECORD YEAR NORMAL DEPARTURE LAST
                VALUE   (LST)  VALUE       VALUE  FROM      YEAR
                                                  NORMAL
..................................................................
TEMPERATURE (F)
 YESTERDAY
  MAXIMUM         82    234 PM  92    2005  86     -4       83
                                      2001
  MINIMUM         55    449 AM  46    1997  63     -8       63
  AVERAGE         69                        74     -5       73

PRECIPITATION (IN)
  YESTERDAY        0.00          0.81        0.14  -0.14     0.00
  MONTH TO DATE    0.68                      0.88  -0.20     2.11
  SINCE JUN 1      7.62                      4.77   2.85     5.01
  SINCE JAN 1     15.26                     17.79  -2.53    22.30

SNOWFALL (IN)
  YESTERDAY        0.0

DEGREE DAYS
 HEATING
  YESTERDAY        0                         0      0        0
  MONTH TO DATE    2                         0      2        5
  SINCE JUN 1     20                        36    -16       59
  SINCE JUL 1      2                         0      2        5

 COOLING
  YESTERDAY        4                         9     -5        8
  MONTH TO DATE   56                        90    -34       64
  SINCE JUN 1    265                       268     -3      203
  SINCE JAN 1    334                       314     20      280
..................................................................


WIND (MPH)
  RESULTANT WIND SPEED   2   RESULTANT WIND DIRECTION   E (110)
  HIGHEST WIND SPEED    12   HIGHEST WIND DIRECTION    SE (120)
  HIGHEST GUST SPEED    15   HIGHEST GUST DIRECTION     E (80)
  AVERAGE WIND SPEED     2.7



WEATHER CONDITIONS
 THE FOLLOWING WEATHER WAS RECORDED YESTERDAY.
  HAZE


..........................................................


THE DU PAGE  AIRPORT CLIMATE NORMALS FOR TODAY
                         NORMAL    RECORD    YEAR
 MAXIMUM TEMPERATURE (F)   86        90      2005
 MINIMUM TEMPERATURE (F)   63        50      1997


SUNRISE AND SUNSET
JULY 11 2014..........SUNRISE   528 AM CDT   SUNSET   829 PM CDT
JULY 12 2014..........SUNRISE   529 AM CDT   SUNSET   828 PM CDT


-  INDICATES NEGATIVE NUMBERS.
R  INDICATES RECORD WAS SET OR TIED.
MM INDICATES DATA IS MISSING.
T  INDICATES TRACE AMOUNT.




$$
