000
CDUS43 KLOT 270633
CLIDPA


CLIMATE REPORT
NATIONAL WEATHER SERVICE CHICAGO IL
133 AM CDT FRI MAY 27 2016


...................................

...THE DU PAGE  AIRPORT CLIMATE SUMMARY FOR MAY 26 2016...

CLIMATE NORMAL PERIOD 1981 TO 2010
CLIMATE RECORD PERIOD 1997 TO 2016


WEATHER ITEM   OBSERVED TIME   RECORD YEAR NORMAL DEPARTURE LAST
                VALUE   (LST)  VALUE       VALUE  FROM      YEAR
                                                  NORMAL
..................................................................
TEMPERATURE (F)
 YESTERDAY
  MAXIMUM         84    416 PM  89    2014  74     10       75
                                      2010
  MINIMUM         64    157 AM  37    2002  51     13       65
  AVERAGE         74                        63     11       70

PRECIPITATION (IN)
  YESTERDAY        0.00          1.49        0.13  -0.13     0.53
  MONTH TO DATE    5.13                      3.92   1.21     4.08
  SINCE MAR 1     11.05                      9.63   1.42     8.82
  SINCE JAN 1     13.25                     12.36   0.89    10.65

SNOWFALL (IN)
  YESTERDAY        0.0
  MONTH TO DATE    0.0
  SINCE JUL 1     21.6

DEGREE DAYS
 HEATING
  YESTERDAY        0                         4     -4        0
  MONTH TO DATE  233                       195     38      165
  SINCE MAR 1   1424                      1506    -82     1574
  SINCE JUL 1   5627                      6261   -634     6766

 COOLING
  YESTERDAY        9                         2      7        5
  MONTH TO DATE   26                        29     -3       42
  SINCE MAR 1     32                        33     -1       42
  SINCE JAN 1     32                        33     -1       42
..................................................................


WIND (MPH)
  RESULTANT WIND SPEED   6   RESULTANT WIND DIRECTION   S (200)
  HIGHEST WIND SPEED    17   HIGHEST WIND DIRECTION    SW (230)
  HIGHEST GUST SPEED    22   HIGHEST GUST DIRECTION    SW (230)
  AVERAGE WIND SPEED     7.6



WEATHER CONDITIONS
 THE FOLLOWING WEATHER WAS RECORDED YESTERDAY.
  FOG
  HAZE


..........................................................


THE DU PAGE  AIRPORT CLIMATE NORMALS FOR TODAY
                         NORMAL    RECORD    YEAR
 MAXIMUM TEMPERATURE (F)   75        96      2012
 MINIMUM TEMPERATURE (F)   52        43      2008


SUNRISE AND SUNSET
MAY 27 2016...........SUNRISE   523 AM CDT   SUNSET   818 PM CDT
MAY 28 2016...........SUNRISE   522 AM CDT   SUNSET   819 PM CDT


-  INDICATES NEGATIVE NUMBERS.
R  INDICATES RECORD WAS SET OR TIED.
MM INDICATES DATA IS MISSING.
T  INDICATES TRACE AMOUNT.




$$
