000
CDUS45 KGJT 232328
CLIDRO


CLIMATE REPORT
NATIONAL WEATHER SERVICE GRAND JUNCTION CO
525 PM MDT SAT JUL 23 2016


...................................

...THE DURANGO AIRPORT CO CLIMATE SUMMARY FOR JULY 23 2016...
VALID TODAY AS OF 0500 PM LOCAL TIME.

CLIMATE NORMAL PERIOD 1981 TO 2010
CLIMATE RECORD PERIOD 9999 TO 9999


WEATHER ITEM   OBSERVED TIME   RECORD YEAR NORMAL DEPARTURE LAST
                VALUE   (LST)  VALUE       VALUE  FROM      YEAR
                                                  NORMAL
..................................................................
TEMPERATURE (F)
 TODAY
  MAXIMUM         91   1220 PM  MM      MM  86      5       87
  MINIMUM         58    538 AM  MM      MM  53      5       47
  AVERAGE         75                        70      5       67

PRECIPITATION (IN)
  TODAY            0.06         MM      MM   0.08  -0.02     0.00
  MONTH TO DATE    1.48                      1.11   0.37     1.62
  SINCE JUN 1      1.84                      1.75   0.09     3.28
  SINCE JAN 1      5.08                      7.18  -2.10    10.78

SNOWFALL (IN)
  TODAY           MM            MM      MM  MM     MM       MM
  MONTH TO DATE   MM                        MM     MM       MM
  SINCE JUN 1     MM                        MM     MM       MM
  SINCE JUL 1     MM                        MM     MM       MM
  SNOW DEPTH      MM

DEGREE DAYS
 HEATING
  TODAY            0                         0      0        0
  MONTH TO DATE    5                         8     -3       15
  SINCE JUN 1     42                       123    -81       96
  SINCE JUL 1      5                         8     -3       15

 COOLING
  TODAY           10                         5      5        2
  MONTH TO DATE   90                        85      5       51
  SINCE JUN 1    191                       113     78      120
  SINCE JAN 1    191                       114     77      120
..................................................................


WIND (MPH)
  HIGHEST WIND SPEED    20   HIGHEST WIND DIRECTION    NE (30)
  HIGHEST GUST SPEED    24   HIGHEST GUST DIRECTION    NE (30)
  AVERAGE WIND SPEED     4.0


SKY COVER
  POSSIBLE SUNSHINE  MM
  AVERAGE SKY COVER 0.0


WEATHER CONDITIONS
 THE FOLLOWING WEATHER WAS RECORDED TODAY.
  RAIN
  LIGHT RAIN


RELATIVE HUMIDITY (PERCENT)
 HIGHEST    62           600 AM
 LOWEST     21          1200 PM
 AVERAGE    42

..........................................................


THE DURANGO AIRPORT CO CLIMATE NORMALS FOR TOMORROW
                         NORMAL    RECORD    YEAR
 MAXIMUM TEMPERATURE (F)   86        MM        MM
 MINIMUM TEMPERATURE (F)   53        MM        MM


SUNRISE AND SUNSET
JULY 23 2016..........SUNRISE   609 AM MDT   SUNSET   825 PM MDT
JULY 24 2016..........SUNRISE   610 AM MDT   SUNSET   825 PM MDT


-  INDICATES NEGATIVE NUMBERS.
R  INDICATES RECORD WAS SET OR TIED.
MM INDICATES DATA IS MISSING.
T  INDICATES TRACE AMOUNT.




$$
