000
CDUS45 KGJT 230734
CLIDRO


CLIMATE REPORT
NATIONAL WEATHER SERVICE GRAND JUNCTION CO
132 AM MDT TUE SEP 23 2014


...................................

...THE DURANGO AIRPORT CO CLIMATE SUMMARY FOR SEPTEMBER 22 2014...

CLIMATE NORMAL PERIOD 1981 TO 2010
CLIMATE RECORD PERIOD 9999 TO 9999


WEATHER ITEM   OBSERVED TIME   RECORD YEAR NORMAL DEPARTURE LAST
                VALUE   (LST)  VALUE       VALUE  FROM      YEAR
                                                  NORMAL
..................................................................
TEMPERATURE (F)
 YESTERDAY
  MAXIMUM         74    428 PM  MM      MM  73      1       64
  MINIMUM         50   1159 PM  MM      MM  40     10       40
  AVERAGE         62                        56      6       52

PRECIPITATION (IN)
  YESTERDAY        0.47         MM      MM   0.07   0.40     1.71
  MONTH TO DATE    2.13                      1.49   0.64     4.64
  SINCE SEP 1      2.13                      1.49   0.64     4.64
  SINCE JAN 1      7.76                     11.46  -3.70    12.85

SNOWFALL (IN)
  YESTERDAY       MM            MM      MM  MM     MM       MM
  MONTH TO DATE   MM                        MM     MM       MM
  SINCE SEP 1     MM                        MM     MM       MM
  SINCE JUL 1     MM                        MM     MM       MM
  SNOW DEPTH      MM

DEGREE DAYS
 HEATING
  YESTERDAY        3                         9     -6       13
  MONTH TO DATE   40                       111    -71       61
  SINCE SEP 1     40                       111    -71       61
  SINCE JUL 1     67                       140    -73       74

 COOLING
  YESTERDAY        0                         0      0        0
  MONTH TO DATE   11                         3      8       39
  SINCE SEP 1     11                         3      8       39
  SINCE JAN 1    303                       240     63      388
..................................................................


WIND (MPH)
  HIGHEST WIND SPEED    16   HIGHEST WIND DIRECTION     W (250)
  HIGHEST GUST SPEED    20   HIGHEST GUST DIRECTION     W (250)
  AVERAGE WIND SPEED     5.0


SKY COVER
  POSSIBLE SUNSHINE  MM
  AVERAGE SKY COVER 0.6


WEATHER CONDITIONS
 THE FOLLOWING WEATHER WAS RECORDED YESTERDAY.
  THUNDERSTORM
  HEAVY RAIN
  RAIN
  LIGHT RAIN
  FOG


RELATIVE HUMIDITY (PERCENT)
 HIGHEST   100           300 AM
 LOWEST     38           500 PM
 AVERAGE    69

..........................................................


THE DURANGO AIRPORT CO CLIMATE NORMALS FOR TODAY
                         NORMAL    RECORD    YEAR
 MAXIMUM TEMPERATURE (F)   73        MM        MM
 MINIMUM TEMPERATURE (F)   39        MM        MM


SUNRISE AND SUNSET
SEPTEMBER 23 2014.....SUNRISE   700 AM MDT   SUNSET   706 PM MDT
SEPTEMBER 24 2014.....SUNRISE   701 AM MDT   SUNSET   705 PM MDT


-  INDICATES NEGATIVE NUMBERS.
R  INDICATES RECORD WAS SET OR TIED.
MM INDICATES DATA IS MISSING.
T  INDICATES TRACE AMOUNT.




$$
