194
CDUS45 KGJT 270732
CLIDRO


CLIMATE REPORT
NATIONAL WEATHER SERVICE GRAND JUNCTION CO
130 AM MDT TUE JUN 27 2017


...................................

...THE DURANGO AIRPORT CO CLIMATE SUMMARY FOR JUNE 26 2017...

CLIMATE NORMAL PERIOD 1981 TO 2010
CLIMATE RECORD PERIOD 9999 TO 9999


WEATHER ITEM   OBSERVED TIME   RECORD YEAR NORMAL DEPARTURE LAST
                VALUE   (LST)  VALUE       VALUE  FROM      YEAR
                                                  NORMAL
..................................................................
TEMPERATURE (F)
 YESTERDAY
  MAXIMUM         87   1251 PM  MM      MM  84      3       90
  MINIMUM         49    448 AM  MM      MM  46      3       51
  AVERAGE         68                        65      3       71

PRECIPITATION (IN)
  YESTERDAY        T            MM      MM   0.03  -0.03     0.06
  MONTH TO DATE    0.01                      0.50  -0.49     0.06
  SINCE JUN 1      0.01                      0.50  -0.49     0.06
  SINCE JAN 1      5.46                      5.93  -0.47     3.30

SNOWFALL (IN)
  YESTERDAY       MM            MM      MM  MM     MM       MM
  MONTH TO DATE   MM                        MM     MM       MM
  SINCE JUN 1     MM                        MM     MM       MM
  SINCE JUL 1     MM                        MM     MM       MM
  SNOW DEPTH      MM

DEGREE DAYS
 HEATING
  YESTERDAY        0                         2     -2        0
  MONTH TO DATE   52                       111    -59       37
  SINCE JUN 1     52                       111    -59       37
  SINCE JUL 1   6404                      7119   -715     7195

 COOLING
  YESTERDAY        3                         2      1        6
  MONTH TO DATE   63                        20     43       79
  SINCE JUN 1     63                        20     43       79
  SINCE JAN 1     63                        21     42       79
..................................................................


WIND (MPH)
  HIGHEST WIND SPEED    30   HIGHEST WIND DIRECTION    NE (30)
  HIGHEST GUST SPEED    37   HIGHEST GUST DIRECTION    NE (30)
  AVERAGE WIND SPEED     6.4


SKY COVER
  POSSIBLE SUNSHINE  MM
  AVERAGE SKY COVER 0.1


WEATHER CONDITIONS
 THE FOLLOWING WEATHER WAS RECORDED YESTERDAY.
  THUNDERSTORM


RELATIVE HUMIDITY (PERCENT)
 HIGHEST    59           500 AM
 LOWEST     12           300 PM
 AVERAGE    36

..........................................................


THE DURANGO AIRPORT CO CLIMATE NORMALS FOR TODAY
                         NORMAL    RECORD    YEAR
 MAXIMUM TEMPERATURE (F)   85        MM        MM
 MINIMUM TEMPERATURE (F)   46        MM        MM


SUNRISE AND SUNSET
JUNE 27 2017..........SUNRISE   553 AM MDT   SUNSET   835 PM MDT
JUNE 28 2017..........SUNRISE   554 AM MDT   SUNSET   835 PM MDT


-  INDICATES NEGATIVE NUMBERS.
R  INDICATES RECORD WAS SET OR TIED.
MM INDICATES DATA IS MISSING.
T  INDICATES TRACE AMOUNT.




$$
