000
CDUS43 KDMX 230631
CLIDSM

CLIMATE REPORT
NATIONAL WEATHER SERVICE DES MOINES IA
1231 AM CST MON JAN 23 2017

...................................

...THE DES MOINES IA CLIMATE SUMMARY FOR JANUARY 22 2017...

CLIMATE NORMAL PERIOD 1981 TO 2010
CLIMATE RECORD PERIOD 1878 TO 2017


WEATHER ITEM   OBSERVED TIME   RECORD YEAR NORMAL DEPARTURE LAST
                VALUE   (LST)  VALUE       VALUE  FROM      YEAR
                                                  NORMAL
..................................................................
TEMPERATURE (F)
 YESTERDAY
  MAXIMUM         39    229 PM  59    2002  31      8       26
  MINIMUM         29    118 AM -23    1883  14     15       21
  AVERAGE         34                        22     12       24

PRECIPITATION (IN)
  YESTERDAY        T             0.56 1982   0.03  -0.03      T
  MONTH TO DATE    1.52                      0.69   0.83     0.58
  SINCE DEC 1      2.93                      2.11   0.82     6.02
  SINCE JAN 1      1.52                      0.69   0.83     0.58

SNOWFALL (IN)
  YESTERDAY        0.0           3.8  1973   0.3   -0.3       T
  MONTH TO DATE    0.1                       5.9   -5.8      2.7
  SINCE DEC 1      3.9                      14.9  -11.0     10.5
  SINCE JUL 1      3.9                      17.8  -13.9     17.4
  SNOW DEPTH       0

DEGREE DAYS
 HEATING
  YESTERDAY       31                        42    -11       41
  MONTH TO DATE  851                       938    -87      974
  SINCE DEC 1   2011                      2147   -136     1859
  SINCE JUL 1   2694                      3405   -711     2740

 COOLING
  YESTERDAY        0                         0      0        0
  MONTH TO DATE    0                         0      0        0
  SINCE DEC 1      0                         0      0        0
  SINCE JAN 1      0                         0      0        0
..................................................................


WIND (MPH)
  HIGHEST WIND SPEED    18   HIGHEST WIND DIRECTION    NW (330)
  HIGHEST GUST SPEED    24   HIGHEST GUST DIRECTION    NW (330)
  AVERAGE WIND SPEED     9.1


SKY COVER
  POSSIBLE SUNSHINE  MM
  AVERAGE SKY COVER 1.0


WEATHER CONDITIONS
 THE FOLLOWING WEATHER WAS RECORDED YESTERDAY.
  LIGHT RAIN
  FOG
  FOG W/VISIBILITY <= 1/4 MILE


RELATIVE HUMIDITY (PERCENT)
 HIGHEST   100          1200 AM
 LOWEST     85          1200 PM
 AVERAGE    93

..........................................................


THE DES MOINES IA CLIMATE NORMALS FOR TODAY
                         NORMAL    RECORD    YEAR
 MAXIMUM TEMPERATURE (F)   31        59      1909
 MINIMUM TEMPERATURE (F)   14       -22      1963


SUNRISE AND SUNSET
JANUARY 23 2017.......SUNRISE   734 AM CST   SUNSET   520 PM CST
JANUARY 24 2017.......SUNRISE   733 AM CST   SUNSET   521 PM CST


-  INDICATES NEGATIVE NUMBERS.
R  INDICATES RECORD WAS SET OR TIED.
MM INDICATES DATA IS MISSING.
T  INDICATES TRACE AMOUNT.




$$
