000
CDUS43 KDMX 200638 RRB
CLIDSM

CLIMATE REPORT
NATIONAL WEATHER SERVICE DES MOINES IA
1237 AM CST SAT DEC 20 2014


...................................

...THE DES MOINES IA CLIMATE SUMMARY FOR DECEMBER 19 2014...

CLIMATE NORMAL PERIOD 1981 TO 2010
CLIMATE RECORD PERIOD 1878 TO 2014


WEATHER ITEM   OBSERVED TIME   RECORD YEAR NORMAL DEPARTURE LAST
                VALUE   (LST)  VALUE       VALUE  FROM      YEAR
                                                  NORMAL
..................................................................
TEMPERATURE (F)
 YESTERDAY
  MAXIMUM         33    753 PM  58    1894  33      0       40
  MINIMUM         28    534 AM -18    1884  17     11       27
  AVERAGE         31                        25      6       34

PRECIPITATION (IN)
  YESTERDAY        T             0.78 2012   0.04  -0.04      T
  MONTH TO DATE    0.25                      0.94  -0.69     0.21
  SINCE DEC 1      0.25                      0.94  -0.69     0.21
  SINCE JAN 1     41.21                     35.54   5.67    31.40

SNOWFALL (IN)
  YESTERDAY        T             5.6  2012   0.3   -0.3      0.0
  MONTH TO DATE    T                         5.6   -5.6      5.6
  SINCE DEC 1      T                         5.6   -5.6      5.6
  SINCE JUL 1      5.8                       8.5   -2.7      7.0
  SNOW DEPTH       0

DEGREE DAYS
 HEATING
  YESTERDAY       34                        40     -6       31
  MONTH TO DATE  596                       713   -117      805
  SINCE DEC 1    596                       713   -117      805
  SINCE JUL 1   1913                      1971    -58     2008

 COOLING
  YESTERDAY        0                         0      0        0
  MONTH TO DATE    0                         0      0        0
  SINCE DEC 1      0                         0      0        0
  SINCE JAN 1   1075                      1066      9     1353
..................................................................


WIND (MPH)
  HIGHEST WIND SPEED    12   HIGHEST WIND DIRECTION    SE (150)
  HIGHEST GUST SPEED    15   HIGHEST GUST DIRECTION    SE (140)
  AVERAGE WIND SPEED     5.8


SKY COVER
  POSSIBLE SUNSHINE  MM
  AVERAGE SKY COVER 1.0


WEATHER CONDITIONS
 THE FOLLOWING WEATHER WAS RECORDED YESTERDAY.
  LT FREEZING RAIN
  SNOW
  LIGHT SNOW
  FOG
  HAZE


RELATIVE HUMIDITY (PERCENT)
 HIGHEST    92          1100 PM
 LOWEST     75           100 PM
 AVERAGE    84

..........................................................


THE DES MOINES IA CLIMATE NORMALS FOR TODAY
                         NORMAL    RECORD    YEAR
 MAXIMUM TEMPERATURE (F)   32        61      1941
 MINIMUM TEMPERATURE (F)   17       -13      1901


SUNRISE AND SUNSET
DECEMBER 20 2014......SUNRISE   737 AM CST   SUNSET   447 PM CST
DECEMBER 21 2014......SUNRISE   738 AM CST   SUNSET   448 PM CST


-  INDICATES NEGATIVE NUMBERS.
R  INDICATES RECORD WAS SET OR TIED.
MM INDICATES DATA IS MISSING.
T  INDICATES TRACE AMOUNT.




$$
