000
CDUS43 KDTX 010536
CLIDTW


CLIMATE REPORT
NATIONAL WEATHER SERVICE DETROIT/PONTIAC MI
136 AM EDT WED JUN 1 2016


...................................

...THE DETROIT MI CLIMATE SUMMARY FOR MAY 31 2016...

CLIMATE NORMAL PERIOD 1981 TO 2010
CLIMATE RECORD PERIOD 1874 TO 2016


WEATHER ITEM   OBSERVED TIME   RECORD YEAR NORMAL DEPARTURE LAST
                VALUE   (LST)  VALUE       VALUE  FROM      YEAR
                                                  NORMAL
..................................................................
TEMPERATURE (F)
 YESTERDAY
  MAXIMUM         83   1152 AM  95    1895  75      8       54
  MINIMUM         62   1159 PM  34    1910  55      7       49
  AVERAGE         73                        65      8       52

PRECIPITATION (IN)
  YESTERDAY        0.00          1.98 1946   0.11  -0.11     0.94
  MONTH TO DATE    2.20                      3.38  -1.18     5.53
  SINCE MAR 1      9.37                      8.56   0.81     8.94
  SINCE JAN 1     12.73                     12.54   0.19    11.74

SNOWFALL (IN)
  YESTERDAY        0.0           T    1910   0.0    0.0      0.0
  MONTH TO DATE    T                         T      0.0      0.0
  SINCE MAR 1      8.7                       8.6    0.1      2.8
  SINCE JUL 1     35.3                      42.5   -7.2     47.5
  SNOW DEPTH       0

DEGREE DAYS
 HEATING
  YESTERDAY        0                         3     -3       13
  MONTH TO DATE  192                       208    -16      109
  SINCE MAR 1   1416                      1549   -133     1487
  SINCE JUL 1   5181                      6102   -921     6598

 COOLING
  YESTERDAY        8                         3      5        0
  MONTH TO DATE   78                        42     36      104
  SINCE MAR 1     78                        48     30      104
  SINCE JAN 1     78                        48     30      104
..................................................................


WIND (MPH)
  HIGHEST WIND SPEED    14   HIGHEST WIND DIRECTION     E (100)
  HIGHEST GUST SPEED    18   HIGHEST GUST DIRECTION     E (90)
  AVERAGE WIND SPEED     7.3


SKY COVER
  POSSIBLE SUNSHINE  MM
  AVERAGE SKY COVER 0.6


WEATHER CONDITIONS
 THE FOLLOWING WEATHER WAS RECORDED YESTERDAY.
  NO SIGNIFICANT WEATHER WAS OBSERVED.


RELATIVE HUMIDITY (PERCENT)
 HIGHEST    67           200 AM
 LOWEST     28          1200 PM
 AVERAGE    48

..........................................................


THE DETROIT MI CLIMATE NORMALS FOR TODAY
                         NORMAL    RECORD    YEAR
 MAXIMUM TEMPERATURE (F)   75        97      1934
 MINIMUM TEMPERATURE (F)   55        36      1966


SUNRISE AND SUNSET
JUNE  1 2016..........SUNRISE   559 AM EDT   SUNSET   904 PM EDT
JUNE  2 2016..........SUNRISE   559 AM EDT   SUNSET   904 PM EDT


-  INDICATES NEGATIVE NUMBERS.
R  INDICATES RECORD WAS SET OR TIED.
MM INDICATES DATA IS MISSING.
T  INDICATES TRACE AMOUNT.




$$
