000
CDUS43 KDTX 280556
CLIDTW


CLIMATE REPORT
NATIONAL WEATHER SERVICE DETROIT/PONTIAC MI
156 AM EDT WED JUN 28 2017


...................................

...THE DETROIT MI CLIMATE SUMMARY FOR JUNE 27 2017...

CLIMATE NORMAL PERIOD 1981 TO 2010
CLIMATE RECORD PERIOD 1874 TO 2017


WEATHER ITEM   OBSERVED TIME   RECORD YEAR NORMAL DEPARTURE LAST
                VALUE   (LST)  VALUE       VALUE  FROM      YEAR
                                                  NORMAL
..................................................................
TEMPERATURE (F)
 YESTERDAY
  MAXIMUM         75    414 PM  99    1971  82     -7       94
  MINIMUM         52    511 AM  48    1907  63    -11       69
                                      1902
  AVERAGE         64                        72     -8       82

PRECIPITATION (IN)
  YESTERDAY        0.00          1.79 1983   0.11  -0.11     0.00
  MONTH TO DATE    1.48                      3.19  -1.71     1.30
  SINCE JUN 1      1.48                      3.19  -1.71     1.30
  SINCE JAN 1     18.41                     15.73   2.68    14.03

SNOWFALL (IN)
  YESTERDAY        0.0           0.0    MM   0.0    0.0      0.0
  MONTH TO DATE    0.0                       0.0    0.0      0.0
  SINCE JUN 1      0.0                       0.0    0.0      0.0
  SINCE JUL 1     37.9                      42.5   -4.6     35.3
  SNOW DEPTH       0

DEGREE DAYS
 HEATING
  YESTERDAY        1                         0      1        0
  MONTH TO DATE   11                        34    -23       14
  SINCE JUN 1     11                        34    -23       14
  SINCE JUL 1   5157                      6136   -979     5195

 COOLING
  YESTERDAY        0                         8     -8       17
  MONTH TO DATE  176                       143     33      194
  SINCE JUN 1    176                       143     33      194
  SINCE JAN 1    222                       191     31      272
..................................................................


WIND (MPH)
  HIGHEST WIND SPEED    17   HIGHEST WIND DIRECTION    NW (300)
  HIGHEST GUST SPEED    25   HIGHEST GUST DIRECTION    NW (300)
  AVERAGE WIND SPEED     9.2


SKY COVER
  POSSIBLE SUNSHINE  MM
  AVERAGE SKY COVER 0.5


WEATHER CONDITIONS
 THE FOLLOWING WEATHER WAS RECORDED YESTERDAY.
  NO SIGNIFICANT WEATHER WAS OBSERVED.


RELATIVE HUMIDITY (PERCENT)
 HIGHEST    89           500 AM
 LOWEST     35           300 PM
 AVERAGE    62

..........................................................


THE DETROIT MI CLIMATE NORMALS FOR TODAY
                         NORMAL    RECORD    YEAR
 MAXIMUM TEMPERATURE (F)   83       104      1934
 MINIMUM TEMPERATURE (F)   63        49      1970
                                             1919


SUNRISE AND SUNSET
JUNE 28 2017..........SUNRISE   559 AM EDT   SUNSET   914 PM EDT
JUNE 29 2017..........SUNRISE   600 AM EDT   SUNSET   914 PM EDT


-  INDICATES NEGATIVE NUMBERS.
R  INDICATES RECORD WAS SET OR TIED.
MM INDICATES DATA IS MISSING.
T  INDICATES TRACE AMOUNT.




$$
