000
CDUS43 KDTX 240542
CLIDTW


CLIMATE REPORT
NATIONAL WEATHER SERVICE DETROIT/PONTIAC MI
142 AM EDT FRI MAR 24 2017


...................................

...THE DETROIT MI CLIMATE SUMMARY FOR MARCH 23 2017...

CLIMATE NORMAL PERIOD 1981 TO 2010
CLIMATE RECORD PERIOD 1874 TO 2017


WEATHER ITEM   OBSERVED TIME   RECORD YEAR NORMAL DEPARTURE LAST
                VALUE   (LST)  VALUE       VALUE  FROM      YEAR
                                                  NORMAL
..................................................................
TEMPERATURE (F)
 YESTERDAY
  MAXIMUM         44    421 PM  73    2012  49     -5       56
                                      1994
                                      1988
  MINIMUM         24    530 AM   2    1888  31     -7       37
  AVERAGE         34                        40     -6       47

PRECIPITATION (IN)
  YESTERDAY        0.16          0.91 1938   0.08   0.08     0.01
  MONTH TO DATE    1.84                      1.64   0.20     1.99
  SINCE MAR 1      1.84                      1.64   0.20     1.99
  SINCE JAN 1      6.57                      5.62   0.95     5.35

SNOWFALL (IN)
  YESTERDAY        0.0           5.3  1956   0.2   -0.2      0.0
  MONTH TO DATE    6.9                       5.7    1.2      7.4
  SINCE MAR 1      6.9                       5.7    1.2      7.4
  SINCE JUL 1     37.8                      39.6   -1.8     34.0
  SNOW DEPTH       0

DEGREE DAYS
 HEATING
  YESTERDAY       31                        25      6       18
  MONTH TO DATE  720                       676     44      516
  SINCE MAR 1    720                       676     44      516
  SINCE JUL 1   4458                      5229   -771     4281

 COOLING
  YESTERDAY        0                         0      0        0
  MONTH TO DATE    0                         0      0        0
  SINCE MAR 1      0                         0      0        0
  SINCE JAN 1      0                         0      0        0
..................................................................


WIND (MPH)
  HIGHEST WIND SPEED    16   HIGHEST WIND DIRECTION     S (160)
  HIGHEST GUST SPEED    20   HIGHEST GUST DIRECTION    SE (130)
  AVERAGE WIND SPEED     7.3


SKY COVER
  POSSIBLE SUNSHINE  MM
  AVERAGE SKY COVER 0.7


WEATHER CONDITIONS
 THE FOLLOWING WEATHER WAS RECORDED YESTERDAY.
  RAIN
  LIGHT RAIN
  FOG


RELATIVE HUMIDITY (PERCENT)
 HIGHEST    68          1200 AM
 LOWEST     19           400 PM
 AVERAGE    44

..........................................................


THE DETROIT MI CLIMATE NORMALS FOR TODAY
                         NORMAL    RECORD    YEAR
 MAXIMUM TEMPERATURE (F)   49        81      1910
 MINIMUM TEMPERATURE (F)   31         2      1888


SUNRISE AND SUNSET
MARCH 24 2017.........SUNRISE   729 AM EDT   SUNSET   750 PM EDT
MARCH 25 2017.........SUNRISE   728 AM EDT   SUNSET   752 PM EDT


-  INDICATES NEGATIVE NUMBERS.
R  INDICATES RECORD WAS SET OR TIED.
MM INDICATES DATA IS MISSING.
T  INDICATES TRACE AMOUNT.




$$
