000
CDUS43 KDTX 130550
CLIDTW


CLIMATE REPORT
NATIONAL WEATHER SERVICE DETROIT/PONTIAC MI
1250 AM EST SAT FEB 13 2016


...................................

...THE DETROIT MI CLIMATE SUMMARY FOR FEBRUARY 12 2016...

CLIMATE NORMAL PERIOD 1981 TO 2010
CLIMATE RECORD PERIOD 1874 TO 2016


WEATHER ITEM   OBSERVED TIME   RECORD YEAR NORMAL DEPARTURE LAST
                VALUE   (LST)  VALUE       VALUE  FROM      YEAR
                                                  NORMAL
..................................................................
TEMPERATURE (F)
 YESTERDAY
  MAXIMUM         26    234 PM  62    1999  34     -8       29
  MINIMUM          8   1159 PM -14    1875  20    -12        5
  AVERAGE         17                        27    -10       17

PRECIPITATION (IN)
  YESTERDAY        0.02          1.17 1881   0.07  -0.05      T
  MONTH TO DATE    0.70                      0.81  -0.11     1.13
  SINCE DEC 1      5.05                      5.23  -0.18     3.99
  SINCE JAN 1      2.04                      2.77  -0.73     2.58

SNOWFALL (IN)
  YESTERDAY        0.8          10.5  1894   0.4    0.4      0.2
  MONTH TO DATE    4.2                       4.4   -0.2     20.5
  SINCE DEC 1     13.9                      26.5  -12.6     34.8
  SINCE JUL 1     20.1                      28.1   -8.0     38.8
  SNOW DEPTH       2

DEGREE DAYS
 HEATING
  YESTERDAY       48                        38     10       48
  MONTH TO DATE  408                       462    -54      524
  SINCE DEC 1   2279                      2767   -488     2840
  SINCE JUL 1   3199                      3982   -783     4217

 COOLING
  YESTERDAY        0                         0      0        0
  MONTH TO DATE    0                         0      0        0
  SINCE DEC 1      0                         0      0        0
  SINCE JAN 1      0                         0      0        0
..................................................................


WIND (MPH)
  HIGHEST WIND SPEED    26   HIGHEST WIND DIRECTION    NW (320)
  HIGHEST GUST SPEED    35   HIGHEST GUST DIRECTION     N (340)
  AVERAGE WIND SPEED    13.8


SKY COVER
  POSSIBLE SUNSHINE  MM
  AVERAGE SKY COVER 0.7


WEATHER CONDITIONS
 THE FOLLOWING WEATHER WAS RECORDED YESTERDAY.
  SNOW
  LIGHT SNOW
  FOG
  BLOWING SNOW


RELATIVE HUMIDITY (PERCENT)
 HIGHEST    81           300 PM
 LOWEST     52          1100 PM
 AVERAGE    67

..........................................................


THE DETROIT MI CLIMATE NORMALS FOR TODAY
                         NORMAL    RECORD    YEAR
 MAXIMUM TEMPERATURE (F)   35        63      1990
                                             1938
 MINIMUM TEMPERATURE (F)   21       -12      1905


SUNRISE AND SUNSET
FEBRUARY 13 2016......SUNRISE   733 AM EST   SUNSET   603 PM EST
FEBRUARY 14 2016......SUNRISE   732 AM EST   SUNSET   604 PM EST


-  INDICATES NEGATIVE NUMBERS.
R  INDICATES RECORD WAS SET OR TIED.
MM INDICATES DATA IS MISSING.
T  INDICATES TRACE AMOUNT.




$$
