000
CDUS45 KTWC 250032 RRA
CLIDUG

CLIMATE REPORT
NATIONAL WEATHER SERVICE TUCSON AZ
532 PM MST MON APR 24 2017


...................................

...THE DOUGLAS AZ CLIMATE SUMMARY FOR APRIL 24 2017...
VALID TODAY AS OF 0500 PM LOCAL TIME.

CLIMATE NORMAL PERIOD 1981 TO 2010
CLIMATE RECORD PERIOD 1948 TO 2017


WEATHER ITEM   OBSERVED TIME   RECORD YEAR NORMAL DEPARTURE LAST
                VALUE   (LST)  VALUE       VALUE  FROM      YEAR
                                                  NORMAL
..................................................................
TEMPERATURE (F)
 TODAY
  MAXIMUM         88    256 PM  95    1996  82      6       84
  MINIMUM         52    531 AM  34    2007  46      6       52
  AVERAGE         70                        64      6       68

PRECIPITATION (IN)
  TODAY            0.00                      0.01  -0.01     0.00
  MONTH TO DATE    T                         0.18  -0.18     0.04
  SINCE OCT 1      3.05                      4.62  -1.57     2.68
  SINCE JAN 1      1.70                      2.07  -0.37     1.47

DEGREE DAYS
 HEATING
  TODAY            0                         3     -3        0
  MONTH TO DATE   89                       124    -35      127
  SINCE MAR 1    270                       449   -179      394
  SINCE JUL 1   2063                      2485   -422     2566

 COOLING
  TODAY            5                         2      3        3
  MONTH TO DATE   24                        14     10       17
  SINCE MAR 1     31                        15     16       17
  SINCE JAN 1     31                        15     16       17
..................................................................


WIND (MPH)
  HIGHEST WIND SPEED    30   HIGHEST WIND DIRECTION     W (270)
  HIGHEST GUST SPEED    40   HIGHEST GUST DIRECTION     W (270)
  AVERAGE WIND SPEED    12.9


SKY COVER
  POSSIBLE SUNSHINE  MM
  AVERAGE SKY COVER 0.0


WEATHER CONDITIONS
 THE FOLLOWING WEATHER WAS RECORDED TODAY.
  NO SIGNIFICANT WEATHER WAS OBSERVED.


RELATIVE HUMIDITY (PERCENT)
 HIGHEST    22
 LOWEST      6
 AVERAGE    14

..........................................................


THE DOUGLAS AZ CLIMATE NORMALS FOR TOMORROW
                         NORMAL    RECORD    YEAR
 MAXIMUM TEMPERATURE (F)   82        94      2000
                                             1996
 MINIMUM TEMPERATURE (F)   46        31      1961


SUNRISE AND SUNSET
APRIL 24 2017.........SUNRISE   540 AM MST   SUNSET   653 PM MST
APRIL 25 2017.........SUNRISE   539 AM MST   SUNSET   654 PM MST


-  INDICATES NEGATIVE NUMBERS.
R  INDICATES RECORD WAS SET OR TIED.
MM INDICATES DATA IS MISSING.
T  INDICATES TRACE AMOUNT.




$$
