828
CDUS45 KTWC 230739 RRA
CLIDUG

CLIMATE REPORT
NATIONAL WEATHER SERVICE TUCSON AZ
1238 AM MST SAT JUL 23 2016

...................................

...THE DOUGLAS AZ CLIMATE SUMMARY FOR JULY 22 2016...

CLIMATE NORMAL PERIOD 1981 TO 2010
CLIMATE RECORD PERIOD 1948 TO 2016


WEATHER ITEM   OBSERVED TIME   RECORD YEAR NORMAL DEPARTURE LAST
                VALUE   (LST)  VALUE       VALUE  FROM      YEAR
                                                  NORMAL
..................................................................
TEMPERATURE (F)
 YESTERDAY
  MAXIMUM         98    304 PM 100    2006  93      5       88
                                      1987
  MINIMUM         66    552 AM  56    1961  66      0       67
  AVERAGE         82                        80      2       78

PRECIPITATION (IN)
  YESTERDAY        0.09          1.10 1948   0.12  -0.03     0.02
  MONTH TO DATE    3.31                      1.87   1.44     2.23
  SINCE OCT 1      7.85                      7.43   0.42     8.22
  SINCE JAN 1      6.64                      4.88   1.76     6.25

DEGREE DAYS
 HEATING
  YESTERDAY        0                         0      0        0
  MONTH TO DATE    0                         0      0        0
  SINCE JUN 1      0                         0      0        0
  SINCE JUL 1      0                         0      0        0

 COOLING
  YESTERDAY       17                        15      2       13
  MONTH TO DATE  365                       342     23      311
  SINCE JUN 1    833                       737     96      767
  SINCE JAN 1    981                       938     43      829
..................................................................


WIND (MPH)
  HIGHEST WIND SPEED    30   HIGHEST WIND DIRECTION     N (360)
  HIGHEST GUST SPEED    44   HIGHEST GUST DIRECTION     N (340)
  AVERAGE WIND SPEED     6.2


SKY COVER
  POSSIBLE SUNSHINE  MM
  AVERAGE SKY COVER  MM


WEATHER CONDITIONS
 THE FOLLOWING WEATHER WAS RECORDED YESTERDAY.
  THUNDERSTORM
  RAIN
  LIGHT RAIN


RELATIVE HUMIDITY (PERCENT)
 HIGHEST    87
 LOWEST     22
 AVERAGE    55

..........................................................


THE DOUGLAS AZ CLIMATE NORMALS FOR TODAY
                         NORMAL    RECORD    YEAR
 MAXIMUM TEMPERATURE (F)   93       100      2003
 MINIMUM TEMPERATURE (F)   66        56      1986


SUNRISE AND SUNSET
JULY 23 2016..........SUNRISE   529 AM MST   SUNSET   720 PM MST
JULY 24 2016..........SUNRISE   530 AM MST   SUNSET   719 PM MST


-  INDICATES NEGATIVE NUMBERS.
R  INDICATES RECORD WAS SET OR TIED.
MM INDICATES DATA IS MISSING.
T  INDICATES TRACE AMOUNT.

$$
