000
CDUS45 KTWC 041428
CLIDUG

CLIMATE REPORT
NATIONAL WEATHER SERVICE TUCSON AZ
725 AM MST WED MAR 4 2015


...................................

...THE DOUGLAS AZ CLIMATE SUMMARY FOR MARCH 4 2015...
VALID AS OF 0700 AM LOCAL TIME.

CLIMATE NORMAL PERIOD 1981 TO 2010
CLIMATE RECORD PERIOD 1948 TO 2015


WEATHER ITEM   OBSERVED TIME   RECORD YEAR NORMAL DEPARTURE LAST
                VALUE   (LST)  VALUE       VALUE  FROM      YEAR
                                                  NORMAL
..................................................................
TEMPERATURE (F)
 TODAY
  MINIMUM         36    442 AM  13    1951  35      1       42

PRECIPITATION (IN)
  TODAY            0.00          0.26 1958   0.02  -0.02     0.00
  MONTH TO DATE    0.39                      0.08   0.31     0.43
  SINCE OCT 1      3.87                      4.02  -0.15     1.25
  SINCE JAN 1      1.90                      1.47   0.43     0.43

DEGREE DAYS
 HEATING
  TODAY           24                        12     12        8

 COOLING
  TODAY            0                         0      0        0
..................................................................


WIND (MPH)
  HIGHEST WIND SPEED     7   HIGHEST WIND DIRECTION    NE (30)
  HIGHEST GUST SPEED     9   HIGHEST GUST DIRECTION    SE (130)
  AVERAGE WIND SPEED     2.5


SKY COVER
  POSSIBLE SUNSHINE  MM
  AVERAGE SKY COVER 0.6


WEATHER CONDITIONS
 THE FOLLOWING WEATHER WAS RECORDED TODAY.
  NO SIGNIFICANT WEATHER WAS OBSERVED.


RELATIVE HUMIDITY (PERCENT)
 HIGHEST    85           400 AM

..........................................................


THE DOUGLAS AZ CLIMATE NORMALS FOR TOMORROW
                         NORMAL    RECORD    YEAR
 MAXIMUM TEMPERATURE (F)   70        81      2012
                                             1991
                                             1972
 MINIMUM TEMPERATURE (F)   36        17      1966


SUNRISE AND SUNSET
MARCH  4 2015.........SUNRISE   642 AM MST   SUNSET   619 PM MST
MARCH  5 2015.........SUNRISE   641 AM MST   SUNSET   619 PM MST


-  INDICATES NEGATIVE NUMBERS.
R  INDICATES RECORD WAS SET OR TIED.
MM INDICATES DATA IS MISSING.
T  INDICATES TRACE AMOUNT.




$$
