000
CDUS45 KTWC 180731 RRA
CLIDUG

CLIMATE REPORT
NATIONAL WEATHER SERVICE TUCSON AZ
1229 AM MST WED JAN 18 2017


...................................

...THE DOUGLAS AZ CLIMATE SUMMARY FOR JANUARY 17 2017...

CLIMATE NORMAL PERIOD 1981 TO 2010
CLIMATE RECORD PERIOD 1948 TO 2017


WEATHER ITEM   OBSERVED TIME   RECORD YEAR NORMAL DEPARTURE LAST
                VALUE   (LST)  VALUE       VALUE  FROM      YEAR
                                                  NORMAL
..................................................................
TEMPERATURE (F)
 YESTERDAY
  MAXIMUM         58    311 PM  82    2000  63     -5       68
  MINIMUM         30    416 AM  13    2007  30      0       29
  AVERAGE         44                        46     -2       49

PRECIPITATION (IN)
  YESTERDAY        0.01          0.80 1979   0.03  -0.02     0.00
  MONTH TO DATE    0.61                      0.40   0.21     1.16
  SINCE OCT 1      1.96                      2.95  -0.99     2.37
  SINCE JAN 1      0.61                      0.40   0.21     1.16

DEGREE DAYS
 HEATING
  YESTERDAY       21                        19      2       16
  MONTH TO DATE  275                       325    -50      400
  SINCE DEC 1    779                       914   -135     1063
  SINCE JUL 1   1115                      1349   -234     1516

 COOLING
  YESTERDAY        0                         0      0        0
  MONTH TO DATE    0                         0      0        0
  SINCE DEC 1      0                         0      0        0
  SINCE JAN 1      0                         0      0        0
..................................................................


WIND (MPH)
  HIGHEST WIND SPEED    18   HIGHEST WIND DIRECTION     W (250)
  HIGHEST GUST SPEED    23   HIGHEST GUST DIRECTION     W (260)
  AVERAGE WIND SPEED     6.1


SKY COVER
  POSSIBLE SUNSHINE  MM
  AVERAGE SKY COVER 0.4


WEATHER CONDITIONS
 THE FOLLOWING WEATHER WAS RECORDED YESTERDAY.
  LIGHT RAIN


RELATIVE HUMIDITY (PERCENT)
 HIGHEST   100
 LOWEST     40
 AVERAGE    70

..........................................................


THE DOUGLAS AZ CLIMATE NORMALS FOR TODAY
                         NORMAL    RECORD    YEAR
 MAXIMUM TEMPERATURE (F)   63        80      1971
 MINIMUM TEMPERATURE (F)   30         9      1949


SUNRISE AND SUNSET
JANUARY 18 2017.......SUNRISE   717 AM MST   SUNSET   541 PM MST
JANUARY 19 2017.......SUNRISE   717 AM MST   SUNSET   542 PM MST


-  INDICATES NEGATIVE NUMBERS.
R  INDICATES RECORD WAS SET OR TIED.
MM INDICATES DATA IS MISSING.
T  INDICATES TRACE AMOUNT.




$$
