000
CDUS45 KTWC 230035 RRA
CLIDUG

CLIMATE REPORT
NATIONAL WEATHER SERVICE TUCSON AZ
534 PM MST TUE AUG 22 2017


...................................

...THE DOUGLAS AZ CLIMATE SUMMARY FOR AUGUST 22 2017...
VALID TODAY AS OF 0500 PM LOCAL TIME.

CLIMATE NORMAL PERIOD 1981 TO 2010
CLIMATE RECORD PERIOD 1948 TO 2017


WEATHER ITEM   OBSERVED TIME   RECORD YEAR NORMAL DEPARTURE LAST
                VALUE   (LST)  VALUE       VALUE  FROM      YEAR
                                                  NORMAL
..................................................................
TEMPERATURE (F)
 TODAY
  MAXIMUM         94    421 PM 102    2011  92      2       92
  MINIMUM         62    628 AM  53    1979  64     -2       61
  AVERAGE         78                        78      0       77

PRECIPITATION (IN)
  TODAY            0.00                      0.08  -0.08     0.00
  MONTH TO DATE    1.64                      2.39  -0.75     2.44
  SINCE OCT 1      9.68                     10.90  -1.22    11.27
  SINCE JAN 1      8.33                      8.35  -0.02    10.06

DEGREE DAYS
 COOLING
  TODAY           13                        13      0       12
  MONTH TO DATE  279                       288     -9      255
  SINCE JUN 1   1210                      1148     62     1232
  SINCE JAN 1   1403                      1349     54     1380
..................................................................


WIND (MPH)
  HIGHEST WIND SPEED    15   HIGHEST WIND DIRECTION     S (160)
  HIGHEST GUST SPEED    21   HIGHEST GUST DIRECTION     S (160)
  AVERAGE WIND SPEED     4.5


SKY COVER
  POSSIBLE SUNSHINE  MM
  AVERAGE SKY COVER 0.0


WEATHER CONDITIONS
 THE FOLLOWING WEATHER WAS RECORDED TODAY.
  NO SIGNIFICANT WEATHER WAS OBSERVED.


RELATIVE HUMIDITY (PERCENT)
 HIGHEST    93
 LOWEST     24
 AVERAGE    59

..........................................................


THE DOUGLAS AZ CLIMATE NORMALS FOR TOMORROW
                         NORMAL    RECORD    YEAR
 MAXIMUM TEMPERATURE (F)   92       101      2011
 MINIMUM TEMPERATURE (F)   64        54      1979


SUNRISE AND SUNSET
AUGUST 22 2017........SUNRISE   548 AM MST   SUNSET   653 PM MST
AUGUST 23 2017........SUNRISE   549 AM MST   SUNSET   652 PM MST


-  INDICATES NEGATIVE NUMBERS.
R  INDICATES RECORD WAS SET OR TIED.
MM INDICATES DATA IS MISSING.
T  INDICATES TRACE AMOUNT.




$$
