227
CDUS45 KTWC 120731 RRA
CLIDUG

CLIMATE REPORT
NATIONAL WEATHER SERVICE TUCSON AZ
1230 AM MST FRI FEB 12 2016


...................................

...THE DOUGLAS AZ CLIMATE SUMMARY FOR FEBRUARY 11 2016...

CLIMATE NORMAL PERIOD 1981 TO 2010
CLIMATE RECORD PERIOD 1948 TO 2016


WEATHER ITEM   OBSERVED TIME   RECORD YEAR NORMAL DEPARTURE LAST
                VALUE   (LST)  VALUE       VALUE  FROM      YEAR
                                                  NORMAL
..................................................................
TEMPERATURE (F)
 YESTERDAY
  MAXIMUM         79    424 PM  81    1990  66     13       70
  MINIMUM         27    704 AM  17    2013  32     -5       33
  AVERAGE         53                        49      4       52

PRECIPITATION (IN)
  YESTERDAY        0.00          0.48 1978   0.03  -0.03     0.00
  MONTH TO DATE    0.08                      0.28  -0.20     0.00
  SINCE OCT 1      2.45                      3.57  -1.12     3.11
  SINCE JAN 1      1.24                      1.02   0.22     1.14

DEGREE DAYS
 HEATING
  YESTERDAY       12                        16     -4       13
  MONTH TO DATE  239                       184     55      120
  SINCE DEC 1   1564                      1354    210     1273
  SINCE JUL 1   2017                      1789    228     1667

 COOLING
  YESTERDAY        0                         0      0        0
  MONTH TO DATE    0                         0      0        0
  SINCE DEC 1      0                         0      0        0
  SINCE JAN 1      0                         0      0        0
..................................................................


WIND (MPH)
  HIGHEST WIND SPEED    10   HIGHEST WIND DIRECTION     N (10)
  HIGHEST GUST SPEED    11   HIGHEST GUST DIRECTION     N (350)
  AVERAGE WIND SPEED     2.6


SKY COVER
  POSSIBLE SUNSHINE  MM
  AVERAGE SKY COVER 0.0


WEATHER CONDITIONS
 THE FOLLOWING WEATHER WAS RECORDED YESTERDAY.
  NO SIGNIFICANT WEATHER WAS OBSERVED.


RELATIVE HUMIDITY (PERCENT)
 HIGHEST    53
 LOWEST      6
 AVERAGE    30

..........................................................


THE DOUGLAS AZ CLIMATE NORMALS FOR TODAY
                         NORMAL    RECORD    YEAR
 MAXIMUM TEMPERATURE (F)   66        84      1957
 MINIMUM TEMPERATURE (F)   32        13      1965


SUNRISE AND SUNSET
FEBRUARY 12 2016......SUNRISE   703 AM MST   SUNSET   603 PM MST
FEBRUARY 13 2016......SUNRISE   702 AM MST   SUNSET   603 PM MST


-  INDICATES NEGATIVE NUMBERS.
R  INDICATES RECORD WAS SET OR TIED.
MM INDICATES DATA IS MISSING.
T  INDICATES TRACE AMOUNT.




$$
