000
CDUS45 KTWC 250751
CLIDUG

CLIMATE REPORT
NATIONAL WEATHER SERVICE TUCSON AZ
1249 AM MST MON MAY 25 2015


...................................

...THE DOUGLAS AZ CLIMATE SUMMARY FOR MAY 24 2015...

CLIMATE NORMAL PERIOD 1981 TO 2010
CLIMATE RECORD PERIOD 1948 TO 2015


WEATHER ITEM   OBSERVED TIME   RECORD YEAR NORMAL DEPARTURE LAST
                VALUE   (LST)  VALUE       VALUE  FROM      YEAR
                                                  NORMAL
..................................................................
TEMPERATURE (F)
 YESTERDAY
  MAXIMUM         80    320 PM 101    1984  90    -10       79
  MINIMUM         40R   523 AM  41    1971  54    -14       44
  AVERAGE         60                        72    -12       62

PRECIPITATION (IN)
  YESTERDAY        0.00          0.79 1979   0.01  -0.01     0.00
  MONTH TO DATE    T                         0.21  -0.21      T
  SINCE OCT 1      4.80                      4.88  -0.08     1.39
  SINCE JAN 1      2.83                      2.33   0.50     0.57

DEGREE DAYS
 HEATING
  YESTERDAY        5                         0      5        3
  MONTH TO DATE   51                        20     31       24
  SINCE MAR 1    432                       485    -53      396
  SINCE JUL 1   2270                      2521   -251     2360

 COOLING
  YESTERDAY        0                         7     -7        0
  MONTH TO DATE   23                       114    -91       81
  SINCE MAR 1     27                       144   -117       99
  SINCE JAN 1     27                       144   -117       99
..................................................................


WIND (MPH)
  HIGHEST WIND SPEED    29   HIGHEST WIND DIRECTION    NW (320)
  HIGHEST GUST SPEED    36   HIGHEST GUST DIRECTION    NW (320)
  AVERAGE WIND SPEED     9.0


SKY COVER
  POSSIBLE SUNSHINE  MM
  AVERAGE SKY COVER 0.1


WEATHER CONDITIONS
 THE FOLLOWING WEATHER WAS RECORDED YESTERDAY.
  NO SIGNIFICANT WEATHER WAS OBSERVED.


RELATIVE HUMIDITY (PERCENT)
 HIGHEST    45
 LOWEST     13
 AVERAGE    29

..........................................................


THE DOUGLAS AZ CLIMATE NORMALS FOR TODAY
                         NORMAL    RECORD    YEAR
 MAXIMUM TEMPERATURE (F)   91        98      2001
 MINIMUM TEMPERATURE (F)   54        41      2010
                                             1980
                                             1960


SUNRISE AND SUNSET
MAY 25 2015...........SUNRISE   517 AM MST   SUNSET   714 PM MST
MAY 26 2015...........SUNRISE   516 AM MST   SUNSET   715 PM MST


-  INDICATES NEGATIVE NUMBERS.
R  INDICATES RECORD WAS SET OR TIED.
MM INDICATES DATA IS MISSING.
T  INDICATES TRACE AMOUNT.




$$
