883
CDUS45 KTWC 071426 RRA
CLIDUG

CLIMATE REPORT
NATIONAL WEATHER SERVICE TUCSON AZ
725 AM MST WED DEC 7 2016


...................................

...THE DOUGLAS AZ CLIMATE SUMMARY FOR DECEMBER 7 2016...
VALID AS OF 0700 AM LOCAL TIME.

CLIMATE NORMAL PERIOD 1981 TO 2010
CLIMATE RECORD PERIOD 1948 TO 2016


WEATHER ITEM   OBSERVED TIME   RECORD YEAR NORMAL DEPARTURE LAST
                VALUE   (LST)  VALUE       VALUE  FROM      YEAR
                                                  NORMAL
..................................................................
TEMPERATURE (F)
 TODAY
  MINIMUM         46    447 AM   0    1978  30     16       27

PRECIPITATION (IN)
  TODAY            0.00          0.51 1961   0.03  -0.03     0.00
  MONTH TO DATE    0.16                      0.21  -0.05     0.00
  SINCE OCT 1      0.42                      1.79  -1.37     0.86
  SINCE JAN 1     12.56                     12.34   0.22    12.22

DEGREE DAYS
 HEATING
  TODAY           16                        18     -2       17

 COOLING
  TODAY            0                         0      0        0
..................................................................


WIND (MPH)
  HIGHEST WIND SPEED    17   HIGHEST WIND DIRECTION    SW (230)
  HIGHEST GUST SPEED    22   HIGHEST GUST DIRECTION    SW (230)
  AVERAGE WIND SPEED     8.1


SKY COVER
  POSSIBLE SUNSHINE  MM
  AVERAGE SKY COVER 0.0


WEATHER CONDITIONS
 THE FOLLOWING WEATHER WAS RECORDED TODAY.
  NO SIGNIFICANT WEATHER WAS OBSERVED.


RELATIVE HUMIDITY (PERCENT)
 HIGHEST    76           700 AM

..........................................................


THE DOUGLAS AZ CLIMATE NORMALS FOR TOMORROW
                         NORMAL    RECORD    YEAR
 MAXIMUM TEMPERATURE (F)   63        77      1986
 MINIMUM TEMPERATURE (F)   30        -4      1978


SUNRISE AND SUNSET
DECEMBER  7 2016......SUNRISE   705 AM MST   SUNSET   515 PM MST
DECEMBER  8 2016......SUNRISE   706 AM MST   SUNSET   515 PM MST


-  INDICATES NEGATIVE NUMBERS.
R  INDICATES RECORD WAS SET OR TIED.
MM INDICATES DATA IS MISSING.
T  INDICATES TRACE AMOUNT.




$$
