000
CDUS45 KTWC 030039
CLIDUG

CLIMATE REPORT
NATIONAL WEATHER SERVICE TUCSON AZ
537 PM MST WED SEP 2 2015


...................................

...THE DOUGLAS AZ CLIMATE SUMMARY FOR SEPTEMBER 2 2015...
VALID TODAY AS OF 0500 PM LOCAL TIME.

CLIMATE NORMAL PERIOD 1981 TO 2010
CLIMATE RECORD PERIOD 1948 TO 2015


WEATHER ITEM   OBSERVED TIME   RECORD YEAR NORMAL DEPARTURE LAST
                VALUE   (LST)  VALUE       VALUE  FROM      YEAR
                                                  NORMAL
..................................................................
TEMPERATURE (F)
 TODAY
  MAXIMUM         90    330 PM 101    1982  92     -2       97
  MINIMUM         64    627 AM  56    1973  63      1       57
                                      1968
  AVERAGE         77                        77      0       77

PRECIPITATION (IN)
  TODAY            T                         0.06  -0.06     0.00
  MONTH TO DATE    T                         0.12  -0.12     0.00
  SINCE OCT 1     13.33                     11.68   1.65    10.26
  SINCE JAN 1     11.36                      9.13   2.23     9.44

DEGREE DAYS
 HEATING
  TODAY            0                         0      0        0
  MONTH TO DATE    0                         0      0        0
  SINCE SEP 1      0                         0      0        0
  SINCE JUL 1      0                         0      0        0

 COOLING
  TODAY           12                        12      0       12
  MONTH TO DATE   22                        25     -3       23
  SINCE SEP 1     22                        25     -3       23
  SINCE JAN 1   1331                      1495   -164     1469
..................................................................


WIND (MPH)
  HIGHEST WIND SPEED    28   HIGHEST WIND DIRECTION     N (350)
  HIGHEST GUST SPEED    34   HIGHEST GUST DIRECTION     N (360)
  AVERAGE WIND SPEED     5.5


SKY COVER
  POSSIBLE SUNSHINE  MM
  AVERAGE SKY COVER 0.0


WEATHER CONDITIONS
 THE FOLLOWING WEATHER WAS RECORDED TODAY.
  THUNDERSTORM


RELATIVE HUMIDITY (PERCENT)
 HIGHEST    84
 LOWEST     32
 AVERAGE    58

..........................................................


THE DOUGLAS AZ CLIMATE NORMALS FOR TOMORROW
                         NORMAL    RECORD    YEAR
 MAXIMUM TEMPERATURE (F)   92       102      1948
 MINIMUM TEMPERATURE (F)   63        48      1955


SUNRISE AND SUNSET
SEPTEMBER  2 2015.....SUNRISE   555 AM MST   SUNSET   641 PM MST
SEPTEMBER  3 2015.....SUNRISE   555 AM MST   SUNSET   640 PM MST


-  INDICATES NEGATIVE NUMBERS.
R  INDICATES RECORD WAS SET OR TIED.
MM INDICATES DATA IS MISSING.
T  INDICATES TRACE AMOUNT.




$$
