000
CDUS45 KTWC 240730 RRA
CLIDUG

CLIMATE REPORT
NATIONAL WEATHER SERVICE TUCSON AZ
1229 AM MST WED MAY 24 2017


...................................

...THE DOUGLAS AZ CLIMATE SUMMARY FOR MAY 23 2017...

CLIMATE NORMAL PERIOD 1981 TO 2010
CLIMATE RECORD PERIOD 1948 TO 2017


WEATHER ITEM   OBSERVED TIME   RECORD YEAR NORMAL DEPARTURE LAST
                VALUE   (LST)  VALUE       VALUE  FROM      YEAR
                                                  NORMAL
..................................................................
TEMPERATURE (F)
 YESTERDAY
  MAXIMUM         96    234 PM 102    2005  90      6       89
  MINIMUM         52    533 AM  42    1962  53     -1       49
  AVERAGE         74                        72      2       69

PRECIPITATION (IN)
  YESTERDAY        0.00          0.07 1992   0.01  -0.01     0.00
  MONTH TO DATE    0.07                      0.20  -0.13      T
  SINCE OCT 1      3.12                      4.87  -1.75     2.68
  SINCE JAN 1      1.77                      2.32  -0.55     1.47

DEGREE DAYS
 HEATING
  YESTERDAY        0                         0      0        0
  MONTH TO DATE   44                        20     24       28
  SINCE MAR 1    330                       485   -155      449
  SINCE JUL 1   2123                      2521   -398     2621

 COOLING
  YESTERDAY        9                         7      2        4
  MONTH TO DATE   74                       107    -33       96
  SINCE MAR 1    118                       137    -19      114
  SINCE JAN 1    118                       137    -19      114
..................................................................


WIND (MPH)
  HIGHEST WIND SPEED    24   HIGHEST WIND DIRECTION    NW (320)
  HIGHEST GUST SPEED    41   HIGHEST GUST DIRECTION    NW (310)
  AVERAGE WIND SPEED     8.9


SKY COVER
  POSSIBLE SUNSHINE  MM
  AVERAGE SKY COVER 0.0


WEATHER CONDITIONS
 THE FOLLOWING WEATHER WAS RECORDED YESTERDAY.
  NO SIGNIFICANT WEATHER WAS OBSERVED.


RELATIVE HUMIDITY (PERCENT)
 HIGHEST    24
 LOWEST      5
 AVERAGE    15

..........................................................


THE DOUGLAS AZ CLIMATE NORMALS FOR TODAY
                         NORMAL    RECORD    YEAR
 MAXIMUM TEMPERATURE (F)   90       101      1984
 MINIMUM TEMPERATURE (F)   54        40      2015


SUNRISE AND SUNSET
MAY 24 2017...........SUNRISE   517 AM MST   SUNSET   714 PM MST
MAY 25 2017...........SUNRISE   517 AM MST   SUNSET   714 PM MST


-  INDICATES NEGATIVE NUMBERS.
R  INDICATES RECORD WAS SET OR TIED.
MM INDICATES DATA IS MISSING.
T  INDICATES TRACE AMOUNT.




$$
