000
CDUS45 KTWC 260029 RRA
CLIDUG

CLIMATE REPORT
NATIONAL WEATHER SERVICE TUCSON AZ
529 PM MST SUN JUN 25 2017


...................................

...THE DOUGLAS AZ CLIMATE SUMMARY FOR JUNE 25 2017...
VALID TODAY AS OF 0500 PM LOCAL TIME.

CLIMATE NORMAL PERIOD 1981 TO 2010
CLIMATE RECORD PERIOD 1948 TO 2017


WEATHER ITEM   OBSERVED TIME   RECORD YEAR NORMAL DEPARTURE LAST
                VALUE   (LST)  VALUE       VALUE  FROM      YEAR
                                                  NORMAL
..................................................................
TEMPERATURE (F)
 TODAY
  MAXIMUM        103    313 PM 108    1994  97      6       96
  MINIMUM         69    458 AM  53    1983  63      6       67
  AVERAGE         86                        80      6       82

PRECIPITATION (IN)
  TODAY            0.00                      0.03  -0.03     0.12
  MONTH TO DATE    0.03                      0.42  -0.39     0.40
  SINCE OCT 1      3.15                      5.37  -2.22     3.08
  SINCE JAN 1      1.80                      2.82  -1.02     1.87

DEGREE DAYS
 COOLING
  TODAY           21                        15      6       17
  MONTH TO DATE  399                       317     82      390
  SINCE JUN 1    399                       317     82      390
  SINCE JAN 1    592                       518     74      538
..................................................................


WIND (MPH)
  HIGHEST WIND SPEED    21   HIGHEST WIND DIRECTION     N (350)
  HIGHEST GUST SPEED    32   HIGHEST GUST DIRECTION     N (360)
  AVERAGE WIND SPEED     7.7


SKY COVER
  POSSIBLE SUNSHINE  MM
  AVERAGE SKY COVER 0.0


WEATHER CONDITIONS
 THE FOLLOWING WEATHER WAS RECORDED TODAY.
  THUNDERSTORM


RELATIVE HUMIDITY (PERCENT)
 HIGHEST    61
 LOWEST     12
 AVERAGE    37

..........................................................


THE DOUGLAS AZ CLIMATE NORMALS FOR TOMORROW
                         NORMAL    RECORD    YEAR
 MAXIMUM TEMPERATURE (F)   97       110      1994
 MINIMUM TEMPERATURE (F)   64        52      1975


SUNRISE AND SUNSET
JUNE 25 2017..........SUNRISE   515 AM MST   SUNSET   727 PM MST
JUNE 26 2017..........SUNRISE   516 AM MST   SUNSET   727 PM MST


-  INDICATES NEGATIVE NUMBERS.
R  INDICATES RECORD WAS SET OR TIED.
MM INDICATES DATA IS MISSING.
T  INDICATES TRACE AMOUNT.




$$
