000
CDUS45 KTWC 131426 RRA
CLIDUG

CLIMATE REPORT
NATIONAL WEATHER SERVICE TUCSON AZ
726 AM MST WED DEC 13 2017


...................................

...THE DOUGLAS AZ CLIMATE SUMMARY FOR DECEMBER 13 2017...
VALID AS OF 0700 AM LOCAL TIME.

CLIMATE NORMAL PERIOD 1981 TO 2010
CLIMATE RECORD PERIOD 1948 TO 2017


WEATHER ITEM   OBSERVED TIME   RECORD YEAR NORMAL DEPARTURE LAST
                VALUE   (LST)  VALUE       VALUE  FROM      YEAR
                                                  NORMAL
..................................................................
TEMPERATURE (F)
 TODAY
  MINIMUM         26    535 AM  12    1989  29     -3       32

PRECIPITATION (IN)
  TODAY            0.00          0.31 1984   0.04  -0.04     0.00
  MONTH TO DATE    0.03                      0.42  -0.39     0.16
  SINCE OCT 1      0.26                      2.00  -1.74     0.42
  SINCE JAN 1      8.94                     12.55  -3.61    12.56

DEGREE DAYS
 HEATING
  TODAY           31                        19     12       12

 COOLING
  TODAY            0                         0      0        0
..................................................................


WIND (MPH)
  HIGHEST WIND SPEED    13   HIGHEST WIND DIRECTION     N (360)
  HIGHEST GUST SPEED    15   HIGHEST GUST DIRECTION     N (360)
  AVERAGE WIND SPEED    MM


SKY COVER
  POSSIBLE SUNSHINE  MM
  AVERAGE SKY COVER  MM


WEATHER CONDITIONS
 THE FOLLOWING WEATHER WAS RECORDED TODAY.
  NO SIGNIFICANT WEATHER WAS OBSERVED.


RELATIVE HUMIDITY (PERCENT)
 HIGHEST    MM

..........................................................


THE DOUGLAS AZ CLIMATE NORMALS FOR TOMORROW
                         NORMAL    RECORD    YEAR
 MAXIMUM TEMPERATURE (F)   62        76      2010
 MINIMUM TEMPERATURE (F)   29        14      2001


SUNRISE AND SUNSET
DECEMBER 13 2017......SUNRISE   709 AM MST   SUNSET   516 PM MST
DECEMBER 14 2017......SUNRISE   710 AM MST   SUNSET   517 PM MST


-  INDICATES NEGATIVE NUMBERS.
R  INDICATES RECORD WAS SET OR TIED.
MM INDICATES DATA IS MISSING.
T  INDICATES TRACE AMOUNT.




$$
