000
CDUS43 KDVN 290927
CLIDVN


CLIMATE REPORT
NATIONAL WEATHER SERVICE QUAD CITIES IA IL
426 AM CDT FRI JUL 29 2016


...................................

...THE DAVENPORT IA CLIMATE SUMMARY FOR JULY 28 2016...

CLIMATE NORMAL PERIOD 1981 TO 2010
CLIMATE RECORD PERIOD 9999 TO 9999


WEATHER ITEM   OBSERVED TIME   RECORD YEAR NORMAL DEPARTURE LAST
                VALUE   (LST)  VALUE       VALUE  FROM      YEAR
                                                  NORMAL
..................................................................
TEMPERATURE (F)
 YESTERDAY
  MAXIMUM         83   1112 AM  MM      MM  83      0       85
  MINIMUM         64    417 AM  MM      MM  63      1       70
  AVERAGE         74                        73      1       78

PRECIPITATION (IN)
  YESTERDAY        0.00         MM      MM   0.12  -0.12     0.83
  MONTH TO DATE    6.60                      3.81   2.79     6.89
  SINCE JUN 1     12.19                      8.00   4.19    14.57
  SINCE JAN 1     22.75                     20.81   1.94    25.21

SNOWFALL (IN)
  YESTERDAY        0.0          MM      MM  MM     MM        0.0
  MONTH TO DATE    0.0                      MM     MM        0.0
  SINCE JUN 1      0.0                      MM     MM        0.0
  SINCE JUL 1      0.0                      MM     MM        0.0
  SNOW DEPTH       0

DEGREE DAYS
 HEATING
  YESTERDAY        0                         0      0        0
  MONTH TO DATE    4                         0      4        5
  SINCE JUN 1      9                        24    -15       12
  SINCE JUL 1      4                         0      4        5

 COOLING
  YESTERDAY        9                         8      1       13
  MONTH TO DATE  240                       233      7      205
  SINCE JUN 1    468                       415     53      391
  SINCE JAN 1    553                       476     77      471
..................................................................


WIND (MPH)
  HIGHEST WIND SPEED    17   HIGHEST WIND DIRECTION     W (280)
  HIGHEST GUST SPEED    23   HIGHEST GUST DIRECTION     W (280)
  AVERAGE WIND SPEED     5.2


SKY COVER
  POSSIBLE SUNSHINE  MM
  AVERAGE SKY COVER 0.2


WEATHER CONDITIONS
 THE FOLLOWING WEATHER WAS RECORDED YESTERDAY.
  FOG
  FOG W/VISIBILITY <= 1/4 MILE


RELATIVE HUMIDITY (PERCENT)
 HIGHEST   100           300 AM
 LOWEST     62           300 PM
 AVERAGE    81

..........................................................


THE DAVENPORT IA CLIMATE NORMALS FOR TODAY
                         NORMAL    RECORD    YEAR
 MAXIMUM TEMPERATURE (F)   83        MM        MM
 MINIMUM TEMPERATURE (F)   63        MM        MM


SUNRISE AND SUNSET
JULY 29 2016..........SUNRISE   554 AM CDT   SUNSET   823 PM CDT
JULY 30 2016..........SUNRISE   555 AM CDT   SUNSET   822 PM CDT


-  INDICATES NEGATIVE NUMBERS.
R  INDICATES RECORD WAS SET OR TIED.
MM INDICATES DATA IS MISSING.
T  INDICATES TRACE AMOUNT.




$$
