000
CDUS43 KDVN 012125
CLIDVN


CLIMATE REPORT
NATIONAL WEATHER SERVICE QUAD CITIES IA IL
423 PM CDT SAT OCT 1 2016


...................................

...THE DAVENPORT IA CLIMATE SUMMARY FOR OCTOBER 1 2016...
VALID TODAY AS OF 0400 PM LOCAL TIME.

CLIMATE NORMAL PERIOD 1981 TO 2010
CLIMATE RECORD PERIOD 9999 TO 9999


WEATHER ITEM   OBSERVED TIME   RECORD YEAR NORMAL DEPARTURE LAST
                VALUE   (LST)  VALUE       VALUE  FROM      YEAR
                                                  NORMAL
..................................................................
TEMPERATURE (F)
 TODAY
  MAXIMUM         70    201 PM  MM      MM  69      1       64
  MINIMUM         59    707 AM  MM      MM  45     14       42
  AVERAGE         65                        57      8       53

PRECIPITATION (IN)
  TODAY            0.01         MM      MM   0.11  -0.10     0.00
  MONTH TO DATE    0.01                      0.11  -0.10     0.00
  SINCE SEP 1      2.90                      3.17  -0.27     4.50
  SINCE JAN 1     35.38                     28.99   6.39    33.05

SNOWFALL (IN)
  TODAY            0.0          MM      MM  MM     MM        0.0
  MONTH TO DATE    0.0                      MM     MM        0.0
  SINCE SEP 1      0.0                      MM     MM         T
  SINCE JUL 1      0.0                      MM     MM         T
  SNOW DEPTH       0

DEGREE DAYS
 HEATING
  TODAY            0                         9     -9       12
  MONTH TO DATE    0                         9     -9       12
  SINCE SEP 1     26                       130   -104       62
  SINCE JUL 1     30                       144   -114       76

 COOLING
  TODAY            0                         1     -1        0
  MONTH TO DATE    0                         1     -1        0
  SINCE SEP 1    167                        71     96      195
  SINCE JAN 1   1019                       775    244      858
..................................................................


WIND (MPH)
  HIGHEST WIND SPEED    13   HIGHEST WIND DIRECTION     N (20)
  HIGHEST GUST SPEED    16   HIGHEST GUST DIRECTION     N (20)
  AVERAGE WIND SPEED     5.8


SKY COVER
  POSSIBLE SUNSHINE  MM
  AVERAGE SKY COVER 1.0


WEATHER CONDITIONS
 THE FOLLOWING WEATHER WAS RECORDED TODAY.
  LIGHT RAIN
  FOG
  HAZE


RELATIVE HUMIDITY (PERCENT)
 HIGHEST   100          1000 AM
 LOWEST     66           200 PM
 AVERAGE    83

..........................................................


THE DAVENPORT IA CLIMATE NORMALS FOR TOMORROW
                         NORMAL    RECORD    YEAR
 MAXIMUM TEMPERATURE (F)   69        MM        MM
 MINIMUM TEMPERATURE (F)   45        MM        MM


SUNRISE AND SUNSET
OCTOBER  1 2016.......SUNRISE   700 AM CDT   SUNSET   643 PM CDT
OCTOBER  2 2016.......SUNRISE   701 AM CDT   SUNSET   641 PM CDT


-  INDICATES NEGATIVE NUMBERS.
R  INDICATES RECORD WAS SET OR TIED.
MM INDICATES DATA IS MISSING.
T  INDICATES TRACE AMOUNT.




$$
