000
CDUS46 KOTX 220821
CLIEAT


CLIMATE REPORT
NATIONAL WEATHER SERVICE SPOKANE, WA
121 AM PDT TUE AUG 22 2017


...................................

...THE WENATCHEE WA PANGBORN FIELD CLIMATE SUMMARY FOR AUGUST 21 2017...

CLIMATE NORMAL PERIOD 1981 TO 2010
CLIMATE RECORD PERIOD 1959 TO 2017


WEATHER ITEM   OBSERVED TIME   RECORD YEAR NORMAL DEPARTURE LAST
                VALUE   (LST)  VALUE       VALUE  FROM      YEAR
                                                  NORMAL
..................................................................
TEMPERATURE (F)
 YESTERDAY
  MAXIMUM         88    353 PM 100    2005  85      3       93
  MINIMUM         60    539 AM  46    1960  60      0       65
  AVERAGE         74                        72      2       79

PRECIPITATION (IN)
  YESTERDAY        0.00          0.34 1990   0.01  -0.01     0.00
  MONTH TO DATE    0.06                      0.13  -0.07      T
  SINCE OCT 1      9.88                      7.60   2.28    11.16
  SINCE JAN 1      7.06                      4.65   2.41     7.30

SNOWFALL (IN)
  YESTERDAY       MM

DEGREE DAYS
 HEATING
  YESTERDAY        0                         0      0        0
  MONTH TO DATE    0                         0      0        2
  SINCE JUN 1     40                        65    -25       60
  SINCE JUL 1      0                         7     -7        4

 COOLING
  YESTERDAY        9                         8      1       14
  MONTH TO DATE  275                       205     70      232
  SINCE JUN 1    788                       766     22      656
  SINCE JAN 1    844                       913    -69      698
..................................................................


WIND (MPH)
  HIGHEST WIND SPEED    14   HIGHEST WIND DIRECTION    SE (150)
  HIGHEST GUST SPEED    19   HIGHEST GUST DIRECTION    SE (130)
  AVERAGE WIND SPEED     7.1


SKY COVER
  POSSIBLE SUNSHINE  MM
  AVERAGE SKY COVER 0.0


WEATHER CONDITIONS
 THE FOLLOWING WEATHER WAS RECORDED YESTERDAY.
  NO SIGNIFICANT WEATHER WAS OBSERVED.


RELATIVE HUMIDITY (PERCENT)
 HIGHEST    60           500 AM
 LOWEST     18           300 PM
 AVERAGE    39

..........................................................


THE WENATCHEE WA PANGBORN FIELD CLIMATE NORMALS FOR TODAY
                         NORMAL    RECORD    YEAR
 MAXIMUM TEMPERATURE (F)   85       100      1961
 MINIMUM TEMPERATURE (F)   60        43      1960


SUNRISE AND SUNSET
AUGUST 22 2017........SUNRISE   607 AM PDT   SUNSET   759 PM PDT
AUGUST 23 2017........SUNRISE   608 AM PDT   SUNSET   757 PM PDT


-  INDICATES NEGATIVE NUMBERS.
R  INDICATES RECORD WAS SET OR TIED.
MM INDICATES DATA IS MISSING.
T  INDICATES TRACE AMOUNT.




$$
