000
CDUS46 KOTX 090439
CLIEAT


CLIMATE REPORT
NATIONAL WEATHER SERVICE SPOKANE, WA
839 PM PST THU DEC 8 2016


...................................

...THE WENATCHEE WA PANGBORN FIELD CLIMATE SUMMARY FOR DECEMBER 8 2016...
VALID TODAY AS OF 0800 PM LOCAL TIME.

CLIMATE NORMAL PERIOD 1981 TO 2010
CLIMATE RECORD PERIOD 1959 TO 2016


WEATHER ITEM   OBSERVED TIME   RECORD YEAR NORMAL DEPARTURE LAST
                VALUE   (LST)  VALUE       VALUE  FROM      YEAR
                                                  NORMAL
..................................................................
TEMPERATURE (F)
 TODAY
  MAXIMUM         24    652 PM  52    1991  34    -10       41
  MINIMUM         14    740 AM  -1    1972  25    -11       33
  AVERAGE         19                        29    -10       37

PRECIPITATION (IN)
  TODAY            T             0.84 1963   0.04  -0.04     0.11
  MONTH TO DATE    0.09                      0.37  -0.28     1.43
  SINCE OCT 1      2.50                      1.92   0.58     2.47
  SINCE JAN 1      9.85                      6.98   2.87     6.86

SNOWFALL (IN)
  TODAY           MM

DEGREE DAYS
 HEATING
  TODAY           46                        36     10       28
  MONTH TO DATE  275                       279     -4      254
  SINCE DEC 1    275                       279     -4      254
  SINCE JUL 1   1352                      1651   -299     1319

 COOLING
  TODAY            0                         0      0        0
  MONTH TO DATE    0                         0      0        0
  SINCE DEC 1      0                         0      0        0
  SINCE JAN 1    801                       790     11     1397
..................................................................


WIND (MPH)
  HIGHEST WIND SPEED    10   HIGHEST WIND DIRECTION    SW (230)
  HIGHEST GUST SPEED    13   HIGHEST GUST DIRECTION    SW (230)
  AVERAGE WIND SPEED     3.7


SKY COVER
  POSSIBLE SUNSHINE  MM
  AVERAGE SKY COVER 0.8


WEATHER CONDITIONS
 THE FOLLOWING WEATHER WAS RECORDED TODAY.
  LIGHT SNOW
  FOG


RELATIVE HUMIDITY (PERCENT)
 HIGHEST    80           800 AM
 LOWEST     55           100 PM
 AVERAGE    68

..........................................................


THE WENATCHEE WA PANGBORN FIELD CLIMATE NORMALS FOR TOMORROW
                         NORMAL    RECORD    YEAR
 MAXIMUM TEMPERATURE (F)   33        52      2015
 MINIMUM TEMPERATURE (F)   24         3      1972


SUNRISE AND SUNSET
DECEMBER  8 2016......SUNRISE   736 AM PST   SUNSET   410 PM PST
DECEMBER  9 2016......SUNRISE   737 AM PST   SUNSET   410 PM PST


-  INDICATES NEGATIVE NUMBERS.
R  INDICATES RECORD WAS SET OR TIED.
MM INDICATES DATA IS MISSING.
T  INDICATES TRACE AMOUNT.




$$
