000
CDUS46 KOTX 012335
CLIEAT


CLIMATE REPORT
NATIONAL WEATHER SERVICE SPOKANE, WA
435 PM PDT SAT AUG 1 2015


...................................

...THE WENATCHEE WA PANGBORN FIELD CLIMATE SUMMARY FOR AUGUST 1 2015...
VALID AS OF 0400 PM LOCAL TIME.

CLIMATE NORMAL PERIOD 1981 TO 2010
CLIMATE RECORD PERIOD 1959 TO 2015


WEATHER ITEM   OBSERVED TIME   RECORD YEAR NORMAL DEPARTURE LAST
                VALUE   (LST)  VALUE       VALUE  FROM      YEAR
                                                  NORMAL
..................................................................
TEMPERATURE (F)
 TODAY
  MAXIMUM        104    259 PM 107    2009  89     15       97
  MINIMUM         72    529 AM  51    1987  63      9       72
  AVERAGE         88                        76     12       85

PRECIPITATION (IN)
  TODAY            0.00          1.09 2013   0.01  -0.01      T
  MONTH TO DATE    0.00                      0.01  -0.01      T
  SINCE OCT 1      7.15                      7.48  -0.33     3.69
  SINCE JAN 1      3.97                      4.53  -0.56     3.13

SNOWFALL (IN)
  TODAY           MM

DEGREE DAYS
 HEATING
  TODAY            0                         0      0        0
  MONTH TO DATE    0                         0      0        0
  SINCE JUN 1      0                        65    -65       15
  SINCE JUL 1      0                         7     -7        0

 COOLING
  TODAY           23                        11     12       20
  MONTH TO DATE   23                        11     12       20
  SINCE JUN 1    886                       572    314      667
  SINCE JAN 1    985                       719    266      725
..................................................................


WIND (MPH)
  HIGHEST WIND SPEED    18   HIGHEST WIND DIRECTION    NW (320)
  HIGHEST GUST SPEED    23   HIGHEST GUST DIRECTION    NW (320)
  AVERAGE WIND SPEED     8.2


SKY COVER
  POSSIBLE SUNSHINE  MM
  AVERAGE SKY COVER 0.0


WEATHER CONDITIONS
 THE FOLLOWING WEATHER WAS RECORDED TODAY.
  NO SIGNIFICANT WEATHER WAS OBSERVED.


RELATIVE HUMIDITY (PERCENT)
 HIGHEST    26           700 AM
 LOWEST      5           200 PM
 AVERAGE    16

..........................................................


THE WENATCHEE WA PANGBORN FIELD CLIMATE NORMALS FOR TOMORROW
                         NORMAL    RECORD    YEAR
 MAXIMUM TEMPERATURE (F)   89       103      1961
 MINIMUM TEMPERATURE (F)   63        48      1964


SUNRISE AND SUNSET
AUGUST  1 2015........SUNRISE   539 AM PDT   SUNSET   835 PM PDT
AUGUST  2 2015........SUNRISE   540 AM PDT   SUNSET   833 PM PDT


-  INDICATES NEGATIVE NUMBERS.
R  INDICATES RECORD WAS SET OR TIED.
MM INDICATES DATA IS MISSING.
T  INDICATES TRACE AMOUNT.




$$
