000
CDUS46 KOTX 250822
CLIEAT


CLIMATE REPORT
NATIONAL WEATHER SERVICE SPOKANE, WA
1221 AM PST THU DEC 25 2014


...................................

...THE WENATCHEE WA PANGBORN FIELD CLIMATE SUMMARY FOR DECEMBER 24 2014...

CLIMATE NORMAL PERIOD 1981 TO 2010
CLIMATE RECORD PERIOD 1959 TO 2014


WEATHER ITEM   OBSERVED TIME   RECORD YEAR NORMAL DEPARTURE LAST
                VALUE   (LST)  VALUE       VALUE  FROM      YEAR
                                                  NORMAL
..................................................................
TEMPERATURE (F)
 YESTERDAY
  MAXIMUM         48R   330 PM  47    1972  31     17       45
  MINIMUM         37    450 AM  -1    1983  22     15       22
  AVERAGE         43                        27     16       34

PRECIPITATION (IN)
  YESTERDAY        0.00          0.44 1988   0.05  -0.05     0.00
  MONTH TO DATE    1.21                      1.12   0.09     0.11
  SINCE OCT 1      3.05                      2.67   0.38     0.56
  SINCE JAN 1      7.17                      7.73  -0.56     7.25

SNOWFALL (IN)
  YESTERDAY       MM

DEGREE DAYS
 HEATING
  YESTERDAY       22                        38    -16       31
  MONTH TO DATE  690                       879   -189      950
  SINCE DEC 1    690                       879   -189      950
  SINCE JUL 1   1796                      2251   -455     2315

 COOLING
  YESTERDAY        0                         0      0        0
  MONTH TO DATE    0                         0      0        0
  SINCE DEC 1      0                         0      0        0
  SINCE JAN 1   1218                       790    428     1028
..................................................................


WIND (MPH)
  HIGHEST WIND SPEED    29   HIGHEST WIND DIRECTION    NW (310)
  HIGHEST GUST SPEED    34   HIGHEST GUST DIRECTION    NW (310)
  AVERAGE WIND SPEED    11.7


SKY COVER
  POSSIBLE SUNSHINE  MM
  AVERAGE SKY COVER 0.4


WEATHER CONDITIONS
 THE FOLLOWING WEATHER WAS RECORDED YESTERDAY.
  NO SIGNIFICANT WEATHER WAS OBSERVED.


RELATIVE HUMIDITY (PERCENT)
 HIGHEST    85          1200 AM
 LOWEST     37           400 PM
 AVERAGE    61

..........................................................


THE WENATCHEE WA PANGBORN FIELD CLIMATE NORMALS FOR TODAY
                         NORMAL    RECORD    YEAR
 MAXIMUM TEMPERATURE (F)   31        50      1963
 MINIMUM TEMPERATURE (F)   22         4      1990


SUNRISE AND SUNSET
DECEMBER 25 2014......SUNRISE   747 AM PST   SUNSET   415 PM PST
DECEMBER 26 2014......SUNRISE   747 AM PST   SUNSET   416 PM PST


-  INDICATES NEGATIVE NUMBERS.
R  INDICATES RECORD WAS SET OR TIED.
MM INDICATES DATA IS MISSING.
T  INDICATES TRACE AMOUNT.




$$
