000
CDUS43 KMPX 300735
CLIEAU


CLIMATE REPORT
NATIONAL WEATHER SERVICE CHANHASSEN MN
134 AM CST FRI JAN 30 2015


...................................

...THE EAU CLAIRE WI CLIMATE SUMMARY FOR JANUARY 29 2015...

CLIMATE NORMAL PERIOD 1981 TO 2010
CLIMATE RECORD PERIOD 1893 TO 2015


WEATHER ITEM   OBSERVED TIME   RECORD YEAR NORMAL DEPARTURE LAST
                VALUE   (LST)  VALUE       VALUE  FROM      YEAR
                                                  NORMAL
..................................................................
TEMPERATURE (F)
 YESTERDAY
  MAXIMUM         34   1250 PM  45    1927  24     10       30
  MINIMUM         12   1159 PM -34    1951   6      6      -11
  AVERAGE         23                        15      8       10

PRECIPITATION (IN)
  YESTERDAY        T             0.52 1987   0.03  -0.03     0.00
  MONTH TO DATE    0.37                      0.83  -0.46     1.27
  SINCE DEC 1      1.05                      1.83  -0.78     2.80
  SINCE JAN 1      0.37                      0.83  -0.46     1.27

SNOWFALL (IN)
  YESTERDAY        0.0           6.3  1987   0.4   -0.4      0.0
  MONTH TO DATE    6.4                      12.4   -6.0     19.3
  SINCE DEC 1     12.7                      21.9   -9.2     38.3
  SINCE JUL 1     26.9                      28.2   -1.3     40.5
  SNOW DEPTH       3

DEGREE DAYS
 HEATING
  YESTERDAY       42                        50     -8       55
  MONTH TO DATE 1418                      1470    -52     1711
  SINCE DEC 1   2698                      2900   -202     3376
  SINCE JUL 1   4670                      4646     24     5121

 COOLING
  YESTERDAY        0                         0      0        0
  MONTH TO DATE    0                         0      0        0
  SINCE DEC 1      0                         0      0        0
  SINCE JAN 1      0                         0      0        0
..................................................................


WIND (MPH)
  HIGHEST WIND SPEED    24   HIGHEST WIND DIRECTION    NW (310)
  HIGHEST GUST SPEED    33   HIGHEST GUST DIRECTION    NW (310)
  AVERAGE WIND SPEED    12.2


SKY COVER
  POSSIBLE SUNSHINE  MM
  AVERAGE SKY COVER 0.9


WEATHER CONDITIONS
 THE FOLLOWING WEATHER WAS RECORDED YESTERDAY.
  FOG
  HAZE


RELATIVE HUMIDITY (PERCENT)
 HIGHEST    92           300 AM
 LOWEST     56           900 PM
 AVERAGE    74

..........................................................


THE EAU CLAIRE WI CLIMATE NORMALS FOR TODAY
                         NORMAL    RECORD    YEAR
 MAXIMUM TEMPERATURE (F)   25        50      1896
 MINIMUM TEMPERATURE (F)    6       -45      1951


SUNRISE AND SUNSET
JANUARY 30 2015.......SUNRISE   728 AM CST   SUNSET   511 PM CST
JANUARY 31 2015.......SUNRISE   727 AM CST   SUNSET   513 PM CST


-  INDICATES NEGATIVE NUMBERS.
R  INDICATES RECORD WAS SET OR TIED.
MM INDICATES DATA IS MISSING.
T  INDICATES TRACE AMOUNT.




$$
