000
CDUS43 KMPX 250629
CLIEAU


CLIMATE REPORT
NATIONAL WEATHER SERVICE CHANHASSEN MN
126 AM CDT SUN SEP 25 2016


...................................

...THE EAU CLAIRE WI CLIMATE SUMMARY FOR SEPTEMBER 24 2016...

CLIMATE NORMAL PERIOD 1981 TO 2010
CLIMATE RECORD PERIOD 1893 TO 2016


WEATHER ITEM   OBSERVED TIME   RECORD YEAR NORMAL DEPARTURE LAST
                VALUE   (LST)  VALUE       VALUE  FROM      YEAR
                                                  NORMAL
..................................................................
TEMPERATURE (F)
 YESTERDAY
  MAXIMUM         67    433 PM  90    1935  68     -1       72
  MINIMUM         61    822 AM  27    1976  45     16       62
  AVERAGE         64                        56      8       67

PRECIPITATION (IN)
  YESTERDAY        0.00          1.18 1984   0.13  -0.13      T
  MONTH TO DATE    7.89                      3.00   4.89     4.51
  SINCE SEP 1      7.89                      3.00   4.89     4.51
  SINCE JAN 1     34.72                     25.12   9.60    32.07

SNOWFALL (IN)
  YESTERDAY        0.0           0.0    MM   0.0    0.0      0.0
  MONTH TO DATE    0.0                       0.0    0.0      0.0
  SINCE SEP 1      0.0                       0.0    0.0      0.0
  SINCE JUL 1      0.0                       0.0    0.0      0.0
  SNOW DEPTH       0

DEGREE DAYS
 HEATING
  YESTERDAY        1                         9     -8        0
  MONTH TO DATE   35                       128    -93       60
  SINCE SEP 1     35                       128    -93       60
  SINCE JUL 1     45                       167   -122      115

 COOLING
  YESTERDAY        0                         1     -1        2
  MONTH TO DATE   39                        45     -6      111
  SINCE SEP 1     39                        45     -6      111
  SINCE JAN 1    622                       572     50      513
..................................................................


WIND (MPH)
  HIGHEST WIND SPEED    18   HIGHEST WIND DIRECTION    SE (140)
  HIGHEST GUST SPEED    24   HIGHEST GUST DIRECTION     E (110)
  AVERAGE WIND SPEED     9.6


SKY COVER
  POSSIBLE SUNSHINE  MM
  AVERAGE SKY COVER 1.0


WEATHER CONDITIONS
 THE FOLLOWING WEATHER WAS RECORDED YESTERDAY.
  NO SIGNIFICANT WEATHER WAS OBSERVED.


RELATIVE HUMIDITY (PERCENT)
 HIGHEST    90           700 AM
 LOWEST     78           100 AM
 AVERAGE    84

..........................................................


THE EAU CLAIRE WI CLIMATE NORMALS FOR TODAY
                         NORMAL    RECORD    YEAR
 MAXIMUM TEMPERATURE (F)   67        91      1920
 MINIMUM TEMPERATURE (F)   45        27      1942


SUNRISE AND SUNSET
SEPTEMBER 25 2016.....SUNRISE   657 AM CDT   SUNSET   657 PM CDT
SEPTEMBER 26 2016.....SUNRISE   658 AM CDT   SUNSET   655 PM CDT


-  INDICATES NEGATIVE NUMBERS.
R  INDICATES RECORD WAS SET OR TIED.
MM INDICATES DATA IS MISSING.
T  INDICATES TRACE AMOUNT.




$$
