000
CDUS43 KMPX 250738
CLIEAU


CLIMATE REPORT
NATIONAL WEATHER SERVICE CHANHASSEN MN
238 AM CDT SAT OCT 25 2014


...................................

...THE EAU CLAIRE WI CLIMATE SUMMARY FOR OCTOBER 24 2014...

CLIMATE NORMAL PERIOD 1981 TO 2010
CLIMATE RECORD PERIOD 1893 TO 2014


WEATHER ITEM   OBSERVED TIME   RECORD YEAR NORMAL DEPARTURE LAST
                VALUE   (LST)  VALUE       VALUE  FROM      YEAR
                                                  NORMAL
..................................................................
TEMPERATURE (F)
 YESTERDAY
  MAXIMUM         60    228 PM  80    1989  54      6       44
  MINIMUM         48   1112 PM  14    1960  34     14       32
  AVERAGE         54                        44     10       38

PRECIPITATION (IN)
  YESTERDAY        0.00          1.65 1906   0.07  -0.07      T
  MONTH TO DATE    2.43                      1.93   0.50     3.36
  SINCE SEP 1      7.89                      5.61   2.28     5.13
  SINCE JAN 1     40.56                     27.73  12.83    32.77

SNOWFALL (IN)
  YESTERDAY        0.0           1.0  1981   0.0    0.0       T
  MONTH TO DATE    0.6                       0.2    0.4       T
  SINCE SEP 1      0.6                       0.2    0.4       T
  SINCE JUL 1      0.6                       0.2    0.4       T
  SNOW DEPTH       0

DEGREE DAYS
 HEATING
  YESTERDAY       11                        21    -10       27
  MONTH TO DATE  422                       395     27      386
  SINCE SEP 1    609                       589     20      515
  SINCE JUL 1    632                       628      4      553

 COOLING
  YESTERDAY        0                         0      0        0
  MONTH TO DATE    0                         0      0        0
  SINCE SEP 1     22                        48    -26       87
  SINCE JAN 1    500                       575    -75      653
..................................................................


WIND (MPH)
  HIGHEST WIND SPEED    15   HIGHEST WIND DIRECTION    SE (150)
  HIGHEST GUST SPEED    17   HIGHEST GUST DIRECTION    SE (140)
  AVERAGE WIND SPEED     6.9


SKY COVER
  POSSIBLE SUNSHINE  MM
  AVERAGE SKY COVER 0.9


WEATHER CONDITIONS
 THE FOLLOWING WEATHER WAS RECORDED YESTERDAY.
  FOG
  FOG W/VISIBILITY <= 1/4 MILE


RELATIVE HUMIDITY (PERCENT)
 HIGHEST   100          1200 AM
 LOWEST     64           100 PM
 AVERAGE    82

..........................................................


THE EAU CLAIRE WI CLIMATE NORMALS FOR TODAY
                         NORMAL    RECORD    YEAR
 MAXIMUM TEMPERATURE (F)   54        81      1989
 MINIMUM TEMPERATURE (F)   34        17      1962


SUNRISE AND SUNSET
OCTOBER 25 2014.......SUNRISE   735 AM CDT   SUNSET   605 PM CDT
OCTOBER 26 2014.......SUNRISE   736 AM CDT   SUNSET   603 PM CDT


-  INDICATES NEGATIVE NUMBERS.
R  INDICATES RECORD WAS SET OR TIED.
MM INDICATES DATA IS MISSING.
T  INDICATES TRACE AMOUNT.




$$
