000
CDUS43 KMPX 220705
CLIEAU


CLIMATE REPORT
NATIONAL WEATHER SERVICE CHANHASSEN MN
205 AM CDT SAT JUL 22 2017


...................................

...THE EAU CLAIRE WI CLIMATE SUMMARY FOR JULY 21 2017...

CLIMATE NORMAL PERIOD 1981 TO 2010
CLIMATE RECORD PERIOD 1893 TO 2017


WEATHER ITEM   OBSERVED TIME   RECORD YEAR NORMAL DEPARTURE LAST
                VALUE   (LST)  VALUE       VALUE  FROM      YEAR
                                                  NORMAL
..................................................................
TEMPERATURE (F)
 YESTERDAY
  MAXIMUM         78    528 PM 105    1934  83     -5       89
  MINIMUM         61    524 AM  46    1992  60      1       69
  AVERAGE         70                        72     -2       79

PRECIPITATION (IN)
  YESTERDAY        0.03          1.53 1919   0.13  -0.10     0.32
  MONTH TO DATE    2.67                      2.61   0.06     2.71
  SINCE JUN 1      7.98                      6.74   1.24     9.00
  SINCE JAN 1     22.48                     16.38   6.10    21.19

SNOWFALL (IN)
  YESTERDAY        0.0           0.0    MM   0.0    0.0      0.0
  MONTH TO DATE    0.0                       0.0    0.0      0.0
  SINCE JUN 1      0.0                       0.0    0.0      0.0
  SINCE JUL 1      0.0                       0.0    0.0      0.0
  SNOW DEPTH       0

DEGREE DAYS
 HEATING
  YESTERDAY        0                         1     -1        0
  MONTH TO DATE    1                         1      0        4
  SINCE JUN 1     38                        63    -25       36
  SINCE JUL 1      1                         1      0        4

 COOLING
  YESTERDAY        5                         7     -2       14
  MONTH TO DATE  132                       146    -14      134
  SINCE JUN 1    239                       266    -27      260
  SINCE JAN 1    247                       298    -51      300
..................................................................


WIND (MPH)
  HIGHEST WIND SPEED    18   HIGHEST WIND DIRECTION     S (180)
  HIGHEST GUST SPEED    23   HIGHEST GUST DIRECTION     S (170)
  AVERAGE WIND SPEED     5.8


SKY COVER
  POSSIBLE SUNSHINE  MM
  AVERAGE SKY COVER 0.5


WEATHER CONDITIONS
 THE FOLLOWING WEATHER WAS RECORDED YESTERDAY.
  LIGHT RAIN
  FOG
  FOG W/VISIBILITY <= 1/4 MILE


RELATIVE HUMIDITY (PERCENT)
 HIGHEST   100          1200 AM
 LOWEST     62           500 PM
 AVERAGE    81

..........................................................


THE EAU CLAIRE WI CLIMATE NORMALS FOR TODAY
                         NORMAL    RECORD    YEAR
 MAXIMUM TEMPERATURE (F)   83       104      1934
 MINIMUM TEMPERATURE (F)   60        45      1947


SUNRISE AND SUNSET
JULY 22 2017..........SUNRISE   541 AM CDT   SUNSET   843 PM CDT
JULY 23 2017..........SUNRISE   542 AM CDT   SUNSET   842 PM CDT


-  INDICATES NEGATIVE NUMBERS.
R  INDICATES RECORD WAS SET OR TIED.
MM INDICATES DATA IS MISSING.
T  INDICATES TRACE AMOUNT.




$$
