000
CDUS43 KMPX 290625
CLIEAU


CLIMATE REPORT
NATIONAL WEATHER SERVICE CHANHASSEN MN
125 AM CDT WED MAR 29 2017


...................................

...THE EAU CLAIRE WI CLIMATE SUMMARY FOR MARCH 28 2017...

CLIMATE NORMAL PERIOD 1981 TO 2010
CLIMATE RECORD PERIOD 1893 TO 2017


WEATHER ITEM   OBSERVED TIME   RECORD YEAR NORMAL DEPARTURE LAST
                VALUE   (LST)  VALUE       VALUE  FROM      YEAR
                                                  NORMAL
..................................................................
TEMPERATURE (F)
 YESTERDAY
  MAXIMUM         63        MM  80    1946  47     16       56
  MINIMUM         26        MM  -4    1923  27     -1       24
  AVERAGE         45                        37      8       40

PRECIPITATION (IN)
  YESTERDAY        0.00          1.02 2003   0.07  -0.07     0.00
  MONTH TO DATE    1.07                      1.50  -0.43     3.30
  SINCE MAR 1      1.07                      1.50  -0.43     3.30
  SINCE JAN 1      5.15                      3.20   1.95     4.46

SNOWFALL (IN)
  YESTERDAY        0.0          14.0  1965   0.2   -0.2      0.0
  MONTH TO DATE    4.8                       8.0   -3.2     12.1
  SINCE MAR 1      4.8                       8.0   -3.2     12.1
  SINCE JUL 1     53.7                      44.3    9.4     36.2
  SNOW DEPTH       0

DEGREE DAYS
 HEATING
  YESTERDAY       20                        28     -8       25
  MONTH TO DATE  983                       962     21      744
  SINCE MAR 1    983                       962     21      744
  SINCE JUL 1   6093                      6982   -889     5922

 COOLING
  YESTERDAY        0                         0      0        0
  MONTH TO DATE    0                         0      0        0
  SINCE MAR 1      0                         0      0        0
  SINCE JAN 1      0                         0      0        0
..................................................................


WIND (MPH)
  HIGHEST WIND SPEED     8   HIGHEST WIND DIRECTION    NE (50)
  HIGHEST GUST SPEED    MM   HIGHEST GUST DIRECTION    MM
  AVERAGE WIND SPEED     1.8


SKY COVER
  POSSIBLE SUNSHINE  MM
  AVERAGE SKY COVER 0.3


WEATHER CONDITIONS
 THE FOLLOWING WEATHER WAS RECORDED YESTERDAY.
  FOG
  FOG W/VISIBILITY <= 1/4 MILE


RELATIVE HUMIDITY (PERCENT)
 HIGHEST   100           200 AM
 LOWEST     22           500 PM
 AVERAGE    61

..........................................................


THE EAU CLAIRE WI CLIMATE NORMALS FOR TODAY
                         NORMAL    RECORD    YEAR
 MAXIMUM TEMPERATURE (F)   48        84      1986
 MINIMUM TEMPERATURE (F)   27        -6      1969


SUNRISE AND SUNSET
MARCH 29 2017.........SUNRISE   652 AM CDT   SUNSET   730 PM CDT
MARCH 30 2017.........SUNRISE   650 AM CDT   SUNSET   731 PM CDT


-  INDICATES NEGATIVE NUMBERS.
R  INDICATES RECORD WAS SET OR TIED.
MM INDICATES DATA IS MISSING.
T  INDICATES TRACE AMOUNT.




$$
