000
CDUS43 KMPX 210626
CLIEAU


CLIMATE REPORT
NATIONAL WEATHER SERVICE CHANHASSEN MN
126 AM CDT MON APR 21 2014


...................................

...THE EAU CLAIRE WI CLIMATE SUMMARY FOR APRIL 20 2014...

CLIMATE NORMAL PERIOD 1981 TO 2010
CLIMATE RECORD PERIOD 1893 TO 2014


WEATHER ITEM   OBSERVED TIME   RECORD YEAR NORMAL DEPARTURE LAST
                VALUE   (LST)  VALUE       VALUE  FROM      YEAR
                                                  NORMAL
..................................................................
TEMPERATURE (F)
 YESTERDAY
  MAXIMUM         69    350 PM  88    1987  60      9       43
  MINIMUM         51    624 AM  19    1897  36     15       21
  AVERAGE         60                        48     12       32

PRECIPITATION (IN)
  YESTERDAY        0.03          1.41 1968   0.09  -0.06     0.00
  MONTH TO DATE    2.67                      1.71   0.96     4.18
  SINCE MAR 1      3.40                      3.44  -0.04     7.00
  SINCE JAN 1      6.60                      5.14   1.46     9.57

SNOWFALL (IN)
  YESTERDAY        0.0           6.0  1893   0.1   -0.1      0.0
  MONTH TO DATE    9.1                       1.6    7.5      8.2
  SINCE MAR 1     13.1                      10.2    2.9     31.9
  SINCE JUL 1     74.8                      46.5   28.3     74.4
  SNOW DEPTH       0

DEGREE DAYS
 HEATING
  YESTERDAY        5                        17    -12       33
  MONTH TO DATE  499                       430     69      640
  SINCE MAR 1   1783                      1474    309     1909
  SINCE JUL 1   8675                      7495   1180     7768

 COOLING
  YESTERDAY        0                         0      0        0
  MONTH TO DATE    0                         0      0        0
  SINCE MAR 1      0                         0      0        0
  SINCE JAN 1      0                         0      0        0
..................................................................


WIND (MPH)
  HIGHEST WIND SPEED    14   HIGHEST WIND DIRECTION     S (180)
  HIGHEST GUST SPEED    17   HIGHEST GUST DIRECTION     S (190)
  AVERAGE WIND SPEED     4.9


SKY COVER
  POSSIBLE SUNSHINE  MM
  AVERAGE SKY COVER 0.8


WEATHER CONDITIONS
 THE FOLLOWING WEATHER WAS RECORDED YESTERDAY.
  LIGHT RAIN


RELATIVE HUMIDITY (PERCENT)
 HIGHEST    93           700 AM
 LOWEST     53           200 PM
 AVERAGE    73

..........................................................


THE EAU CLAIRE WI CLIMATE NORMALS FOR TODAY
                         NORMAL    RECORD    YEAR
 MAXIMUM TEMPERATURE (F)   61        90      1980
 MINIMUM TEMPERATURE (F)   37        20      1978


SUNRISE AND SUNSET
APRIL 21 2014.........SUNRISE   611 AM CDT   SUNSET   759 PM CDT
APRIL 22 2014.........SUNRISE   610 AM CDT   SUNSET   800 PM CDT


-  INDICATES NEGATIVE NUMBERS.
R  INDICATES RECORD WAS SET OR TIED.
MM INDICATES DATA IS MISSING.
T  INDICATES TRACE AMOUNT.




$$
