000
CDUS42 KAKQ 270857
CLIECG


CLIMATE REPORT
NATIONAL WEATHER SERVICE WAKEFIELD, VA
456 AM EDT FRI MAR 27 2015


...................................

...THE ELIZABETH CITY NC CLIMATE SUMMARY FOR MARCH 26 2015...

CLIMATE NORMAL PERIOD 1981 TO 2010
CLIMATE RECORD PERIOD 1934 TO 2015


WEATHER ITEM   OBSERVED TIME   RECORD YEAR NORMAL DEPARTURE LAST
                VALUE   (LST)  VALUE       VALUE  FROM      YEAR
                                                  NORMAL
..................................................................
TEMPERATURE (F)
 YESTERDAY
  MAXIMUM         75    236 PM  86    1939  64     11       44
  MINIMUM         60   1203 AM  19    1940  42     18       27
  AVERAGE         68                        53     15       36

PRECIPITATION (IN)
  YESTERDAY        0.04          2.31 1978   0.15  -0.11     0.00
  MONTH TO DATE    2.16                      3.22  -1.06     2.24
  SINCE MAR 1      2.16                      3.22  -1.06     2.24
  SINCE JAN 1      8.96                      9.66  -0.70     6.38

SNOWFALL (IN)
  YESTERDAY        0.0           0.0  2002  MM     MM
  MONTH TO DATE    0.0                      MM     MM
  SINCE NOV 1      T                        MM     MM
  SINCE JUL 1      T                        MM     MM
  SNOW DEPTH       0

DEGREE DAYS
 HEATING
  YESTERDAY        0                        12    -12       29
  MONTH TO DATE  381                       408    -27      492
  SINCE MAR 1    381                       408    -27      492
  SINCE JUL 1   2915                      2880     35     3067

 COOLING
  YESTERDAY        3                         0      3        0
  MONTH TO DATE    5                         0      5        0
  SINCE MAR 1      5                         0      5        0
  SINCE JAN 1      7                         2      5        0
..................................................................


WIND (MPH)
  HIGHEST WIND SPEED    28   HIGHEST WIND DIRECTION     S (190)
  HIGHEST GUST SPEED    40   HIGHEST GUST DIRECTION    SW (210)
  AVERAGE WIND SPEED    12.1


SKY COVER
  POSSIBLE SUNSHINE  MM
  AVERAGE SKY COVER 0.4


WEATHER CONDITIONS
 THE FOLLOWING WEATHER WAS RECORDED YESTERDAY.
  RAIN
  LIGHT RAIN
  FOG


RELATIVE HUMIDITY (PERCENT)
 HIGHEST    93          1200 PM
 LOWEST     61           300 PM
 AVERAGE    77

..........................................................


THE ELIZABETH CITY NC CLIMATE NORMALS FOR TODAY
                         NORMAL    RECORD    YEAR
 MAXIMUM TEMPERATURE (F)   64        85      2007
 MINIMUM TEMPERATURE (F)   43        23      1955


SUNRISE AND SUNSET
MARCH 27 2015.........SUNRISE   659 AM EDT   SUNSET   722 PM EDT
MARCH 28 2015.........SUNRISE   657 AM EDT   SUNSET   723 PM EDT


-  INDICATES NEGATIVE NUMBERS.
R  INDICATES RECORD WAS SET OR TIED.
MM INDICATES DATA IS MISSING.
T  INDICATES TRACE AMOUNT.




$$
