000
CDUS42 KAKQ 240628
CLIECG


CLIMATE REPORT
NATIONAL WEATHER SERVICE WAKEFIELD, VA
127 AM EST SAT FEB 24 2018


...................................

...THE ELIZABETH CITY NC CLIMATE SUMMARY FOR FEBRUARY 23 2018...

CLIMATE NORMAL PERIOD 1981 TO 2010
CLIMATE RECORD PERIOD 1934 TO 2018


WEATHER ITEM   OBSERVED TIME   RECORD YEAR NORMAL DEPARTURE LAST
                VALUE   (LST)  VALUE       VALUE  FROM      YEAR
                                                  NORMAL
..................................................................
TEMPERATURE (F)
 YESTERDAY
  MAXIMUM         63    500 PM  77    1975  55      8       71
  MINIMUM         47    536 AM  13    1936  35     12       51
  AVERAGE         55                        45     10       61

PRECIPITATION (IN)
  YESTERDAY        0.00          1.80 1971   0.11  -0.11      T
  MONTH TO DATE    2.64                      2.63   0.01     0.91
  SINCE DEC 1      9.60                      8.45   1.15     7.27
  SINCE JAN 1      6.54                      5.89   0.65     4.60

SNOWFALL (IN)
  YESTERDAY        0.0           T    1947  MM     MM
  MONTH TO DATE    0.0                      MM     MM
  SINCE NOV 1      6.8                      MM     MM
  SINCE JUL 1      6.8                      MM     MM
  SNOW DEPTH       0

DEGREE DAYS
 HEATING
  YESTERDAY       10                        20    -10        4
  MONTH TO DATE  325                       488   -163      363
  SINCE DEC 1   1818                      1860    -42     1570
  SINCE JUL 1   2252                      2375   -123     2060

 COOLING
  YESTERDAY        0                         0      0        0
  MONTH TO DATE   18                         0     18        3
  SINCE DEC 1     21                         3     18        3
  SINCE JAN 1     21                         1     20        3
..................................................................


WIND (MPH)
  HIGHEST WIND SPEED    15   HIGHEST WIND DIRECTION     N (10)
  HIGHEST GUST SPEED    18   HIGHEST GUST DIRECTION    NE (30)
  AVERAGE WIND SPEED     7.0


SKY COVER
  POSSIBLE SUNSHINE  MM
  AVERAGE SKY COVER 0.8


WEATHER CONDITIONS
 THE FOLLOWING WEATHER WAS RECORDED YESTERDAY.
  FOG
  FOG W/VISIBILITY <= 1/4 MILE
  HAZE


RELATIVE HUMIDITY (PERCENT)
 HIGHEST   100          1200 AM
 LOWEST     78           400 PM
 AVERAGE    89

..........................................................


THE ELIZABETH CITY NC CLIMATE NORMALS FOR TODAY
                         NORMAL    RECORD    YEAR
 MAXIMUM TEMPERATURE (F)   55        79      1985
                                             1962
 MINIMUM TEMPERATURE (F)   35        19      1947


SUNRISE AND SUNSET
FEBRUARY 24 2018......SUNRISE   642 AM EST   SUNSET   555 PM EST
FEBRUARY 25 2018......SUNRISE   640 AM EST   SUNSET   556 PM EST


-  INDICATES NEGATIVE NUMBERS.
R  INDICATES RECORD WAS SET OR TIED.
MM INDICATES DATA IS MISSING.
T  INDICATES TRACE AMOUNT.




$$
