000
CDUS42 KAKQ 190828
CLIECG


CLIMATE REPORT
NATIONAL WEATHER SERVICE WAKEFIELD, VA
327 AM EST FRI DEC 19 2014


...................................

...THE ELIZABETH CITY NC CLIMATE SUMMARY FOR DECEMBER 18 2014...

CLIMATE NORMAL PERIOD 1981 TO 2010
CLIMATE RECORD PERIOD 1934 TO 2014


WEATHER ITEM   OBSERVED TIME   RECORD YEAR NORMAL DEPARTURE LAST
                VALUE   (LST)  VALUE       VALUE  FROM      YEAR
                                                  NORMAL
..................................................................
TEMPERATURE (F)
 YESTERDAY
  MAXIMUM         52    239 PM  78    1984  53     -1       48
  MINIMUM         34    744 AM  17    1963  34      0       30
  AVERAGE         43                        44     -1       39

PRECIPITATION (IN)
  YESTERDAY        0.00          0.93 1954   0.09  -0.09     0.00
  MONTH TO DATE    0.70                      1.52  -0.82     2.92
  SINCE DEC 1      0.70                      1.52  -0.82     2.92
  SINCE JAN 1     37.99                     45.54  -7.55    42.51

SNOWFALL (IN)
  YESTERDAY        0.0           T    1945  MM     MM
  MONTH TO DATE    0.0                      MM     MM
  SINCE NOV 1      0.0                      MM     MM
  SINCE JUL 1      0.0                      MM     MM
  SNOW DEPTH       0

DEGREE DAYS
 HEATING
  YESTERDAY       22                        21      1       26
  MONTH TO DATE  260                       344    -84      338
  SINCE DEC 1    260                       344    -84      338
  SINCE JUL 1    775                       859    -84      901

 COOLING
  YESTERDAY        0                         0      0        0
  MONTH TO DATE    0                         0      0        7
  SINCE DEC 1      0                         0      0        7
  SINCE JAN 1   1586                      1588     -2     1672
..................................................................


WIND (MPH)
  HIGHEST WIND SPEED    13   HIGHEST WIND DIRECTION     N (350)
  HIGHEST GUST SPEED    16   HIGHEST GUST DIRECTION    NW (330)
  AVERAGE WIND SPEED     5.1


SKY COVER
  POSSIBLE SUNSHINE  MM
  AVERAGE SKY COVER 0.1


WEATHER CONDITIONS
 THE FOLLOWING WEATHER WAS RECORDED YESTERDAY.
  NO SIGNIFICANT WEATHER WAS OBSERVED.


RELATIVE HUMIDITY (PERCENT)
 HIGHEST    76          1000 PM
 LOWEST     38           100 PM
 AVERAGE    57

..........................................................


THE ELIZABETH CITY NC CLIMATE NORMALS FOR TODAY
                         NORMAL    RECORD    YEAR
 MAXIMUM TEMPERATURE (F)   53        77      1984
 MINIMUM TEMPERATURE (F)   34        13      1943


SUNRISE AND SUNSET
DECEMBER 19 2014......SUNRISE   711 AM EST   SUNSET   453 PM EST
DECEMBER 20 2014......SUNRISE   712 AM EST   SUNSET   453 PM EST


-  INDICATES NEGATIVE NUMBERS.
R  INDICATES RECORD WAS SET OR TIED.
MM INDICATES DATA IS MISSING.
T  INDICATES TRACE AMOUNT.




$$
