000
CDUS42 KAKQ 160833
CLIECG


CLIMATE REPORT
NATIONAL WEATHER SERVICE WAKEFIELD, VA
432 AM EDT WED APR 16 2014


...................................

...THE ELIZABETH CITY NC CLIMATE SUMMARY FOR APRIL 15 2014...

CLIMATE NORMAL PERIOD 1981 TO 2010
CLIMATE RECORD PERIOD 1934 TO 2014


WEATHER ITEM   OBSERVED TIME   RECORD YEAR NORMAL DEPARTURE LAST
                VALUE   (LST)  VALUE       VALUE  FROM      YEAR
                                                  NORMAL
..................................................................
TEMPERATURE (F)
 YESTERDAY
  MAXIMUM         77    151 PM  91    1941  70      7       68
  MINIMUM         42   1154 PM  31    1943  48     -6       58
  AVERAGE         60                        59      1       63

PRECIPITATION (IN)
  YESTERDAY        1.62          2.32 2007   0.10   1.52     0.13
  MONTH TO DATE    2.21                      1.68   0.53     0.92
  SINCE MAR 1      4.62                      5.66  -1.04     2.68
  SINCE JAN 1      8.76                     12.10  -3.34     7.73

SNOWFALL (IN)
  YESTERDAY        0.0           0.0  2002  MM     MM
  MONTH TO DATE    0.0                      MM     MM
  SINCE NOV 1     10.2                      MM     MM
  SINCE JUL 1     10.2                      MM     MM
  SNOW DEPTH       0

DEGREE DAYS
 HEATING
  YESTERDAY        5                         8     -3        2
  MONTH TO DATE   57                       136    -79      108
  SINCE MAR 1    605                       601      4      699
  SINCE JUL 1   3178                      3073    105     2708

 COOLING
  YESTERDAY        0                         1     -1        0
  MONTH TO DATE   22                        15      7       34
  SINCE MAR 1     22                        20      2       34
  SINCE JAN 1     22                        22      0       39
..................................................................


WIND (MPH)
  HIGHEST WIND SPEED    39   HIGHEST WIND DIRECTION     N (360)
  HIGHEST GUST SPEED    47   HIGHEST GUST DIRECTION     N (350)
  AVERAGE WIND SPEED    16.2


SKY COVER
  POSSIBLE SUNSHINE  MM
  AVERAGE SKY COVER 0.9


WEATHER CONDITIONS
 THE FOLLOWING WEATHER WAS RECORDED YESTERDAY.
  HEAVY RAIN
  RAIN
  LIGHT RAIN
  FOG


RELATIVE HUMIDITY (PERCENT)
 HIGHEST    92          1100 PM
 LOWEST     69           100 PM
 AVERAGE    81

..........................................................


THE ELIZABETH CITY NC CLIMATE NORMALS FOR TODAY
                         NORMAL    RECORD    YEAR
 MAXIMUM TEMPERATURE (F)   70        90      1941
 MINIMUM TEMPERATURE (F)   48        31      1943


SUNRISE AND SUNSET
APRIL 16 2014.........SUNRISE   630 AM EDT   SUNSET   740 PM EDT
APRIL 17 2014.........SUNRISE   629 AM EDT   SUNSET   740 PM EDT


-  INDICATES NEGATIVE NUMBERS.
R  INDICATES RECORD WAS SET OR TIED.
MM INDICATES DATA IS MISSING.
T  INDICATES TRACE AMOUNT.




$$
