000
CDUS42 KAKQ 230537
CLIECG


CLIMATE REPORT
NATIONAL WEATHER SERVICE WAKEFIELD, VA
136 AM EDT SAT SEP 23 2017


...................................

...THE ELIZABETH CITY NC CLIMATE SUMMARY FOR SEPTEMBER 22 2017...

CLIMATE NORMAL PERIOD 1981 TO 2010
CLIMATE RECORD PERIOD 1934 TO 2017


WEATHER ITEM   OBSERVED TIME   RECORD YEAR NORMAL DEPARTURE LAST
                VALUE   (LST)  VALUE       VALUE  FROM      YEAR
                                                  NORMAL
..................................................................
TEMPERATURE (F)
 YESTERDAY
  MAXIMUM         88    108 PM  97    1988  79      9       83
  MINIMUM         63   1159 PM  47    1956  61      2       73
                                      1938
  AVERAGE         76                        70      6       78

PRECIPITATION (IN)
  YESTERDAY        0.00          1.60 1994   0.11  -0.11      T
  MONTH TO DATE    2.16                      2.95  -0.79    11.99
  SINCE SEP 1      2.16                      2.95  -0.79    11.99
  SINCE JAN 1     37.30                     36.91   0.39    39.50

SNOWFALL (IN)
  YESTERDAY        0.0           0.0  2002  MM     MM
  MONTH TO DATE    0.0                      MM     MM
  SINCE NOV 1      1.2                      MM     MM
  SINCE JUL 1      0.0                      MM     MM
  SNOW DEPTH       0

DEGREE DAYS
 HEATING
  YESTERDAY        0                         1     -1        0
  MONTH TO DATE    0                         2     -2        0
  SINCE SEP 1      0                         2     -2        0
  SINCE JUL 1      0                         2     -2        0

 COOLING
  YESTERDAY       11                         6      5       13
  MONTH TO DATE  193                       187      6      262
  SINCE SEP 1    193                       187      6      262
  SINCE JAN 1   1739                      1483    256     1769
..................................................................


WIND (MPH)
  HIGHEST WIND SPEED    16   HIGHEST WIND DIRECTION    NE (40)
  HIGHEST GUST SPEED    19   HIGHEST GUST DIRECTION    NE (40)
  AVERAGE WIND SPEED     4.6


SKY COVER
  POSSIBLE SUNSHINE  MM
  AVERAGE SKY COVER 0.0


WEATHER CONDITIONS
 THE FOLLOWING WEATHER WAS RECORDED YESTERDAY.
  FOG
  FOG W/VISIBILITY <= 1/4 MILE


RELATIVE HUMIDITY (PERCENT)
 HIGHEST   100          1200 AM
 LOWEST     55           200 PM
 AVERAGE    78

..........................................................


THE ELIZABETH CITY NC CLIMATE NORMALS FOR TODAY
                         NORMAL    RECORD    YEAR
 MAXIMUM TEMPERATURE (F)   79        95      1980
 MINIMUM TEMPERATURE (F)   61        46      1999


SUNRISE AND SUNSET
SEPTEMBER 23 2017.....SUNRISE   654 AM EDT   SUNSET   700 PM EDT
SEPTEMBER 24 2017.....SUNRISE   654 AM EDT   SUNSET   658 PM EDT


-  INDICATES NEGATIVE NUMBERS.
R  INDICATES RECORD WAS SET OR TIED.
MM INDICATES DATA IS MISSING.
T  INDICATES TRACE AMOUNT.




$$
