000
CDUS42 KAKQ 300545
CLIECG


CLIMATE REPORT
NATIONAL WEATHER SERVICE WAKEFIELD, VA
145 AM EDT THU MAR 30 2017


...................................

...THE ELIZABETH CITY NC CLIMATE SUMMARY FOR MARCH 29 2017...

CLIMATE NORMAL PERIOD 1981 TO 2010
CLIMATE RECORD PERIOD 1934 TO 2017


WEATHER ITEM   OBSERVED TIME   RECORD YEAR NORMAL DEPARTURE LAST
                VALUE   (LST)  VALUE       VALUE  FROM      YEAR
                                                  NORMAL
..................................................................
TEMPERATURE (F)
 YESTERDAY
  MAXIMUM         64   1110 AM  90    1985  65     -1       66
  MINIMUM         47   1153 PM  24    1982  43      4       43
  AVERAGE         56                        54      2       55

PRECIPITATION (IN)
  YESTERDAY        0.00          2.03 2010   0.15  -0.15     0.00
  MONTH TO DATE    2.93                      3.68  -0.75     2.22
  SINCE MAR 1      2.93                      3.68  -0.75     2.22
  SINCE JAN 1      7.54                     10.12  -2.58     9.81

SNOWFALL (IN)
  YESTERDAY        0.0           T    1940  MM     MM
  MONTH TO DATE    T                        MM     MM
  SINCE NOV 1      1.2                      MM     MM
  SINCE JUL 1      1.2                      MM     MM
  SNOW DEPTH       0

DEGREE DAYS
 HEATING
  YESTERDAY        9                        11     -2       10
  MONTH TO DATE  461                       443     18      261
  SINCE MAR 1    461                       443     18      261
  SINCE JUL 1   2556                      2915   -359     2172

 COOLING
  YESTERDAY        0                         0      0        0
  MONTH TO DATE    7                         0      7       26
  SINCE MAR 1      7                         0      7       26
  SINCE JAN 1     10                         2      8       26
..................................................................


WIND (MPH)
  HIGHEST WIND SPEED    20   HIGHEST WIND DIRECTION    NE (30)
  HIGHEST GUST SPEED    25   HIGHEST GUST DIRECTION    NE (30)
  AVERAGE WIND SPEED    10.4


SKY COVER
  POSSIBLE SUNSHINE  MM
  AVERAGE SKY COVER 0.3


WEATHER CONDITIONS
 THE FOLLOWING WEATHER WAS RECORDED YESTERDAY.
  NO SIGNIFICANT WEATHER WAS OBSERVED.


RELATIVE HUMIDITY (PERCENT)
 HIGHEST   100          1200 AM
 LOWEST     56          1100 AM
 AVERAGE    78

..........................................................


THE ELIZABETH CITY NC CLIMATE NORMALS FOR TODAY
                         NORMAL    RECORD    YEAR
 MAXIMUM TEMPERATURE (F)   65        90      1985
 MINIMUM TEMPERATURE (F)   43        28      1941


SUNRISE AND SUNSET
MARCH 30 2017.........SUNRISE   653 AM EDT   SUNSET   725 PM EDT
MARCH 31 2017.........SUNRISE   652 AM EDT   SUNSET   726 PM EDT


-  INDICATES NEGATIVE NUMBERS.
R  INDICATES RECORD WAS SET OR TIED.
MM INDICATES DATA IS MISSING.
T  INDICATES TRACE AMOUNT.




$$
