000
CDUS42 KAKQ 210645
CLIECG


CLIMATE REPORT
NATIONAL WEATHER SERVICE WAKEFIELD, VA
145 AM EST TUE FEB 21 2017


...................................

...THE ELIZABETH CITY NC CLIMATE SUMMARY FOR FEBRUARY 20 2017...

CLIMATE NORMAL PERIOD 1981 TO 2010
CLIMATE RECORD PERIOD 1934 TO 2017


WEATHER ITEM   OBSERVED TIME   RECORD YEAR NORMAL DEPARTURE LAST
                VALUE   (LST)  VALUE       VALUE  FROM      YEAR
                                                  NORMAL
..................................................................
TEMPERATURE (F)
 YESTERDAY
  MAXIMUM         66    222 PM  78    1991  55     11       66
  MINIMUM         42    500 AM   8    2015  35      7       38
  AVERAGE         54                        45      9       52

PRECIPITATION (IN)
  YESTERDAY        0.00          0.76 1944   0.12  -0.12     0.00
  MONTH TO DATE    0.91                      2.29  -1.38     3.76
  SINCE DEC 1      7.27                      8.11  -0.84    10.68
  SINCE JAN 1      4.60                      5.55  -0.95     6.67

SNOWFALL (IN)
  YESTERDAY        0.0           0.5  2006  MM     MM
                                      1936
  MONTH TO DATE    0.0                      MM     MM
  SINCE NOV 1      1.2                      MM     MM
  SINCE JUL 1      1.2                      MM     MM
  SNOW DEPTH       0

DEGREE DAYS
 HEATING
  YESTERDAY       11                        20     -9       13
  MONTH TO DATE  335                       428    -93      462
  SINCE DEC 1   1542                      1800   -258     1438
  SINCE JUL 1   2032                      2315   -283     1794

 COOLING
  YESTERDAY        0                         0      0        0
  MONTH TO DATE    3                         0      3        0
  SINCE DEC 1      3                         3      0       31
  SINCE JAN 1      3                         1      2        0
..................................................................


WIND (MPH)
  HIGHEST WIND SPEED    17   HIGHEST WIND DIRECTION    NE (50)
  HIGHEST GUST SPEED    20   HIGHEST GUST DIRECTION     N (10)
  AVERAGE WIND SPEED     7.2


SKY COVER
  POSSIBLE SUNSHINE  MM
  AVERAGE SKY COVER 0.0


WEATHER CONDITIONS
 THE FOLLOWING WEATHER WAS RECORDED YESTERDAY.
  NO SIGNIFICANT WEATHER WAS OBSERVED.


RELATIVE HUMIDITY (PERCENT)
 HIGHEST    93          1200 AM
 LOWEST     40          1100 AM
 AVERAGE    67

..........................................................


THE ELIZABETH CITY NC CLIMATE NORMALS FOR TODAY
                         NORMAL    RECORD    YEAR
 MAXIMUM TEMPERATURE (F)   55        77      2014
                                             1953
 MINIMUM TEMPERATURE (F)   35        13      2015


SUNRISE AND SUNSET
FEBRUARY 21 2017......SUNRISE   645 AM EST   SUNSET   552 PM EST
FEBRUARY 22 2017......SUNRISE   644 AM EST   SUNSET   553 PM EST


-  INDICATES NEGATIVE NUMBERS.
R  INDICATES RECORD WAS SET OR TIED.
MM INDICATES DATA IS MISSING.
T  INDICATES TRACE AMOUNT.




$$
