000
CDUS42 KAKQ 282133
CLIECG


CLIMATE REPORT
NATIONAL WEATHER SERVICE WAKEFIELD, VA
533 PM EDT THU APR 28 2016


...................................

...THE ELIZABETH CITY NC CLIMATE SUMMARY FOR APRIL 28 2016...
VALID TODAY AS OF 0500 PM LOCAL TIME.

CLIMATE NORMAL PERIOD 1981 TO 2010
CLIMATE RECORD PERIOD 1934 TO 2016


WEATHER ITEM   OBSERVED TIME   RECORD YEAR NORMAL DEPARTURE LAST
                VALUE   (LST)  VALUE       VALUE  FROM      YEAR
                                                  NORMAL
..................................................................
TEMPERATURE (F)
 TODAY
  MAXIMUM         72    345 PM  91    1957  72      0       69
  MINIMUM         58    255 AM  34    1940  51      7       41
  AVERAGE         65

PRECIPITATION (IN)
  TODAY            0.48          2.33 1980   0.10   0.38      T
  MONTH TO DATE    4.04                      2.95   1.09     3.61
  SINCE MAR 1      6.26                      6.93  -0.67     6.58
  SINCE JAN 1     13.85                     13.37   0.48    13.38

SNOWFALL (IN)
  TODAY            0.0
  MONTH TO DATE    0.0
  SINCE NOV 1      1.8
  SINCE JUL 1      1.8
  SNOW DEPTH       0

DEGREE DAYS
 HEATING
  TODAY            0
  MONTH TO DATE  224
  SINCE MAR 1    501
  SINCE JUL 1   2412

 COOLING
  TODAY            0
  MONTH TO DATE   29
  SINCE MAR 1     55
  SINCE JAN 1     55
..................................................................


WIND (MPH)
  RESULTANT WIND SPEED   5   RESULTANT WIND DIRECTION   E (70)
  HIGHEST WIND SPEED    13   HIGHEST WIND DIRECTION     E (70)
  HIGHEST GUST SPEED    15   HIGHEST GUST DIRECTION     E (70)


SKY COVER
  POSSIBLE SUNSHINE  MM
  AVERAGE SKY COVER 0.8


WEATHER CONDITIONS
 THE FOLLOWING WEATHER WAS RECORDED TODAY.
  RAIN
  LIGHT RAIN
  FOG


RELATIVE HUMIDITY (PERCENT)
 HIGHEST   100
 LOWEST     78
 AVERAGE    89

..........................................................


THE ELIZABETH CITY NC CLIMATE NORMALS FOR TOMORROW
                         NORMAL    RECORD    YEAR
 MAXIMUM TEMPERATURE (F)   73        90      1974
 MINIMUM TEMPERATURE (F)   51        37      1940


SUNRISE AND SUNSET
APRIL 28 2016.........SUNRISE   615 AM EDT   SUNSET   750 PM EDT
APRIL 29 2016.........SUNRISE   613 AM EDT   SUNSET   751 PM EDT


-  INDICATES NEGATIVE NUMBERS.
R  INDICATES RECORD WAS SET OR TIED.
MM INDICATES DATA IS MISSING.
T  INDICATES TRACE AMOUNT.




$$
