000
CDUS42 KAKQ 080831
CLIECG


CLIMATE REPORT
NATIONAL WEATHER SERVICE WAKEFIELD, VA
331 AM EST MON FEB 8 2016


...................................

...THE ELIZABETH CITY NC CLIMATE SUMMARY FOR FEBRUARY 7 2016...

CLIMATE NORMAL PERIOD 1981 TO 2010
CLIMATE RECORD PERIOD 1934 TO 2016


WEATHER ITEM   OBSERVED TIME   RECORD YEAR NORMAL DEPARTURE LAST
                VALUE   (LST)  VALUE       VALUE  FROM      YEAR
                                                  NORMAL
..................................................................
TEMPERATURE (F)
 YESTERDAY
  MAXIMUM         44   1259 PM  71    2008  53     -9       55
  MINIMUM         37   1225 AM  12    1996  34      3       27
  AVERAGE         41                        43     -2       41

PRECIPITATION (IN)
  YESTERDAY        0.20          1.05 1941   0.11   0.09     0.00
  MONTH TO DATE    3.10                      0.80   2.30     0.73
  SINCE DEC 1     10.02                      6.62   3.40     7.88
  SINCE JAN 1      6.01                      4.06   1.95     4.74

SNOWFALL (IN)
  YESTERDAY        0.0           3.5  1936  MM     MM
  MONTH TO DATE    T                        MM     MM
  SINCE NOV 1      T                        MM     MM
  SINCE JUL 1      T                        MM     MM
  SNOW DEPTH       0

DEGREE DAYS
 HEATING
  YESTERDAY       24                        22      2       24
  MONTH TO DATE  113                       155    -42      194
  SINCE DEC 1   1089                      1527   -438     1346
  SINCE JUL 1   1445                      2042   -597     1861

 COOLING
  YESTERDAY        0                         0      0        0
  MONTH TO DATE    0                         0      0        0
  SINCE DEC 1     31                         3     28        2
  SINCE JAN 1      0                         1     -1        2
..................................................................


WIND (MPH)
  HIGHEST WIND SPEED    32   HIGHEST WIND DIRECTION     N (360)
  HIGHEST GUST SPEED    43   HIGHEST GUST DIRECTION     N (10)
  AVERAGE WIND SPEED    19.8


SKY COVER
  POSSIBLE SUNSHINE  MM
  AVERAGE SKY COVER 1.0


WEATHER CONDITIONS
 THE FOLLOWING WEATHER WAS RECORDED YESTERDAY.
  RAIN
  LIGHT RAIN
  FOG


RELATIVE HUMIDITY (PERCENT)
 HIGHEST    92           500 PM
 LOWEST     57           800 AM
 AVERAGE    75

..........................................................


THE ELIZABETH CITY NC CLIMATE NORMALS FOR TODAY
                         NORMAL    RECORD    YEAR
 MAXIMUM TEMPERATURE (F)   53        77      1937
 MINIMUM TEMPERATURE (F)   34        13      1977


SUNRISE AND SUNSET
FEBRUARY  8 2016......SUNRISE   700 AM EST   SUNSET   538 PM EST
FEBRUARY  9 2016......SUNRISE   659 AM EST   SUNSET   539 PM EST


-  INDICATES NEGATIVE NUMBERS.
R  INDICATES RECORD WAS SET OR TIED.
MM INDICATES DATA IS MISSING.
T  INDICATES TRACE AMOUNT.




$$
