000
CDUS45 KGJT 290735
CLIEEO


CLIMATE REPORT
NATIONAL WEATHER SERVICE GRAND JUNCTION CO
132 AM MDT FRI AUG 29 2014


...................................

...THE MEEKER CO CLIMATE SUMMARY FOR AUGUST 28 2014...

CLIMATE NORMAL PERIOD 1981 TO 2010
CLIMATE RECORD PERIOD 9999 TO 9999


WEATHER ITEM   OBSERVED TIME   RECORD YEAR NORMAL DEPARTURE LAST
                VALUE   (LST)  VALUE       VALUE  FROM      YEAR
                                                  NORMAL
..................................................................
TEMPERATURE (F)
 YESTERDAY
  MAXIMUM         71    416 PM  MM      MM  81    -10       87
  MINIMUM         50   1159 PM  MM      MM  46      4       52
  AVERAGE         61                        63     -2       70

PRECIPITATION (IN)
  YESTERDAY        0.08         MM      MM   0.05   0.03     0.00
  MONTH TO DATE    3.32                      1.17   2.15     1.47
  SINCE JUN 1      4.29                      3.56   0.73     3.61
  SINCE JAN 1     11.72                      9.71   2.01     9.98

SNOWFALL (IN)
  YESTERDAY       MM            MM      MM  MM     MM       MM
  MONTH TO DATE   MM                        MM     MM       MM
  SINCE JUN 1     MM                        MM     MM       MM
  SINCE JUL 1     MM                        MM     MM       MM
  SNOW DEPTH      MM

DEGREE DAYS
 HEATING
  YESTERDAY        4                         2      2        0
  MONTH TO DATE   43                        25     18       19
  SINCE JUN 1    185                       189     -4       95
  SINCE JUL 1     50                        45      5       19

 COOLING
  YESTERDAY        0                         1     -1        5
  MONTH TO DATE   39                        61    -22       63
  SINCE JUN 1    195                       163     32      264
  SINCE JAN 1    196                       164     32      264
..................................................................


WIND (MPH)
  HIGHEST WIND SPEED    10   HIGHEST WIND DIRECTION     E (100)
  HIGHEST GUST SPEED    14   HIGHEST GUST DIRECTION     E (110)
  AVERAGE WIND SPEED     3.2


SKY COVER
  POSSIBLE SUNSHINE  MM
  AVERAGE SKY COVER 0.7


WEATHER CONDITIONS
 THE FOLLOWING WEATHER WAS RECORDED YESTERDAY.
  LIGHT RAIN
  FOG


RELATIVE HUMIDITY (PERCENT)
 HIGHEST    89          1200 AM
 LOWEST     47           300 PM
 AVERAGE    68

..........................................................


THE MEEKER CO CLIMATE NORMALS FOR TODAY
                         NORMAL    RECORD    YEAR
 MAXIMUM TEMPERATURE (F)   81        MM        MM
 MINIMUM TEMPERATURE (F)   46        MM        MM


SUNRISE AND SUNSET
AUGUST 29 2014........SUNRISE   636 AM MDT   SUNSET   748 PM MDT
AUGUST 30 2014........SUNRISE   637 AM MDT   SUNSET   746 PM MDT


-  INDICATES NEGATIVE NUMBERS.
R  INDICATES RECORD WAS SET OR TIED.
MM INDICATES DATA IS MISSING.
T  INDICATES TRACE AMOUNT.




$$
