000
CDUS45 KGJT 142343
CLIEEO


CLIMATE REPORT
NATIONAL WEATHER SERVICE GRAND JUNCTION CO
530 PM MDT SUN SEP 14 2014


...................................

...THE MEEKER CO CLIMATE SUMMARY FOR SEPTEMBER 14 2014...
VALID TODAY AS OF 0500 PM LOCAL TIME.

CLIMATE NORMAL PERIOD 1981 TO 2010
CLIMATE RECORD PERIOD 9999 TO 9999


WEATHER ITEM   OBSERVED TIME   RECORD YEAR NORMAL DEPARTURE LAST
                VALUE   (LST)  VALUE       VALUE  FROM      YEAR
                                                  NORMAL
..................................................................
TEMPERATURE (F)
 TODAY
  MAXIMUM         82    129 PM  MM      MM  75      7       69
  MINIMUM         40    602 AM  MM      MM  40      0       53
  AVERAGE         61                        57      4       61

PRECIPITATION (IN)
  TODAY            0.00         MM      MM   0.06  -0.06     0.09
  MONTH TO DATE    1.29                      0.78   0.51     1.42
  SINCE SEP 1      1.29                      0.78   0.51     1.42
  SINCE JAN 1     13.02                     10.64   2.38    11.51

SNOWFALL (IN)
  TODAY           MM            MM      MM  MM     MM       MM
  MONTH TO DATE   MM                        MM     MM       MM
  SINCE SEP 1     MM                        MM     MM       MM
  SINCE JUL 1     MM                        MM     MM       MM
  SNOW DEPTH      MM

DEGREE DAYS
 HEATING
  TODAY            4                         8     -4        4
  MONTH TO DATE   84                        75      9       22
  SINCE SEP 1     84                        75      9       22
  SINCE JUL 1    141                       129     12       41

 COOLING
  TODAY            0                         0      0        0
  MONTH TO DATE    1                         0      1       40
  SINCE SEP 1      1                         0      1       40
  SINCE JAN 1    197                       168     29      323
..................................................................


WIND (MPH)
  HIGHEST WIND SPEED    18   HIGHEST WIND DIRECTION    SW (230)
  HIGHEST GUST SPEED    25   HIGHEST GUST DIRECTION    SW (240)
  AVERAGE WIND SPEED     3.6


SKY COVER
  POSSIBLE SUNSHINE  MM
  AVERAGE SKY COVER 0.1


WEATHER CONDITIONS
 THE FOLLOWING WEATHER WAS RECORDED TODAY.
  HAZE


RELATIVE HUMIDITY (PERCENT)
 HIGHEST    79           600 AM
 LOWEST     19           100 PM
 AVERAGE    49

..........................................................


THE MEEKER CO CLIMATE NORMALS FOR TOMORROW
                         NORMAL    RECORD    YEAR
 MAXIMUM TEMPERATURE (F)   74        MM        MM
 MINIMUM TEMPERATURE (F)   40        MM        MM


SUNRISE AND SUNSET
SEPTEMBER 14 2014.....SUNRISE   652 AM MDT   SUNSET   722 PM MDT
SEPTEMBER 15 2014.....SUNRISE   652 AM MDT   SUNSET   720 PM MDT


-  INDICATES NEGATIVE NUMBERS.
R  INDICATES RECORD WAS SET OR TIED.
MM INDICATES DATA IS MISSING.
T  INDICATES TRACE AMOUNT.




$$
