000
CDUS45 KGJT 260742
CLIEEO


CLIMATE REPORT
NATIONAL WEATHER SERVICE GRAND JUNCTION CO
130 AM MDT SAT JUL 26 2014


...................................

...THE MEEKER CO CLIMATE SUMMARY FOR JULY 25 2014...

CLIMATE NORMAL PERIOD 1981 TO 2010
CLIMATE RECORD PERIOD 9999 TO 9999


WEATHER ITEM   OBSERVED TIME   RECORD YEAR NORMAL DEPARTURE LAST
                VALUE   (LST)  VALUE       VALUE  FROM      YEAR
                                                  NORMAL
..................................................................
TEMPERATURE (F)
 YESTERDAY
  MAXIMUM         88    123 PM  MM      MM  87      1       84
  MINIMUM         54    402 AM  MM      MM  50      4       51
  AVERAGE         71                        68      3       68

PRECIPITATION (IN)
  YESTERDAY        0.06         MM      MM   0.04   0.02     0.00
  MONTH TO DATE    0.19                      0.88  -0.69     1.66
  SINCE JUN 1      0.69                      2.12  -1.43     1.73
  SINCE JAN 1      8.12                      8.27  -0.15     8.10

SNOWFALL (IN)
  YESTERDAY       MM            MM      MM  MM     MM       MM
  MONTH TO DATE   MM                        MM     MM       MM
  SINCE JUN 1     MM                        MM     MM       MM
  SINCE JUL 1     MM                        MM     MM       MM
  SNOW DEPTH      MM

DEGREE DAYS
 HEATING
  YESTERDAY        0                         0      0        0
  MONTH TO DATE    6                        16    -10        0
  SINCE JUN 1    141                       160    -19       76
  SINCE JUL 1      6                        16    -10        0

 COOLING
  YESTERDAY        6                         3      3        3
  MONTH TO DATE  124                        62     62      147
  SINCE JUN 1    129                        79     50      184
  SINCE JAN 1    130                        80     50      184
..................................................................


WIND (MPH)
  HIGHEST WIND SPEED    28   HIGHEST WIND DIRECTION    NW (330)
  HIGHEST GUST SPEED    36   HIGHEST GUST DIRECTION    NW (330)
  AVERAGE WIND SPEED     4.5


SKY COVER
  POSSIBLE SUNSHINE  MM
  AVERAGE SKY COVER 0.2


WEATHER CONDITIONS
 THE FOLLOWING WEATHER WAS RECORDED YESTERDAY.
  THUNDERSTORM
  LIGHT RAIN
  HAZE


RELATIVE HUMIDITY (PERCENT)
 HIGHEST    86           200 AM
 LOWEST     23           300 PM
 AVERAGE    55

..........................................................


THE MEEKER CO CLIMATE NORMALS FOR TODAY
                         NORMAL    RECORD    YEAR
 MAXIMUM TEMPERATURE (F)   87        MM        MM
 MINIMUM TEMPERATURE (F)   50        MM        MM


SUNRISE AND SUNSET
JULY 26 2014..........SUNRISE   604 AM MDT   SUNSET   831 PM MDT
JULY 27 2014..........SUNRISE   605 AM MDT   SUNSET   830 PM MDT


-  INDICATES NEGATIVE NUMBERS.
R  INDICATES RECORD WAS SET OR TIED.
MM INDICATES DATA IS MISSING.
T  INDICATES TRACE AMOUNT.




$$
