000
CDUS45 KGJT 280735
CLIEEO


CLIMATE REPORT
NATIONAL WEATHER SERVICE GRAND JUNCTION CO
133 AM MDT SUN AUG 28 2016


...................................

...THE MEEKER CO CLIMATE SUMMARY FOR AUGUST 27 2016...

CLIMATE NORMAL PERIOD 1981 TO 2010
CLIMATE RECORD PERIOD 9999 TO 9999


WEATHER ITEM   OBSERVED TIME   RECORD YEAR NORMAL DEPARTURE LAST
                VALUE   (LST)  VALUE       VALUE  FROM      YEAR
                                                  NORMAL
..................................................................
TEMPERATURE (F)
 YESTERDAY
  MAXIMUM         77    211 PM  MM      MM  81     -4       76
  MINIMUM         40    604 AM  MM      MM  46     -6       54
  AVERAGE         59                        64     -5       65

PRECIPITATION (IN)
  YESTERDAY        0.00         MM      MM   0.05  -0.05     0.06
  MONTH TO DATE    0.46                      1.12  -0.66     0.56
  SINCE JUN 1      2.61                      3.51  -0.90     3.08
  SINCE JAN 1     10.47                      9.66   0.81    12.30

SNOWFALL (IN)
  YESTERDAY       MM            MM      MM  MM     MM       MM
  MONTH TO DATE   MM                        MM     MM       MM
  SINCE JUN 1     MM                        MM     MM       MM
  SINCE JUL 1     MM                        MM     MM       MM
  SNOW DEPTH      MM

DEGREE DAYS
 HEATING
  YESTERDAY        6                         2      4        0
  MONTH TO DATE   42                        23     19       13
  SINCE JUN 1     84                       187   -103       88
  SINCE JUL 1     52                        43      9       37

 COOLING
  YESTERDAY        0                         1     -1        0
  MONTH TO DATE   46                        60    -14       78
  SINCE JUN 1    218                       162     56      219
  SINCE JAN 1    218                       163     55      219
..................................................................


WIND (MPH)
  HIGHEST WIND SPEED    16   HIGHEST WIND DIRECTION     S (200)
  HIGHEST GUST SPEED    21   HIGHEST GUST DIRECTION     S (190)
  AVERAGE WIND SPEED     3.5


SKY COVER
  POSSIBLE SUNSHINE  MM
  AVERAGE SKY COVER 0.0


WEATHER CONDITIONS
 THE FOLLOWING WEATHER WAS RECORDED YESTERDAY.
  NO SIGNIFICANT WEATHER WAS OBSERVED.


RELATIVE HUMIDITY (PERCENT)
 HIGHEST    93           400 AM
 LOWEST     21           200 PM
 AVERAGE    57

..........................................................


THE MEEKER CO CLIMATE NORMALS FOR TODAY
                         NORMAL    RECORD    YEAR
 MAXIMUM TEMPERATURE (F)   81        MM        MM
 MINIMUM TEMPERATURE (F)   46        MM        MM


SUNRISE AND SUNSET
AUGUST 28 2016........SUNRISE   636 AM MDT   SUNSET   748 PM MDT
AUGUST 29 2016........SUNRISE   637 AM MDT   SUNSET   747 PM MDT


-  INDICATES NEGATIVE NUMBERS.
R  INDICATES RECORD WAS SET OR TIED.
MM INDICATES DATA IS MISSING.
T  INDICATES TRACE AMOUNT.




$$
