000
CDUS44 KBMX 281211
CLIEET


CLIMATE REPORT
NATIONAL WEATHER SERVICE BIRMINGHAM, AL
611 AM CST SAT FEB 28 2015


...................................

...THE SHELBY COUNTY AIRPORT CLIMATE SUMMARY FOR FEBRUARY 27 2015...

CLIMATE NORMAL PERIOD 1981 TO 2010
CLIMATE RECORD PERIOD 9999 TO 9999


WEATHER ITEM   OBSERVED TIME   RECORD YEAR NORMAL DEPARTURE LAST
                VALUE   (LST)  VALUE       VALUE  FROM      YEAR
                                                  NORMAL
..................................................................
TEMPERATURE (F)
 YESTERDAY
  MAXIMUM         47    400 PM  MM      MM  62    -15       50
  MINIMUM         30    634 AM  MM      MM  40    -10       24
  AVERAGE         39                        51    -12       37

PRECIPITATION (IN)
  YESTERDAY        0.00                      0.20  -0.20     0.00
  MONTH TO DATE    4.55                      5.54  -0.99     5.60
  SINCE DEC 1     17.45                     15.67   1.78    18.87
  SINCE JAN 1      9.37                     10.87  -1.50     8.53

SNOWFALL (IN)
  YESTERDAY        0.0                      MM     MM        0.0
  MONTH TO DATE    T                        MM     MM        0.3
  SINCE DEC 1      T                        MM     MM        1.3
  SINCE JUL 1      T                        MM     MM        1.3
  SNOW DEPTH       0

DEGREE DAYS
 HEATING
  YESTERDAY       26                        14     12       28
  MONTH TO DATE  627                       451    176      447
  SINCE DEC 1   1703                      1671     32     1802
  SINCE JUL 1   2229                      2115    114     2258
..................................................................


WIND (MPH)
  HIGHEST WIND SPEED    13   HIGHEST WIND DIRECTION     N (350)
  HIGHEST GUST SPEED    19   HIGHEST GUST DIRECTION     N (10)
  AVERAGE WIND SPEED     6.6


SKY COVER
  POSSIBLE SUNSHINE  MM
  AVERAGE SKY COVER 0.3


WEATHER CONDITIONS
 THE FOLLOWING WEATHER WAS RECORDED YESTERDAY.
  FOG


RELATIVE HUMIDITY (PERCENT)
 HIGHEST    85          1200 AM
 LOWEST     37           400 PM
 AVERAGE    61

..........................................................


THE SHELBY COUNTY AIRPORT CLIMATE NORMALS FOR TODAY
                         NORMAL    RECORD    YEAR
 MAXIMUM TEMPERATURE (F)   63        MM        MM
 MINIMUM TEMPERATURE (F)   41        MM        MM


SUNRISE AND SUNSET
FEBRUARY 28 2015......SUNRISE   617 AM CST   SUNSET   543 PM CST
MARCH  1 2015.........SUNRISE   616 AM CST   SUNSET   544 PM CST


-  INDICATES NEGATIVE NUMBERS.
R  INDICATES RECORD WAS SET OR TIED.
MM INDICATES DATA IS MISSING.
T  INDICATES TRACE AMOUNT.




$$
