000
CDUS44 KBMX 100837
CLIEET


CLIMATE REPORT
NATIONAL WEATHER SERVICE BIRMINGHAM, AL
235 AM CST WED FEB 10 2016


...................................

...THE SHELBY COUNTY AIRPORT CLIMATE SUMMARY FOR FEBRUARY 9 2016...

CLIMATE NORMAL PERIOD 1981 TO 2010
CLIMATE RECORD PERIOD 9999 TO 9999


WEATHER ITEM   OBSERVED TIME   RECORD YEAR NORMAL DEPARTURE LAST
                VALUE   (LST)  VALUE       VALUE  FROM      YEAR
                                                  NORMAL
..................................................................
TEMPERATURE (F)
 YESTERDAY
  MAXIMUM         45    229 PM  MM      MM  58    -13       68
  MINIMUM         28   1159 PM  MM      MM  37     -9       41
  AVERAGE         37                        47    -10       55

PRECIPITATION (IN)
  YESTERDAY        T                         0.21  -0.21     0.04
  MONTH TO DATE    3.28                      1.85   1.43     0.70
  SINCE DEC 1     15.27                     11.98   3.29    13.60
  SINCE JAN 1      6.35                      7.18  -0.83     5.52

SNOWFALL (IN)
  YESTERDAY        T                        MM     MM        0.0
  MONTH TO DATE    T                        MM     MM        0.0
  SINCE DEC 1      T                        MM     MM        0.0
  SINCE JUL 1      T                        MM     MM        0.0
  SNOW DEPTH       0

DEGREE DAYS
 HEATING
  YESTERDAY       28                        18     10       10
  MONTH TO DATE  143                       167    -24      165
  SINCE DEC 1   1071                      1387   -316     1241
  SINCE JUL 1   1314                      1831   -517     1767
..................................................................


WIND (MPH)
  HIGHEST WIND SPEED    21   HIGHEST WIND DIRECTION    NW (310)
  HIGHEST GUST SPEED    30   HIGHEST GUST DIRECTION    NW (300)
  AVERAGE WIND SPEED    10.0


SKY COVER
  POSSIBLE SUNSHINE  MM
  AVERAGE SKY COVER 0.7


WEATHER CONDITIONS
 THE FOLLOWING WEATHER WAS RECORDED YESTERDAY.
  LIGHT SNOW


RELATIVE HUMIDITY (PERCENT)
 HIGHEST    58          1100 PM
 LOWEST     27           300 PM
 AVERAGE    43

..........................................................


THE SHELBY COUNTY AIRPORT CLIMATE NORMALS FOR TODAY
                         NORMAL    RECORD    YEAR
 MAXIMUM TEMPERATURE (F)   58        MM        MM
 MINIMUM TEMPERATURE (F)   37        MM        MM


SUNRISE AND SUNSET
FEBRUARY 10 2016......SUNRISE   636 AM CST   SUNSET   527 PM CST
FEBRUARY 11 2016......SUNRISE   635 AM CST   SUNSET   528 PM CST


-  INDICATES NEGATIVE NUMBERS.
R  INDICATES RECORD WAS SET OR TIED.
MM INDICATES DATA IS MISSING.
T  INDICATES TRACE AMOUNT.




$$
