491
CDUS44 KBMX 290753
CLIEET


CLIMATE REPORT
NATIONAL WEATHER SERVICE BIRMINGHAM, AL
252 AM CDT MON AUG 29 2016


...................................

...THE SHELBY COUNTY AIRPORT CLIMATE SUMMARY FOR AUGUST 28 2016...

CLIMATE NORMAL PERIOD 1981 TO 2010
CLIMATE RECORD PERIOD 9999 TO 9999


WEATHER ITEM   OBSERVED TIME   RECORD YEAR NORMAL DEPARTURE LAST
                VALUE   (LST)  VALUE       VALUE  FROM      YEAR
                                                  NORMAL
..................................................................
TEMPERATURE (F)
 YESTERDAY
  MAXIMUM         94    320 PM  MM      MM  89      5       88
  MINIMUM         72    322 AM  MM      MM  69      3       68
  AVERAGE         83                        79      4       78

PRECIPITATION (IN)
  YESTERDAY        0.13                      0.14  -0.01     0.10
  MONTH TO DATE    2.66                      4.31  -1.65     5.10
  SINCE JUN 1      8.44                     13.70  -5.26    18.09
  SINCE JAN 1     30.96                     37.63  -6.67    42.30

DEGREE DAYS
 COOLING
  YESTERDAY       18                        14      4       13
  MONTH TO DATE  499                       428     71      431
  SINCE JUN 1   1522                      1289    233     1380
  SINCE JAN 1   1826                      1558    268     1730
..................................................................


WIND (MPH)
  HIGHEST WIND SPEED    15   HIGHEST WIND DIRECTION     S (170)
  HIGHEST GUST SPEED    23   HIGHEST GUST DIRECTION    SE (120)
  AVERAGE WIND SPEED     3.0


SKY COVER
  POSSIBLE SUNSHINE  MM
  AVERAGE SKY COVER 0.2


WEATHER CONDITIONS
 THE FOLLOWING WEATHER WAS RECORDED YESTERDAY.
  THUNDERSTORM
  HEAVY RAIN
  LIGHT RAIN
  HAZE


RELATIVE HUMIDITY (PERCENT)
 HIGHEST    94           700 PM
 LOWEST     44           200 PM
 AVERAGE    69

..........................................................


THE SHELBY COUNTY AIRPORT CLIMATE NORMALS FOR TODAY
                         NORMAL    RECORD    YEAR
 MAXIMUM TEMPERATURE (F)   89        MM        MM
 MINIMUM TEMPERATURE (F)   69        MM        MM


SUNRISE AND SUNSET
AUGUST 29 2016........SUNRISE   620 AM CDT   SUNSET   715 PM CDT
AUGUST 30 2016........SUNRISE   620 AM CDT   SUNSET   714 PM CDT


-  INDICATES NEGATIVE NUMBERS.
R  INDICATES RECORD WAS SET OR TIED.
MM INDICATES DATA IS MISSING.
T  INDICATES TRACE AMOUNT.




$$
