000
CDUS44 KBMX 010725
CLIEET


CLIMATE REPORT
NATIONAL WEATHER SERVICE BIRMINGHAM, AL
222 AM CDT SAT AUG 1 2015


...................................

...THE SHELBY COUNTY AIRPORT CLIMATE SUMMARY FOR JULY 31 2015...

CLIMATE NORMAL PERIOD 1981 TO 2010
CLIMATE RECORD PERIOD 9999 TO 9999


WEATHER ITEM   OBSERVED TIME   RECORD YEAR NORMAL DEPARTURE LAST
                VALUE   (LST)  VALUE       VALUE  FROM      YEAR
                                                  NORMAL
..................................................................
TEMPERATURE (F)
 YESTERDAY
  MAXIMUM         92    422 PM  MM      MM  91      1       85
  MINIMUM         74    546 AM  MM      MM  71      3       68
  AVERAGE         83                        81      2       77

PRECIPITATION (IN)
  YESTERDAY        0.00                      0.17  -0.17     0.00
  MONTH TO DATE   10.97                      4.76   6.21     3.06
  SINCE JUN 1     12.99                      9.39   3.60     8.53
  SINCE JAN 1     37.20                     33.32   3.88    36.03

DEGREE DAYS
 COOLING
  YESTERDAY       18                        16      2       12
  MONTH TO DATE  519                       487     32      446
  SINCE JUN 1    949                       861     88      861
  SINCE JAN 1   1299                      1130    169     1155
..................................................................


WIND (MPH)
  HIGHEST WIND SPEED    13   HIGHEST WIND DIRECTION     N (350)
  HIGHEST GUST SPEED    20   HIGHEST GUST DIRECTION    NW (310)
  AVERAGE WIND SPEED     5.8


SKY COVER
  POSSIBLE SUNSHINE  MM
  AVERAGE SKY COVER 0.0


WEATHER CONDITIONS
 THE FOLLOWING WEATHER WAS RECORDED YESTERDAY.
  NO SIGNIFICANT WEATHER WAS OBSERVED.


RELATIVE HUMIDITY (PERCENT)
 HIGHEST    69           200 AM
 LOWEST     30           400 PM
 AVERAGE    50

..........................................................


THE SHELBY COUNTY AIRPORT CLIMATE NORMALS FOR TODAY
                         NORMAL    RECORD    YEAR
 MAXIMUM TEMPERATURE (F)   91        MM        MM
 MINIMUM TEMPERATURE (F)   71        MM        MM


SUNRISE AND SUNSET
AUGUST  1 2015........SUNRISE   600 AM CDT   SUNSET   746 PM CDT
AUGUST  2 2015........SUNRISE   601 AM CDT   SUNSET   746 PM CDT


-  INDICATES NEGATIVE NUMBERS.
R  INDICATES RECORD WAS SET OR TIED.
MM INDICATES DATA IS MISSING.
T  INDICATES TRACE AMOUNT.




$$
