000
CDUS44 KBMX 290833
CLIEET


CLIMATE REPORT
NATIONAL WEATHER SERVICE BIRMINGHAM, AL
333 AM CDT FRI JUL 29 2016


...................................

...THE SHELBY COUNTY AIRPORT CLIMATE SUMMARY FOR JULY 28 2016...

CLIMATE NORMAL PERIOD 1981 TO 2010
CLIMATE RECORD PERIOD 9999 TO 9999


WEATHER ITEM   OBSERVED TIME   RECORD YEAR NORMAL DEPARTURE LAST
                VALUE   (LST)  VALUE       VALUE  FROM      YEAR
                                                  NORMAL
..................................................................
TEMPERATURE (F)
 YESTERDAY
  MAXIMUM         89    337 PM  MM      MM  91     -2       96
  MINIMUM         73   1159 PM  MM      MM  71      2       73
  AVERAGE         81                        81      0       85

PRECIPITATION (IN)
  YESTERDAY        0.08                      0.15  -0.07     1.07
  MONTH TO DATE    1.71                      4.29  -2.58    10.22
  SINCE JUN 1      4.72                      8.92  -4.20    12.24
  SINCE JAN 1     27.24                     32.85  -5.61    36.45

DEGREE DAYS
 COOLING
  YESTERDAY       16                        16      0       20
  MONTH TO DATE  515                       440     75      460
  SINCE JUN 1    970                       814    156      890
  SINCE JAN 1   1274                      1083    191     1240
..................................................................


WIND (MPH)
  HIGHEST WIND SPEED    17   HIGHEST WIND DIRECTION    SW (240)
  HIGHEST GUST SPEED    32   HIGHEST GUST DIRECTION    SW (230)
  AVERAGE WIND SPEED     5.0


SKY COVER
  POSSIBLE SUNSHINE  MM
  AVERAGE SKY COVER 0.6


WEATHER CONDITIONS
 THE FOLLOWING WEATHER WAS RECORDED YESTERDAY.
  THUNDERSTORM
  RAIN
  LIGHT RAIN
  FOG


RELATIVE HUMIDITY (PERCENT)
 HIGHEST    93           300 AM
 LOWEST     59           300 PM
 AVERAGE    76

..........................................................


THE SHELBY COUNTY AIRPORT CLIMATE NORMALS FOR TODAY
                         NORMAL    RECORD    YEAR
 MAXIMUM TEMPERATURE (F)   91        MM        MM
 MINIMUM TEMPERATURE (F)   71        MM        MM


SUNRISE AND SUNSET
JULY 29 2016..........SUNRISE   558 AM CDT   SUNSET   748 PM CDT
JULY 30 2016..........SUNRISE   559 AM CDT   SUNSET   747 PM CDT


-  INDICATES NEGATIVE NUMBERS.
R  INDICATES RECORD WAS SET OR TIED.
MM INDICATES DATA IS MISSING.
T  INDICATES TRACE AMOUNT.




$$
