000
CDUS46 KEKA 211214
CLIEKA


CLIMATE REPORT
NATIONAL WEATHER SERVICE EUREKA CA
412 AM PST TUE FEB 21 2017


...................................

...THE EUREKA CA CLIMATE SUMMARY FOR FEBRUARY 20 2017...

CLIMATE NORMAL PERIOD 1981 TO 2010
CLIMATE RECORD PERIOD 1886 TO 2017


WEATHER ITEM   OBSERVED RECORD YEAR NORMAL DEPARTURE LAST
                VALUE   VALUE       VALUE  FROM      YEAR
                                           NORMAL
...........................................................
TEMPERATURE (F)
 YESTERDAY
  MAXIMUM         58     72    1964  56      2       54
  MINIMUM         51     28    1887  42      9       37
  AVERAGE         55                 49      6       46

PRECIPITATION (IN)
  YESTERDAY        1.15   3.22 1921   0.21   0.94     0.00
  MONTH TO DATE    8.57               4.03   4.54     2.51
  SINCE OCT 1     44.85              26.50  18.35    35.29
  SINCE JAN 1     19.08              10.53   8.55    14.57

SNOWFALL (IN)
  YESTERDAY        0.0   MM      MM   0.0    0.0      0.0
  MONTH TO DATE    0.0                0.2   -0.2      0.0
  SINCE DEC 1      T                  0.2   -0.2       T
  SINCE JUL 1      T                  0.2   -0.2       T
  SNOW DEPTH       0

DEGREE DAYS
 HEATING
  YESTERDAY       10                 16     -6       19
  MONTH TO DATE  262                320    -58      265
  SINCE DEC 1   1489               1369    120     1197
  SINCE JUL 1   2723               2791    -68     2279

 COOLING
  YESTERDAY        0                  0      0        0
  MONTH TO DATE    0                  0      0        0
  SINCE DEC 1      0                  0      0        0
  SINCE JAN 1      0                  0      0        0
...........................................................


WIND (MPH)
  HIGHEST WIND SPEED    17   HIGHEST WIND DIRECTION    SW (240)
  HIGHEST GUST SPEED    39   HIGHEST GUST DIRECTION    SW (240)
  AVERAGE WIND SPEED     7.8


SKY COVER
  AVERAGE SKY COVER 0.0


WEATHER CONDITIONS
 THE FOLLOWING WEATHER WAS RECORDED YESTERDAY.
  LIGHT RAIN


..........................................................


THE EUREKA CA CLIMATE NORMALS FOR TODAY
                         NORMAL    RECORD    YEAR
 MAXIMUM TEMPERATURE (F)   56        70      1981
 MINIMUM TEMPERATURE (F)   42        31      1975
                                             1952
                                             1897


SUNRISE AND SUNSET
FEBRUARY 21 2017......SUNRISE   702 AM PST   SUNSET   559 PM PST
FEBRUARY 22 2017......SUNRISE   700 AM PST   SUNSET   600 PM PST


-  INDICATES NEGATIVE NUMBERS.
R  INDICATES RECORD WAS SET OR TIED.
MM INDICATES DATA IS MISSING.
T  INDICATES TRACE AMOUNT.




&&

..........................................................

TOTAL SEASON     NORMAL   % OF NORMAL     LAST SEASON

    44.85         26.50        169            35.29


$$
