000
CDUS46 KEKA 041218
CLIEKA


CLIMATE REPORT
NATIONAL WEATHER SERVICE EUREKA CA
418 AM PST WED MAR 4 2015


...................................

...THE EUREKA CA CLIMATE SUMMARY FOR MARCH 3 2015...

CLIMATE NORMAL PERIOD 1981 TO 2010
CLIMATE RECORD PERIOD 1886 TO 2015


WEATHER ITEM   OBSERVED RECORD YEAR NORMAL DEPARTURE LAST
                VALUE   VALUE       VALUE  FROM      YEAR
                                           NORMAL
...........................................................
TEMPERATURE (F)
 YESTERDAY
  MAXIMUM         55     69    1987  57     -2       61
                               1937
  MINIMUM         38     29    1896  42     -4       50
  AVERAGE         47                 49     -2       56

PRECIPITATION (IN)
  YESTERDAY        0.00   1.42 1904   0.19  -0.19     0.52
  MONTH TO DATE    0.00               0.60  -0.60     0.60
  SINCE OCT 1     24.78              28.70  -3.92     9.94
  SINCE JAN 1      6.40              12.73  -6.33     8.04

SNOWFALL (IN)
  YESTERDAY        0.0   MM      MM   0.0    0.0      0.0
  MONTH TO DATE    0.0                0.0    0.0      0.0
  SINCE MAR 1      0.0                0.0    0.0      0.0
  SINCE JUL 1      0.0                0.2   -0.2       T
  SNOW DEPTH       0

DEGREE DAYS
 HEATING
  YESTERDAY       18                 16      2        9
  MONTH TO DATE   51                 48      3       31
  SINCE MAR 1     51                 48      3       31
  SINCE JUL 1   2206               2970   -764     3122

 COOLING
  YESTERDAY        0                  0      0        0
  MONTH TO DATE    0                  0      0        0
  SINCE MAR 1      0                  0      0        0
  SINCE JAN 1      0                  0      0        0
...........................................................


WIND (MPH)
  HIGHEST WIND SPEED    12   HIGHEST WIND DIRECTION     N (350)
  HIGHEST GUST SPEED    MM   HIGHEST GUST DIRECTION    MM
  AVERAGE WIND SPEED     3.6


SKY COVER
  AVERAGE SKY COVER 0.5


WEATHER CONDITIONS
 THE FOLLOWING WEATHER WAS RECORDED YESTERDAY.
  NO SIGNIFICANT WEATHER WAS OBSERVED.


..........................................................


THE EUREKA CA CLIMATE NORMALS FOR TODAY
                         NORMAL    RECORD    YEAR
 MAXIMUM TEMPERATURE (F)   57        76      1937
 MINIMUM TEMPERATURE (F)   42        31      1997
                                             1923


SUNRISE AND SUNSET
MARCH  4 2015.........SUNRISE   646 AM PST   SUNSET   611 PM PST
MARCH  5 2015.........SUNRISE   645 AM PST   SUNSET   612 PM PST


-  INDICATES NEGATIVE NUMBERS.
R  INDICATES RECORD WAS SET OR TIED.
MM INDICATES DATA IS MISSING.
T  INDICATES TRACE AMOUNT.




&&

..........................................................

TOTAL SEASON     NORMAL   % OF NORMAL     LAST SEASON

    24.78         28.70        86             9.94


$$
