000
CDUS46 KEKA 011210
CLIEKA


CLIMATE REPORT
NATIONAL WEATHER SERVICE EUREKA CA
510 AM PDT TUE SEP 1 2015


...................................

...THE EUREKA CA CLIMATE SUMMARY FOR AUGUST 31 2015...

CLIMATE NORMAL PERIOD 1981 TO 2010
CLIMATE RECORD PERIOD 1886 TO 2015


WEATHER ITEM   OBSERVED RECORD YEAR NORMAL DEPARTURE LAST
                VALUE   VALUE       VALUE  FROM      YEAR
                                           NORMAL
...........................................................
TEMPERATURE (F)
 YESTERDAY
  MAXIMUM         69     72    1997  64      5       68
                               1896
  MINIMUM         57     45    1999  52      5       56
                               1890
  AVERAGE         63                 58      5       62

PRECIPITATION (IN)
  YESTERDAY        0.00   0.37 1896   0.02  -0.02     0.00
  MONTH TO DATE    0.41               0.31   0.10     0.02
  SINCE OCT 1     31.23              39.74  -8.51    17.93
  SINCE JAN 1     12.85              23.77 -10.92    16.03

SNOWFALL (IN)
  YESTERDAY        0.0    0.0  2002   0.0    0.0      0.0
                               2001
  MONTH TO DATE    0.0                0.0    0.0      0.0
  SINCE JUN 1      0.0                0.0    0.0      0.0
  SINCE JUL 1      0.0                0.0    0.0      0.0
  SNOW DEPTH       0

DEGREE DAYS
 HEATING
  YESTERDAY        2                  7     -5        3
  MONTH TO DATE  106                197    -91      175
  SINCE JUN 1    464                692   -228      615
  SINCE JUL 1    223                426   -203      363

 COOLING
  YESTERDAY        0                  0      0        0
  MONTH TO DATE    4                  0      4        0
  SINCE JUN 1      5                  0      5        0
  SINCE JAN 1      5                  0      5        1
...........................................................


WIND (MPH)
  HIGHEST WIND SPEED    12   HIGHEST WIND DIRECTION     N (360)
  HIGHEST GUST SPEED    16   HIGHEST GUST DIRECTION    MM
  AVERAGE WIND SPEED     4.0


SKY COVER
  AVERAGE SKY COVER 0.3


WEATHER CONDITIONS
 THE FOLLOWING WEATHER WAS RECORDED YESTERDAY.
  FOG


..........................................................


THE EUREKA CA CLIMATE NORMALS FOR TODAY
                         NORMAL    RECORD    YEAR
 MAXIMUM TEMPERATURE (F)   64        75      1979
 MINIMUM TEMPERATURE (F)   52        44      2008


SUNRISE AND SUNSET
SEPTEMBER  1 2015.....SUNRISE   643 AM PDT   SUNSET   749 PM PDT
SEPTEMBER  2 2015.....SUNRISE   644 AM PDT   SUNSET   748 PM PDT


-  INDICATES NEGATIVE NUMBERS.
R  INDICATES RECORD WAS SET OR TIED.
MM INDICATES DATA IS MISSING.
T  INDICATES TRACE AMOUNT.




&&

..........................................................

TOTAL SEASON     NORMAL   % OF NORMAL     LAST SEASON

    31.23         39.74        79            17.93


$$
