000
CDUS46 KEKA 250015
CLIEKA


CLIMATE REPORT
NATIONAL WEATHER SERVICE EUREKA CA
515 PM PDT THU APR 24 2014


...................................

...THE EUREKA CA CLIMATE SUMMARY FOR APRIL 24 2014...
VALID TODAY AS OF 0500 PM LOCAL TIME.

CLIMATE NORMAL PERIOD 1981 TO 2010
CLIMATE RECORD PERIOD 1886 TO 2014


WEATHER ITEM   OBSERVED RECORD YEAR NORMAL DEPARTURE LAST
                VALUE   VALUE       VALUE  FROM      YEAR
                                           NORMAL
...........................................................
TEMPERATURE (F)
 TODAY
  MAXIMUM         59     70    2013  58      1       70
  MINIMUM         52     36    2008  45      7       41
  AVERAGE         56                 52      4       56

PRECIPITATION (IN)
  TODAY            0.24   0.96 1983   0.09   0.15     0.00
  MONTH TO DATE    1.16               2.80  -1.64     2.44
  SINCE JUL 1     19.97              37.28 -17.31    30.71
  SINCE JAN 1     14.85              20.23  -5.38     9.88

SNOWFALL (IN)
  TODAY            0.0   MM      MM   0.0    0.0      0.0
  MONTH TO DATE    0.0                0.0    0.0      0.0
  SINCE MAR 1      0.0                0.0    0.0      0.0
  SINCE JUL 1      T                  0.2   -0.2       T
  SNOW DEPTH      MM

...........................................................


WIND (MPH)
  HIGHEST WIND SPEED    12   HIGHEST WIND DIRECTION     W (270)
  HIGHEST GUST SPEED    MM   HIGHEST GUST DIRECTION    MM
  AVERAGE WIND SPEED     6.8


SKY COVER
  AVERAGE SKY COVER 1.0


WEATHER CONDITIONS
 THE FOLLOWING WEATHER WAS RECORDED TODAY.
  LIGHT RAIN


..........................................................


THE EUREKA CA CLIMATE NORMALS FOR TOMORROW
                         NORMAL    RECORD    YEAR
 MAXIMUM TEMPERATURE (F)   58        72      1897
 MINIMUM TEMPERATURE (F)   45        37      1949
                                             1932


SUNRISE AND SUNSET
APRIL 24 2014.........SUNRISE   624 AM PDT   SUNSET   806 PM PDT
APRIL 25 2014.........SUNRISE   623 AM PDT   SUNSET   807 PM PDT


-  INDICATES NEGATIVE NUMBERS.
R  INDICATES RECORD WAS SET OR TIED.
MM INDICATES DATA IS MISSING.
T  INDICATES TRACE AMOUNT.




&&

..........................................................

TOTAL SEASON     NORMAL   % OF NORMAL     LAST SEASON

    19.97         37.28        54            30.71

$$
