000
CDUS46 KEKA 231211
CLIEKA


CLIMATE REPORT
NATIONAL WEATHER SERVICE EUREKA CA
511 AM PDT FRI JUN 23 2017


...................................

...THE EUREKA CA CLIMATE SUMMARY FOR JUNE 22 2017...

CLIMATE NORMAL PERIOD 1981 TO 2010
CLIMATE RECORD PERIOD 1886 TO 2017


WEATHER ITEM   OBSERVED RECORD YEAR NORMAL DEPARTURE LAST
                VALUE   VALUE       VALUE  FROM      YEAR
                                           NORMAL
...........................................................
TEMPERATURE (F)
 YESTERDAY
  MAXIMUM         67     69    1966  63      4       62
                               1941
  MINIMUM         49     44    1923  51     -2       53
  AVERAGE         58                 57      1       58

PRECIPITATION (IN)
  YESTERDAY        0.00   0.72 2012   0.01  -0.01      T
  MONTH TO DATE    0.58               0.65  -0.07     0.02
  SINCE OCT 1     62.70              39.15  23.55    47.49
  SINCE JAN 1     36.93              23.18  13.75    26.77

SNOWFALL (IN)
  YESTERDAY        0.0    0.0  2002   0.0    0.0      0.0
                               2001
  MONTH TO DATE    0.0                0.0    0.0      0.0
  SINCE JUN 1      0.0                0.0    0.0      0.0
  SINCE JUL 1      T                  0.2   -0.2       T
  SNOW DEPTH       0

DEGREE DAYS
 HEATING
  YESTERDAY        7                  8     -1        7
  MONTH TO DATE  173                202    -29      166
  SINCE JUN 1    173                202    -29      166
  SINCE JUL 1   4233               4370   -137     3569

 COOLING
  YESTERDAY        0                  0      0        0
  MONTH TO DATE    0                  0      0        0
  SINCE JUN 1      0                  0      0        0
  SINCE JAN 1      0                  0      0        0
...........................................................


WIND (MPH)
  HIGHEST WIND SPEED    16   HIGHEST WIND DIRECTION     N (20)
  HIGHEST GUST SPEED    25   HIGHEST GUST DIRECTION     N (20)
  AVERAGE WIND SPEED     7.0


SKY COVER
  AVERAGE SKY COVER 0.0


WEATHER CONDITIONS
 THE FOLLOWING WEATHER WAS RECORDED YESTERDAY.
  FOG
  HAZE


..........................................................


THE EUREKA CA CLIMATE NORMALS FOR TODAY
                         NORMAL    RECORD    YEAR
 MAXIMUM TEMPERATURE (F)   63        71      2013
 MINIMUM TEMPERATURE (F)   51        45      1920
                                             1916
                                             1893


SUNRISE AND SUNSET
JUNE 23 2017..........SUNRISE   546 AM PDT   SUNSET   852 PM PDT
JUNE 24 2017..........SUNRISE   546 AM PDT   SUNSET   852 PM PDT


-  INDICATES NEGATIVE NUMBERS.
R  INDICATES RECORD WAS SET OR TIED.
MM INDICATES DATA IS MISSING.
T  INDICATES TRACE AMOUNT.




&&

..........................................................

TOTAL SEASON     NORMAL   % OF NORMAL     LAST SEASON

    62.70         39.15        160            47.49


$$
