000
CDUS46 KEKA 261212
CLIEKA


CLIMATE REPORT
NATIONAL WEATHER SERVICE EUREKA CA
411 AM PST MON JAN 26 2015


...................................

...THE EUREKA CA CLIMATE SUMMARY FOR JANUARY 25 2015...

CLIMATE NORMAL PERIOD 1981 TO 2010
CLIMATE RECORD PERIOD 1886 TO 2015


WEATHER ITEM   OBSERVED RECORD YEAR NORMAL DEPARTURE LAST
                VALUE   VALUE       VALUE  FROM      YEAR
                                           NORMAL
...........................................................
TEMPERATURE (F)
 YESTERDAY
  MAXIMUM         66     71    1889  56     10       59
  MINIMUM         45     27    1887  41      4       40
  AVERAGE         56                 49      7       50

PRECIPITATION (IN)
  YESTERDAY        0.00   3.76 1912   0.20  -0.20     0.00
  MONTH TO DATE    1.36               5.35  -3.99     0.73
  SINCE JUL 1     22.87              22.40   0.47     5.85
  SINCE JAN 1      1.36               5.35  -3.99     0.73

SNOWFALL (IN)
  YESTERDAY        0.0    0.0  2002   0.0    0.0      0.0
  MONTH TO DATE    0.0                0.0    0.0      0.0
  SINCE DEC 1      0.0                T      0.0       T
  SINCE JUL 1      0.0                T      0.0       T
  SNOW DEPTH       0

DEGREE DAYS
 HEATING
  YESTERDAY        9                 16     -7       15
  MONTH TO DATE  343                421    -78      436
  SINCE DEC 1    714                954   -240     1128
  SINCE JUL 1   1734               2376   -642     2579

 COOLING
  YESTERDAY        0                  0      0        0
  MONTH TO DATE    0                  0      0        0
  SINCE DEC 1      0                  0      0        0
  SINCE JAN 1      0                  0      0        0
...........................................................


WIND (MPH)
  HIGHEST WIND SPEED     7   HIGHEST WIND DIRECTION     W (280)
  HIGHEST GUST SPEED     8   HIGHEST GUST DIRECTION    MM
  AVERAGE WIND SPEED     1.3


SKY COVER
  AVERAGE SKY COVER 0.4


WEATHER CONDITIONS
 THE FOLLOWING WEATHER WAS RECORDED YESTERDAY.
  FOG


..........................................................


THE EUREKA CA CLIMATE NORMALS FOR TODAY
                         NORMAL    RECORD    YEAR
 MAXIMUM TEMPERATURE (F)   56        77      1888
 MINIMUM TEMPERATURE (F)   41        30      1957
                                             1898
                                             1887


SUNRISE AND SUNSET
JANUARY 26 2015.......SUNRISE   732 AM PST   SUNSET   527 PM PST
JANUARY 27 2015.......SUNRISE   731 AM PST   SUNSET   528 PM PST


-  INDICATES NEGATIVE NUMBERS.
R  INDICATES RECORD WAS SET OR TIED.
MM INDICATES DATA IS MISSING.
T  INDICATES TRACE AMOUNT.




&&

..........................................................

TOTAL SEASON     NORMAL   % OF NORMAL     LAST SEASON

    22.87         22.40        102             5.85


$$
