000
CDUS46 KEKA 041212
CLIEKA


CLIMATE REPORT
NATIONAL WEATHER SERVICE EUREKA CA
411 AM PST SUN DEC 4 2016


...................................

...THE EUREKA CA CLIMATE SUMMARY FOR DECEMBER 3 2016...

CLIMATE NORMAL PERIOD 1981 TO 2010
CLIMATE RECORD PERIOD 1886 TO 2016


WEATHER ITEM   OBSERVED RECORD YEAR NORMAL DEPARTURE LAST
                VALUE   VALUE       VALUE  FROM      YEAR
                                           NORMAL
...........................................................
TEMPERATURE (F)
 YESTERDAY
  MAXIMUM         55     71    1979  56     -1       62
  MINIMUM         38     31    2004  41     -3       48
  AVERAGE         47                 48     -1       55

PRECIPITATION (IN)
  YESTERDAY        0.00   2.21 1970   0.26  -0.26     1.26
  MONTH TO DATE    0.00               0.78  -0.78     1.50
  SINCE OCT 1     17.90               8.63   9.27     7.56
  SINCE JAN 1     45.26              32.99  12.27    20.68

SNOWFALL (IN)
  YESTERDAY        0.0    0.0  2002   0.0    0.0     MM
                               2001
  MONTH TO DATE    0.0                0.0    0.0      0.0
  SINCE DEC 1      0.0                0.0    0.0      0.0
  SINCE JUL 1      T                  0.0    0.0       T
  SNOW DEPTH       0

DEGREE DAYS
 HEATING
  YESTERDAY       18                 17      1       10
  MONTH TO DATE   59                 50      9       29
  SINCE DEC 1     59                 50      9       29
  SINCE JUL 1   1293               1472   -179     1111

 COOLING
  YESTERDAY        0                  0      0        0
  MONTH TO DATE    0                  0      0        0
  SINCE DEC 1      0                  0      0        0
  SINCE JAN 1      0                  0      0        6
...........................................................


WIND (MPH)
  HIGHEST WIND SPEED    12   HIGHEST WIND DIRECTION     N (360)
  HIGHEST GUST SPEED    15   HIGHEST GUST DIRECTION    MM
  AVERAGE WIND SPEED     2.7


SKY COVER
  AVERAGE SKY COVER 0.5


WEATHER CONDITIONS
 THE FOLLOWING WEATHER WAS RECORDED YESTERDAY.
  FOG


..........................................................


THE EUREKA CA CLIMATE NORMALS FOR TODAY
                         NORMAL    RECORD    YEAR
 MAXIMUM TEMPERATURE (F)   55        69      1979
 MINIMUM TEMPERATURE (F)   41        28      2013


SUNRISE AND SUNSET
DECEMBER  4 2016......SUNRISE   725 AM PST   SUNSET   449 PM PST
DECEMBER  5 2016......SUNRISE   726 AM PST   SUNSET   449 PM PST


-  INDICATES NEGATIVE NUMBERS.
R  INDICATES RECORD WAS SET OR TIED.
MM INDICATES DATA IS MISSING.
T  INDICATES TRACE AMOUNT.




&&

..........................................................

TOTAL SEASON     NORMAL   % OF NORMAL     LAST SEASON

    17.90          8.63        207             7.56


$$
