000
CDUS46 KEKA 181219
CLIEKA


CLIMATE REPORT
NATIONAL WEATHER SERVICE EUREKA CA
419 AM PST THU DEC 18 2014


...................................

...THE EUREKA CA CLIMATE SUMMARY FOR DECEMBER 17 2014...

CLIMATE NORMAL PERIOD 1981 TO 2010
CLIMATE RECORD PERIOD 1886 TO 2014


WEATHER ITEM   OBSERVED RECORD YEAR NORMAL DEPARTURE LAST
                VALUE   VALUE       VALUE  FROM      YEAR
                                           NORMAL
...........................................................
TEMPERATURE (F)
 YESTERDAY
  MAXIMUM         55     72    1981  55      0       57
                               1979
  MINIMUM         49     27    2008  40      9       35
  AVERAGE         52                 48      4       46

PRECIPITATION (IN)
  YESTERDAY        0.42   1.84 1941   0.28   0.14     0.00
  MONTH TO DATE    5.83               4.46   1.37     0.48
  SINCE JUL 1     17.59              13.39   4.20     5.04
  SINCE JAN 1     33.58              36.67  -3.09    16.52

SNOWFALL (IN)
  YESTERDAY        0.0    0.0  2001   0.0    0.0      0.0
  MONTH TO DATE    0.0                0.0    0.0       T
  SINCE DEC 1      0.0                0.0    0.0       T
  SINCE JUL 1      0.0                0.0    0.0       T
  SNOW DEPTH       0

DEGREE DAYS
 HEATING
  YESTERDAY       13                 17     -4       19
  MONTH TO DATE  156                288   -132      408
  SINCE DEC 1    156                288   -132      408
  SINCE JUL 1   1176               1710   -534     1859

 COOLING
  YESTERDAY        0                  0      0        0
  MONTH TO DATE    0                  0      0        0
  SINCE DEC 1      0                  0      0        0
  SINCE JAN 1      4                  0      4        6
...........................................................


WIND (MPH)
  HIGHEST WIND SPEED    14   HIGHEST WIND DIRECTION     W (260)
  HIGHEST GUST SPEED    25   HIGHEST GUST DIRECTION     W (260)
  AVERAGE WIND SPEED     7.5


SKY COVER
  AVERAGE SKY COVER 1.0


WEATHER CONDITIONS
 THE FOLLOWING WEATHER WAS RECORDED YESTERDAY.
  LIGHT RAIN
  FOG


..........................................................


THE EUREKA CA CLIMATE NORMALS FOR TODAY
                         NORMAL    RECORD    YEAR
 MAXIMUM TEMPERATURE (F)   55        69      1979
 MINIMUM TEMPERATURE (F)   40        24      1924


SUNRISE AND SUNSET
DECEMBER 18 2014......SUNRISE   736 AM PST   SUNSET   451 PM PST
DECEMBER 19 2014......SUNRISE   736 AM PST   SUNSET   451 PM PST


-  INDICATES NEGATIVE NUMBERS.
R  INDICATES RECORD WAS SET OR TIED.
MM INDICATES DATA IS MISSING.
T  INDICATES TRACE AMOUNT.




&&

..........................................................

TOTAL SEASON     NORMAL   % OF NORMAL     LAST SEASON

    17.59         13.39        131             5.04


$$
