000
CDUS46 KEKA 031211
CLIEKA


CLIMATE REPORT
NATIONAL WEATHER SERVICE EUREKA CA
511 AM PDT FRI JUL 3 2015


...................................

...THE EUREKA CA CLIMATE SUMMARY FOR JULY 2 2015...

CLIMATE NORMAL PERIOD 1981 TO 2010
CLIMATE RECORD PERIOD 1886 TO 2015


WEATHER ITEM   OBSERVED RECORD YEAR NORMAL DEPARTURE LAST
                VALUE   VALUE       VALUE  FROM      YEAR
                                           NORMAL
...........................................................
TEMPERATURE (F)
 YESTERDAY
  MAXIMUM         64     71    2007  63      1       64
  MINIMUM         54     47    1962  51      3       56
                               1960
                               1948
  AVERAGE         59                 57      2       60

PRECIPITATION (IN)
  YESTERDAY        T      0.10 1895   0.01  -0.01      T
  MONTH TO DATE    T                  0.02  -0.02      T
  SINCE OCT 1     30.67              39.27  -8.60    17.89
  SINCE JAN 1     12.29              23.30 -11.01    15.99

SNOWFALL (IN)
  YESTERDAY        0.0    0.0  2002   0.0    0.0      0.0
                               2001
  MONTH TO DATE    0.0                0.0    0.0      0.0
  SINCE JUN 1      0.0                0.0    0.0      0.0
  SINCE JUL 1      0.0                0.0    0.0      0.0
  SNOW DEPTH       0

DEGREE DAYS
 HEATING
  YESTERDAY        6                  8     -2        5
  MONTH TO DATE   13                 16     -3       13
  SINCE JUN 1    254                282    -28      265
  SINCE JUL 1     13                 16     -3       13

 COOLING
  YESTERDAY        0                  0      0        0
  MONTH TO DATE    0                  0      0        0
  SINCE JUN 1      0                  0      0        0
  SINCE JAN 1      0                  0      0        1
...........................................................


WIND (MPH)
  HIGHEST WIND SPEED    12   HIGHEST WIND DIRECTION     W (280)
  HIGHEST GUST SPEED    13   HIGHEST GUST DIRECTION    MM
  AVERAGE WIND SPEED     4.8


SKY COVER
  AVERAGE SKY COVER 0.8


WEATHER CONDITIONS
 THE FOLLOWING WEATHER WAS RECORDED YESTERDAY.
  LIGHT RAIN
  FOG


..........................................................


THE EUREKA CA CLIMATE NORMALS FOR TODAY
                         NORMAL    RECORD    YEAR
 MAXIMUM TEMPERATURE (F)   63        76      1992
 MINIMUM TEMPERATURE (F)   51        46      1901


SUNRISE AND SUNSET
JULY  3 2015..........SUNRISE   550 AM PDT   SUNSET   852 PM PDT
JULY  4 2015..........SUNRISE   550 AM PDT   SUNSET   851 PM PDT


-  INDICATES NEGATIVE NUMBERS.
R  INDICATES RECORD WAS SET OR TIED.
MM INDICATES DATA IS MISSING.
T  INDICATES TRACE AMOUNT.




&&

..........................................................

TOTAL SEASON     NORMAL   % OF NORMAL     LAST SEASON

    30.67         39.27        78            17.89


$$
