000
CDUS46 KEKA 241213
CLIEKA


CLIMATE REPORT
NATIONAL WEATHER SERVICE EUREKA CA
413 AM PST MON NOV 24 2014


...................................

...THE EUREKA CA CLIMATE SUMMARY FOR NOVEMBER 23 2014...

CLIMATE NORMAL PERIOD 1981 TO 2010
CLIMATE RECORD PERIOD 1886 TO 2014


WEATHER ITEM   OBSERVED RECORD YEAR NORMAL DEPARTURE LAST
                VALUE   VALUE       VALUE  FROM      YEAR
                                           NORMAL
...........................................................
TEMPERATURE (F)
 YESTERDAY
  MAXIMUM         55     71    1930  57     -2       68
  MINIMUM         41     30    2003  42     -1       35
  AVERAGE         48                 50     -2       52

PRECIPITATION (IN)
  YESTERDAY        0.00   2.16 1960   0.21  -0.21     0.00
  MONTH TO DATE    2.77               4.00  -1.23     1.29
  SINCE JUL 1     10.64               7.32   3.32     4.56
  SINCE JAN 1     26.63              30.60  -3.97    16.04

SNOWFALL (IN)
  YESTERDAY        0.0    0.0  2002   0.0    0.0      0.0
                               2001
  MONTH TO DATE    0.0                0.0    0.0      0.0
  SINCE SEP 1      0.0                0.0    0.0      0.0
  SINCE JUL 1      0.0                0.0    0.0      0.0
  SNOW DEPTH       0

DEGREE DAYS
 HEATING
  YESTERDAY       17                 15      2       13
  MONTH TO DATE  237                315    -78      342
  SINCE SEP 1    576                883   -307      914
  SINCE JUL 1    939               1309   -370     1333

 COOLING
  YESTERDAY        0                  0      0        0
  MONTH TO DATE    0                  0      0        0
  SINCE SEP 1      3                  0      3        1
  SINCE JAN 1      4                  0      4        6
...........................................................


WIND (MPH)
  HIGHEST WIND SPEED     6   HIGHEST WIND DIRECTION     W (260)
  HIGHEST GUST SPEED     8   HIGHEST GUST DIRECTION    MM
  AVERAGE WIND SPEED     1.5


SKY COVER
  AVERAGE SKY COVER 0.9


WEATHER CONDITIONS
 THE FOLLOWING WEATHER WAS RECORDED YESTERDAY.
  FOG


..........................................................


THE EUREKA CA CLIMATE NORMALS FOR TODAY
                         NORMAL    RECORD    YEAR
 MAXIMUM TEMPERATURE (F)   57        67      1974
 MINIMUM TEMPERATURE (F)   42        30      2010


SUNRISE AND SUNSET
NOVEMBER 24 2014......SUNRISE   714 AM PST   SUNSET   452 PM PST
NOVEMBER 25 2014......SUNRISE   715 AM PST   SUNSET   452 PM PST


-  INDICATES NEGATIVE NUMBERS.
R  INDICATES RECORD WAS SET OR TIED.
MM INDICATES DATA IS MISSING.
T  INDICATES TRACE AMOUNT.




&&

..........................................................

TOTAL SEASON     NORMAL   % OF NORMAL     LAST SEASON

    10.64          7.32        145             4.56


$$
