000
CDUS41 KRLX 140836
CLIEKN


CLIMATE REPORT
NATIONAL WEATHER SERVICE CHARLESTON WV
334 AM EST THU DEC 14 2017


...................................

...THE ELKINS WV CLIMATE SUMMARY FOR DECEMBER 13 2017...

CLIMATE NORMAL PERIOD 1981 TO 2010
CLIMATE RECORD PERIOD 1899 TO 2017


WEATHER ITEM   OBSERVED TIME   RECORD YEAR NORMAL DEPARTURE LAST
                VALUE   (LST)  VALUE       VALUE  FROM      YEAR
                                                  NORMAL
..................................................................
TEMPERATURE (F)
 YESTERDAY
  MAXIMUM         39    925 PM  68    1927  43     -4       45
  MINIMUM         14    537 AM -11    1962  23     -9       30
  AVERAGE         27                        33     -6       38

PRECIPITATION (IN)
  YESTERDAY        0.02          1.09 1919   0.10  -0.08      T
  MONTH TO DATE    0.52                      1.46  -0.94     1.73
  SINCE JAN 1     44.23                     44.13   0.10    41.92

SNOWFALL (IN)
  YESTERDAY        1.7           4.5  2004   0.5    1.2       T
  MONTH TO DATE    3.7                       6.2   -2.5      2.0
  SINCE SEP 1      3.7                      11.8   -8.1      6.7
  SNOW DEPTH       3

DEGREE DAYS
 HEATING
  YESTERDAY       38                        32      6       27
  MONTH TO DATE  396                       394      2      400
  SINCE DEC 1    396                       394      2      400
  SINCE JUL 1   1481                      1678   -197     1345

 COOLING
  YESTERDAY        0                         0      0        0
  MONTH TO DATE    0                         0      0        0
  SINCE DEC 1      0                         0      0        0
  SINCE JAN 1    544                       475     69      809
..................................................................


WIND (MPH)
  HIGHEST WIND SPEED    30   HIGHEST WIND DIRECTION    SW (230)
  HIGHEST GUST SPEED    42   HIGHEST GUST DIRECTION    SW (230)
  AVERAGE WIND SPEED     8.9


SKY COVER
  POSSIBLE SUNSHINE  MM
  AVERAGE SKY COVER 0.9


WEATHER CONDITIONS
 THE FOLLOWING WEATHER WAS RECORDED YESTERDAY.
  LIGHT SNOW
  HAZE


RELATIVE HUMIDITY (PERCENT)
 HIGHEST    73          1200 AM
 LOWEST     40           200 PM
 AVERAGE    57

..........................................................


THE ELKINS WV CLIMATE NORMALS FOR TODAY
                         NORMAL    RECORD    YEAR
 MAXIMUM TEMPERATURE (F)   42        67      2015
                                             2001
                                             1918
 MINIMUM TEMPERATURE (F)   23         0      1960


SUNRISE AND SUNSET
DECEMBER 14 2017......SUNRISE   730 AM EST   SUNSET   458 PM EST
DECEMBER 15 2017......SUNRISE   731 AM EST   SUNSET   458 PM EST


-  INDICATES NEGATIVE NUMBERS.
R  INDICATES RECORD WAS SET OR TIED.
MM INDICATES DATA IS MISSING.
T  INDICATES TRACE AMOUNT.




$$
