000
CDUS41 KRLX 240741
CLIEKN


CLIMATE REPORT
NATIONAL WEATHER SERVICE CHARLESTON WV
340 AM EDT THU AUG 24 2017


...................................

...THE ELKINS WV CLIMATE SUMMARY FOR AUGUST 23 2017...

CLIMATE NORMAL PERIOD 1981 TO 2010
CLIMATE RECORD PERIOD 1899 TO 2017


WEATHER ITEM   OBSERVED TIME   RECORD YEAR NORMAL DEPARTURE LAST
                VALUE   (LST)  VALUE       VALUE  FROM      YEAR
                                                  NORMAL
..................................................................
TEMPERATURE (F)
 YESTERDAY
  MAXIMUM         77    214 PM  89    1918  80     -3       82
  MINIMUM         55   1159 PM  42    1981  57     -2       52
                                      1925
  AVERAGE         66                        69     -3       67

PRECIPITATION (IN)
  YESTERDAY        0.03          2.11 1989   0.12  -0.09     0.00
  MONTH TO DATE    3.53                      2.94   0.59     2.77
  SINCE JAN 1     34.44                     31.91   2.53    29.60

SNOWFALL (IN)
  YESTERDAY        0.0
  MONTH TO DATE    0.0
  SINCE SEP 1     44.5
  SNOW DEPTH       0

DEGREE DAYS
 HEATING
  YESTERDAY        0                         1     -1        0
  MONTH TO DATE    8                         8      0        0
  SINCE JUN 1     69                        75     -6       28
  SINCE JUL 1     11                        20     -9        0

 COOLING
  YESTERDAY        1                         4     -3        2
  MONTH TO DATE  107                       112     -5      211
  SINCE JUN 1    416                       370     46      587
  SINCE JAN 1    460                       393     67      616
..................................................................


WIND (MPH)
  HIGHEST WIND SPEED    15   HIGHEST WIND DIRECTION     W (290)
  HIGHEST GUST SPEED    21   HIGHEST GUST DIRECTION     W (280)
  AVERAGE WIND SPEED     4.1


SKY COVER
  AVERAGE SKY COVER 0.5


WEATHER CONDITIONS
 THE FOLLOWING WEATHER WAS RECORDED YESTERDAY.
  LIGHT RAIN
  FOG


RELATIVE HUMIDITY (PERCENT)
 HIGHEST    87           300 AM
 LOWEST     49           500 PM
 AVERAGE    68

..........................................................


THE ELKINS WV CLIMATE NORMALS FOR TODAY
                         NORMAL    RECORD    YEAR
 MAXIMUM TEMPERATURE (F)   80        91      1993
 MINIMUM TEMPERATURE (F)   57        40      1952
                                             1951


SUNRISE AND SUNSET
AUGUST 24 2017........SUNRISE   641 AM EDT   SUNSET   801 PM EDT
AUGUST 25 2017........SUNRISE   642 AM EDT   SUNSET   800 PM EDT


-  INDICATES NEGATIVE NUMBERS.
R  INDICATES RECORD WAS SET OR TIED.
MM INDICATES DATA IS MISSING.
T  INDICATES TRACE AMOUNT.




$$
