525
CDUS41 KRLX 270821
CLIEKN


CLIMATE REPORT
NATIONAL WEATHER SERVICE CHARLESTON WV
321 AM EST MON FEB 27 2017


...................................

...THE ELKINS WV CLIMATE SUMMARY FOR FEBRUARY 26 2017...

CLIMATE NORMAL PERIOD 1981 TO 2010
CLIMATE RECORD PERIOD 1899 TO 2017


WEATHER ITEM   OBSERVED TIME   RECORD YEAR NORMAL DEPARTURE LAST
                VALUE   (LST)  VALUE       VALUE  FROM      YEAR
                                                  NORMAL
..................................................................
TEMPERATURE (F)
 YESTERDAY
  MAXIMUM         41    440 PM  74    2000  46     -5       29
  MINIMUM         23   1159 PM -11    1970  23      0       21
  AVERAGE         32                        34     -2       25

PRECIPITATION (IN)
  YESTERDAY        T             1.14 1912   0.11  -0.11     0.03
  MONTH TO DATE    1.81                      2.86  -1.05     2.65
  SINCE JAN 1      6.90                      6.09   0.81     5.02

SNOWFALL (IN)
  YESTERDAY       MM
  MONTH TO DATE    9.9
  SINCE SEP 1     30.4
  SNOW DEPTH       0

DEGREE DAYS
 HEATING
  YESTERDAY       33                        31      2       40
  MONTH TO DATE  627                       860   -233      829
  SINCE DEC 1   2407                      2977   -570     2656
  SINCE JUL 1   3352                      4261   -909     3659

 COOLING
  YESTERDAY        0                         0      0        0
  MONTH TO DATE    0                         0      0        0
  SINCE DEC 1      0                         0      0        0
  SINCE JAN 1      0                         0      0        0
..................................................................


WIND (MPH)
  HIGHEST WIND SPEED    18   HIGHEST WIND DIRECTION     W (290)
  HIGHEST GUST SPEED    24   HIGHEST GUST DIRECTION     W (270)
  AVERAGE WIND SPEED     6.0


SKY COVER
  POSSIBLE SUNSHINE  MM
  AVERAGE SKY COVER 0.5


WEATHER CONDITIONS
 THE FOLLOWING WEATHER WAS RECORDED YESTERDAY.
  LIGHT SNOW


RELATIVE HUMIDITY (PERCENT)
 HIGHEST    74           400 AM
 LOWEST     27           500 PM
 AVERAGE    51

..........................................................


THE ELKINS WV CLIMATE NORMALS FOR TODAY
                         NORMAL    RECORD    YEAR
 MAXIMUM TEMPERATURE (F)   46        72      1996
 MINIMUM TEMPERATURE (F)   24       -21      1963


SUNRISE AND SUNSET
FEBRUARY 27 2017......SUNRISE   654 AM EST   SUNSET   610 PM EST
FEBRUARY 28 2017......SUNRISE   653 AM EST   SUNSET   611 PM EST


-  INDICATES NEGATIVE NUMBERS.
R  INDICATES RECORD WAS SET OR TIED.
MM INDICATES DATA IS MISSING.
T  INDICATES TRACE AMOUNT.




$$
