000
CDUS41 KRLX 160729
CLIEKN


CLIMATE REPORT
NATIONAL WEATHER SERVICE CHARLESTON WV
327 AM EDT TUE SEP 16 2014


...................................

...THE ELKINS WV CLIMATE SUMMARY FOR SEPTEMBER 15 2014...

CLIMATE NORMAL PERIOD 1981 TO 2010
CLIMATE RECORD PERIOD 1899 TO 2014


WEATHER ITEM   OBSERVED TIME   RECORD YEAR NORMAL DEPARTURE LAST
                VALUE   (LST)  VALUE       VALUE  FROM      YEAR
                                                  NORMAL
..................................................................
TEMPERATURE (F)
 YESTERDAY
  MAXIMUM         72    405 PM  90    1939  74     -2       73
  MINIMUM         51    837 AM  31    1964  51      0       42
  AVERAGE         62                        63     -1       58

PRECIPITATION (IN)
  YESTERDAY        0.00          1.85 1911   0.13  -0.13     0.00
  MONTH TO DATE    1.16                      1.83  -0.67     1.23
  SINCE JAN 1     29.39                     34.64  -5.25    34.15

SNOWFALL (IN)
  YESTERDAY        0.0
  MONTH TO DATE    0.0
  SINCE SEP 1      0.0
  SNOW DEPTH       0

DEGREE DAYS
 HEATING
  YESTERDAY        3                         4     -1        7
  MONTH TO DATE   30                        35     -5       30
  SINCE SEP 1     30                        35     -5       30
  SINCE JUL 1     81                        65     16       53

 COOLING
  YESTERDAY        0                         1     -1        0
  MONTH TO DATE   64                        33     31       56
  SINCE SEP 1     64                        33     31       56
  SINCE JAN 1    502                       459     43      519
..................................................................


WIND (MPH)
  HIGHEST WIND SPEED    10   HIGHEST WIND DIRECTION    NW (310)
  HIGHEST GUST SPEED    14   HIGHEST GUST DIRECTION    NW (320)
  AVERAGE WIND SPEED     1.9


SKY COVER
  POSSIBLE SUNSHINE  MM
  AVERAGE SKY COVER 0.6


WEATHER CONDITIONS
 THE FOLLOWING WEATHER WAS RECORDED YESTERDAY.
  FOG
  FOG W/VISIBILITY <= 1/4 MILE


RELATIVE HUMIDITY (PERCENT)
 HIGHEST   100           300 AM
 LOWEST     49           100 PM
 AVERAGE    75

..........................................................


THE ELKINS WV CLIMATE NORMALS FOR TODAY
                         NORMAL    RECORD    YEAR
 MAXIMUM TEMPERATURE (F)   74        89      1939
                                             1936
 MINIMUM TEMPERATURE (F)   51        35      1946
                                             1923


SUNRISE AND SUNSET
SEPTEMBER 16 2014.....SUNRISE   702 AM EDT   SUNSET   726 PM EDT
SEPTEMBER 17 2014.....SUNRISE   703 AM EDT   SUNSET   724 PM EDT


-  INDICATES NEGATIVE NUMBERS.
R  INDICATES RECORD WAS SET OR TIED.
MM INDICATES DATA IS MISSING.
T  INDICATES TRACE AMOUNT.




$$
