728
CDUS41 KRLX 300719
CLIEKN


CLIMATE REPORT
NATIONAL WEATHER SERVICE CHARLESTON WV
319 AM EDT MON MAY 30 2016


...................................

...THE ELKINS WV CLIMATE SUMMARY FOR MAY 29 2016...

CLIMATE NORMAL PERIOD 1981 TO 2010
CLIMATE RECORD PERIOD 1899 TO 2016


WEATHER ITEM   OBSERVED TIME   RECORD YEAR NORMAL DEPARTURE LAST
                VALUE   (LST)  VALUE       VALUE  FROM      YEAR
                                                  NORMAL
..................................................................
TEMPERATURE (F)
 YESTERDAY
  MAXIMUM         75   1251 PM  90    1914  74      1       81
  MINIMUM         57    222 AM  32    1964  50      7       56
  AVERAGE         66                        62      4       69

PRECIPITATION (IN)
  YESTERDAY        0.03          1.85 1921   0.17  -0.14     0.17
  MONTH TO DATE    6.24                      4.79   1.45     1.69
  SINCE JAN 1     17.44                     18.88  -1.44    21.75

SNOWFALL (IN)
  YESTERDAY        0.0
  MONTH TO DATE    T
  SINCE SEP 1     59.0
  SNOW DEPTH       0

DEGREE DAYS
 HEATING
  YESTERDAY        0                         5     -5        0
  MONTH TO DATE  230                       227      3      108
  SINCE MAR 1   1218                      1469   -251     1304
  SINCE JUL 1   4960                      5790   -830     5935

 COOLING
  YESTERDAY        1                         1      0        4
  MONTH TO DATE   19                        16      3       51
  SINCE MAR 1     22                        19      3       54
  SINCE JAN 1     22                        19      3       54
..................................................................


WIND (MPH)
  HIGHEST WIND SPEED     9   HIGHEST WIND DIRECTION    NW (330)
  HIGHEST GUST SPEED    12   HIGHEST GUST DIRECTION    NW (310)
  AVERAGE WIND SPEED     0.7


SKY COVER
  POSSIBLE SUNSHINE  MM
  AVERAGE SKY COVER 0.6


WEATHER CONDITIONS
 THE FOLLOWING WEATHER WAS RECORDED YESTERDAY.
  LIGHT RAIN
  FOG


RELATIVE HUMIDITY (PERCENT)
 HIGHEST    93           300 AM
 LOWEST     60           100 PM
 AVERAGE    77

..........................................................


THE ELKINS WV CLIMATE NORMALS FOR TODAY
                         NORMAL    RECORD    YEAR
 MAXIMUM TEMPERATURE (F)   74        89      2006
                                             1919
 MINIMUM TEMPERATURE (F)   50        32      1949


SUNRISE AND SUNSET
MAY 30 2016...........SUNRISE   557 AM EDT   SUNSET   838 PM EDT
MAY 31 2016...........SUNRISE   556 AM EDT   SUNSET   839 PM EDT


-  INDICATES NEGATIVE NUMBERS.
R  INDICATES RECORD WAS SET OR TIED.
MM INDICATES DATA IS MISSING.
T  INDICATES TRACE AMOUNT.




$$
