000
CDUS41 KRLX 292117
CLIEKN


CLIMATE REPORT
NATIONAL WEATHER SERVICE CHARLESTON WV
517 PM EDT MON JUN 29 2015


...................................

...THE ELKINS WV CLIMATE SUMMARY FOR JUNE 29 2015...
VALID TODAY AS OF 0500 PM LOCAL TIME.

CLIMATE NORMAL PERIOD 1981 TO 2010
CLIMATE RECORD PERIOD 1899 TO 2015


WEATHER ITEM   OBSERVED TIME   RECORD YEAR NORMAL DEPARTURE LAST
                VALUE   (LST)  VALUE       VALUE  FROM      YEAR
                                                  NORMAL
..................................................................
TEMPERATURE (F)
 TODAY
  MAXIMUM         77    129 PM  96    2012  81     -4       80
  MINIMUM         48    209 AM  42    1987  58    -10       63
                                      1936
  AVERAGE         63                        69     -6       72

PRECIPITATION (IN)
  TODAY            0.00          1.76 1957   0.17  -0.17     0.16
  MONTH TO DATE    8.25                      4.24   4.01     4.47
  SINCE JUN 1      8.25                      4.24   4.01     4.47
  SINCE JAN 1     30.10                     23.45   6.65    19.81

DEGREE DAYS
 HEATING
  TODAY            2                         1      1        0
  MONTH TO DATE   21                        55    -34       14
  SINCE JUN 1     21                        55    -34       14
  SINCE JUL 1   5956                      5852    104     6002

 COOLING
  TODAY            0                         5     -5        7
  MONTH TO DATE  149                        88     61      138
  SINCE JUN 1    149                        88     61      138
  SINCE JAN 1    214                       111    103      174
..................................................................


WIND (MPH)
  HIGHEST WIND SPEED    12   HIGHEST WIND DIRECTION    SW (220)
  HIGHEST GUST SPEED    16   HIGHEST GUST DIRECTION    SW (220)
  AVERAGE WIND SPEED     2.1


SKY COVER
  POSSIBLE SUNSHINE  MM
  AVERAGE SKY COVER 0.6


WEATHER CONDITIONS
 THE FOLLOWING WEATHER WAS RECORDED TODAY.
  FOG
  FOG W/VISIBILITY <= 1/4 MILE


RELATIVE HUMIDITY (PERCENT)
 HIGHEST   100           700 AM
 LOWEST     36           100 PM
 AVERAGE    68

..........................................................


THE ELKINS WV CLIMATE NORMALS FOR TOMORROW
                         NORMAL    RECORD    YEAR
 MAXIMUM TEMPERATURE (F)   81        95      2012
 MINIMUM TEMPERATURE (F)   58        37      1988


SUNRISE AND SUNSET
JUNE 29 2015..........SUNRISE   557 AM EDT   SUNSET   849 PM EDT
JUNE 30 2015..........SUNRISE   557 AM EDT   SUNSET   849 PM EDT


-  INDICATES NEGATIVE NUMBERS.
R  INDICATES RECORD WAS SET OR TIED.
MM INDICATES DATA IS MISSING.
T  INDICATES TRACE AMOUNT.




$$
