000
CDUS45 KLKN 180945
CLIEKO


CLIMATE REPORT
NATIONAL WEATHER SERVICE ELKO NV
135 AM PST WED JAN 18 2017


...................................

...THE ELKO AIRPORT NV CLIMATE SUMMARY FOR JANUARY 17 2017...

CLIMATE NORMAL PERIOD 1981 TO 2010
CLIMATE RECORD PERIOD 1888 TO 2017


WEATHER ITEM   OBSERVED TIME   RECORD YEAR NORMAL DEPARTURE LAST
                VALUE   (LST)  VALUE       VALUE  FROM      YEAR
                                                  NORMAL
..................................................................
TEMPERATURE (F)
 YESTERDAY
  MAXIMUM         20    336 PM  60    1899  36    -16       42
  MINIMUM          7   1159 PM -27    1917  14     -7       10
  AVERAGE         14                        25    -11       26

PRECIPITATION (IN)
  YESTERDAY        T             0.67 1953   0.03  -0.03     0.00
  MONTH TO DATE    1.84                      0.66   1.18     0.77
  SINCE OCT 1      7.47                      3.72   3.75     5.31
  SINCE JAN 1      1.84                      0.66   1.18     0.77

SNOWFALL (IN)
  YESTERDAY        T             3.5  1895   0.3   -0.3      0.0
  MONTH TO DATE   18.3                       6.1   12.2      9.3
  SINCE DEC 1     30.5                      16.0   14.5     32.6
  SINCE JUL 1     36.0                      21.7   14.3     44.8
  SNOW DEPTH       4

DEGREE DAYS
 HEATING
  YESTERDAY       51                        40     11       39
  MONTH TO DATE  715                       680     35      718
  SINCE DEC 1   1969                      1890     79     1968
  SINCE JUL 1   3314                      3628   -314     3449

 COOLING
  YESTERDAY        0                         0      0        0
  MONTH TO DATE    0                         0      0        0
  SINCE DEC 1      0                         0      0        0
  SINCE JAN 1      0                         0      0        0
..................................................................


WIND (MPH)
  HIGHEST WIND SPEED    12   HIGHEST WIND DIRECTION    NE (60)
  HIGHEST GUST SPEED    14   HIGHEST GUST DIRECTION    NE (50)
  AVERAGE WIND SPEED     6.5



WEATHER CONDITIONS
 THE FOLLOWING WEATHER WAS RECORDED YESTERDAY.
  LIGHT SNOW
  FOG
  HAZE


RELATIVE HUMIDITY (PERCENT)
 HIGHEST    88           400 AM
 LOWEST     62           400 PM
 AVERAGE    75

..........................................................


THE ELKO AIRPORT NV CLIMATE NORMALS FOR TODAY
                         NORMAL    RECORD    YEAR
 MAXIMUM TEMPERATURE (F)   36        58      2015
 MINIMUM TEMPERATURE (F)   14       -26      1917


SUNRISE AND SUNSET
JANUARY 18 2017.......SUNRISE   704 AM PST   SUNSET   444 PM PST
JANUARY 19 2017.......SUNRISE   703 AM PST   SUNSET   445 PM PST


-  INDICATES NEGATIVE NUMBERS.
R  INDICATES RECORD WAS SET OR TIED.
MM INDICATES DATA IS MISSING.
T  INDICATES TRACE AMOUNT.




$$
