000
CDUS45 KLKN 230036
CLIEKO


CLIMATE REPORT
NATIONAL WEATHER SERVICE ELKO NV
532 PM PDT WED OCT 22 2014


...................................

...THE ELKO AIRPORT NV CLIMATE SUMMARY FOR OCTOBER 22 2014...
VALID TODAY AS OF 500 PM LOCAL TIME.

CLIMATE NORMAL PERIOD 1981 TO 2010
CLIMATE RECORD PERIOD 1888 TO 2014


WEATHER ITEM   OBSERVED TIME   RECORD YEAR NORMAL DEPARTURE LAST
                VALUE   (LST)  VALUE       VALUE  FROM      YEAR
                                                  NORMAL
..................................................................
TEMPERATURE (F)
 TODAY
  MAXIMUM         66    321 PM  83    2003  62      4       71
  MINIMUM         24    647 AM   8    1996  27     -3       28
  AVERAGE         45                        44      1       50

PRECIPITATION (IN)
  TODAY            0.00          1.30 1889   0.03  -0.03     0.00
  MONTH TO DATE    T                         0.49  -0.49     0.10
  SINCE OCT 1      T                         0.49  -0.49     0.10
  SINCE JAN 1      8.05                      7.34   0.71     4.95

SNOWFALL (IN)
  TODAY            0.0           0.3  1985   0.0    0.0      0.0
  MONTH TO DATE    0.0                       0.3   -0.3       T
  SINCE SEP 1      0.0                       0.4   -0.4       T
  SINCE JUL 1      0.0                       0.4   -0.4       T
  SNOW DEPTH       0

DEGREE DAYS
 HEATING
  TODAY           20                        21     -1       15
  MONTH TO DATE  263                       368   -105      415
  SINCE SEP 1    354                       575   -221      588
  SINCE JUL 1    374                       626   -252      588

 COOLING
  TODAY            0                         0      0        0
  MONTH TO DATE    0                         0      0        0
  SINCE SEP 1     45                        21     24       66
  SINCE JAN 1    549                       383    166      776
..................................................................


WIND (MPH)
  HIGHEST WIND SPEED    13   HIGHEST WIND DIRECTION    SW (240)
  HIGHEST GUST SPEED    15   HIGHEST GUST DIRECTION    SW (220)



WEATHER CONDITIONS
 THE FOLLOWING WEATHER WAS RECORDED TODAY.
  NO SIGNIFICANT WEATHER WAS OBSERVED.


RELATIVE HUMIDITY (PERCENT)
 HIGHEST    63           400 AM
 LOWEST     18           200 PM
 AVERAGE    41

..........................................................


THE ELKO AIRPORT NV CLIMATE NORMALS FOR TOMORROW
                         NORMAL    RECORD    YEAR
 MAXIMUM TEMPERATURE (F)   61        77      1937
 MINIMUM TEMPERATURE (F)   27         8      1895


SUNRISE AND SUNSET
OCTOBER 22 2014.......SUNRISE   702 AM PDT   SUNSET   552 PM PDT
OCTOBER 23 2014.......SUNRISE   703 AM PDT   SUNSET   551 PM PDT


-  INDICATES NEGATIVE NUMBERS.
R  INDICATES RECORD WAS SET OR TIED.
MM INDICATES DATA IS MISSING.
T  INDICATES TRACE AMOUNT.




$$
