000
CDUS45 KLKN 220933
CLIEKO


CLIMATE REPORT
NATIONAL WEATHER SERVICE ELKO NV
128 AM PST WED NOV 2  2017


...................................

...THE ELKO AIRPORT NV CLIMATE SUMMARY FOR NOVEMBER 21 2017...

CLIMATE NORMAL PERIOD 1981 TO 2010
CLIMATE RECORD PERIOD 1888 TO 2017


WEATHER ITEM   OBSERVED TIME   RECORD YEAR NORMAL DEPARTURE LAST
                VALUE   (LST)  VALUE       VALUE  FROM      YEAR
                                                  NORMAL
..................................................................
TEMPERATURE (F)
 YESTERDAY
  MAXIMUM         62   1251 PM  76    1894  45     17       45
  MINIMUM         39   1159 PM  -3    1931  20     19       27
                                      1929
  AVERAGE         51                        32     19       36

PRECIPITATION (IN)
  YESTERDAY        0.00          0.90 1897   0.04  -0.04     0.07
  MONTH TO DATE    0.99                      0.77   0.22     0.13
  SINCE OCT 1      1.12                      1.52  -0.40     2.43
  SINCE JAN 1     11.05                      8.37   2.68    11.15

SNOWFALL (IN)
  YESTERDAY        0.0           5.0  1898   0.2   -0.2      0.0
  MONTH TO DATE    0.7                       2.7   -2.0      0.4
  SINCE SEP 1      0.7                       3.4   -2.7      0.4
  SINCE JUL 1      0.7                       3.4   -2.7      0.4
  SNOW DEPTH       0

DEGREE DAYS
 HEATING
  YESTERDAY       14                        33    -19       29
  MONTH TO DATE  513                       598    -85      432
  SINCE SEP 1   1377                      1376      1     1040
  SINCE JUL 1   1381                      1427    -46     1053

 COOLING
  YESTERDAY        0                         0      0        0
  MONTH TO DATE    0                         0      0        0
  SINCE SEP 1     89                        21     68       16
  SINCE JAN 1    785                       383    402      560
..................................................................


WIND (MPH)
  HIGHEST WIND SPEED    12   HIGHEST WIND DIRECTION    SW (240)
  HIGHEST GUST SPEED    15   HIGHEST GUST DIRECTION    SW (230)
  AVERAGE WIND SPEED     3.2



WEATHER CONDITIONS
 THE FOLLOWING WEATHER WAS RECORDED YESTERDAY.
  NO SIGNIFICANT WEATHER WAS OBSERVED.


RELATIVE HUMIDITY (PERCENT)
 HIGHEST    89          1200 AM
 LOWEST     51          1200 PM
 AVERAGE    70

..........................................................


THE ELKO AIRPORT NV CLIMATE NORMALS FOR TODAY
                         NORMAL    RECORD    YEAR
 MAXIMUM TEMPERATURE (F)   45        75      1894
 MINIMUM TEMPERATURE (F)   20       -12      1931


SUNRISE AND SUNSET
NOVEMBER 22 2017......SUNRISE   639 AM PST   SUNSET   420 PM PST
NOVEMBER 23 2017......SUNRISE   640 AM PST   SUNSET   419 PM PST


-  INDICATES NEGATIVE NUMBERS.
R  INDICATES RECORD WAS SET OR TIED.
MM INDICATES DATA IS MISSING.
T  INDICATES TRACE AMOUNT.




$$
