000
CDUS45 KLKN 270934
CLIEKO


CLIMATE REPORT
NATIONAL WEATHER SERVICE ELKO NV
127 AM PST FRI FEB 27 2015


...................................

...THE ELKO AIRPORT NV CLIMATE SUMMARY FOR FEBRUARY 26 2015...

CLIMATE NORMAL PERIOD 1981 TO 2010
CLIMATE RECORD PERIOD 1888 TO 2015


WEATHER ITEM   OBSERVED TIME   RECORD YEAR NORMAL DEPARTURE LAST
                VALUE   (LST)  VALUE       VALUE  FROM      YEAR
                                                  NORMAL
..................................................................
TEMPERATURE (F)
 YESTERDAY
  MAXIMUM         46   1248 PM  65    1986  46      0       63
                                      1950
                                      1905
  MINIMUM         29   1155 PM -31    1890  22      7       27
  AVERAGE         38                        34      4       45

PRECIPITATION (IN)
  YESTERDAY        0.01          0.60 1902   0.03  -0.02     0.00
  MONTH TO DATE    0.10                      0.78  -0.68     1.72
  SINCE OCT 1      2.54                      4.96  -2.42     3.75
  SINCE JAN 1      0.30                      1.90  -1.60     2.14

SNOWFALL (IN)
  YESTERDAY        T             6.0  1902   0.2   -0.2      0.0
  MONTH TO DATE    T                         6.0   -6.0      1.6
  SINCE DEC 1      5.6                      26.4  -20.8      6.6
  SINCE JUL 1      7.5                      32.1  -24.6     12.3
  SNOW DEPTH       0

DEGREE DAYS
 HEATING
  YESTERDAY       27                        31     -4       20
  MONTH TO DATE  624                       921   -297      732
  SINCE DEC 1   2584                      3368   -784     3120
  SINCE JUL 1   3944                      5106  -1162     4680

 COOLING
  YESTERDAY        0                         0      0        0
  MONTH TO DATE    0                         0      0        0
  SINCE DEC 1      0                         0      0        0
  SINCE JAN 1      0                         0      0        0
..................................................................


WIND (MPH)
  HIGHEST WIND SPEED    21   HIGHEST WIND DIRECTION     W (280)
  HIGHEST GUST SPEED    27   HIGHEST GUST DIRECTION     W (270)
  AVERAGE WIND SPEED     7.1



WEATHER CONDITIONS
 THE FOLLOWING WEATHER WAS RECORDED YESTERDAY.
  LIGHT SNOW
  FOG


RELATIVE HUMIDITY (PERCENT)
 HIGHEST    96           400 AM
 LOWEST     43           300 PM
 AVERAGE    70

..........................................................


THE ELKO AIRPORT NV CLIMATE NORMALS FOR TODAY
                         NORMAL    RECORD    YEAR
 MAXIMUM TEMPERATURE (F)   46        66      1986
                                             1980
 MINIMUM TEMPERATURE (F)   22       -41      1890


SUNRISE AND SUNSET
FEBRUARY 27 2015......SUNRISE   620 AM PST   SUNSET   532 PM PST
FEBRUARY 28 2015......SUNRISE   619 AM PST   SUNSET   533 PM PST


-  INDICATES NEGATIVE NUMBERS.
R  INDICATES RECORD WAS SET OR TIED.
MM INDICATES DATA IS MISSING.
T  INDICATES TRACE AMOUNT.




$$
