000
CDUS45 KLKN 100102
CLIEKO


CLIMATE REPORT
NATIONAL WEATHER SERVICE ELKO NV
501 PM PST FRI DEC 9 2016


...................................

...THE ELKO AIRPORT NV CLIMATE SUMMARY FOR DECEMBER 9 2016...
VALID TODAY AS OF 0500 PM LOCAL TIME.

CLIMATE NORMAL PERIOD 1981 TO 2010
CLIMATE RECORD PERIOD 1888 TO 2016


WEATHER ITEM   OBSERVED TIME   RECORD YEAR NORMAL DEPARTURE LAST
                VALUE   (LST)  VALUE       VALUE  FROM      YEAR
                                                  NORMAL
..................................................................
TEMPERATURE (F)
 TODAY
  MAXIMUM         46    155 PM  62    1981  38      8       54
  MINIMUM         29    340 AM -26    1919  15     14       29
  AVERAGE         38                        27     11       42

PRECIPITATION (IN)
  TODAY            0.05          0.46 1992   0.03   0.02     0.00
  MONTH TO DATE    0.29                      0.33  -0.04      T
  SINCE OCT 1      3.09                      2.19   0.90     2.46
  SINCE JAN 1     11.81                      9.04   2.77     9.45

SNOWFALL (IN)
  TODAY            T             4.0  1927   0.3   -0.3      0.0
  MONTH TO DATE    2.9                       2.5    0.4       T
  SINCE DEC 1      2.9                       2.5    0.4       T
  SINCE JUL 1      8.4                       8.2    0.2     12.2
  SNOW DEPTH       3

DEGREE DAYS
 HEATING
  TODAY           27                        38    -11       23
  MONTH TO DATE  341                       336      5      322
  SINCE DEC 1    341                       336      5      322
  SINCE JUL 1   1686                      2074   -388     1803

 COOLING
  TODAY            0                         0      0        0
  MONTH TO DATE    0                         0      0        0
  SINCE DEC 1      0                         0      0        0
  SINCE JAN 1    560                       383    177      624
..................................................................


WIND (MPH)
  HIGHEST WIND SPEED    10   HIGHEST WIND DIRECTION     W (250)
  HIGHEST GUST SPEED    19   HIGHEST GUST DIRECTION    SW (210)



WEATHER CONDITIONS
 THE FOLLOWING WEATHER WAS RECORDED TODAY.
  LIGHT RAIN
  LIGHT SNOW
  FOG


RELATIVE HUMIDITY (PERCENT)
 HIGHEST    92           200 AM
 LOWEST     45           200 PM
 AVERAGE    69

..........................................................


THE ELKO AIRPORT NV CLIMATE NORMALS FOR TOMORROW
                         NORMAL    RECORD    YEAR
 MAXIMUM TEMPERATURE (F)   38        61      1981
                                             1939
 MINIMUM TEMPERATURE (F)   15       -25      1972


SUNRISE AND SUNSET
DECEMBER  9 2016......SUNRISE   656 AM PST   SUNSET   415 PM PST
DECEMBER 10 2016......SUNRISE   657 AM PST   SUNSET   415 PM PST


-  INDICATES NEGATIVE NUMBERS.
R  INDICATES RECORD WAS SET OR TIED.
MM INDICATES DATA IS MISSING.
T  INDICATES TRACE AMOUNT.




$$
