000
CDUS44 KSHV 080858
CLIELD


CLIMATE REPORT
NATIONAL WEATHER SERVICE SHREVEPORT, LA
251 AM CST THU DEC 8 2016


...................................

...THE EL DORADO CLIMATE SUMMARY FOR DECEMBER 7 2016...

CLIMATE NORMAL PERIOD 1981 TO 2010
CLIMATE RECORD PERIOD 1907 TO 2016


WEATHER ITEM   OBSERVED TIME   RECORD YEAR NORMAL DEPARTURE LAST
                VALUE   (LST)  VALUE       VALUE  FROM      YEAR
                                                  NORMAL
..................................................................
TEMPERATURE (F)
 YESTERDAY
  MAXIMUM         49    406 PM  82    1939  58     -9       66
  MINIMUM         40   1159 PM  11    1950  36      4       35
  AVERAGE         45                        47     -2       51

PRECIPITATION (IN)
  YESTERDAY        0.00          1.80 1935   0.19  -0.19     0.00
  MONTH TO DATE    2.27                      1.31   0.96     0.00
  SINCE DEC 1      2.27                      1.31   0.96     0.00
  SINCE JAN 1     57.62                     49.05   8.57    47.29

SNOWFALL (IN)
  YESTERDAY        0.0
  MONTH TO DATE    0.0
  SINCE DEC 1      0.0
  SINCE JUL 1      0.0
  SNOW DEPTH       0

DEGREE DAYS
 HEATING
  YESTERDAY       20                        18      2       14
  MONTH TO DATE  123                       121      2      127
  SINCE DEC 1    123                       121      2      127
  SINCE JUL 1    396                       600   -204      421

 COOLING
  YESTERDAY        0                         0      0        0
  MONTH TO DATE    0                         0      0        0
  SINCE DEC 1      0                         0      0        0
  SINCE JAN 1   2391                      2126    265     2379
..................................................................


WIND (MPH)
  HIGHEST WIND SPEED    14   HIGHEST WIND DIRECTION     N (340)
  HIGHEST GUST SPEED    17   HIGHEST GUST DIRECTION     N (360)
  AVERAGE WIND SPEED     6.8


SKY COVER
  POSSIBLE SUNSHINE  MM
  AVERAGE SKY COVER 1.0


WEATHER CONDITIONS
 THE FOLLOWING WEATHER WAS RECORDED YESTERDAY.
  FOG


RELATIVE HUMIDITY (PERCENT)
 HIGHEST   100          1200 AM
 LOWEST     80          1200 PM
 AVERAGE    90

..........................................................


THE EL DORADO CLIMATE NORMALS FOR TODAY
                         NORMAL    RECORD    YEAR
 MAXIMUM TEMPERATURE (F)   58        79      2007
 MINIMUM TEMPERATURE (F)   36        16      2006


SUNRISE AND SUNSET
DECEMBER  8 2016......SUNRISE   703 AM CST   SUNSET   504 PM CST
DECEMBER  9 2016......SUNRISE   703 AM CST   SUNSET   504 PM CST


-  INDICATES NEGATIVE NUMBERS.
R  INDICATES RECORD WAS SET OR TIED.
MM INDICATES DATA IS MISSING.
T  INDICATES TRACE AMOUNT.




$$
