000
CDUS44 KSHV 130844
CLIELD


CLIMATE REPORT
NATIONAL WEATHER SERVICE SHREVEPORT, LA
239 AM CST WED DEC 13 2017


...................................

...THE EL DORADO CLIMATE SUMMARY FOR DECEMBER 12 2017...

CLIMATE NORMAL PERIOD 1981 TO 2010
CLIMATE RECORD PERIOD 1907 TO 2017


WEATHER ITEM   OBSERVED TIME   RECORD YEAR NORMAL DEPARTURE LAST
                VALUE   (LST)  VALUE       VALUE  FROM      YEAR
                                                  NORMAL
..................................................................
TEMPERATURE (F)
 YESTERDAY
  MAXIMUM         57    332 PM  78    1996  57      0       64
  MINIMUM         30   1111 PM  10    1962  35     -5       52
  AVERAGE         44                        46     -2       58

PRECIPITATION (IN)
  YESTERDAY        0.00          2.51 2001   0.17  -0.17      T
  MONTH TO DATE    0.62                      2.21  -1.59     2.27
  SINCE DEC 1      0.62                      2.21  -1.59     2.27
  SINCE JAN 1     41.69                     49.95  -8.26    57.62

SNOWFALL (IN)
  YESTERDAY        0.0
  MONTH TO DATE    0.0
  SINCE DEC 1      0.0
  SINCE JUL 1      0.0
  SNOW DEPTH       0

DEGREE DAYS
 HEATING
  YESTERDAY       21                        19      2        7
  MONTH TO DATE  187                       215    -28      227
  SINCE DEC 1    187                       215    -28      227
  SINCE JUL 1    589                       694   -105      500

 COOLING
  YESTERDAY        0                         0      0        0
  MONTH TO DATE    0                         0      0        0
  SINCE DEC 1      0                         0      0        0
  SINCE JAN 1   2241                      2126    115     2391
..................................................................


WIND (MPH)
  HIGHEST WIND SPEED    16   HIGHEST WIND DIRECTION    NW (320)
  HIGHEST GUST SPEED    22   HIGHEST GUST DIRECTION    NW (310)
  AVERAGE WIND SPEED     6.6


SKY COVER
  POSSIBLE SUNSHINE  MM
  AVERAGE SKY COVER 0.0


WEATHER CONDITIONS
 THE FOLLOWING WEATHER WAS RECORDED YESTERDAY.
  NO SIGNIFICANT WEATHER WAS OBSERVED.


RELATIVE HUMIDITY (PERCENT)
 HIGHEST    85          1100 PM
 LOWEST     24           400 PM
 AVERAGE    55

..........................................................


THE EL DORADO CLIMATE NORMALS FOR TODAY
                         NORMAL    RECORD    YEAR
 MAXIMUM TEMPERATURE (F)   56        78      1933
 MINIMUM TEMPERATURE (F)   35         9      1962


SUNRISE AND SUNSET
DECEMBER 13 2017......SUNRISE   706 AM CST   SUNSET   505 PM CST
DECEMBER 14 2017......SUNRISE   707 AM CST   SUNSET   505 PM CST


-  INDICATES NEGATIVE NUMBERS.
R  INDICATES RECORD WAS SET OR TIED.
MM INDICATES DATA IS MISSING.
T  INDICATES TRACE AMOUNT.




$$
