000
CDUS44 KSHV 060752
CLIELD


CLIMATE REPORT
NATIONAL WEATHER SERVICE SHREVEPORT, LA
237 AM CDT MON JUL 6 2015


...................................

...THE EL DORADO CLIMATE SUMMARY FOR JULY 5 2015...

CLIMATE NORMAL PERIOD 1981 TO 2010
CLIMATE RECORD PERIOD 1907 TO 2015


WEATHER ITEM   OBSERVED TIME   RECORD YEAR NORMAL DEPARTURE LAST
                VALUE   (LST)  VALUE       VALUE  FROM      YEAR
                                                  NORMAL
..................................................................
TEMPERATURE (F)
 YESTERDAY
  MAXIMUM         89    113 PM 102    1969  92     -3       87
  MINIMUM         68   1159 PM  56    1968  71     -3       60
  AVERAGE         79                        81     -2       74

PRECIPITATION (IN)
  YESTERDAY        0.06          2.88 1995   0.13  -0.07     0.00
  MONTH TO DATE    2.01                      0.71   1.30     0.00
  SINCE DEC 1     34.48                     33.77   0.71    31.46
  SINCE JAN 1     31.15                     28.59   2.56    24.90

SNOWFALL (IN)
  YESTERDAY        0.0
  MONTH TO DATE    0.0
  SINCE JUN 1      0.0
  SINCE JUL 1      0.0
  SNOW DEPTH       0

DEGREE DAYS
 HEATING
  YESTERDAY        0                         0      0        0
  MONTH TO DATE    0                         0      0        0
  SINCE JUN 1      0                         0      0        0
  SINCE JUL 1      0                         0      0        0

 COOLING
  YESTERDAY       14                        16     -2        9
  MONTH TO DATE   71                        80     -9       62
  SINCE JUN 1    501                       476     25      479
  SINCE JAN 1    841                       787     54      731
..................................................................


WIND (MPH)
  HIGHEST WIND SPEED    24   HIGHEST WIND DIRECTION     E (80)
  HIGHEST GUST SPEED    30   HIGHEST GUST DIRECTION     E (110)
  AVERAGE WIND SPEED     4.8


SKY COVER
  POSSIBLE SUNSHINE  MM
  AVERAGE SKY COVER 0.6


WEATHER CONDITIONS
 THE FOLLOWING WEATHER WAS RECORDED YESTERDAY.
  THUNDERSTORM
  LIGHT RAIN
  FOG


RELATIVE HUMIDITY (PERCENT)
 HIGHEST   100           600 AM
 LOWEST     65           100 PM
 AVERAGE    83

..........................................................


THE EL DORADO CLIMATE NORMALS FOR TODAY
                         NORMAL    RECORD    YEAR
 MAXIMUM TEMPERATURE (F)   92       105      1954
 MINIMUM TEMPERATURE (F)   71        57      1970


SUNRISE AND SUNSET
JULY  6 2015..........SUNRISE   608 AM CDT   SUNSET   824 PM CDT
JULY  7 2015..........SUNRISE   608 AM CDT   SUNSET   824 PM CDT


-  INDICATES NEGATIVE NUMBERS.
R  INDICATES RECORD WAS SET OR TIED.
MM INDICATES DATA IS MISSING.
T  INDICATES TRACE AMOUNT.




$$
