000
CDUS44 KSHV 210736
CLIELD


CLIMATE REPORT
NATIONAL WEATHER SERVICE SHREVEPORT, LA
236 AM CDT MON APR 21 2014


...................................

...THE EL DORADO CLIMATE SUMMARY FOR APRIL 20 2014...

CLIMATE NORMAL PERIOD 1981 TO 2010
CLIMATE RECORD PERIOD 1907 TO 2014


WEATHER ITEM   OBSERVED TIME   RECORD YEAR NORMAL DEPARTURE LAST
                VALUE   (LST)  VALUE       VALUE  FROM      YEAR
                                                  NORMAL
..................................................................
TEMPERATURE (F)
 YESTERDAY
  MAXIMUM         80    428 PM  96    1987  77      3       70
  MINIMUM         49    549 AM  36    2013  52     -3       36
                                      1943
  AVERAGE         65                        64      1       53

PRECIPITATION (IN)
  YESTERDAY        0.00          1.98 1944   0.14  -0.14     0.00
  MONTH TO DATE    5.12                      2.69   2.43     4.19
  SINCE DEC 1     20.25                     21.71  -1.46    19.97
  SINCE JAN 1     13.69                     16.53  -2.84    13.91

SNOWFALL (IN)
  YESTERDAY        0.0
  MONTH TO DATE    0.0
  SINCE MAR 1      T
  SINCE JUL 1      1.1
  SNOW DEPTH       0

DEGREE DAYS
 HEATING
  YESTERDAY        0                         3     -3       12
  MONTH TO DATE  144                        95     49      135
  SINCE MAR 1    586                       403    183      568
  SINCE JUL 1   3193                      2631    562     2608

 COOLING
  YESTERDAY        0                         3     -3        0
  MONTH TO DATE   21                        39    -18       55
  SINCE MAR 1     26                        61    -35       61
  SINCE JAN 1     26                        67    -41       67
..................................................................


WIND (MPH)
  HIGHEST WIND SPEED    12   HIGHEST WIND DIRECTION    SE (120)
  HIGHEST GUST SPEED    16   HIGHEST GUST DIRECTION    SE (150)
  AVERAGE WIND SPEED     2.2


SKY COVER
  POSSIBLE SUNSHINE  MM
  AVERAGE SKY COVER 0.2


WEATHER CONDITIONS
 THE FOLLOWING WEATHER WAS RECORDED YESTERDAY.
  FOG


RELATIVE HUMIDITY (PERCENT)
 HIGHEST   100           300 AM
 LOWEST     39           100 PM
 AVERAGE    70

..........................................................


THE EL DORADO CLIMATE NORMALS FOR TODAY
                         NORMAL    RECORD    YEAR
 MAXIMUM TEMPERATURE (F)   77        93      1925
 MINIMUM TEMPERATURE (F)   53        35      1953


SUNRISE AND SUNSET
APRIL 21 2014.........SUNRISE   634 AM CDT   SUNSET   746 PM CDT
APRIL 22 2014.........SUNRISE   633 AM CDT   SUNSET   747 PM CDT


-  INDICATES NEGATIVE NUMBERS.
R  INDICATES RECORD WAS SET OR TIED.
MM INDICATES DATA IS MISSING.
T  INDICATES TRACE AMOUNT.




$$
