000
CDUS44 KSHV 212133
CLIELD


CLIMATE REPORT
NATIONAL WEATHER SERVICE SHREVEPORT, LA
431 PM CDT FRI JUL 21 2017


...................................

...THE EL DORADO CLIMATE SUMMARY FOR JULY 21 2017...
VALID TODAY AS OF 0400 PM LOCAL TIME.

CLIMATE NORMAL PERIOD 1981 TO 2010
CLIMATE RECORD PERIOD 1907 TO 2017


WEATHER ITEM   OBSERVED TIME   RECORD YEAR NORMAL DEPARTURE LAST
                VALUE   (LST)  VALUE       VALUE  FROM      YEAR
                                                  NORMAL
..................................................................
TEMPERATURE (F)
 TODAY
  MAXIMUM         97    240 PM 106    1939  93      4       98
  MINIMUM         76    529 AM  60    1984  71      5       76
  AVERAGE         87                        82      5       87

PRECIPITATION (IN)
  TODAY            0.00          1.14 2009   0.09  -0.09     0.00
  MONTH TO DATE    2.01                      2.53  -0.52     1.67
  SINCE DEC 1     37.78                     35.59   2.19    42.36
  SINCE JAN 1     31.49                     30.41   1.08    34.30

DEGREE DAYS
 HEATING
  TODAY            0                         0      0        0
  MONTH TO DATE    0                         0      0        0
  SINCE JUN 1      0                         0      0        0
  SINCE JUL 1      0                         0      0        0

 COOLING
  TODAY           22                        17      5       22
  MONTH TO DATE  364                       348     16      400
  SINCE JUN 1    748                       744      4      863
  SINCE JAN 1   1094                      1055     39     1144
..................................................................


WIND (MPH)
  HIGHEST WIND SPEED     9   HIGHEST WIND DIRECTION    SW (240)
  HIGHEST GUST SPEED    14   HIGHEST GUST DIRECTION     W (270)
  AVERAGE WIND SPEED     2.0


SKY COVER
  POSSIBLE SUNSHINE  MM
  AVERAGE SKY COVER 0.1


WEATHER CONDITIONS
 THE FOLLOWING WEATHER WAS RECORDED TODAY.
  FOG


RELATIVE HUMIDITY (PERCENT)
 HIGHEST   100           100 AM
 LOWEST     45           300 PM
 AVERAGE    73

..........................................................


THE EL DORADO CLIMATE NORMALS FOR TOMORROW
                         NORMAL    RECORD    YEAR
 MAXIMUM TEMPERATURE (F)   93       104      1939
 MINIMUM TEMPERATURE (F)   71        58      1970


SUNRISE AND SUNSET
JULY 21 2017..........SUNRISE   617 AM CDT   SUNSET   818 PM CDT
JULY 22 2017..........SUNRISE   618 AM CDT   SUNSET   817 PM CDT


-  INDICATES NEGATIVE NUMBERS.
R  INDICATES RECORD WAS SET OR TIED.
MM INDICATES DATA IS MISSING.
T  INDICATES TRACE AMOUNT.




$$
