574
CDUS44 KSHV 240734
CLIELD


CLIMATE REPORT
NATIONAL WEATHER SERVICE SHREVEPORT, LA
234 AM CDT MON APR 24 2017


...................................

...THE EL DORADO CLIMATE SUMMARY FOR APRIL 23 2017...

CLIMATE NORMAL PERIOD 1981 TO 2010
CLIMATE RECORD PERIOD 1907 TO 2017


WEATHER ITEM   OBSERVED TIME   RECORD YEAR NORMAL DEPARTURE LAST
                VALUE   (LST)  VALUE       VALUE  FROM      YEAR
                                                  NORMAL
..................................................................
TEMPERATURE (F)
 YESTERDAY
  MAXIMUM         71    354 PM  91    1965  77     -6       81
  MINIMUM         48   1159 PM  37    1959  53     -5       52
  AVERAGE         60                        65     -5       67

PRECIPITATION (IN)
  YESTERDAY        0.01          1.80 1985   0.14  -0.13     0.00
  MONTH TO DATE    7.44                      3.10   4.34     6.40
  SINCE DEC 1     23.85                     22.12   1.73    33.78
  SINCE JAN 1     17.56                     16.94   0.62    25.72

SNOWFALL (IN)
  YESTERDAY       MM
  MONTH TO DATE    0.0
  SINCE MAR 1      0.0
  SINCE JUL 1      T
  SNOW DEPTH       0

DEGREE DAYS
 HEATING
  YESTERDAY        5                         3      2        0
  MONTH TO DATE   37                       104    -67       70
  SINCE MAR 1    249                       412   -163      271
  SINCE JUL 1   1701                      2640   -939     2010

 COOLING
  YESTERDAY        0                         3     -3        2
  MONTH TO DATE   74                        48     26       21
  SINCE MAR 1    127                        70     57       48
  SINCE JAN 1    154                        76     78       54
..................................................................


WIND (MPH)
  HIGHEST WIND SPEED    17   HIGHEST WIND DIRECTION    NW (310)
  HIGHEST GUST SPEED    22   HIGHEST GUST DIRECTION    NW (310)
  AVERAGE WIND SPEED     6.5


SKY COVER
  POSSIBLE SUNSHINE  MM
  AVERAGE SKY COVER 0.5


WEATHER CONDITIONS
 THE FOLLOWING WEATHER WAS RECORDED YESTERDAY.
  LIGHT RAIN
  FOG


RELATIVE HUMIDITY (PERCENT)
 HIGHEST   100           100 AM
 LOWEST     38           400 PM
 AVERAGE    69

..........................................................


THE EL DORADO CLIMATE NORMALS FOR TODAY
                         NORMAL    RECORD    YEAR
 MAXIMUM TEMPERATURE (F)   78        90      1925
 MINIMUM TEMPERATURE (F)   54        37      2005


SUNRISE AND SUNSET
APRIL 24 2017.........SUNRISE   630 AM CDT   SUNSET   749 PM CDT
APRIL 25 2017.........SUNRISE   629 AM CDT   SUNSET   749 PM CDT


-  INDICATES NEGATIVE NUMBERS.
R  INDICATES RECORD WAS SET OR TIED.
MM INDICATES DATA IS MISSING.
T  INDICATES TRACE AMOUNT.




$$
