000
CDUS44 KSHV 060833
CLIELD


CLIMATE REPORT
NATIONAL WEATHER SERVICE SHREVEPORT, LA
257 AM CDT FRI MAY 6 2016


...................................

...THE EL DORADO CLIMATE SUMMARY FOR MAY 5 2016...

CLIMATE NORMAL PERIOD 1981 TO 2010
CLIMATE RECORD PERIOD 1907 TO 2016


WEATHER ITEM   OBSERVED TIME   RECORD YEAR NORMAL DEPARTURE LAST
                VALUE   (LST)  VALUE       VALUE  FROM      YEAR
                                                  NORMAL
..................................................................
TEMPERATURE (F)
 YESTERDAY
  MAXIMUM         77    425 PM  92    1943  80     -3       85
  MINIMUM         48    436 AM  37    2013  57     -9       64
  AVERAGE         63                        68     -5       75

PRECIPITATION (IN)
  YESTERDAY        0.00          2.75 1934   0.17  -0.17     0.00
  MONTH TO DATE    0.58                      0.82  -0.24     0.00
  SINCE DEC 1     36.12                     23.93  12.19    19.40
  SINCE JAN 1     28.06                     18.75   9.31    16.07

SNOWFALL (IN)
  YESTERDAY        0.0
  MONTH TO DATE    0.0
  SINCE MAR 1      0.0
  SINCE JUL 1      1.5
  SNOW DEPTH       0

DEGREE DAYS
 HEATING
  YESTERDAY        2                         1      1        0
  MONTH TO DATE   10                         6      4        0
  SINCE MAR 1    281                       432   -151      427
  SINCE JUL 1   2020                      2660   -640     2913

 COOLING
  YESTERDAY        0                         5     -5       10
  MONTH TO DATE   11                        21    -10       20
  SINCE MAR 1    105                       114     -9      121
  SINCE JAN 1    111                       120     -9      121
..................................................................


WIND (MPH)
  HIGHEST WIND SPEED    16   HIGHEST WIND DIRECTION    NW (330)
  HIGHEST GUST SPEED    21   HIGHEST GUST DIRECTION    NW (320)
  AVERAGE WIND SPEED     5.4


SKY COVER
  POSSIBLE SUNSHINE  MM
  AVERAGE SKY COVER 0.0


WEATHER CONDITIONS
 THE FOLLOWING WEATHER WAS RECORDED YESTERDAY.
  NO SIGNIFICANT WEATHER WAS OBSERVED.


RELATIVE HUMIDITY (PERCENT)
 HIGHEST    86           500 AM
 LOWEST     29           400 PM
 AVERAGE    58

..........................................................


THE EL DORADO CLIMATE NORMALS FOR TODAY
                         NORMAL    RECORD    YEAR
 MAXIMUM TEMPERATURE (F)   80        95      1984
 MINIMUM TEMPERATURE (F)   57        43      1957


SUNRISE AND SUNSET
MAY  6 2016...........SUNRISE   618 AM CDT   SUNSET   758 PM CDT
MAY  7 2016...........SUNRISE   617 AM CDT   SUNSET   759 PM CDT


-  INDICATES NEGATIVE NUMBERS.
R  INDICATES RECORD WAS SET OR TIED.
MM INDICATES DATA IS MISSING.
T  INDICATES TRACE AMOUNT.




$$
