049
CDUS44 KEPZ 270940
CLIELP


CLIMATE REPORT
NATIONAL WEATHER SERVICE EL PASO, TX
340 AM MDT SAT MAY 27 2017


...................................

...THE EL PASO CLIMATE SUMMARY FOR MAY 26 2017...

CLIMATE NORMAL PERIOD 1981 TO 2010
CLIMATE RECORD PERIOD 1879 TO 2017


WEATHER ITEM   OBSERVED TIME   RECORD YEAR NORMAL DEPARTURE LAST
                VALUE   (LST)  VALUE       VALUE  FROM      YEAR
                                                  NORMAL
..................................................................
TEMPERATURE (F)
 YESTERDAY
  MAXIMUM         94    416 PM 102    1951  91      3       87
  MINIMUM         72    540 AM  48    1975  63      9       70
  AVERAGE         83                        77      6       79

PRECIPITATION (IN)
  YESTERDAY        0.00          0.29 1952   0.02  -0.02     0.00
  MONTH TO DATE    T                         0.38  -0.38      T
  SINCE MAR 1      0.14                      0.87  -0.73     0.05
  SINCE JAN 1      1.35                      1.73  -0.38     0.58

SNOWFALL (IN)
  YESTERDAY        0.0                                       0.0
  MONTH TO DATE    0.0                                       0.0
  SINCE MAR 1      0.0                                       0.0
  SINCE JUL 1      T                                         8.1
  SNOW DEPTH       0

DEGREE DAYS
 HEATING
  YESTERDAY        0                         0      0        0
  MONTH TO DATE    2                         6     -4       14
  SINCE MAR 1    108                       368   -260      184
  SINCE JUL 1   1577                      2471   -894     2018

 COOLING
  YESTERDAY       18                        12      6       14
  MONTH TO DATE  249                       221     28      226
  SINCE MAR 1    488                       313    175      337
  SINCE JAN 1    491                       313    178      340
..................................................................


WIND (MPH)
  HIGHEST WIND SPEED    35   HIGHEST WIND DIRECTION     W (250)
  HIGHEST GUST SPEED    46   HIGHEST GUST DIRECTION    SW (230)
  AVERAGE WIND SPEED    18.8


SKY COVER
  POSSIBLE SUNSHINE  MM
  AVERAGE SKY COVER 0.3


WEATHER CONDITIONS
 THE FOLLOWING WEATHER WAS RECORDED YESTERDAY.
  NO SIGNIFICANT WEATHER WAS OBSERVED.


RELATIVE HUMIDITY (PERCENT)
 HIGHEST    23           600 AM
 LOWEST      7           300 PM
 AVERAGE    15

..........................................................


THE EL PASO CLIMATE NORMALS FOR TODAY
                         NORMAL    RECORD    YEAR
 MAXIMUM TEMPERATURE (F)   91       103      1951
 MINIMUM TEMPERATURE (F)   63        48      1903


SUNRISE AND SUNSET
MAY 27 2017...........SUNRISE   602 AM MDT   SUNSET   804 PM MDT
MAY 28 2017...........SUNRISE   602 AM MDT   SUNSET   804 PM MDT


-  INDICATES NEGATIVE NUMBERS.
R  INDICATES RECORD WAS SET OR TIED.
MM INDICATES DATA IS MISSING.
T  INDICATES TRACE AMOUNT.




$$
