000
CDUS44 KEPZ 190931
CLIELP


CLIMATE REPORT
NATIONAL WEATHER SERVICE EL PASO, TX
331 AM MDT TUE SEP 19 2017


...................................

...THE EL PASO CLIMATE SUMMARY FOR SEPTEMBER 18 2017...

CLIMATE NORMAL PERIOD 1981 TO 2010
CLIMATE RECORD PERIOD 1879 TO 2017


WEATHER ITEM   OBSERVED TIME   RECORD YEAR NORMAL DEPARTURE LAST
                VALUE   (LST)  VALUE       VALUE  FROM      YEAR
                                                  NORMAL
..................................................................
TEMPERATURE (F)
 YESTERDAY
  MAXIMUM         95    300 PM  98    1973  87      8       95
  MINIMUM         70    600 AM  45    1968  63      7       64
  AVERAGE         83                        75      8       80

PRECIPITATION (IN)
  YESTERDAY        0.00          1.03 1995   0.06  -0.06     0.00
  MONTH TO DATE    T                         1.00  -1.00     1.16
  SINCE SEP 1      T                         1.00  -1.00     1.16
  SINCE JAN 1      7.92                      7.32   0.60     7.13

SNOWFALL (IN)
  YESTERDAY        0.0                                       0.0
  MONTH TO DATE    0.0                                       0.0
  SINCE SEP 1      0.0                                       0.0
  SINCE JUL 1      0.0                                        T
  SNOW DEPTH       0

DEGREE DAYS
 HEATING
  YESTERDAY        0                         0      0        0
  MONTH TO DATE    0                         0      0        0
  SINCE SEP 1      0                         0      0        0
  SINCE JUL 1      0                         0      0        0

 COOLING
  YESTERDAY       18                        10      8       15
  MONTH TO DATE  286                       222     64      243
  SINCE SEP 1    286                       222     64      243
  SINCE JAN 1   2573                      2151    422     2467
..................................................................


WIND (MPH)
  HIGHEST WIND SPEED    26   HIGHEST WIND DIRECTION    SW (210)
  HIGHEST GUST SPEED    32   HIGHEST GUST DIRECTION    SW (210)
  AVERAGE WIND SPEED     7.6


SKY COVER
  POSSIBLE SUNSHINE  MM
  AVERAGE SKY COVER 0.2


WEATHER CONDITIONS
 THE FOLLOWING WEATHER WAS RECORDED YESTERDAY.
  NO SIGNIFICANT WEATHER WAS OBSERVED.


RELATIVE HUMIDITY (PERCENT)
 HIGHEST    57           400 AM
 LOWEST     18           500 PM
 AVERAGE    38

..........................................................


THE EL PASO CLIMATE NORMALS FOR TODAY
                         NORMAL    RECORD    YEAR
 MAXIMUM TEMPERATURE (F)   87        97      2016
                                             1997
                                             1980
 MINIMUM TEMPERATURE (F)   62        47      1991


SUNRISE AND SUNSET
SEPTEMBER 19 2017.....SUNRISE   652 AM MDT   SUNSET   706 PM MDT
SEPTEMBER 20 2017.....SUNRISE   653 AM MDT   SUNSET   704 PM MDT


-  INDICATES NEGATIVE NUMBERS.
R  INDICATES RECORD WAS SET OR TIED.
MM INDICATES DATA IS MISSING.
T  INDICATES TRACE AMOUNT.




$$
