000
CDUS44 KEPZ 280927
CLIELP


CLIMATE REPORT
NATIONAL WEATHER SERVICE EL PASO, TX
326 AM MDT TUE MAR 28 2017


...................................

...THE EL PASO CLIMATE SUMMARY FOR MARCH 27 2017...

CLIMATE NORMAL PERIOD 1981 TO 2010
CLIMATE RECORD PERIOD 1879 TO 2017


WEATHER ITEM   OBSERVED TIME   RECORD YEAR NORMAL DEPARTURE LAST
                VALUE   (LST)  VALUE       VALUE  FROM      YEAR
                                                  NORMAL
..................................................................
TEMPERATURE (F)
 YESTERDAY
  MAXIMUM         80    406 PM  88    1971  73      7       73
                                      1928
  MINIMUM         54    604 AM  23    1955  45      9       46
  AVERAGE         67                        59      8       60

PRECIPITATION (IN)
  YESTERDAY        0.00          0.60 1888   0.00   0.00     0.00
  MONTH TO DATE    0.00                      0.23  -0.23     0.01
  SINCE MAR 1      0.00                      0.23  -0.23     0.01
  SINCE JAN 1      1.21                      1.09   0.12     0.54

SNOWFALL (IN)
  YESTERDAY        0.0                                       0.0
  MONTH TO DATE    0.0                                       0.0
  SINCE MAR 1      0.0                                       0.0
  SINCE JUL 1      T                                         8.1
  SNOW DEPTH       0

DEGREE DAYS
 HEATING
  YESTERDAY        0                         6     -6        5
  MONTH TO DATE   51                       247   -196       97
  SINCE MAR 1     51                       247   -196       97
  SINCE JUL 1   1520                      2350   -830     1931

 COOLING
  YESTERDAY        2                         1      1        0
  MONTH TO DATE   65                         2     63       16
  SINCE MAR 1     65                         2     63       16
  SINCE JAN 1     68                         2     66       19
..................................................................


WIND (MPH)
  HIGHEST WIND SPEED    23   HIGHEST WIND DIRECTION     W (250)
  HIGHEST GUST SPEED    28   HIGHEST GUST DIRECTION     W (250)
  AVERAGE WIND SPEED     9.2


SKY COVER
  POSSIBLE SUNSHINE  MM
  AVERAGE SKY COVER 0.1


WEATHER CONDITIONS
 THE FOLLOWING WEATHER WAS RECORDED YESTERDAY.
  NO SIGNIFICANT WEATHER WAS OBSERVED.


RELATIVE HUMIDITY (PERCENT)
 HIGHEST    23           400 AM
 LOWEST      8           100 PM
 AVERAGE    16

..........................................................


THE EL PASO CLIMATE NORMALS FOR TODAY
                         NORMAL    RECORD    YEAR
 MAXIMUM TEMPERATURE (F)   73        88      2015
                                             1967
 MINIMUM TEMPERATURE (F)   45        27      1955


SUNRISE AND SUNSET
MARCH 28 2017.........SUNRISE   659 AM MDT   SUNSET   723 PM MDT
MARCH 29 2017.........SUNRISE   657 AM MDT   SUNSET   723 PM MDT


-  INDICATES NEGATIVE NUMBERS.
R  INDICATES RECORD WAS SET OR TIED.
MM INDICATES DATA IS MISSING.
T  INDICATES TRACE AMOUNT.




$$
