000
CDUS44 KEPZ 280928
CLIELP


CLIMATE REPORT
NATIONAL WEATHER SERVICE EL PASO, TX
327 AM MDT WED SEP 28 2016


...................................

...THE EL PASO CLIMATE SUMMARY FOR SEPTEMBER 27 2016...

CLIMATE NORMAL PERIOD 1981 TO 2010
CLIMATE RECORD PERIOD 1879 TO 2016


WEATHER ITEM   OBSERVED TIME   RECORD YEAR NORMAL DEPARTURE LAST
                VALUE   (LST)  VALUE       VALUE  FROM      YEAR
                                                  NORMAL
..................................................................
TEMPERATURE (F)
 YESTERDAY
  MAXIMUM         77    427 PM  96    1994  84     -7       93
                                      1981
  MINIMUM         56    240 AM  43    1880  59     -3       61
  AVERAGE         67                        72     -5       77

PRECIPITATION (IN)
  YESTERDAY        0.00          1.62 1958   0.04  -0.04     0.00
  MONTH TO DATE    1.24                      1.40  -0.16     0.33
  SINCE SEP 1      1.24                      1.40  -0.16     0.33
  SINCE JAN 1      7.21                      7.72  -0.51     7.48

SNOWFALL (IN)
  YESTERDAY        0.0                                       0.0
  MONTH TO DATE    0.0                                       0.0
  SINCE SEP 1      0.0                                       0.0
  SINCE JUL 1      T                                         0.0
  SNOW DEPTH       0

DEGREE DAYS
 HEATING
  YESTERDAY        0                         0      0        0
  MONTH TO DATE    5                         0      5        0
  SINCE SEP 1      5                         0      5        0
  SINCE JUL 1      5                         0      5        0

 COOLING
  YESTERDAY        2                         7     -5       12
  MONTH TO DATE  342                       297     45      434
  SINCE SEP 1    342                       297     45      434
  SINCE JAN 1   2566                      2226    340     2651
..................................................................


WIND (MPH)
  HIGHEST WIND SPEED     9   HIGHEST WIND DIRECTION     W (290)
  HIGHEST GUST SPEED    12   HIGHEST GUST DIRECTION    NW (300)
  AVERAGE WIND SPEED     2.6


SKY COVER
  POSSIBLE SUNSHINE  MM
  AVERAGE SKY COVER 0.7


WEATHER CONDITIONS
 THE FOLLOWING WEATHER WAS RECORDED YESTERDAY.
  NO SIGNIFICANT WEATHER WAS OBSERVED.


RELATIVE HUMIDITY (PERCENT)
 HIGHEST    67          1200 AM
 LOWEST     33           300 PM
 AVERAGE    50

..........................................................


THE EL PASO CLIMATE NORMALS FOR TODAY
                         NORMAL    RECORD    YEAR
 MAXIMUM TEMPERATURE (F)   84        97      2015
                                             1994
                                             1977
 MINIMUM TEMPERATURE (F)   59        42      1973
                                             1880


SUNRISE AND SUNSET
SEPTEMBER 28 2016.....SUNRISE   658 AM MDT   SUNSET   654 PM MDT
SEPTEMBER 29 2016.....SUNRISE   659 AM MDT   SUNSET   652 PM MDT


-  INDICATES NEGATIVE NUMBERS.
R  INDICATES RECORD WAS SET OR TIED.
MM INDICATES DATA IS MISSING.
T  INDICATES TRACE AMOUNT.




$$
