000
CDUS44 KEPZ 242328
CLIELP


CLIMATE REPORT
NATIONAL WEATHER SERVICE EL PASO, TX
527 PM MDT SUN MAY 24 2015


...................................

...THE EL PASO CLIMATE SUMMARY FOR MAY 24 2015...
VALID TODAY AS OF 500 PM LOCAL TIME.

CLIMATE NORMAL PERIOD 1981 TO 2010
CLIMATE RECORD PERIOD 1879 TO 2015


WEATHER ITEM   OBSERVED TIME   RECORD YEAR NORMAL DEPARTURE LAST
                VALUE   (LST)  VALUE       VALUE  FROM      YEAR
                                                  NORMAL
..................................................................
TEMPERATURE (F)
 TODAY
  MAXIMUM         82    359 PM 102    2000  90     -8       89
  MINIMUM         62    557 AM  36    1939  62      0       59

PRECIPITATION (IN)
  TODAY            0.00                      0.02  -0.02      T
  MONTH TO DATE    0.81                      0.35   0.46     0.01
  SINCE MAR 1      1.66                      0.84   0.82     0.64
  SINCE JAN 1      2.54                      1.70   0.84     0.64

..................................................................


WIND (MPH)
  HIGHEST WIND SPEED    24   HIGHEST WIND DIRECTION     W (250)
  HIGHEST GUST SPEED    33   HIGHEST GUST DIRECTION     W (250)


SKY COVER
  AVERAGE SKY COVER 0.1


WEATHER CONDITIONS
 THE FOLLOWING WEATHER WAS RECORDED TODAY.
  NO SIGNIFICANT WEATHER WAS OBSERVED.


RELATIVE HUMIDITY (PERCENT)
 HIGHEST    25           600 AM
 LOWEST      9           300 PM

..........................................................


THE EL PASO CLIMATE NORMALS FOR TOMORROW
                         NORMAL    RECORD    YEAR
 MAXIMUM TEMPERATURE (F)   91       102      2006
 MINIMUM TEMPERATURE (F)   63        48      1975
                                             1908


SUNRISE AND SUNSET
MAY 24 2015...........SUNRISE   604 AM MDT   SUNSET   801 PM MDT
MAY 25 2015...........SUNRISE   603 AM MDT   SUNSET   802 PM MDT


-  INDICATES NEGATIVE NUMBERS.
R  INDICATES RECORD WAS SET OR TIED.
MM INDICATES DATA IS MISSING.
T  INDICATES TRACE AMOUNT.




$$
