000
CDUS44 KEPZ 280929
CLIELP


CLIMATE REPORT
NATIONAL WEATHER SERVICE EL PASO, TX
329 AM MDT THU AUG 28 2014


...................................

...THE EL PASO CLIMATE SUMMARY FOR AUGUST 27 2014...

CLIMATE NORMAL PERIOD 1981 TO 2010
CLIMATE RECORD PERIOD 1879 TO 2014


WEATHER ITEM   OBSERVED TIME   RECORD YEAR NORMAL DEPARTURE LAST
                VALUE   (LST)  VALUE       VALUE  FROM      YEAR
                                                  NORMAL
..................................................................
TEMPERATURE (F)
 YESTERDAY
  MAXIMUM         88    122 PM 102    2002  92     -4       86
  MINIMUM         69    551 AM  59    1976  69      0       71
  AVERAGE         79                        80     -1       79

PRECIPITATION (IN)
  YESTERDAY        0.02          1.13 1890   0.05  -0.03     0.11
  MONTH TO DATE    1.79                      1.81  -0.02     0.47
  SINCE JUN 1      2.49                      4.30  -1.81     3.76
  SINCE JAN 1      3.13                      6.12  -2.99     4.65

SNOWFALL (IN)
  YESTERDAY        0.0                                       0.0
  MONTH TO DATE    0.0                                       0.0
  SINCE JUN 1      0.0                                        T
  SINCE JUL 1      0.0                                        T
  SNOW DEPTH       0

DEGREE DAYS
 HEATING
  YESTERDAY        0                         0      0        0
  MONTH TO DATE    0                         0      0        0
  SINCE JUN 1      0                         0      0        0
  SINCE JUL 1      0                         0      0        0

 COOLING
  YESTERDAY       14                        15     -1       14
  MONTH TO DATE  403                       439    -36      511
  SINCE JUN 1   1718                      1493    225     1719
  SINCE JAN 1   2145                      1870    275     2227
..................................................................


WIND (MPH)
  HIGHEST WIND SPEED    30   HIGHEST WIND DIRECTION     N (10)
  HIGHEST GUST SPEED    37   HIGHEST GUST DIRECTION     N (10)
  AVERAGE WIND SPEED     5.0


SKY COVER
  POSSIBLE SUNSHINE  MM
  AVERAGE SKY COVER 0.7


WEATHER CONDITIONS
 THE FOLLOWING WEATHER WAS RECORDED YESTERDAY.
  THUNDERSTORM
  LIGHT RAIN


RELATIVE HUMIDITY (PERCENT)
 HIGHEST    90           600 AM
 LOWEST     37           100 PM
 AVERAGE    64

..........................................................


THE EL PASO CLIMATE NORMALS FOR TODAY
                         NORMAL    RECORD    YEAR
 MAXIMUM TEMPERATURE (F)   92       102      1994
 MINIMUM TEMPERATURE (F)   69        60      1974
                                             1880


SUNRISE AND SUNSET
AUGUST 28 2014........SUNRISE   639 AM MDT   SUNSET   734 PM MDT
AUGUST 29 2014........SUNRISE   639 AM MDT   SUNSET   733 PM MDT


-  INDICATES NEGATIVE NUMBERS.
R  INDICATES RECORD WAS SET OR TIED.
MM INDICATES DATA IS MISSING.
T  INDICATES TRACE AMOUNT.




$$
