000
CDUS44 KEPZ 300926
CLIELP


CLIMATE REPORT
NATIONAL WEATHER SERVICE EL PASO, TX
326 AM MDT MON MAY 30 2016


...................................

...THE EL PASO CLIMATE SUMMARY FOR MAY 29 2016...

CLIMATE NORMAL PERIOD 1981 TO 2010
CLIMATE RECORD PERIOD 1879 TO 2016


WEATHER ITEM   OBSERVED TIME   RECORD YEAR NORMAL DEPARTURE LAST
                VALUE   (LST)  VALUE       VALUE  FROM      YEAR
                                                  NORMAL
..................................................................
TEMPERATURE (F)
 YESTERDAY
  MAXIMUM         94    416 PM 102    1896  92      2       96
  MINIMUM         69    637 AM  45    1987  64      5       63
  AVERAGE         82                        78      4       80

PRECIPITATION (IN)
  YESTERDAY        0.00          0.26 1955   0.01  -0.01     0.00
  MONTH TO DATE    T                         0.43  -0.43     0.81
  SINCE MAR 1      0.05                      0.92  -0.87     1.66
  SINCE JAN 1      0.58                      1.78  -1.20     2.54

SNOWFALL (IN)
  YESTERDAY        0.0                                       0.0
  MONTH TO DATE    0.0                                       0.0
  SINCE MAR 1      0.0                                       0.0
  SINCE JUL 1      8.1                                        T
  SNOW DEPTH       0

DEGREE DAYS
 HEATING
  YESTERDAY        0                         0      0        0
  MONTH TO DATE   14                         6      8        0
  SINCE MAR 1    184                       368   -184      241
  SINCE JUL 1   2018                      2471   -453     2064

 COOLING
  YESTERDAY       17                        13      4       15
  MONTH TO DATE  259                       259      0      216
  SINCE MAR 1    370                       351     19      342
  SINCE JAN 1    373                       351     22      343
..................................................................


WIND (MPH)
  HIGHEST WIND SPEED    22   HIGHEST WIND DIRECTION    SW (210)
  HIGHEST GUST SPEED    29   HIGHEST GUST DIRECTION    SW (210)
  AVERAGE WIND SPEED     6.6


SKY COVER
  POSSIBLE SUNSHINE  MM
  AVERAGE SKY COVER 0.3


WEATHER CONDITIONS
 THE FOLLOWING WEATHER WAS RECORDED YESTERDAY.
  HAZE


RELATIVE HUMIDITY (PERCENT)
 HIGHEST    21          1000 PM
 LOWEST      5           200 AM
 AVERAGE    13

..........................................................


THE EL PASO CLIMATE NORMALS FOR TODAY
                         NORMAL    RECORD    YEAR
 MAXIMUM TEMPERATURE (F)   92       103      1994
 MINIMUM TEMPERATURE (F)   64        46      1987


SUNRISE AND SUNSET
MAY 30 2016...........SUNRISE   601 AM MDT   SUNSET   806 PM MDT
MAY 31 2016...........SUNRISE   601 AM MDT   SUNSET   806 PM MDT


-  INDICATES NEGATIVE NUMBERS.
R  INDICATES RECORD WAS SET OR TIED.
MM INDICATES DATA IS MISSING.
T  INDICATES TRACE AMOUNT.




$$
