000
CDUS44 KEPZ 210928
CLIELP


CLIMATE REPORT
NATIONAL WEATHER SERVICE EL PASO, TX
227 AM MST WED FEB 21 2018


...................................

...THE EL PASO CLIMATE SUMMARY FOR FEBRUARY 20 2018...

CLIMATE NORMAL PERIOD 1981 TO 2010
CLIMATE RECORD PERIOD 1879 TO 2018


WEATHER ITEM   OBSERVED TIME   RECORD YEAR NORMAL DEPARTURE LAST
                VALUE   (LST)  VALUE       VALUE  FROM      YEAR
                                                  NORMAL
..................................................................
TEMPERATURE (F)
 YESTERDAY
  MAXIMUM         64    408 PM  83    1972  64      0       68
  MINIMUM         48   1159 PM  22    1988  38     10       46
                                      1955
  AVERAGE         56                        51      5       57

PRECIPITATION (IN)
  YESTERDAY        0.00          0.99 2003   0.01  -0.01     0.00
  MONTH TO DATE    0.67                      0.35   0.32     0.16
  SINCE DEC 1      1.45                      1.53  -0.08     2.07
  SINCE JAN 1      0.77                      0.75   0.02     1.21

SNOWFALL (IN)
  YESTERDAY        0.0                                       0.0
  MONTH TO DATE    0.0                                        T
  SINCE DEC 1      0.1                                        T
  SINCE JUL 1      0.1                                        T
  SNOW DEPTH       0

DEGREE DAYS
 HEATING
  YESTERDAY        9                        14     -5        8
  MONTH TO DATE  153                       316   -163      194
  SINCE DEC 1   1222                      1559   -337     1170
  SINCE JUL 1   1385                      2001   -616     1412

 COOLING
  YESTERDAY        0                         0      0        0
  MONTH TO DATE    0                         0      0        3
  SINCE DEC 1      0                         0      0        3
  SINCE JAN 1      0                         0      0        3
..................................................................


WIND (MPH)
  HIGHEST WIND SPEED    32   HIGHEST WIND DIRECTION     W (260)
  HIGHEST GUST SPEED    40   HIGHEST GUST DIRECTION     W (280)
  AVERAGE WIND SPEED    14.3


SKY COVER
  POSSIBLE SUNSHINE  MM
  AVERAGE SKY COVER 0.3


WEATHER CONDITIONS
 THE FOLLOWING WEATHER WAS RECORDED YESTERDAY.
  NO SIGNIFICANT WEATHER WAS OBSERVED.


RELATIVE HUMIDITY (PERCENT)
 HIGHEST    56          1100 PM
 LOWEST     32          1100 AM
 AVERAGE    44

..........................................................


THE EL PASO CLIMATE NORMALS FOR TODAY
                         NORMAL    RECORD    YEAR
 MAXIMUM TEMPERATURE (F)   65        83      1972
 MINIMUM TEMPERATURE (F)   38        15      1984


SUNRISE AND SUNSET
FEBRUARY 21 2018......SUNRISE   641 AM MST   SUNSET   557 PM MST
FEBRUARY 22 2018......SUNRISE   640 AM MST   SUNSET   558 PM MST


-  INDICATES NEGATIVE NUMBERS.
R  INDICATES RECORD WAS SET OR TIED.
MM INDICATES DATA IS MISSING.
T  INDICATES TRACE AMOUNT.




$$
