000
CDUS44 KEPZ 010927
CLIELP


CLIMATE REPORT
NATIONAL WEATHER SERVICE EL PASO, TX
326 AM MDT SUN MAY 1 2016


...................................

...THE EL PASO CLIMATE SUMMARY FOR APRIL 30 2016...

CLIMATE NORMAL PERIOD 1981 TO 2010
CLIMATE RECORD PERIOD 1879 TO 2016


WEATHER ITEM   OBSERVED TIME   RECORD YEAR NORMAL DEPARTURE LAST
                VALUE   (LST)  VALUE       VALUE  FROM      YEAR
                                                  NORMAL
..................................................................
TEMPERATURE (F)
 YESTERDAY
  MAXIMUM         78    257 PM  97    1992  83     -5       85
  MINIMUM         54    319 AM  33    1984  55     -1       46
  AVERAGE         66                        69     -3       66

PRECIPITATION (IN)
  YESTERDAY        0.00          0.12 1974   0.01  -0.01     0.00
  MONTH TO DATE    0.04                      0.23  -0.19     0.24
  SINCE MAR 1      0.05                      0.49  -0.44     0.85
  SINCE JAN 1      0.58                      1.35  -0.77     1.73

SNOWFALL (IN)
  YESTERDAY        0.0                                       0.0
  MONTH TO DATE    0.0                                       0.0
  SINCE MAR 1      0.0                                       0.0
  SINCE JUL 1      8.1                                        T
  SNOW DEPTH       0

DEGREE DAYS
 HEATING
  YESTERDAY        0                         1     -1        0
  MONTH TO DATE   61                        92    -31       53
  SINCE MAR 1    170                       362   -192      241
  SINCE JUL 1   2004                      2465   -461     2064

 COOLING
  YESTERDAY        1                         5     -4        1
  MONTH TO DATE   91                        82      9       93
  SINCE MAR 1    111                        92     19      126
  SINCE JAN 1    114                        92     22      127
..................................................................


WIND (MPH)
  HIGHEST WIND SPEED    21   HIGHEST WIND DIRECTION     S (190)
  HIGHEST GUST SPEED    28   HIGHEST GUST DIRECTION     S (190)
  AVERAGE WIND SPEED     6.5


SKY COVER
  POSSIBLE SUNSHINE  MM
  AVERAGE SKY COVER 0.2


WEATHER CONDITIONS
 THE FOLLOWING WEATHER WAS RECORDED YESTERDAY.
  NO SIGNIFICANT WEATHER WAS OBSERVED.


RELATIVE HUMIDITY (PERCENT)
 HIGHEST    38           600 AM
 LOWEST      9           400 PM
 AVERAGE    24

..........................................................


THE EL PASO CLIMATE NORMALS FOR TODAY
                         NORMAL    RECORD    YEAR
 MAXIMUM TEMPERATURE (F)   83        96      1992
 MINIMUM TEMPERATURE (F)   56        38      1951


SUNRISE AND SUNSET
MAY  1 2016...........SUNRISE   619 AM MDT   SUNSET   746 PM MDT
MAY  2 2016...........SUNRISE   619 AM MDT   SUNSET   747 PM MDT


-  INDICATES NEGATIVE NUMBERS.
R  INDICATES RECORD WAS SET OR TIED.
MM INDICATES DATA IS MISSING.
T  INDICATES TRACE AMOUNT.




$$
