000
CDUS44 KEPZ 210927
CLIELP


CLIMATE REPORT
NATIONAL WEATHER SERVICE EL PASO, TX
325 AM MDT TUE OCT 21 2014


...................................

...THE EL PASO CLIMATE SUMMARY FOR OCTOBER 20 2014...

CLIMATE NORMAL PERIOD 1981 TO 2010
CLIMATE RECORD PERIOD 1879 TO 2014


WEATHER ITEM   OBSERVED TIME   RECORD YEAR NORMAL DEPARTURE LAST
                VALUE   (LST)  VALUE       VALUE  FROM      YEAR
                                                  NORMAL
..................................................................
TEMPERATURE (F)
 YESTERDAY
  MAXIMUM         73    304 PM  88    2012  77     -4       78
                                      2007
                                      2003
  MINIMUM         57    653 AM  28    1882  51      6       38
  AVERAGE         65                        64      1       58

PRECIPITATION (IN)
  YESTERDAY        0.00          0.66 1888   0.02  -0.02     0.00
  MONTH TO DATE    0.98                      0.41   0.57     0.00
  SINCE SEP 1      5.21                      1.92   3.29     3.85
  SINCE JAN 1      8.34                      8.24   0.10     9.15

SNOWFALL (IN)
  YESTERDAY        0.0                                       0.0
  MONTH TO DATE    0.0                                       0.0
  SINCE SEP 1      0.0                                       0.0
  SINCE JUL 1      0.0                                        T
  SNOW DEPTH       0

DEGREE DAYS
 HEATING
  YESTERDAY        0                         3     -3        7
  MONTH TO DATE    5                        31    -26       33
  SINCE SEP 1      5                        35    -30       33
  SINCE JUL 1      5                        35    -30       33

 COOLING
  YESTERDAY        0                         2     -2        0
  MONTH TO DATE   96                        73     23       67
  SINCE SEP 1    412                       390     22      404
  SINCE JAN 1   2631                      2319    312     2682
..................................................................


WIND (MPH)
  HIGHEST WIND SPEED    17   HIGHEST WIND DIRECTION    NE (30)
  HIGHEST GUST SPEED    21   HIGHEST GUST DIRECTION     N (20)
  AVERAGE WIND SPEED     8.4


SKY COVER
  POSSIBLE SUNSHINE  MM
  AVERAGE SKY COVER 0.6


WEATHER CONDITIONS
 THE FOLLOWING WEATHER WAS RECORDED YESTERDAY.
  NO SIGNIFICANT WEATHER WAS OBSERVED.


RELATIVE HUMIDITY (PERCENT)
 HIGHEST    93           300 AM
 LOWEST     44           500 PM
 AVERAGE    69

..........................................................


THE EL PASO CLIMATE NORMALS FOR TODAY
                         NORMAL    RECORD    YEAR
 MAXIMUM TEMPERATURE (F)   77        89      1899
 MINIMUM TEMPERATURE (F)   50        32      1898
                                             1882


SUNRISE AND SUNSET
OCTOBER 21 2014.......SUNRISE   713 AM MDT   SUNSET   627 PM MDT
OCTOBER 22 2014.......SUNRISE   714 AM MDT   SUNSET   626 PM MDT


-  INDICATES NEGATIVE NUMBERS.
R  INDICATES RECORD WAS SET OR TIED.
MM INDICATES DATA IS MISSING.
T  INDICATES TRACE AMOUNT.




$$
