000
CDUS44 KEPZ 230930
CLIELP


CLIMATE REPORT
NATIONAL WEATHER SERVICE EL PASO, TX
328 AM MDT WED APR 23 2014


...................................

...THE EL PASO CLIMATE SUMMARY FOR APRIL 22 2014...

CLIMATE NORMAL PERIOD 1981 TO 2010
CLIMATE RECORD PERIOD 1879 TO 2014


WEATHER ITEM   OBSERVED TIME   RECORD YEAR NORMAL DEPARTURE LAST
                VALUE   (LST)  VALUE       VALUE  FROM      YEAR
                                                  NORMAL
..................................................................
TEMPERATURE (F)
 YESTERDAY
  MAXIMUM         89    309 PM  98    1965  80      9       89
  MINIMUM         63    530 AM  31    1907  53     10       57
  AVERAGE         76                        67      9       73

PRECIPITATION (IN)
  YESTERDAY        0.00          0.59 1905   0.01  -0.01     0.00
  MONTH TO DATE    0.45                      0.17   0.28      T
  SINCE MAR 1      0.63                      0.43   0.20      T
  SINCE JAN 1      0.63                      1.29  -0.66     0.71

SNOWFALL (IN)
  YESTERDAY        0.0                                       0.0
  MONTH TO DATE    0.0                                       0.0
  SINCE MAR 1      0.0                                       0.0
  SINCE JUL 1      T                                         3.1
  SNOW DEPTH       0

DEGREE DAYS
 HEATING
  YESTERDAY        0                         2     -2        0
  MONTH TO DATE   49                        80    -31       54
  SINCE MAR 1    226                       350   -124      227
  SINCE JUL 1   2014                      2453   -439     2192

 COOLING
  YESTERDAY       11                         4      7        8
  MONTH TO DATE   66                        46     20       83
  SINCE MAR 1     84                        56     28      116
  SINCE JAN 1     91                        56     35      116
..................................................................


WIND (MPH)
  HIGHEST WIND SPEED    28   HIGHEST WIND DIRECTION     S (190)
  HIGHEST GUST SPEED    37   HIGHEST GUST DIRECTION     S (200)
  AVERAGE WIND SPEED    10.7


SKY COVER
  POSSIBLE SUNSHINE  MM
  AVERAGE SKY COVER 0.3


WEATHER CONDITIONS
 THE FOLLOWING WEATHER WAS RECORDED YESTERDAY.
  NO SIGNIFICANT WEATHER WAS OBSERVED.


RELATIVE HUMIDITY (PERCENT)
 HIGHEST    52           600 AM
 LOWEST     13           500 PM
 AVERAGE    33

..........................................................


THE EL PASO CLIMATE NORMALS FOR TODAY
                         NORMAL    RECORD    YEAR
 MAXIMUM TEMPERATURE (F)   81        93      2012
                                             2006
                                             1965
 MINIMUM TEMPERATURE (F)   53        37      1984
                                             1907


SUNRISE AND SUNSET
APRIL 23 2014.........SUNRISE   628 AM MDT   SUNSET   740 PM MDT
APRIL 24 2014.........SUNRISE   627 AM MDT   SUNSET   741 PM MDT


-  INDICATES NEGATIVE NUMBERS.
R  INDICATES RECORD WAS SET OR TIED.
MM INDICATES DATA IS MISSING.
T  INDICATES TRACE AMOUNT.




$$
