312
CDUS44 KEPZ 190927
CLIELP


CLIMATE REPORT
NATIONAL WEATHER SERVICE EL PASO, TX
227 AM MST THU JAN 19 2017


...................................

...THE EL PASO CLIMATE SUMMARY FOR JANUARY 18 2017...

CLIMATE NORMAL PERIOD 1981 TO 2010
CLIMATE RECORD PERIOD 1879 TO 2017


WEATHER ITEM   OBSERVED TIME   RECORD YEAR NORMAL DEPARTURE LAST
                VALUE   (LST)  VALUE       VALUE  FROM      YEAR
                                                  NORMAL
..................................................................
TEMPERATURE (F)
 YESTERDAY
  MAXIMUM         56    424 PM  77    1921  58     -2       62
  MINIMUM         33    550 AM   9    1987  33      0       30
  AVERAGE         45                        45      0       46

PRECIPITATION (IN)
  YESTERDAY        0.00          0.42 1991   0.02  -0.02     0.00
  MONTH TO DATE    0.76                      0.23   0.53     0.46
  SINCE DEC 1      1.62                      1.01   0.61     1.54
  SINCE JAN 1      0.76                      0.23   0.53     0.46

SNOWFALL (IN)
  YESTERDAY        0.0                                       0.0
  MONTH TO DATE    0.0                                        T
  SINCE DEC 1      0.0                                       8.1
  SINCE JUL 1      T                                         8.1
  SNOW DEPTH       0

DEGREE DAYS
 HEATING
  YESTERDAY       20                        20      0       19
  MONTH TO DATE  251                       372   -121      399
  SINCE DEC 1    731                       998   -267      953
  SINCE JUL 1    973                      1440   -467     1288

 COOLING
  YESTERDAY        0                         0      0        0
  MONTH TO DATE    0                         0      0        0
  SINCE DEC 1      0                         0      0        0
  SINCE JAN 1      0                         0      0        0
..................................................................


WIND (MPH)
  HIGHEST WIND SPEED    17   HIGHEST WIND DIRECTION     W (250)
  HIGHEST GUST SPEED    24   HIGHEST GUST DIRECTION     W (250)
  AVERAGE WIND SPEED     8.0


SKY COVER
  POSSIBLE SUNSHINE  MM
  AVERAGE SKY COVER 0.3


WEATHER CONDITIONS
 THE FOLLOWING WEATHER WAS RECORDED YESTERDAY.
  FOG
  FOG W/VISIBILITY <= 1/4 MILE


RELATIVE HUMIDITY (PERCENT)
 HIGHEST    92          1200 AM
 LOWEST     46           600 PM
 AVERAGE    69

..........................................................


THE EL PASO CLIMATE NORMALS FOR TODAY
                         NORMAL    RECORD    YEAR
 MAXIMUM TEMPERATURE (F)   58        76      1906
                                             1902
 MINIMUM TEMPERATURE (F)   33        13      1940


SUNRISE AND SUNSET
JANUARY 19 2017.......SUNRISE   705 AM MST   SUNSET   528 PM MST
JANUARY 20 2017.......SUNRISE   705 AM MST   SUNSET   529 PM MST


-  INDICATES NEGATIVE NUMBERS.
R  INDICATES RECORD WAS SET OR TIED.
MM INDICATES DATA IS MISSING.
T  INDICATES TRACE AMOUNT.




$$
