000
CDUS45 KLKN 230931
CLIELY


CLIMATE REPORT
NATIONAL WEATHER SERVICE ELKO NV
230 AM PDT WED JUL 23 2014


...................................

...THE ELY AIRPORT NV CLIMATE SUMMARY FOR JULY 22 2014...

CLIMATE NORMAL PERIOD 1981 TO 2010
CLIMATE RECORD PERIOD 1893 TO 2014


WEATHER ITEM   OBSERVED TIME   RECORD YEAR NORMAL DEPARTURE LAST
                VALUE   (LST)  VALUE       VALUE  FROM      YEAR
                                                  NORMAL
..................................................................
TEMPERATURE (F)
 YESTERDAY
  MAXIMUM         92    307 PM  96    2013  89      3       96
                                      1988
                                      1942
  MINIMUM         47    508 AM  36    1987  49     -2       50
                                      1897
  AVERAGE         70                        69      1       73

PRECIPITATION (IN)
  YESTERDAY        0.00          0.26 1979   0.03  -0.03     0.00
  MONTH TO DATE    0.16                      0.40  -0.24     0.08
  SINCE OCT 1      7.19                      7.79  -0.60     6.29
  SINCE JAN 1      4.51                      5.50  -0.99     3.19

SNOWFALL (IN)
  YESTERDAY        0.0           0.0  1893   0.0    0.0      0.0
  MONTH TO DATE    0.0                       0.0    0.0      0.0
  SINCE JUN 1      T                         0.1   -0.1      0.0
  SINCE JUL 1      0.0                       0.0    0.0      0.0
  SNOW DEPTH       0

DEGREE DAYS
 HEATING
  YESTERDAY        0                         0      0        0
  MONTH TO DATE    0                        20    -20        0
  SINCE JUN 1    140                       195    -55       95
  SINCE JUL 1      0                        20    -20        0

 COOLING
  YESTERDAY        5                         4      1        8
  MONTH TO DATE  158                        74     84      167
  SINCE JUN 1    177                        97     80      224
  SINCE JAN 1    179                        98     81      224
..................................................................


WIND (MPH)
  HIGHEST WIND SPEED    26   HIGHEST WIND DIRECTION     S (170)
  HIGHEST GUST SPEED    36   HIGHEST GUST DIRECTION     S (160)
  AVERAGE WIND SPEED    12.3



WEATHER CONDITIONS
 THE FOLLOWING WEATHER WAS RECORDED YESTERDAY.
  NO SIGNIFICANT WEATHER WAS OBSERVED.


RELATIVE HUMIDITY (PERCENT)
 HIGHEST    54           500 AM
 LOWEST      5           500 PM
 AVERAGE    30

..........................................................


THE ELY AIRPORT NV CLIMATE NORMALS FOR TODAY
                         NORMAL    RECORD    YEAR
 MAXIMUM TEMPERATURE (F)   89        95      2000
                                             1910
 MINIMUM TEMPERATURE (F)   49        36      1957


SUNRISE AND SUNSET
JULY 23 2014..........SUNRISE   532 AM PDT   SUNSET   800 PM PDT
JULY 24 2014..........SUNRISE   533 AM PDT   SUNSET   759 PM PDT


-  INDICATES NEGATIVE NUMBERS.
R  INDICATES RECORD WAS SET OR TIED.
MM INDICATES DATA IS MISSING.
T  INDICATES TRACE AMOUNT.




$$
