000
CDUS45 KLKN 050934
CLIELY


CLIMATE REPORT
NATIONAL WEATHER SERVICE ELKO NV
233 AM PDT SUN JUL 5 2015


...................................

...THE ELY AIRPORT NV CLIMATE SUMMARY FOR JULY 4 2015...

CLIMATE NORMAL PERIOD 1981 TO 2010
CLIMATE RECORD PERIOD 1893 TO 2015


WEATHER ITEM   OBSERVED TIME   RECORD YEAR NORMAL DEPARTURE LAST
                VALUE   (LST)  VALUE       VALUE  FROM      YEAR
                                                  NORMAL
..................................................................
TEMPERATURE (F)
 YESTERDAY
  MAXIMUM         84    158 PM  98    1985  86     -2       91
  MINIMUM         57    118 AM  33    1978  46     11       54
                                      1902
  AVERAGE         71                        66      5       73

PRECIPITATION (IN)
  YESTERDAY        T             0.52 2011   0.01  -0.01     0.00
  MONTH TO DATE    0.09                      0.05   0.04     0.00
  SINCE OCT 1      5.05                      7.44  -2.39     7.03
  SINCE JAN 1      3.88                      5.15  -1.27     4.35

SNOWFALL (IN)
  YESTERDAY        0.0           T    2011   0.0    0.0      0.0
                                      1902
  MONTH TO DATE    0.0                       0.0    0.0      0.0
  SINCE JUN 1      0.0                       0.1   -0.1       T
  SINCE JUL 1      0.0                       0.0    0.0      0.0
  SNOW DEPTH       0

DEGREE DAYS
 HEATING
  YESTERDAY        0                         1     -1        0
  MONTH TO DATE    0                         7     -7        0
  SINCE JUN 1     55                       182   -127      140
  SINCE JUL 1      0                         7     -7        0

 COOLING
  YESTERDAY        6                         3      3        8
  MONTH TO DATE   36                         9     27       29
  SINCE JUN 1    143                        32    111       48
  SINCE JAN 1    146                        33    113       50
..................................................................


WIND (MPH)
  HIGHEST WIND SPEED    24   HIGHEST WIND DIRECTION    SW (220)
  HIGHEST GUST SPEED    32   HIGHEST GUST DIRECTION    SW (230)
  AVERAGE WIND SPEED    10.7



WEATHER CONDITIONS
 THE FOLLOWING WEATHER WAS RECORDED YESTERDAY.
  LIGHT RAIN


RELATIVE HUMIDITY (PERCENT)
 HIGHEST    72           100 AM
 LOWEST     22          1100 AM
 AVERAGE    47

..........................................................


THE ELY AIRPORT NV CLIMATE NORMALS FOR TODAY
                         NORMAL    RECORD    YEAR
 MAXIMUM TEMPERATURE (F)   86       100      1985
 MINIMUM TEMPERATURE (F)   47        31      1902


SUNRISE AND SUNSET
JULY  5 2015..........SUNRISE   519 AM PDT   SUNSET   809 PM PDT
JULY  6 2015..........SUNRISE   519 AM PDT   SUNSET   809 PM PDT


-  INDICATES NEGATIVE NUMBERS.
R  INDICATES RECORD WAS SET OR TIED.
MM INDICATES DATA IS MISSING.
T  INDICATES TRACE AMOUNT.




$$
