914
CDUS45 KLKN 230930
CLIELY


CLIMATE REPORT
NATIONAL WEATHER SERVICE ELKO NV
129 AM PST TUE JAN 23 2018


...................................

...THE ELY AIRPORT NV CLIMATE SUMMARY FOR JANUARY 22 2018...

CLIMATE NORMAL PERIOD 1981 TO 2010
CLIMATE RECORD PERIOD 1893 TO 2018


WEATHER ITEM   OBSERVED TIME   RECORD YEAR NORMAL DEPARTURE LAST
                VALUE   (LST)  VALUE       VALUE  FROM      YEAR
                                                  NORMAL
..................................................................
TEMPERATURE (F)
 YESTERDAY
  MAXIMUM         36    207 PM  62    1912  40     -4       32
  MINIMUM         -2    215 AM -20    1962  11    -13       21
  AVERAGE         17                        26     -9       27

PRECIPITATION (IN)
  YESTERDAY        T             0.45 1967   0.02  -0.02     0.03
                                      1909
  MONTH TO DATE    1.14                      0.50   0.64     1.32
  SINCE OCT 1      1.72                      2.79  -1.07     3.10
  SINCE JAN 1      1.14                      0.50   0.64     1.32

SNOWFALL (IN)
  YESTERDAY        T             7.0  1967   0.2   -0.2      0.4
  MONTH TO DATE   16.9                       6.6   10.3     20.2
  SINCE DEC 1     18.4                      15.0    3.4     29.3
  SINCE JUL 1     23.4                      24.5   -1.1     35.2
  SNOW DEPTH      10

DEGREE DAYS
 HEATING
  YESTERDAY       48                        39      9       38
  MONTH TO DATE  717                       879   -162      913
  SINCE DEC 1   1802                      2111   -309     2140
  SINCE JUL 1   3446                      3979   -533     3693

 COOLING
  YESTERDAY        0                         0      0        0
  MONTH TO DATE    0                         0      0        0
  SINCE DEC 1      0                         0      0        0
  SINCE JAN 1      0                         0      0        0
..................................................................


WIND (MPH)
  HIGHEST WIND SPEED    21   HIGHEST WIND DIRECTION     S (170)
  HIGHEST GUST SPEED    24   HIGHEST GUST DIRECTION     S (160)
  AVERAGE WIND SPEED    10.9



WEATHER CONDITIONS
 THE FOLLOWING WEATHER WAS RECORDED YESTERDAY.
  NO SIGNIFICANT WEATHER WAS OBSERVED.


RELATIVE HUMIDITY (PERCENT)
 HIGHEST    96           800 PM
 LOWEST     69           200 PM
 AVERAGE    83

..........................................................


THE ELY AIRPORT NV CLIMATE NORMALS FOR TODAY
                         NORMAL    RECORD    YEAR
 MAXIMUM TEMPERATURE (F)   40        59      1970
                                             1912
 MINIMUM TEMPERATURE (F)   12       -23      1962


SUNRISE AND SUNSET
JANUARY 23 2018.......SUNRISE   653 AM PST   SUNSET   450 PM PST
JANUARY 24 2018.......SUNRISE   653 AM PST   SUNSET   451 PM PST


-  INDICATES NEGATIVE NUMBERS.
R  INDICATES RECORD WAS SET OR TIED.
MM INDICATES DATA IS MISSING.
T  INDICATES TRACE AMOUNT.




$$
