000
CDUS45 KLKN 260937
CLIELY


CLIMATE REPORT
NATIONAL WEATHER SERVICE ELKO NV
233 AM PDT WED JUL 26 2017


...................................

...THE ELY AIRPORT NV CLIMATE SUMMARY FOR JULY 25 2017...

CLIMATE NORMAL PERIOD 1981 TO 2010
CLIMATE RECORD PERIOD 1893 TO 2017


WEATHER ITEM   OBSERVED TIME   RECORD YEAR NORMAL DEPARTURE LAST
                VALUE   (LST)  VALUE       VALUE  FROM      YEAR
                                                  NORMAL
..................................................................
TEMPERATURE (F)
 YESTERDAY
  MAXIMUM         84   1237 PM  96    1980  89     -5       95
  MINIMUM         57   1159 PM  38    1999  49      8       45
  AVERAGE         71                        69      2       70

PRECIPITATION (IN)
  YESTERDAY        0.26          0.60 1910   0.02   0.24     0.00
  MONTH TO DATE    0.50                      0.47   0.03     0.05
  SINCE OCT 1      8.47                      7.86   0.61    12.93
  SINCE JAN 1      6.69                      5.57   1.12     8.57

SNOWFALL (IN)
  YESTERDAY        0.0           0.0  1893   0.0    0.0      0.0
  MONTH TO DATE    0.0                       0.0    0.0      0.0
  SINCE JUN 1      T                         0.1   -0.1      0.0
  SINCE JUL 1      0.0                       0.0    0.0      0.0
  SNOW DEPTH       0

DEGREE DAYS
 HEATING
  YESTERDAY        0                         0      0        0
  MONTH TO DATE    0                        20    -20       17
  SINCE JUN 1     72                       195   -123       78
  SINCE JUL 1      0                        20    -20       17

 COOLING
  YESTERDAY        6                         4      2        5
  MONTH TO DATE  174                        86     88       82
  SINCE JUN 1    236                       109    127      137
  SINCE JAN 1    236                       110    126      137
..................................................................


WIND (MPH)
  HIGHEST WIND SPEED    17   HIGHEST WIND DIRECTION    NW (300)
  HIGHEST GUST SPEED    23   HIGHEST GUST DIRECTION    NW (310)
  AVERAGE WIND SPEED     5.8



WEATHER CONDITIONS
 THE FOLLOWING WEATHER WAS RECORDED YESTERDAY.
  THUNDERSTORM
  RAIN
  LIGHT RAIN
  FOG


RELATIVE HUMIDITY (PERCENT)
 HIGHEST    93          1000 PM
 LOWEST     28           200 PM
 AVERAGE    61

..........................................................


THE ELY AIRPORT NV CLIMATE NORMALS FOR TODAY
                         NORMAL    RECORD    YEAR
 MAXIMUM TEMPERATURE (F)   88        96      2016
                                             1943
 MINIMUM TEMPERATURE (F)   49        40      2005
                                             1990
                                             1944


SUNRISE AND SUNSET
JULY 26 2017..........SUNRISE   534 AM PDT   SUNSET   757 PM PDT
JULY 27 2017..........SUNRISE   535 AM PDT   SUNSET   756 PM PDT


-  INDICATES NEGATIVE NUMBERS.
R  INDICATES RECORD WAS SET OR TIED.
MM INDICATES DATA IS MISSING.
T  INDICATES TRACE AMOUNT.




$$
