000
CDUS45 KLKN 210027
CLIELY


CLIMATE REPORT
NATIONAL WEATHER SERVICE ELKO NV
527 PM PDT SUN APR 20 2014


...................................

...THE ELY AIRPORT NV CLIMATE SUMMARY FOR APRIL 20 2014...
VALID TODAY AS OF 0500 PM LOCAL TIME.

CLIMATE NORMAL PERIOD 1981 TO 2010
CLIMATE RECORD PERIOD 1893 TO 2014


WEATHER ITEM   OBSERVED TIME   RECORD YEAR NORMAL DEPARTURE LAST
                VALUE   (LST)  VALUE       VALUE  FROM      YEAR
                                                  NORMAL
..................................................................
TEMPERATURE (F)
 TODAY
  MAXIMUM         70    353 PM  81    1994  59     11       58
  MINIMUM         36    507 AM   6    1966  28      8       29
  AVERAGE         53                        43     10       44

PRECIPITATION (IN)
  TODAY            0.00          0.75 1898   0.03  -0.03     0.00
  MONTH TO DATE    0.20                      0.62  -0.42     0.86
  SINCE OCT 1      5.03                      5.29  -0.26     5.66
  SINCE JAN 1      2.35                      3.00  -0.65     2.56

SNOWFALL (IN)
  TODAY            0.0           4.0  1995   0.1   -0.1      0.0
                                      1904
  MONTH TO DATE    2.9                       3.8   -0.9      6.5
  SINCE MAR 1      7.3                      12.1   -4.8      9.6
  SINCE JUL 1     46.4                      47.0   -0.6     65.0
  SNOW DEPTH       0

DEGREE DAYS
 HEATING
  TODAY           12                        22    -10       21
  MONTH TO DATE  404                       477    -73      474
  SINCE MAR 1   1237                      1367   -130     1235
  SINCE JUL 1   6256                      6704   -448     6454

 COOLING
  TODAY            0                         0      0        0
  MONTH TO DATE    0                         0      0        0
  SINCE MAR 1      0                         0      0        0
  SINCE JAN 1      0                         0      0        0
..................................................................


WIND (MPH)
  HIGHEST WIND SPEED    16   HIGHEST WIND DIRECTION     W (250)
  HIGHEST GUST SPEED    24   HIGHEST GUST DIRECTION    NW (330)



WEATHER CONDITIONS
 THE FOLLOWING WEATHER WAS RECORDED TODAY.
  NO SIGNIFICANT WEATHER WAS OBSERVED.


RELATIVE HUMIDITY (PERCENT)
 HIGHEST    82           600 AM
 LOWEST     12           300 PM
 AVERAGE    47

..........................................................


THE ELY AIRPORT NV CLIMATE NORMALS FOR TOMORROW
                         NORMAL    RECORD    YEAR
 MAXIMUM TEMPERATURE (F)   59        79      2012
                                             1994
 MINIMUM TEMPERATURE (F)   28         0      1963


SUNRISE AND SUNSET
APRIL 20 2014.........SUNRISE   555 AM PDT   SUNSET   722 PM PDT
APRIL 21 2014.........SUNRISE   554 AM PDT   SUNSET   723 PM PDT


-  INDICATES NEGATIVE NUMBERS.
R  INDICATES RECORD WAS SET OR TIED.
MM INDICATES DATA IS MISSING.
T  INDICATES TRACE AMOUNT.




$$
