000
CDUS45 KLKN 200929
CLIELY


CLIMATE REPORT
NATIONAL WEATHER SERVICE ELKO NV
128 AM PST MON NOV 20 2017


...................................

...THE ELY AIRPORT NV CLIMATE SUMMARY FOR NOVEMBER 19 2017...

CLIMATE NORMAL PERIOD 1981 TO 2010
CLIMATE RECORD PERIOD 1893 TO 2017


WEATHER ITEM   OBSERVED TIME   RECORD YEAR NORMAL DEPARTURE LAST
                VALUE   (LST)  VALUE       VALUE  FROM      YEAR
                                                  NORMAL
..................................................................
TEMPERATURE (F)
 YESTERDAY
  MAXIMUM         60    142 PM  67    1949  47     13       57
  MINIMUM         10    611 AM -15    1985  17     -7       34
  AVERAGE         35                        32      3       46

PRECIPITATION (IN)
  YESTERDAY        0.00          0.29 1982   0.02  -0.02     0.00
  MONTH TO DATE    0.08                      0.49  -0.41     0.17
  SINCE OCT 1      0.12                      1.49  -1.37     0.28
  SINCE JAN 1      9.22                      8.96   0.26    10.00

SNOWFALL (IN)
  YESTERDAY        0.0           2.1  1982   0.2   -0.2      0.0
  MONTH TO DATE    T                         3.6   -3.6      2.8
  SINCE SEP 1      5.0                       7.0   -2.0      2.8
  SINCE JUL 1      5.0                       7.0   -2.0      2.8
  SNOW DEPTH       0

DEGREE DAYS
 HEATING
  YESTERDAY       30                        33     -3       19
  MONTH TO DATE  487                       551    -64      435
  SINCE SEP 1   1404                      1415    -11     1146
  SINCE JUL 1   1410                      1479    -69     1183

 COOLING
  YESTERDAY        0                         0      0        0
  MONTH TO DATE    0                         0      0        0
  SINCE SEP 1     24                         6     18       12
  SINCE JAN 1    433                       218    215      267
..................................................................


WIND (MPH)
  HIGHEST WIND SPEED    17   HIGHEST WIND DIRECTION     S (170)
  HIGHEST GUST SPEED    20   HIGHEST GUST DIRECTION     S (170)
  AVERAGE WIND SPEED     8.2



WEATHER CONDITIONS
 THE FOLLOWING WEATHER WAS RECORDED YESTERDAY.
  NO SIGNIFICANT WEATHER WAS OBSERVED.


RELATIVE HUMIDITY (PERCENT)
 HIGHEST    67           400 AM
 LOWEST      9           100 PM
 AVERAGE    38

..........................................................


THE ELY AIRPORT NV CLIMATE NORMALS FOR TODAY
                         NORMAL    RECORD    YEAR
 MAXIMUM TEMPERATURE (F)   46        72      1989
 MINIMUM TEMPERATURE (F)   17        -8      1956


SUNRISE AND SUNSET
NOVEMBER 20 2017......SUNRISE   629 AM PST   SUNSET   421 PM PST
NOVEMBER 21 2017......SUNRISE   630 AM PST   SUNSET   420 PM PST


-  INDICATES NEGATIVE NUMBERS.
R  INDICATES RECORD WAS SET OR TIED.
MM INDICATES DATA IS MISSING.
T  INDICATES TRACE AMOUNT.




$$
