000
CDUS45 KLKN 180030
CLIELY


CLIMATE REPORT
NATIONAL WEATHER SERVICE ELKO NV
430 PM PST TUE JAN 17 2017


...................................

...THE ELY AIRPORT NV CLIMATE SUMMARY FOR JANUARY 17 2017...
VALID TODAY AS OF 0400 PM LOCAL TIME.

CLIMATE NORMAL PERIOD 1981 TO 2010
CLIMATE RECORD PERIOD 1893 TO 2017


WEATHER ITEM   OBSERVED TIME   RECORD YEAR NORMAL DEPARTURE LAST
                VALUE   (LST)  VALUE       VALUE  FROM      YEAR
                                                  NORMAL
..................................................................
TEMPERATURE (F)
 TODAY
  MAXIMUM         35    358 PM  60    1961  40     -5       42
  MINIMUM         -4    730 AM -21    1949  11    -15        6
  AVERAGE         16                        25     -9       24

PRECIPITATION (IN)
  TODAY            0.00          0.60 1893   0.02  -0.02     0.00
  MONTH TO DATE    0.77                      0.40   0.37     1.32
  SINCE OCT 1      2.55                      2.69  -0.14     5.68
  SINCE JAN 1      0.77                      0.40   0.37     1.32

SNOWFALL (IN)
  TODAY            0.0           4.1  1993   0.3   -0.3      0.0
  MONTH TO DATE   10.1                       5.3    4.8     17.1
  SINCE DEC 1     19.2                      13.7    5.5     39.2
  SINCE JUL 1     25.1                      23.2    1.9     56.9
  SNOW DEPTH       7

DEGREE DAYS
 HEATING
  TODAY           49                        40      9       41
  MONTH TO DATE  703                       680     23      799
  SINCE DEC 1   1930                      1912     18     2070
  SINCE JUL 1   3483                      3780   -297     3699

 COOLING
  TODAY            0                         0      0        0
  MONTH TO DATE    0                         0      0        0
  SINCE DEC 1      0                         0      0        0
  SINCE JAN 1      0                         0      0        0
..................................................................


WIND (MPH)
  HIGHEST WIND SPEED    16   HIGHEST WIND DIRECTION     S (160)
  HIGHEST GUST SPEED    19   HIGHEST GUST DIRECTION     S (160)



WEATHER CONDITIONS
 THE FOLLOWING WEATHER WAS RECORDED TODAY.
  FOG


RELATIVE HUMIDITY (PERCENT)
 HIGHEST    96           900 AM
 LOWEST     38           200 PM
 AVERAGE    67

..........................................................


THE ELY AIRPORT NV CLIMATE NORMALS FOR TOMORROW
                         NORMAL    RECORD    YEAR
 MAXIMUM TEMPERATURE (F)   40        61      1994
 MINIMUM TEMPERATURE (F)   11       -16      1984


SUNRISE AND SUNSET
JANUARY 17 2017.......SUNRISE   656 AM PST   SUNSET   443 PM PST
JANUARY 18 2017.......SUNRISE   656 AM PST   SUNSET   444 PM PST


-  INDICATES NEGATIVE NUMBERS.
R  INDICATES RECORD WAS SET OR TIED.
MM INDICATES DATA IS MISSING.
T  INDICATES TRACE AMOUNT.




$$
