000
CDUS43 KTOP 302131
CLIEMP


CLIMATE REPORT
NATIONAL WEATHER SERVICE TOPEKA KS
431 PM CDT THU MAR 30 2017


...................................

...THE EMPORIA KS CLIMATE SUMMARY FOR MARCH 30 2017...
VALID TODAY AS OF 0400 PM LOCAL TIME.

CLIMATE NORMAL PERIOD 1981 TO 2010
CLIMATE RECORD PERIOD 9999 TO 9999


WEATHER ITEM   OBSERVED NORMAL DEPARTURE LAST
                VALUE   VALUE  FROM      YEAR
                               NORMAL
...............................................
TEMPERATURE (F)
 TODAY
  MAXIMUM         49     63    -14       73
  MINIMUM         44     38      6       55
  AVERAGE         47     50     -3       64

PRECIPITATION (IN)
  TODAY            0.07   0.08  -0.01     0.07
  MONTH TO DATE    4.19   2.45   1.74     1.60
  SINCE MAR 1      4.19   2.45   1.74     1.60
  SINCE JAN 1      5.93   4.31   1.62     2.77

DEGREE DAYS
 HEATING
  TODAY           18     15      3        1
  MONTH TO DATE  458    594   -136      428
  SINCE MAR 1    458    594   -136      428
  SINCE JUL 1   3549   4416   -867     3541

 COOLING
  TODAY            0      0      0        0
  MONTH TO DATE   12      0     12        1
  SINCE MAR 1     12      0     12        1
  SINCE JAN 1     12      0     12        1
...............................................


WIND (MPH)
  HIGHEST WIND SPEED    22   HIGHEST WIND DIRECTION     N (340)
  HIGHEST GUST SPEED    28   HIGHEST GUST DIRECTION     N (350)
  AVERAGE WIND SPEED    13.1



WEATHER CONDITIONS
 THE FOLLOWING WEATHER WAS RECORDED TODAY.
  LIGHT RAIN
  FOG


RELATIVE HUMIDITY (PERCENT)
 HIGHEST   100
 LOWEST     92
 AVERAGE    96

..........................................................


THE EMPORIA KS CLIMATE NORMALS FOR TOMORROW
                         NORMAL
 MAXIMUM TEMPERATURE (F)   63
 MINIMUM TEMPERATURE (F)   38


SUNRISE AND SUNSET
MARCH 30 2017.........SUNRISE   712 AM CDT   SUNSET   746 PM CDT
MARCH 31 2017.........SUNRISE   711 AM CDT   SUNSET   747 PM CDT


-  INDICATES NEGATIVE NUMBERS.
R  INDICATES RECORD WAS SET OR TIED.
MM INDICATES DATA IS MISSING.
T  INDICATES TRACE AMOUNT.




$$
