000
CDUS43 KTOP 220631
CLIEMP


CLIMATE REPORT
NATIONAL WEATHER SERVICE TOPEKA KS
131 AM CDT MON SEP 22 2014


...................................

...THE EMPORIA KS CLIMATE SUMMARY FOR SEPTEMBER 21 2014...

CLIMATE NORMAL PERIOD 1981 TO 2010
CLIMATE RECORD PERIOD 9999 TO 9999


WEATHER ITEM   OBSERVED NORMAL DEPARTURE LAST
                VALUE   VALUE  FROM      YEAR
                               NORMAL
...............................................
TEMPERATURE (F)
 YESTERDAY
  MAXIMUM         78     79     -1       78
  MINIMUM         54     55     -1       49
  AVERAGE         66     67     -1       64

PRECIPITATION (IN)
  YESTERDAY        0.00   0.08  -0.08     0.00
  MONTH TO DATE    3.66   2.47   1.19     2.48
  SINCE SEP 1      3.66   2.47   1.19     2.48
  SINCE JAN 1     22.42  29.08  -6.66    26.57

DEGREE DAYS
 HEATING
  YESTERDAY        0      2     -2        1
  MONTH TO DATE   42     16     26        4
  SINCE SEP 1     42     16     26        4
  SINCE JUL 1     44     17     27        6

 COOLING
  YESTERDAY        1      4     -3        0
  MONTH TO DATE  117    137    -20      197
  SINCE SEP 1    117    137    -20      197
  SINCE JAN 1   1320   1345    -25     1326
...............................................


WIND (MPH)
  HIGHEST WIND SPEED    17   HIGHEST WIND DIRECTION     N (360)
  HIGHEST GUST SPEED    23   HIGHEST GUST DIRECTION     N (360)
  AVERAGE WIND SPEED     7.6


SKY COVER
  AVERAGE SKY COVER 0.0


WEATHER CONDITIONS
 THE FOLLOWING WEATHER WAS RECORDED YESTERDAY.
  NO SIGNIFICANT WEATHER WAS OBSERVED.


RELATIVE HUMIDITY (PERCENT)
 HIGHEST   100
 LOWEST     31
 AVERAGE    66

..........................................................


THE EMPORIA KS CLIMATE NORMALS FOR TODAY
                         NORMAL
 MAXIMUM TEMPERATURE (F)   78
 MINIMUM TEMPERATURE (F)   54


SUNRISE AND SUNSET
SEPTEMBER 22 2014.....SUNRISE   713 AM CDT   SUNSET   722 PM CDT
SEPTEMBER 23 2014.....SUNRISE   713 AM CDT   SUNSET   720 PM CDT


-  INDICATES NEGATIVE NUMBERS.
R  INDICATES RECORD WAS SET OR TIED.
MM INDICATES DATA IS MISSING.
T  INDICATES TRACE AMOUNT.




$$
