000
CDUS43 KTOP 190634
CLIEMP


CLIMATE REPORT
NATIONAL WEATHER SERVICE TOPEKA KS
134 AM CDT TUE SEP 19 2017


...................................

...THE EMPORIA KS CLIMATE SUMMARY FOR SEPTEMBER 18 2017...

CLIMATE NORMAL PERIOD 1981 TO 2010
CLIMATE RECORD PERIOD 9999 TO 9999


WEATHER ITEM   OBSERVED NORMAL DEPARTURE LAST
                VALUE   VALUE  FROM      YEAR
                               NORMAL
...............................................
TEMPERATURE (F)
 YESTERDAY
  MAXIMUM         82     80      2       85
  MINIMUM         61     56      5       58
  AVERAGE         72     68      4       72

PRECIPITATION (IN)
  YESTERDAY        0.23   0.07   0.16     0.00
  MONTH TO DATE    1.94   2.22  -0.28     5.37
  SINCE SEP 1      1.94   2.22  -0.28     5.37
  SINCE JAN 1     28.39  28.83  -0.44    33.96

DEGREE DAYS
 HEATING
  YESTERDAY        0      2     -2        0
  MONTH TO DATE    5     10     -5        0
  SINCE SEP 1      5     10     -5        0
  SINCE JUL 1      5     11     -6        0

 COOLING
  YESTERDAY        7      5      2        7
  MONTH TO DATE   98    125    -27      140
  SINCE SEP 1     98    125    -27      140
  SINCE JAN 1   1188   1333   -145     1476
...............................................


WIND (MPH)
  HIGHEST WIND SPEED    15   HIGHEST WIND DIRECTION     S (160)
  HIGHEST GUST SPEED    20   HIGHEST GUST DIRECTION     S (160)
  AVERAGE WIND SPEED     7.6


SKY COVER
  AVERAGE SKY COVER 0.5


WEATHER CONDITIONS
 THE FOLLOWING WEATHER WAS RECORDED YESTERDAY.
  THUNDERSTORM
  HEAVY RAIN
  RAIN
  LIGHT RAIN
  FOG
  FOG W/VISIBILITY <= 1/4 MILE


RELATIVE HUMIDITY (PERCENT)
 HIGHEST   100
 LOWEST     58
 AVERAGE    79

..........................................................


THE EMPORIA KS CLIMATE NORMALS FOR TODAY
                         NORMAL
 MAXIMUM TEMPERATURE (F)   80
 MINIMUM TEMPERATURE (F)   55


SUNRISE AND SUNSET
SEPTEMBER 19 2017.....SUNRISE   710 AM CDT   SUNSET   726 PM CDT
SEPTEMBER 20 2017.....SUNRISE   711 AM CDT   SUNSET   724 PM CDT


-  INDICATES NEGATIVE NUMBERS.
R  INDICATES RECORD WAS SET OR TIED.
MM INDICATES DATA IS MISSING.
T  INDICATES TRACE AMOUNT.




$$
