000
CDUS43 KTOP 280647
CLIEMP


CLIMATE REPORT
NATIONAL WEATHER SERVICE TOPEKA KS
147 AM CDT FRI JUL 28 2017


...................................

...THE EMPORIA KS CLIMATE SUMMARY FOR JULY 27 2017...

CLIMATE NORMAL PERIOD 1981 TO 2010
CLIMATE RECORD PERIOD 9999 TO 9999


WEATHER ITEM   OBSERVED NORMAL DEPARTURE LAST
                VALUE   VALUE  FROM      YEAR
                               NORMAL
...............................................
TEMPERATURE (F)
 YESTERDAY
  MAXIMUM         86     91     -5       91
  MINIMUM         74     69      5       68
  AVERAGE         80     80      0       80

PRECIPITATION (IN)
  YESTERDAY        T      0.08  -0.08      T
  MONTH TO DATE    1.70   3.87  -2.17     4.18
  SINCE JUN 1      5.90   9.71  -3.81     5.44
  SINCE JAN 1     21.39  22.39  -1.00    21.17

DEGREE DAYS
 HEATING
  YESTERDAY        0      0      0        0
  MONTH TO DATE    0      0      0        0
  SINCE JUN 1      0      8     -8        0
  SINCE JUL 1      0      0      0        0

 COOLING
  YESTERDAY       15     15      0       15
  MONTH TO DATE  397    377     20      413
  SINCE JUN 1    675    640     35      815
  SINCE JAN 1    807    759     48      891
...............................................


WIND (MPH)
  HIGHEST WIND SPEED    14   HIGHEST WIND DIRECTION    NE (30)
  HIGHEST GUST SPEED    18   HIGHEST GUST DIRECTION    NE (40)
  AVERAGE WIND SPEED     6.8


SKY COVER
  AVERAGE SKY COVER 0.9


WEATHER CONDITIONS
 THE FOLLOWING WEATHER WAS RECORDED YESTERDAY.
  LIGHT RAIN
  FOG


RELATIVE HUMIDITY (PERCENT)
 HIGHEST   100
 LOWEST     65
 AVERAGE    83

..........................................................


THE EMPORIA KS CLIMATE NORMALS FOR TODAY
                         NORMAL
 MAXIMUM TEMPERATURE (F)   91
 MINIMUM TEMPERATURE (F)   69


SUNRISE AND SUNSET
JULY 28 2017..........SUNRISE   624 AM CDT   SUNSET   838 PM CDT
JULY 29 2017..........SUNRISE   625 AM CDT   SUNSET   837 PM CDT


-  INDICATES NEGATIVE NUMBERS.
R  INDICATES RECORD WAS SET OR TIED.
MM INDICATES DATA IS MISSING.
T  INDICATES TRACE AMOUNT.




$$
