000
CDUS43 KTOP 160637
CLIEMP


CLIMATE REPORT
NATIONAL WEATHER SERVICE TOPEKA KS
1234 AM CST TUE JAN 16 2018


...................................

...THE EMPORIA KS CLIMATE SUMMARY FOR JANUARY 15 2018...

CLIMATE NORMAL PERIOD 1981 TO 2010
CLIMATE RECORD PERIOD 9999 TO 9999


WEATHER ITEM   OBSERVED NORMAL DEPARTURE LAST
                VALUE   VALUE  FROM      YEAR
                               NORMAL
...............................................
TEMPERATURE (F)
 YESTERDAY
  MAXIMUM         37     41     -4       34
  MINIMUM          3     21    -18       29
  AVERAGE         20     31    -11       32

PRECIPITATION (IN)
  YESTERDAY        0.09   0.02   0.07     0.31
  MONTH TO DATE    0.64   0.18   0.46     0.36
  SINCE DEC 1      0.88   1.53  -0.65     1.13
  SINCE JAN 1      0.64   0.18   0.46     0.36

DEGREE DAYS
 HEATING
  YESTERDAY       45     34     11       33
  MONTH TO DATE  594    510     84      544
  SINCE DEC 1   1549   1503     46     1590
  SINCE JUL 1   2368   2443    -75     2140

 COOLING
  YESTERDAY        0      0      0        0
  MONTH TO DATE    0      0      0        0
  SINCE DEC 1      0      0      0        0
  SINCE JAN 1      0      0      0        0
...............................................


WIND (MPH)
  HIGHEST WIND SPEED    24   HIGHEST WIND DIRECTION     N (360)
  HIGHEST GUST SPEED    32   HIGHEST GUST DIRECTION     N (10)
  AVERAGE WIND SPEED    15.9


SKY COVER
  AVERAGE SKY COVER 0.8


WEATHER CONDITIONS
 THE FOLLOWING WEATHER WAS RECORDED YESTERDAY.
  LIGHT RAIN
  LIGHT SNOW
  FOG


RELATIVE HUMIDITY (PERCENT)
 HIGHEST    96
 LOWEST     61
 AVERAGE    79

..........................................................


THE EMPORIA KS CLIMATE NORMALS FOR TODAY
                         NORMAL
 MAXIMUM TEMPERATURE (F)   41
 MINIMUM TEMPERATURE (F)   21


SUNRISE AND SUNSET
JANUARY 16 2018.......SUNRISE   740 AM CST   SUNSET   530 PM CST
JANUARY 17 2018.......SUNRISE   740 AM CST   SUNSET   531 PM CST


-  INDICATES NEGATIVE NUMBERS.
R  INDICATES RECORD WAS SET OR TIED.
MM INDICATES DATA IS MISSING.
T  INDICATES TRACE AMOUNT.




$$
