000
CDUS43 KTOP 202132
CLIEMP


CLIMATE REPORT
NATIONAL WEATHER SERVICE TOPEKA KS
431 PM CDT WED AUG 20 2014


...................................

...THE EMPORIA KS CLIMATE SUMMARY FOR AUGUST 20 2014...
VALID TODAY AS OF 0400 PM LOCAL TIME.

CLIMATE NORMAL PERIOD 1981 TO 2010
CLIMATE RECORD PERIOD 9999 TO 9999


WEATHER ITEM   OBSERVED NORMAL DEPARTURE LAST
                VALUE   VALUE  FROM      YEAR
                               NORMAL
...............................................
TEMPERATURE (F)
 TODAY
  MAXIMUM         94     89      5       87
  MINIMUM         70     65      5       67
  AVERAGE         82     77      5       77

PRECIPITATION (IN)
  TODAY            0.00   0.16  -0.16     0.00
  MONTH TO DATE    3.33   2.09   1.24     4.91
  SINCE JUN 1     11.40  12.20  -0.80    11.52
  SINCE JAN 1     17.01  24.88  -7.87    24.09

DEGREE DAYS
 HEATING
  TODAY            0      0      0        0
  MONTH TO DATE    0      0      0        0
  SINCE JUN 1      6      8     -2       14
  SINCE JUL 1      2      0      2        2

 COOLING
  TODAY           17     12      5       12
  MONTH TO DATE  255    269    -14      153
  SINCE JUN 1    829    966   -137      840
  SINCE JAN 1   1005   1085    -80      956
...............................................


WIND (MPH)
  HIGHEST WIND SPEED    25   HIGHEST WIND DIRECTION     S (180)
  HIGHEST GUST SPEED    30   HIGHEST GUST DIRECTION     S (200)
  AVERAGE WIND SPEED    12.9



WEATHER CONDITIONS
 THE FOLLOWING WEATHER WAS RECORDED TODAY.
  NO SIGNIFICANT WEATHER WAS OBSERVED.


RELATIVE HUMIDITY (PERCENT)
 HIGHEST    97
 LOWEST     44
 AVERAGE    71

..........................................................


THE EMPORIA KS CLIMATE NORMALS FOR TOMORROW
                         NORMAL
 MAXIMUM TEMPERATURE (F)   89
 MINIMUM TEMPERATURE (F)   65


SUNRISE AND SUNSET
AUGUST 20 2014........SUNRISE   644 AM CDT   SUNSET   812 PM CDT
AUGUST 21 2014........SUNRISE   645 AM CDT   SUNSET   810 PM CDT


-  INDICATES NEGATIVE NUMBERS.
R  INDICATES RECORD WAS SET OR TIED.
MM INDICATES DATA IS MISSING.
T  INDICATES TRACE AMOUNT.




$$
