000
CDUS46 KOTX 250831
CLIEPH


CLIMATE REPORT
NATIONAL WEATHER SERVICE SPOKANE, WA
130 AM PDT FRI JUL 25 2014


...................................

...THE EPHRATA WA AIRPORT CLIMATE SUMMARY FOR JULY 24 2014...

CLIMATE NORMAL PERIOD 1981 TO 2010
CLIMATE RECORD PERIOD 9999 TO 9999


WEATHER ITEM   OBSERVED TIME   RECORD YEAR NORMAL DEPARTURE LAST
                VALUE   (LST)  VALUE       VALUE  FROM      YEAR
                                                  NORMAL
..................................................................
TEMPERATURE (F)
 YESTERDAY
  MAXIMUM         79    334 PM 105    1994  90    -11       98
  MINIMUM         48R   441 AM  54    1973  62    -14       67
  AVERAGE         64                        76    -12       83

PRECIPITATION (IN)
  YESTERDAY        0.00          0.08 1955   0.01  -0.01     0.00
  MONTH TO DATE    T                         0.31  -0.31      T
  SINCE OCT 1      3.81                      7.21  -3.40     7.41
  SINCE JAN 1      3.06                      4.38  -1.32     3.61

SNOWFALL (IN)
  YESTERDAY       MM            MM      MM   0.0   MM       MM
  MONTH TO DATE   MM                         0.0   MM       MM
  SINCE JUN 1     MM                         0.0   MM       MM
  SINCE JUL 1     MM                         0.0   MM       MM
  SNOW DEPTH      MM

DEGREE DAYS
 HEATING
  YESTERDAY        1                         0      1        0
  MONTH TO DATE    1                         4     -3        0
  SINCE JUN 1     24                        64    -40       58
  SINCE JUL 1      1                         4     -3        0

 COOLING
  YESTERDAY        0                        11    -11       18
  MONTH TO DATE  361                       217    144      347
  SINCE JUN 1    507                       327    180      459
  SINCE JAN 1    551                       364    187      516
..................................................................


WIND (MPH)
  HIGHEST WIND SPEED    23   HIGHEST WIND DIRECTION     S (200)
  HIGHEST GUST SPEED    32   HIGHEST GUST DIRECTION    SW (220)
  AVERAGE WIND SPEED    13.5


SKY COVER
  POSSIBLE SUNSHINE  MM
  AVERAGE SKY COVER 0.3


WEATHER CONDITIONS
 THE FOLLOWING WEATHER WAS RECORDED YESTERDAY.
  NO SIGNIFICANT WEATHER WAS OBSERVED.


RELATIVE HUMIDITY (PERCENT)
 HIGHEST    74           300 AM
 LOWEST     29           300 PM
 AVERAGE    52

..........................................................


THE EPHRATA WA AIRPORT CLIMATE NORMALS FOR TODAY
                         NORMAL    RECORD    YEAR
 MAXIMUM TEMPERATURE (F)   90       105      1984
 MINIMUM TEMPERATURE (F)   62        50      1966


SUNRISE AND SUNSET
JULY 25 2014..........SUNRISE   528 AM PDT   SUNSET   840 PM PDT
JULY 26 2014..........SUNRISE   529 AM PDT   SUNSET   839 PM PDT


-  INDICATES NEGATIVE NUMBERS.
R  INDICATES RECORD WAS SET OR TIED.
MM INDICATES DATA IS MISSING.
T  INDICATES TRACE AMOUNT.




$$
