000
CDUS46 KOTX 010824
CLIEPH


CLIMATE REPORT
NATIONAL WEATHER SERVICE SPOKANE, WA
121 AM PDT SAT AUG 1 2015


...................................

...THE EPHRATA WA AIRPORT CLIMATE SUMMARY FOR JULY 31 2015...

CLIMATE NORMAL PERIOD 1981 TO 2010
CLIMATE RECORD PERIOD 9999 TO 9999


WEATHER ITEM   OBSERVED TIME   RECORD YEAR NORMAL DEPARTURE LAST
                VALUE   (LST)  VALUE       VALUE  FROM      YEAR
                                                  NORMAL
..................................................................
TEMPERATURE (F)
 YESTERDAY
  MAXIMUM        103    448 PM 107    1971  90     13      101
  MINIMUM         61    358 AM  49    1964  62     -1       69
  AVERAGE         82                        76      6       85

PRECIPITATION (IN)
  YESTERDAY        0.00          1.74 1998   0.01  -0.01     0.00
  MONTH TO DATE    0.05                      0.40  -0.35      T
  SINCE OCT 1      6.90                      7.30  -0.40     3.81
  SINCE JAN 1      4.11                      4.47  -0.36     3.06

SNOWFALL (IN)
  YESTERDAY       MM

DEGREE DAYS
 HEATING
  YESTERDAY        0                         0      0        0
  MONTH TO DATE    0                         4     -4        1
  SINCE JUN 1      4                        68    -64       24
  SINCE JUL 1      0                         8     -8        1

 COOLING
  YESTERDAY       17                        11      6       20
  MONTH TO DATE  452                       293    159      473
  SINCE JUN 1    825                       403    422      619
  SINCE JAN 1    910                       440    470      663
..................................................................


WIND (MPH)
  HIGHEST WIND SPEED    17   HIGHEST WIND DIRECTION    NW (320)
  HIGHEST GUST SPEED    22   HIGHEST GUST DIRECTION    NW (310)
  AVERAGE WIND SPEED     7.3


SKY COVER
  POSSIBLE SUNSHINE  MM
  AVERAGE SKY COVER 0.0


WEATHER CONDITIONS
 THE FOLLOWING WEATHER WAS RECORDED YESTERDAY.
  NO SIGNIFICANT WEATHER WAS OBSERVED.


RELATIVE HUMIDITY (PERCENT)
 HIGHEST    39           500 AM
 LOWEST     10           300 PM
 AVERAGE    25

..........................................................


THE EPHRATA WA AIRPORT CLIMATE NORMALS FOR TODAY
                         NORMAL    RECORD    YEAR
 MAXIMUM TEMPERATURE (F)   90       106      2009
 MINIMUM TEMPERATURE (F)   62        51      1987


SUNRISE AND SUNSET
AUGUST  1 2015........SUNRISE   536 AM PDT   SUNSET   832 PM PDT
AUGUST  2 2015........SUNRISE   538 AM PDT   SUNSET   830 PM PDT


-  INDICATES NEGATIVE NUMBERS.
R  INDICATES RECORD WAS SET OR TIED.
MM INDICATES DATA IS MISSING.
T  INDICATES TRACE AMOUNT.




$$
