000
CDUS46 KOTX 210846
CLIEPH


CLIMATE REPORT
NATIONAL WEATHER SERVICE SPOKANE, WA
1245 AM PST WED FEB 21 2018


...................................

...THE EPHRATA WA AIRPORT CLIMATE SUMMARY FOR FEBRUARY 20 2018...

CLIMATE NORMAL PERIOD 1981 TO 2010
CLIMATE RECORD PERIOD 9999 TO 9999


WEATHER ITEM   OBSERVED TIME   RECORD YEAR NORMAL DEPARTURE LAST
                VALUE   (LST)  VALUE       VALUE  FROM      YEAR
                                                  NORMAL
..................................................................
TEMPERATURE (F)
 YESTERDAY
  MAXIMUM         29    347 PM  62    1982  44    -15       39
  MINIMUM         11    722 AM  -2    1986  26    -15       29
  AVERAGE         20                        35    -15       34

PRECIPITATION (IN)
  YESTERDAY        0.00          0.23 1956   0.03  -0.03     0.18
  MONTH TO DATE    0.32                      0.52  -0.20     1.22
  SINCE OCT 1      4.31                      4.26   0.05     5.78
  SINCE JAN 1      1.73                      1.43   0.30     2.18

SNOWFALL (IN)
  YESTERDAY       MM

DEGREE DAYS
 HEATING
  YESTERDAY       45                        30     15       31
  MONTH TO DATE  560                       637    -77      757
  SINCE DEC 1   2578                      2926   -348     3388
  SINCE JUL 1   3958                      4345   -387     4511

 COOLING
  YESTERDAY        0                         0      0        0
  MONTH TO DATE    0                         0      0        0
  SINCE DEC 1      0                         0      0        0
  SINCE JAN 1      0                         0      0        0
..................................................................


WIND (MPH)
  HIGHEST WIND SPEED    16   HIGHEST WIND DIRECTION     N (10)
  HIGHEST GUST SPEED    19   HIGHEST GUST DIRECTION     N (10)
  AVERAGE WIND SPEED     7.5


SKY COVER
  POSSIBLE SUNSHINE  MM
  AVERAGE SKY COVER 0.7


WEATHER CONDITIONS
 THE FOLLOWING WEATHER WAS RECORDED YESTERDAY.
  NO SIGNIFICANT WEATHER WAS OBSERVED.


RELATIVE HUMIDITY (PERCENT)
 HIGHEST    67           600 AM
 LOWEST     42           400 PM
 AVERAGE    55

..........................................................


THE EPHRATA WA AIRPORT CLIMATE NORMALS FOR TODAY
                         NORMAL    RECORD    YEAR
 MAXIMUM TEMPERATURE (F)   45        64      1988
 MINIMUM TEMPERATURE (F)   27         6      1986


SUNRISE AND SUNSET
FEBRUARY 21 2018......SUNRISE   653 AM PST   SUNSET   531 PM PST
FEBRUARY 22 2018......SUNRISE   651 AM PST   SUNSET   533 PM PST


-  INDICATES NEGATIVE NUMBERS.
R  INDICATES RECORD WAS SET OR TIED.
MM INDICATES DATA IS MISSING.
T  INDICATES TRACE AMOUNT.




$$
