000
CDUS46 KOTX 170831
CLIEPH


CLIMATE REPORT
NATIONAL WEATHER SERVICE SPOKANE, WA
130 AM PDT TUE OCT 17 2017


...................................

...THE EPHRATA WA AIRPORT CLIMATE SUMMARY FOR OCTOBER 16 2017...

CLIMATE NORMAL PERIOD 1981 TO 2010
CLIMATE RECORD PERIOD 9999 TO 9999


WEATHER ITEM   OBSERVED TIME   RECORD YEAR NORMAL DEPARTURE LAST
                VALUE   (LST)  VALUE       VALUE  FROM      YEAR
                                                  NORMAL
..................................................................
TEMPERATURE (F)
 YESTERDAY
  MAXIMUM         62    358 PM  78    1963  62      0       60
  MINIMUM         31    620 AM  25    1999  38     -7       43
  AVERAGE         47                        50     -3       52

PRECIPITATION (IN)
  YESTERDAY        0.00          0.50 2016   0.01  -0.01     0.50
  MONTH TO DATE    0.10                      0.21  -0.11     1.83
  SINCE OCT 1      0.10                      0.21  -0.11     1.83
  SINCE JAN 1      6.00                      5.23   0.77     8.19

SNOWFALL (IN)
  YESTERDAY       MM

DEGREE DAYS
 HEATING
  YESTERDAY       18                        15      3       13
  MONTH TO DATE  249                       178     71      204
  SINCE SEP 1    354                       288     66      293
  SINCE JUL 1    354                       305     49      295

 COOLING
  YESTERDAY        0                         0      0        0
  MONTH TO DATE    0                         0      0        0
  SINCE SEP 1    101                        75     26       19
  SINCE JAN 1   1072                       769    303      751
..................................................................


WIND (MPH)
  HIGHEST WIND SPEED    10   HIGHEST WIND DIRECTION     S (170)
  HIGHEST GUST SPEED    13   HIGHEST GUST DIRECTION     S (170)
  AVERAGE WIND SPEED     4.5


SKY COVER
  POSSIBLE SUNSHINE  MM
  AVERAGE SKY COVER 0.0


WEATHER CONDITIONS
 THE FOLLOWING WEATHER WAS RECORDED YESTERDAY.
  NO SIGNIFICANT WEATHER WAS OBSERVED.


RELATIVE HUMIDITY (PERCENT)
 HIGHEST    78           600 AM
 LOWEST     34           400 PM
 AVERAGE    56

..........................................................


THE EPHRATA WA AIRPORT CLIMATE NORMALS FOR TODAY
                         NORMAL    RECORD    YEAR
 MAXIMUM TEMPERATURE (F)   62        76      2005
 MINIMUM TEMPERATURE (F)   38        27      1971


SUNRISE AND SUNSET
OCTOBER 17 2017.......SUNRISE   720 AM PDT   SUNSET   606 PM PDT
OCTOBER 18 2017.......SUNRISE   721 AM PDT   SUNSET   604 PM PDT


-  INDICATES NEGATIVE NUMBERS.
R  INDICATES RECORD WAS SET OR TIED.
MM INDICATES DATA IS MISSING.
T  INDICATES TRACE AMOUNT.




$$
