000
CDUS46 KOTX 140831
CLIEPH


CLIMATE REPORT
NATIONAL WEATHER SERVICE SPOKANE, WA
131 AM PDT SUN SEP 14 2014


...................................

...THE EPHRATA WA AIRPORT CLIMATE SUMMARY FOR SEPTEMBER 13 2014...

CLIMATE NORMAL PERIOD 1981 TO 2010
CLIMATE RECORD PERIOD 9999 TO 9999


WEATHER ITEM   OBSERVED TIME   RECORD YEAR NORMAL DEPARTURE LAST
                VALUE   (LST)  VALUE       VALUE  FROM      YEAR
                                                  NORMAL
..................................................................
TEMPERATURE (F)
 YESTERDAY
  MAXIMUM         81    301 PM  98    2013  79      2       98
  MINIMUM         47    418 AM  36    1970  51     -4       62
  AVERAGE         64                        65     -1       80

PRECIPITATION (IN)
  YESTERDAY        0.00          0.42 1980   0.01  -0.01     0.00
  MONTH TO DATE    T                         0.13  -0.13     0.21
  SINCE OCT 1      4.64                      7.62  -2.98     8.25
  SINCE JAN 1      3.89                      4.79  -0.90     4.45

SNOWFALL (IN)
  YESTERDAY       MM            MM      MM   0.0   MM       MM
  MONTH TO DATE   MM                         0.0   MM       MM
  SINCE SEP 1     MM                         0.0   MM       MM
  SINCE JUL 1     MM                         0.0   MM       MM
  SNOW DEPTH      MM

DEGREE DAYS
 HEATING
  YESTERDAY        1                         3     -2        0
  MONTH TO DATE   17                        23     -6        6
  SINCE SEP 1     17                        23     -6        6
  SINCE JUL 1     18                        40    -22        6

 COOLING
  YESTERDAY        0                         3     -3       15
  MONTH TO DATE   30                        48    -18      127
  SINCE SEP 1     30                        48    -18      127
  SINCE JAN 1   1063                       742    321     1051
..................................................................


WIND (MPH)
  HIGHEST WIND SPEED    14   HIGHEST WIND DIRECTION    NE (30)
  HIGHEST GUST SPEED    19   HIGHEST GUST DIRECTION    NE (50)
  AVERAGE WIND SPEED     6.8


SKY COVER
  POSSIBLE SUNSHINE  MM
  AVERAGE SKY COVER 0.0


WEATHER CONDITIONS
 THE FOLLOWING WEATHER WAS RECORDED YESTERDAY.
  NO SIGNIFICANT WEATHER WAS OBSERVED.


RELATIVE HUMIDITY (PERCENT)
 HIGHEST    37           400 AM
 LOWEST     13           100 PM
 AVERAGE    25

..........................................................


THE EPHRATA WA AIRPORT CLIMATE NORMALS FOR TODAY
                         NORMAL    RECORD    YEAR
 MAXIMUM TEMPERATURE (F)   79        95      2013
                                             2001
 MINIMUM TEMPERATURE (F)   51        38      1970


SUNRISE AND SUNSET
SEPTEMBER 14 2014.....SUNRISE   634 AM PDT   SUNSET   712 PM PDT
SEPTEMBER 15 2014.....SUNRISE   636 AM PDT   SUNSET   710 PM PDT


-  INDICATES NEGATIVE NUMBERS.
R  INDICATES RECORD WAS SET OR TIED.
MM INDICATES DATA IS MISSING.
T  INDICATES TRACE AMOUNT.




$$
