000
CDUS46 KOTX 251245
CLIEPH


CLIMATE REPORT
NATIONAL WEATHER SERVICE SPOKANE, WA
545 AM PDT THU AUG 25 2016


...................................

...THE EPHRATA WA AIRPORT CLIMATE SUMMARY FOR AUGUST 24 2016...

CLIMATE NORMAL PERIOD 1981 TO 2010
CLIMATE RECORD PERIOD 9999 TO 9999


WEATHER ITEM   OBSERVED TIME   RECORD YEAR NORMAL DEPARTURE LAST
                VALUE   (LST)  VALUE       VALUE  FROM      YEAR
                                                  NORMAL
..................................................................
TEMPERATURE (F)
 YESTERDAY
  MAXIMUM         88    408 PM 104    1966  85      3       86
  MINIMUM         65    548 AM  42    1992  57      8       55
  AVERAGE         77                        71      6       71

PRECIPITATION (IN)
  YESTERDAY        0.00          0.24 1997   0.01  -0.01     0.00
  MONTH TO DATE    T                         0.16  -0.16      T
  SINCE OCT 1      9.01                      7.46   1.55     6.90
  SINCE JAN 1      6.29                      4.63   1.66     4.11

SNOWFALL (IN)
  YESTERDAY       MM

DEGREE DAYS
 HEATING
  YESTERDAY        0                         0      0        0
  MONTH TO DATE    2                         0      2        0
  SINCE JUN 1     72                        68      4        4
  SINCE JUL 1      2                         8     -6        0

 COOLING
  YESTERDAY       12                         6      6        6
  MONTH TO DATE  219                       215      4      284
  SINCE JUN 1    646                       618     28     1109
  SINCE JAN 1    678                       655     23     1194
..................................................................


WIND (MPH)
  HIGHEST WIND SPEED    18   HIGHEST WIND DIRECTION     N (10)
  HIGHEST GUST SPEED    23   HIGHEST GUST DIRECTION     N (10)
  AVERAGE WIND SPEED     8.1


SKY COVER
  POSSIBLE SUNSHINE  MM
  AVERAGE SKY COVER 0.0


WEATHER CONDITIONS
 THE FOLLOWING WEATHER WAS RECORDED YESTERDAY.
  NO SIGNIFICANT WEATHER WAS OBSERVED.


RELATIVE HUMIDITY (PERCENT)
 HIGHEST    42           200 AM
 LOWEST     17           400 PM
 AVERAGE    30

..........................................................


THE EPHRATA WA AIRPORT CLIMATE NORMALS FOR TODAY
                         NORMAL    RECORD    YEAR
 MAXIMUM TEMPERATURE (F)   85       102      1996
 MINIMUM TEMPERATURE (F)   57        45      1960


SUNRISE AND SUNSET
AUGUST 25 2016........SUNRISE   609 AM PDT   SUNSET   750 PM PDT
AUGUST 26 2016........SUNRISE   610 AM PDT   SUNSET   749 PM PDT


-  INDICATES NEGATIVE NUMBERS.
R  INDICATES RECORD WAS SET OR TIED.
MM INDICATES DATA IS MISSING.
T  INDICATES TRACE AMOUNT.




$$
