000
CDUS41 KCLE 012118
CLIERI


CLIMATE REPORT
NATIONAL WEATHER SERVICE CLEVELAND OH
517 PM EDT MON SEP 1 2014


...................................

...THE ERIE PA CLIMATE SUMMARY FOR SEPTEMBER 1 2014...
VALID TODAY AS OF 0500 PM LOCAL TIME.

CLIMATE NORMAL PERIOD 1981 TO 2010
CLIMATE RECORD PERIOD 1873 TO 2014


WEATHER ITEM   OBSERVED TIME   RECORD YEAR NORMAL DEPARTURE LAST
                VALUE   (LST)  VALUE       VALUE  FROM      YEAR
                                                  NORMAL
..................................................................
TEMPERATURE (F)
 TODAY
  MAXIMUM         85    329 PM  94    1943  77      8       81
  MINIMUM         71    218 AM  44    1970  60     11       67
  AVERAGE         78                        68     10       74

PRECIPITATION (IN)
  TODAY            0.00                      0.13  -0.13     0.81
  MONTH TO DATE    0.00                      0.13  -0.13     0.81
  SINCE SEP 1      0.00                      0.13  -0.13     0.81
  SINCE JAN 1     27.71                     25.96   1.75    34.68

SNOWFALL (IN)
  TODAY            0.0                       0.0    0.0      0.0
  MONTH TO DATE    0.0                       0.0    0.0      0.0
  SINCE SEP 1      0.0                       0.0    0.0      0.0
  SINCE JUL 1      0.0                       0.0    0.0      0.0
  SNOW DEPTH       0

DEGREE DAYS
 HEATING
  TODAY            0                         1     -1        0
  MONTH TO DATE    0                         1     -1        0
  SINCE SEP 1      0                         1     -1        0
  SINCE JUL 1     18                        19     -1       12

 COOLING
  TODAY           13                         4      9        9
  MONTH TO DATE   13                         4      9        9
  SINCE SEP 1     13                         4      9        9
  SINCE JAN 1    529                       562    -33      630
..................................................................


WIND (MPH)
  HIGHEST WIND SPEED    22   HIGHEST WIND DIRECTION    SW (220)
  HIGHEST GUST SPEED    28   HIGHEST GUST DIRECTION    SW (220)


SKY COVER
  POSSIBLE SUNSHINE  MM
  AVERAGE SKY COVER 0.5


WEATHER CONDITIONS
 THE FOLLOWING WEATHER WAS RECORDED TODAY.
  FOG
  HAZE


RELATIVE HUMIDITY (PERCENT)
 HIGHEST    90           300 AM
 LOWEST     55           300 PM
 AVERAGE    73

..........................................................


THE ERIE PA CLIMATE NORMALS FOR TOMORROW
                         NORMAL    RECORD    YEAR
 MAXIMUM TEMPERATURE (F)   76        93      1953
 MINIMUM TEMPERATURE (F)   60        46      1970


SUNRISE AND SUNSET
SEPTEMBER  1 2014.....SUNRISE   646 AM EDT   SUNSET   754 PM EDT
SEPTEMBER  2 2014.....SUNRISE   647 AM EDT   SUNSET   753 PM EDT


-  INDICATES NEGATIVE NUMBERS.
R  INDICATES RECORD WAS SET OR TIED.
MM INDICATES DATA IS MISSING.
T  INDICATES TRACE AMOUNT.




$$
