000
CDUS41 KCLE 242121
CLIERI


CLIMATE REPORT
NATIONAL WEATHER SERVICE CLEVELAND OH
520 PM EDT THU APR 24 2014


...................................

...THE ERIE PA CLIMATE SUMMARY FOR APRIL 24 2014...
VALID TODAY AS OF 0500 PM LOCAL TIME.

CLIMATE NORMAL PERIOD 1981 TO 2010
CLIMATE RECORD PERIOD 1873 TO 2014


WEATHER ITEM   OBSERVED TIME   RECORD YEAR NORMAL DEPARTURE LAST
                VALUE   (LST)  VALUE       VALUE  FROM      YEAR
                                                  NORMAL
..................................................................
TEMPERATURE (F)
 TODAY
  MAXIMUM         52    353 PM  85    1958  60     -8       63
  MINIMUM         28R   553 AM  28    2003  41    -13       36
                                      1980
                                      1930
  AVERAGE         40                        50    -10       50

PRECIPITATION (IN)
  TODAY            0.00                      0.10  -0.10     0.43
  MONTH TO DATE    2.66                      2.71  -0.05     2.31
  SINCE MAR 1      5.83                      5.66   0.17     4.91
  SINCE JAN 1     11.74                     11.00   0.74    11.42

SNOWFALL (IN)
  TODAY            0.0                       0.0    0.0       T
  MONTH TO DATE    1.2                       3.1   -1.9      1.0
  SINCE MAR 1     18.8                      16.8    2.0     26.2
  SINCE JUL 1    138.4                     100.8   37.6    105.5
  SNOW DEPTH       0

DEGREE DAYS
 HEATING
  TODAY           25                        15     10       15
  MONTH TO DATE  445                       459    -14      473
  SINCE MAR 1   1584                      1370    214     1468
  SINCE JUL 1   6405                      5735    670     5562

 COOLING
  TODAY            0                         0      0        0
  MONTH TO DATE    0                         0      0        0
  SINCE MAR 1      0                         1     -1        0
  SINCE JAN 1      0                         1     -1        0
..................................................................


WIND (MPH)
  HIGHEST WIND SPEED    15   HIGHEST WIND DIRECTION    NE (40)
  HIGHEST GUST SPEED    18   HIGHEST GUST DIRECTION    NE (40)


SKY COVER
  POSSIBLE SUNSHINE  MM
  AVERAGE SKY COVER 0.0


WEATHER CONDITIONS
 THE FOLLOWING WEATHER WAS RECORDED TODAY.
  NO SIGNIFICANT WEATHER WAS OBSERVED.


RELATIVE HUMIDITY (PERCENT)
 HIGHEST    85           400 AM
 LOWEST     19           400 PM
 AVERAGE    52

..........................................................


THE ERIE PA CLIMATE NORMALS FOR TOMORROW
                         NORMAL    RECORD    YEAR
 MAXIMUM TEMPERATURE (F)   60        86      2009
 MINIMUM TEMPERATURE (F)   41        23      1892


SUNRISE AND SUNSET
APRIL 24 2014.........SUNRISE   626 AM EDT   SUNSET   812 PM EDT
APRIL 25 2014.........SUNRISE   625 AM EDT   SUNSET   813 PM EDT


-  INDICATES NEGATIVE NUMBERS.
R  INDICATES RECORD WAS SET OR TIED.
MM INDICATES DATA IS MISSING.
T  INDICATES TRACE AMOUNT.




$$
