000
CDUS41 KCLE 250526
CLIERI


CLIMATE REPORT
NATIONAL WEATHER SERVICE CLEVELAND OH
125 AM EDT SUN JUN 25 2017


...................................

...THE ERIE PA CLIMATE SUMMARY FOR JUNE 24 2017...

CLIMATE NORMAL PERIOD 1981 TO 2010
CLIMATE RECORD PERIOD 1873 TO 2017


WEATHER ITEM   OBSERVED TIME   RECORD YEAR NORMAL DEPARTURE LAST
                VALUE   (LST)  VALUE       VALUE  FROM      YEAR
                                                  NORMAL
..................................................................
TEMPERATURE (F)
 YESTERDAY
  MAXIMUM         74    604 PM  92    1952  78     -4       81
                                      1949
                                      1914
  MINIMUM         60   1151 PM  47    1979  61     -1       51
  AVERAGE         67                        70     -3       66

PRECIPITATION (IN)
  YESTERDAY        T                         0.12  -0.12     0.00
  MONTH TO DATE    7.31                      3.01   4.30     1.07
  SINCE JUN 1      7.31                      3.01   4.30     1.07
  SINCE JAN 1     27.30                     18.07   9.23    13.84

SNOWFALL (IN)
  YESTERDAY        0.0                       0.0    0.0      0.0
  MONTH TO DATE    0.0                       0.0    0.0      0.0
  SINCE JUN 1      0.0                       0.0    0.0      0.0
  SINCE JUL 1     78.6                     100.9  -22.3     71.2
  SNOW DEPTH       0

DEGREE DAYS
 HEATING
  YESTERDAY        0                         1     -1        0
  MONTH TO DATE   39                        56    -17       40
  SINCE JUN 1     39                        56    -17       40
  SINCE JUL 1   5096                      6142  -1046     5210

 COOLING
  YESTERDAY        2                         5     -3        1
  MONTH TO DATE  126                        87     39      108
  SINCE JUN 1    126                        87     39      108
  SINCE JAN 1    170                       126     44      183
..................................................................


WIND (MPH)
  HIGHEST WIND SPEED    21   HIGHEST WIND DIRECTION     W (260)
  HIGHEST GUST SPEED    29   HIGHEST GUST DIRECTION     W (260)
  AVERAGE WIND SPEED    10.3


SKY COVER
  POSSIBLE SUNSHINE  MM
  AVERAGE SKY COVER 0.3


WEATHER CONDITIONS
 THE FOLLOWING WEATHER WAS RECORDED YESTERDAY.
  LIGHT RAIN
  HAZE


RELATIVE HUMIDITY (PERCENT)
 HIGHEST    93           400 AM
 LOWEST     53           400 PM
 AVERAGE    73

..........................................................


THE ERIE PA CLIMATE NORMALS FOR TODAY
                         NORMAL    RECORD    YEAR
 MAXIMUM TEMPERATURE (F)   78       100      1988
 MINIMUM TEMPERATURE (F)   61        40      1979


SUNRISE AND SUNSET
JUNE 25 2017..........SUNRISE   546 AM EDT   SUNSET   901 PM EDT
JUNE 26 2017..........SUNRISE   547 AM EDT   SUNSET   901 PM EDT


-  INDICATES NEGATIVE NUMBERS.
R  INDICATES RECORD WAS SET OR TIED.
MM INDICATES DATA IS MISSING.
T  INDICATES TRACE AMOUNT.




$$
