000
CDUS41 KCLE 150545
CLIERI


CLIMATE REPORT
NATIONAL WEATHER SERVICE CLEVELAND OH
145 AM EDT MON SEP 15 2014


...................................

...THE ERIE PA CLIMATE SUMMARY FOR SEPTEMBER 14 2014...

CLIMATE NORMAL PERIOD 1981 TO 2010
CLIMATE RECORD PERIOD 1873 TO 2014


WEATHER ITEM   OBSERVED TIME   RECORD YEAR NORMAL DEPARTURE LAST
                VALUE   (LST)  VALUE       VALUE  FROM      YEAR
                                                  NORMAL
..................................................................
TEMPERATURE (F)
 YESTERDAY
  MAXIMUM         63    344 PM  91    1915  73    -10       60
  MINIMUM         45    624 AM  39    1913  57    -12       49
  AVERAGE         54                        65    -11       55

PRECIPITATION (IN)
  YESTERDAY        0.00                      0.15  -0.15     0.00
  MONTH TO DATE    1.36                      1.95  -0.59     1.89
  SINCE SEP 1      1.36                      1.95  -0.59     1.89
  SINCE JAN 1     29.07                     27.78   1.29    35.76

SNOWFALL (IN)
  YESTERDAY        0.0                       0.0    0.0      0.0
  MONTH TO DATE    0.0                       0.0    0.0      0.0
  SINCE SEP 1      0.0                       0.0    0.0      0.0
  SINCE JUL 1      0.0                       0.0    0.0      0.0
  SNOW DEPTH       0

DEGREE DAYS
 HEATING
  YESTERDAY       11                         3      8       10
  MONTH TO DATE   29                        24      5       28
  SINCE SEP 1     29                        24      5       28
  SINCE JUL 1     47                        42      5       40

 COOLING
  YESTERDAY        0                         2     -2        0
  MONTH TO DATE   72                        47     25       57
  SINCE SEP 1     72                        47     25       57
  SINCE JAN 1    588                       605    -17      678
..................................................................


WIND (MPH)
  HIGHEST WIND SPEED    10   HIGHEST WIND DIRECTION     N (360)
  HIGHEST GUST SPEED    15   HIGHEST GUST DIRECTION    NW (320)
  AVERAGE WIND SPEED     4.6


SKY COVER
  POSSIBLE SUNSHINE  MM
  AVERAGE SKY COVER 0.4


WEATHER CONDITIONS
 THE FOLLOWING WEATHER WAS RECORDED YESTERDAY.
  NO SIGNIFICANT WEATHER WAS OBSERVED.


RELATIVE HUMIDITY (PERCENT)
 HIGHEST    82           600 AM
 LOWEST     42          1100 AM
 AVERAGE    62

..........................................................


THE ERIE PA CLIMATE NORMALS FOR TODAY
                         NORMAL    RECORD    YEAR
 MAXIMUM TEMPERATURE (F)   72        92      1936
 MINIMUM TEMPERATURE (F)   56        42      1953


SUNRISE AND SUNSET
SEPTEMBER 15 2014.....SUNRISE   701 AM EDT   SUNSET   730 PM EDT
SEPTEMBER 16 2014.....SUNRISE   702 AM EDT   SUNSET   729 PM EDT


-  INDICATES NEGATIVE NUMBERS.
R  INDICATES RECORD WAS SET OR TIED.
MM INDICATES DATA IS MISSING.
T  INDICATES TRACE AMOUNT.




$$
