000
CDUS41 KCLE 132224
CLIERI


CLIMATE REPORT
NATIONAL WEATHER SERVICE CLEVELAND OH
523 PM EST WED DEC 13 2017


...................................

...THE ERIE PA CLIMATE SUMMARY FOR DECEMBER 13 2017...
VALID TODAY AS OF 0500 PM LOCAL TIME.

CLIMATE NORMAL PERIOD 1981 TO 2010
CLIMATE RECORD PERIOD 1873 TO 2017


WEATHER ITEM   OBSERVED TIME   RECORD YEAR NORMAL DEPARTURE LAST
                VALUE   (LST)  VALUE       VALUE  FROM      YEAR
                                                  NORMAL
..................................................................
TEMPERATURE (F)
 TODAY
  MAXIMUM         22   1239 PM  66    2015  39    -17       33
  MINIMUM         19    126 PM  -1    1962  27     -8       25
  AVERAGE         21                        33    -12       29

PRECIPITATION (IN)
  TODAY            0.07                      0.13  -0.06      T
  MONTH TO DATE    1.64                      1.63   0.01     2.19
  SINCE DEC 1      1.64                      1.63   0.01     2.19
  SINCE JAN 1     47.61                     40.05   7.56    43.97

SNOWFALL (IN)
  TODAY            1.2                       0.9    0.3       T
  MONTH TO DATE   18.7                       9.6    9.1     12.4
  SINCE DEC 1     18.7                       9.6    9.1     12.4
  SINCE JUL 1     19.2                      18.3    0.9     14.8
  SNOW DEPTH       2

DEGREE DAYS
 HEATING
  TODAY           44                        32     12       36
  MONTH TO DATE  415                       389     26      389
  SINCE DEC 1    415                       389     26      389
  SINCE JUL 1   1412                      1545   -133     1169

 COOLING
  TODAY            0                         0      0        0
  MONTH TO DATE    0                         0      0        0
  SINCE DEC 1      0                         0      0        0
  SINCE JAN 1    697                       638     59     1017
..................................................................


WIND (MPH)
  HIGHEST WIND SPEED    24   HIGHEST WIND DIRECTION     W (290)
  HIGHEST GUST SPEED    34   HIGHEST GUST DIRECTION     W (280)


SKY COVER
  POSSIBLE SUNSHINE  MM
  AVERAGE SKY COVER 1.0


WEATHER CONDITIONS
 THE FOLLOWING WEATHER WAS RECORDED TODAY.
  SNOW
  LIGHT SNOW
  HAZE


RELATIVE HUMIDITY (PERCENT)
 HIGHEST    77           200 PM
 LOWEST     62          1200 AM
 AVERAGE    70

..........................................................


THE ERIE PA CLIMATE NORMALS FOR TOMORROW
                         NORMAL    RECORD    YEAR
 MAXIMUM TEMPERATURE (F)   38        69      2015
 MINIMUM TEMPERATURE (F)   27         3      1914


SUNRISE AND SUNSET
DECEMBER 13 2017......SUNRISE   741 AM EST   SUNSET   449 PM EST
DECEMBER 14 2017......SUNRISE   741 AM EST   SUNSET   450 PM EST


-  INDICATES NEGATIVE NUMBERS.
R  INDICATES RECORD WAS SET OR TIED.
MM INDICATES DATA IS MISSING.
T  INDICATES TRACE AMOUNT.




$$
