000
CDUS46 KPQR 221141
CLIEUG


CLIMATE REPORT
NATIONAL WEATHER SERVICE PORTLAND OREGON
441 AM PDT TUE JUL 22 2014


...................................

...THE EUGENE OR CLIMATE SUMMARY FOR JULY 21 2014...

CLIMATE NORMAL PERIOD 1981 TO 2010
CLIMATE RECORD PERIOD 1892 TO 2014


WEATHER ITEM   OBSERVED TIME   RECORD YEAR NORMAL DEPARTURE LAST
                VALUE   (LST)  VALUE       VALUE  FROM      YEAR
                                                  NORMAL
..................................................................
TEMPERATURE (F)
 YESTERDAY
  MAXIMUM         80    308 PM 104    1938  84     -4       90
  MINIMUM         51    312 AM  43    1929  52     -1       49
                                      1922
                                      1914
  AVERAGE         66                        68     -2       70

PRECIPITATION (IN)
  YESTERDAY        T             0.61 1993   0.01  -0.01     0.00
  MONTH TO DATE    0.12                      0.42  -0.30     0.00
  SINCE OCT 1     26.75                     44.08 -17.33    29.01
  SINCE JAN 1     22.56                     25.28  -2.72     9.67

SNOWFALL (IN)
  YESTERDAY        0.0
  MONTH TO DATE    0.0
  SINCE JUN 1      0.0
  SINCE JUL 1      0.0

DEGREE DAYS
 HEATING
  YESTERDAY        0                         1     -1        0
  MONTH TO DATE    0                        30    -30        4
  SINCE JUN 1    107                       187    -80       96
  SINCE JUL 1      0                        30    -30        4

 COOLING
  YESTERDAY        1                         4     -3        5
  MONTH TO DATE  140                        57     83       90
  SINCE JUN 1    146                        76     70      138
  SINCE JAN 1    149                        81     68      143
..................................................................


WIND (MPH)
  HIGHEST WIND SPEED    15   HIGHEST WIND DIRECTION     S (180)
  HIGHEST GUST SPEED    17   HIGHEST GUST DIRECTION    NE (40)
  AVERAGE WIND SPEED     5.7


SKY COVER
  POSSIBLE SUNSHINE  MM
  AVERAGE SKY COVER 0.7


WEATHER CONDITIONS
 THE FOLLOWING WEATHER WAS RECORDED YESTERDAY.
  LIGHT RAIN
  HAZE


RELATIVE HUMIDITY (PERCENT)
 HIGHEST    89           300 AM
 LOWEST     39           300 PM
 AVERAGE    64

..........................................................


THE EUGENE OR CLIMATE NORMALS FOR TODAY
                         NORMAL    RECORD    YEAR
 MAXIMUM TEMPERATURE (F)   84       101      2006
 MINIMUM TEMPERATURE (F)   52        43      1982
                                             1934
                                             1933


SUNRISE AND SUNSET
JULY 22 2014..........SUNRISE   550 AM PDT   SUNSET   848 PM PDT
JULY 23 2014..........SUNRISE   551 AM PDT   SUNSET   847 PM PDT


-  INDICATES NEGATIVE NUMBERS.
R  INDICATES RECORD WAS SET OR TIED.
MM INDICATES DATA IS MISSING.
T  INDICATES TRACE AMOUNT.




$$
