000
CDUS46 KPQR 271141
CLIEUG


CLIMATE REPORT
NATIONAL WEATHER SERVICE PORTLAND OREGON
440 AM PDT FRI MAR 27 2015


...................................

...THE EUGENE OR CLIMATE SUMMARY FOR MARCH 26 2015...

CLIMATE NORMAL PERIOD 1981 TO 2010
CLIMATE RECORD PERIOD 1892 TO 2015


WEATHER ITEM   OBSERVED TIME   RECORD YEAR NORMAL DEPARTURE LAST
                VALUE   (LST)  VALUE       VALUE  FROM      YEAR
                                                  NORMAL
..................................................................
TEMPERATURE (F)
 YESTERDAY
  MAXIMUM         70    448 PM  72    1969  58     12       52
  MINIMUM         44   1255 AM  24    1913  38      6       45
  AVERAGE         57                        48      9       49

PRECIPITATION (IN)
  YESTERDAY        0.00          1.42 1962   0.15  -0.15     0.55
  MONTH TO DATE    3.04                      4.24  -1.20     4.34
  SINCE OCT 1     26.63                     35.34  -8.71    19.08
  SINCE JAN 1      9.58                     16.54  -6.96    14.89

SNOWFALL (IN)
  YESTERDAY        0.0
  MONTH TO DATE    0.0
  SINCE MAR 1      0.0
  SINCE JUL 1      0.0

DEGREE DAYS
 HEATING
  YESTERDAY        8                        17     -9       16
  MONTH TO DATE  374                       483   -109      399
  SINCE MAR 1    374                       483   -109      399
  SINCE JUL 1   2936                      3810   -874     3966

 COOLING
  YESTERDAY        0                         0      0        0
  MONTH TO DATE    0                         0      0        0
  SINCE MAR 1      0                         0      0        0
  SINCE JAN 1      0                         0      0        0
..................................................................


WIND (MPH)
  HIGHEST WIND SPEED     9   HIGHEST WIND DIRECTION     N (10)
  HIGHEST GUST SPEED    15   HIGHEST GUST DIRECTION    NE (40)
  AVERAGE WIND SPEED     3.7


SKY COVER
  POSSIBLE SUNSHINE  MM
  AVERAGE SKY COVER 0.5


WEATHER CONDITIONS
 THE FOLLOWING WEATHER WAS RECORDED YESTERDAY.
  FOG
  FOG W/VISIBILITY <= 1/4 MILE
  HAZE


RELATIVE HUMIDITY (PERCENT)
 HIGHEST   100           300 AM
 LOWEST     57           300 PM
 AVERAGE    79

..........................................................


THE EUGENE OR CLIMATE NORMALS FOR TODAY
                         NORMAL    RECORD    YEAR
 MAXIMUM TEMPERATURE (F)   58        75      1969
 MINIMUM TEMPERATURE (F)   38        26      1935


SUNRISE AND SUNSET
MARCH 27 2015.........SUNRISE   704 AM PDT   SUNSET   734 PM PDT
MARCH 28 2015.........SUNRISE   702 AM PDT   SUNSET   735 PM PDT


-  INDICATES NEGATIVE NUMBERS.
R  INDICATES RECORD WAS SET OR TIED.
MM INDICATES DATA IS MISSING.
T  INDICATES TRACE AMOUNT.




$$
