000
CDUS46 KPQR 221143
CLIEUG


CLIMATE REPORT
NATIONAL WEATHER SERVICE PORTLAND OREGON
442 AM PDT TUE AUG 22 2017


...................................

...THE EUGENE OR CLIMATE SUMMARY FOR AUGUST 21 2017...

CLIMATE NORMAL PERIOD 1981 TO 2010
CLIMATE RECORD PERIOD 1892 TO 2017


WEATHER ITEM   OBSERVED TIME   RECORD YEAR NORMAL DEPARTURE LAST
                VALUE   (LST)  VALUE       VALUE  FROM      YEAR
                                                  NORMAL
..................................................................
TEMPERATURE (F)
 YESTERDAY
  MAXIMUM         85    507 PM  98    1950  82      3       87
  MINIMUM         54    550 AM  39    1985  51      3       52
  AVERAGE         70                        66      4       70

PRECIPITATION (IN)
  YESTERDAY        0.00          1.88 1979   0.02  -0.02     0.00
  MONTH TO DATE    0.14                      0.33  -0.19      T
  SINCE OCT 1     45.20                     44.53   0.67    39.80
  SINCE JAN 1     25.61                     25.73  -0.12    20.96

SNOWFALL (IN)
  YESTERDAY        0.0
  MONTH TO DATE    0.0
  SINCE JUN 1      0.0
  SINCE JUL 1      0.0

DEGREE DAYS
 HEATING
  YESTERDAY        0                         1     -1        0
  MONTH TO DATE   10                        21    -11       11
  SINCE JUN 1    140                       214    -74      121
  SINCE JUL 1     15                        57    -42       21

 COOLING
  YESTERDAY        5                         3      2        5
  MONTH TO DATE  135                        72     63      119
  SINCE JUN 1    251                       184     67      269
  SINCE JAN 1    264                       189     75      272
..................................................................


WIND (MPH)
  HIGHEST WIND SPEED    17   HIGHEST WIND DIRECTION     N (20)
  HIGHEST GUST SPEED    20   HIGHEST GUST DIRECTION     N (20)
  AVERAGE WIND SPEED     7.6


SKY COVER
  POSSIBLE SUNSHINE  MM
  AVERAGE SKY COVER 0.2


WEATHER CONDITIONS
 THE FOLLOWING WEATHER WAS RECORDED YESTERDAY.
  HAZE


RELATIVE HUMIDITY (PERCENT)
 HIGHEST    93           500 AM
 LOWEST     34           300 PM
 AVERAGE    64

..........................................................


THE EUGENE OR CLIMATE NORMALS FOR TODAY
                         NORMAL    RECORD    YEAR
 MAXIMUM TEMPERATURE (F)   82        96      1988
                                             1964
                                             1942
 MINIMUM TEMPERATURE (F)   51        38      1955


SUNRISE AND SUNSET
AUGUST 22 2017........SUNRISE   625 AM PDT   SUNSET   805 PM PDT
AUGUST 23 2017........SUNRISE   626 AM PDT   SUNSET   804 PM PDT


-  INDICATES NEGATIVE NUMBERS.
R  INDICATES RECORD WAS SET OR TIED.
MM INDICATES DATA IS MISSING.
T  INDICATES TRACE AMOUNT.




$$
