000
CDUS46 KPQR 251142
CLIEUG


CLIMATE REPORT
NATIONAL WEATHER SERVICE PORTLAND OREGON
441 AM PDT SUN JUN 25 2017


...................................

...THE EUGENE OR CLIMATE SUMMARY FOR JUNE 24 2017...

CLIMATE NORMAL PERIOD 1981 TO 2010
CLIMATE RECORD PERIOD 1892 TO 2017


WEATHER ITEM   OBSERVED TIME   RECORD YEAR NORMAL DEPARTURE LAST
                VALUE   (LST)  VALUE       VALUE  FROM      YEAR
                                                  NORMAL
..................................................................
TEMPERATURE (F)
 YESTERDAY
  MAXIMUM         96    501 PM  99    1926  76     20       74
                                      1925
  MINIMUM         51    520 AM  37    2008  49      2       48
                                      1985
  AVERAGE         74                        62     12       61

PRECIPITATION (IN)
  YESTERDAY        0.00          0.98 1912   0.03  -0.03      T
  MONTH TO DATE    1.38                      1.34   0.04     0.78
  SINCE OCT 1     45.04                     43.50   1.54    39.55
  SINCE JAN 1     25.45                     24.70   0.75    20.71

SNOWFALL (IN)
  YESTERDAY        0.0
  MONTH TO DATE    0.0
  SINCE JUN 1      0.0
  SINCE JUL 1      5.1

DEGREE DAYS
 HEATING
  YESTERDAY        0                         4     -4        4
  MONTH TO DATE  116                       138    -22       99
  SINCE JUN 1    116                       138    -22       99
  SINCE JUL 1   4549                      4787   -238     3884

 COOLING
  YESTERDAY        9                         1      8        0
  MONTH TO DATE   22                         9     13       49
  SINCE JUN 1     22                         9     13       49
  SINCE JAN 1     35                        14     21       52
..................................................................


WIND (MPH)
  HIGHEST WIND SPEED    18   HIGHEST WIND DIRECTION     N (20)
  HIGHEST GUST SPEED    23   HIGHEST GUST DIRECTION     N (20)
  AVERAGE WIND SPEED     6.6


SKY COVER
  POSSIBLE SUNSHINE  MM
  AVERAGE SKY COVER 0.0


WEATHER CONDITIONS
 THE FOLLOWING WEATHER WAS RECORDED YESTERDAY.
  NO SIGNIFICANT WEATHER WAS OBSERVED.


RELATIVE HUMIDITY (PERCENT)
 HIGHEST    86           500 AM
 LOWEST     24           500 PM
 AVERAGE    55

..........................................................


THE EUGENE OR CLIMATE NORMALS FOR TODAY
                         NORMAL    RECORD    YEAR
 MAXIMUM TEMPERATURE (F)   76       100      1925
 MINIMUM TEMPERATURE (F)   49        33      2001


SUNRISE AND SUNSET
JUNE 25 2017..........SUNRISE   531 AM PDT   SUNSET   900 PM PDT
JUNE 26 2017..........SUNRISE   531 AM PDT   SUNSET   900 PM PDT


-  INDICATES NEGATIVE NUMBERS.
R  INDICATES RECORD WAS SET OR TIED.
MM INDICATES DATA IS MISSING.
T  INDICATES TRACE AMOUNT.




$$
