000
CDUS46 KPQR 230022
CLIEUG


CLIMATE REPORT
NATIONAL WEATHER SERVICE PORTLAND OREGON
422 PM PST THU FEB 22 2018


...................................

...THE EUGENE OR CLIMATE SUMMARY FOR FEBRUARY 22 2018...
VALID TODAY AS OF 0400 PM LOCAL TIME.

CLIMATE NORMAL PERIOD 1981 TO 2010
CLIMATE RECORD PERIOD 1892 TO 2018


WEATHER ITEM   OBSERVED TIME   RECORD YEAR NORMAL DEPARTURE LAST
                VALUE   (LST)  VALUE       VALUE  FROM      YEAR
                                                  NORMAL
..................................................................
TEMPERATURE (F)
 TODAY
  MAXIMUM         40    346 PM  67    2002  52    -12       47
  MINIMUM         31    738 AM  24    1913  35     -4       35
  AVERAGE         36                        44     -8       41

PRECIPITATION (IN)
  TODAY            0.24          2.18 1986   0.19   0.05     0.03
  MONTH TO DATE    1.35                      4.30  -2.95     8.73
  SINCE OCT 1     20.21                     29.97  -9.76    32.37
  SINCE JAN 1      6.20                     11.17  -4.97    12.78

SNOWFALL (IN)
  TODAY            2.0
  MONTH TO DATE    2.0
  SINCE DEC 1      2.0
  SINCE JUL 1      2.0

DEGREE DAYS
 HEATING
  TODAY           29                        21      8       24
  MONTH TO DATE  496                       492      4      449
  SINCE DEC 1   2028                      2029     -1     2210
  SINCE JUL 1   3157                      3202    -45     3043

 COOLING
  TODAY            0                         0      0        0
  MONTH TO DATE    0                         0      0        0
  SINCE DEC 1      0                         0      0        0
  SINCE JAN 1      0                         0      0        0
..................................................................


WIND (MPH)
  HIGHEST WIND SPEED    18   HIGHEST WIND DIRECTION     N (360)
  HIGHEST GUST SPEED    22   HIGHEST GUST DIRECTION     N (350)
  AVERAGE WIND SPEED     9.5


SKY COVER
  POSSIBLE SUNSHINE  MM
  AVERAGE SKY COVER 1.0


WEATHER CONDITIONS
 THE FOLLOWING WEATHER WAS RECORDED TODAY.
  LIGHT SNOW
  FOG


RELATIVE HUMIDITY (PERCENT)
 HIGHEST   100          1200 AM
 LOWEST     82          1200 PM
 AVERAGE    91

..........................................................


THE EUGENE OR CLIMATE NORMALS FOR TOMORROW
                         NORMAL    RECORD    YEAR
 MAXIMUM TEMPERATURE (F)   52        71      1995
 MINIMUM TEMPERATURE (F)   35        24      1920


SUNRISE AND SUNSET
FEBRUARY 22 2018......SUNRISE   701 AM PST   SUNSET   552 PM PST
FEBRUARY 23 2018......SUNRISE   700 AM PST   SUNSET   553 PM PST


-  INDICATES NEGATIVE NUMBERS.
R  INDICATES RECORD WAS SET OR TIED.
MM INDICATES DATA IS MISSING.
T  INDICATES TRACE AMOUNT.




$$
