080
CDUS46 KPQR 290220
CLIEUG


CLIMATE REPORT
NATIONAL WEATHER SERVICE PORTLAND OREGON
720 PM PDT SUN AUG 28 2016


...................................

...THE EUGENE OR CLIMATE SUMMARY FOR AUGUST 28 2016...
VALID TODAY AS OF 0700 PM LOCAL TIME.

CLIMATE NORMAL PERIOD 1981 TO 2010
CLIMATE RECORD PERIOD 1892 TO 2016


WEATHER ITEM   OBSERVED TIME   RECORD YEAR NORMAL DEPARTURE LAST
                VALUE   (LST)  VALUE       VALUE  FROM      YEAR
                                                  NORMAL
..................................................................
TEMPERATURE (F)
 TODAY
  MAXIMUM         87    323 PM  97    1931  81      6       83
                                      1915
  MINIMUM         52    547 AM  41    1985  50      2       63
                                      1960
  AVERAGE         70                        66      4       73

PRECIPITATION (IN)
  TODAY            0.00          1.21 1983   0.03  -0.03      T
  MONTH TO DATE    T                         0.52  -0.52      T
  SINCE OCT 1     39.80                     44.72  -4.92    29.46
  SINCE JAN 1     20.96                     25.92  -4.96    12.41

SNOWFALL (IN)
  TODAY            0.0
  MONTH TO DATE    0.0
  SINCE JUN 1      0.0
  SINCE JUL 1      0.0

DEGREE DAYS
 HEATING
  TODAY            0                         1     -1        0
  MONTH TO DATE   11                        28    -17        0
  SINCE JUN 1    121                       221   -100       46
  SINCE JUL 1     21                        64    -43        5

 COOLING
  TODAY            5                         2      3        8
  MONTH TO DATE  158                        86     72      156
  SINCE JUN 1    308                       198    110      482
  SINCE JAN 1    311                       203    108      487
..................................................................


WIND (MPH)
  HIGHEST WIND SPEED    16   HIGHEST WIND DIRECTION    SW (220)
  HIGHEST GUST SPEED    20   HIGHEST GUST DIRECTION    SW (240)
  AVERAGE WIND SPEED     3.0


SKY COVER
  POSSIBLE SUNSHINE  MM
  AVERAGE SKY COVER 0.3


WEATHER CONDITIONS
 THE FOLLOWING WEATHER WAS RECORDED TODAY.
  FOG


RELATIVE HUMIDITY (PERCENT)
 HIGHEST    93           300 AM
 LOWEST     37           300 PM
 AVERAGE    65

..........................................................


THE EUGENE OR CLIMATE NORMALS FOR TOMORROW
                         NORMAL    RECORD    YEAR
 MAXIMUM TEMPERATURE (F)   81       100      1944
 MINIMUM TEMPERATURE (F)   50        38      1969


SUNRISE AND SUNSET
AUGUST 28 2016........SUNRISE   632 AM PDT   SUNSET   755 PM PDT
AUGUST 29 2016........SUNRISE   633 AM PDT   SUNSET   753 PM PDT


-  INDICATES NEGATIVE NUMBERS.
R  INDICATES RECORD WAS SET OR TIED.
MM INDICATES DATA IS MISSING.
T  INDICATES TRACE AMOUNT.




$$
