000
CDUS46 KPQR 302321
CLIEUG


CLIMATE REPORT
NATIONAL WEATHER SERVICE PORTLAND OREGON
421 PM PDT SUN AUG 30 2015


...................................

...THE EUGENE OR CLIMATE SUMMARY FOR AUGUST 30 2015...
VALID TODAY AS OF 0400 PM LOCAL TIME.

CLIMATE NORMAL PERIOD 1981 TO 2010
CLIMATE RECORD PERIOD 1892 TO 2015


WEATHER ITEM   OBSERVED TIME   RECORD YEAR NORMAL DEPARTURE LAST
                VALUE   (LST)  VALUE       VALUE  FROM      YEAR
                                                  NORMAL
..................................................................
TEMPERATURE (F)
 TODAY
  MAXIMUM         70    248 PM  98    1918  81    -11       76
  MINIMUM         57    527 AM  42    2006  50      7       54
                                      1966
                                      1920
  AVERAGE         64                        65     -1       65

PRECIPITATION (IN)
  TODAY            0.12          0.44 2010   0.03   0.09      T
  MONTH TO DATE    0.23                      0.58  -0.35     0.19
  SINCE OCT 1     29.69                     44.78 -15.09    27.19
  SINCE JAN 1     12.64                     25.98 -13.34    23.00

SNOWFALL (IN)
  TODAY            0.0
  MONTH TO DATE    0.0
  SINCE JUN 1      0.0
  SINCE JUL 1      0.0

DEGREE DAYS
 HEATING
  TODAY            1                         2     -1        0
  MONTH TO DATE    1                        32    -31        0
  SINCE JUN 1     47                       225   -178      113
  SINCE JUL 1      6                        68    -62        6

 COOLING
  TODAY            0                         2     -2        0
  MONTH TO DATE  161                        90     71      206
  SINCE JUN 1    487                       202    285      405
  SINCE JAN 1    492                       207    285      408
..................................................................


WIND (MPH)
  HIGHEST WIND SPEED    20   HIGHEST WIND DIRECTION    SW (230)
  HIGHEST GUST SPEED    26   HIGHEST GUST DIRECTION    SW (230)
  AVERAGE WIND SPEED    10.3


SKY COVER
  POSSIBLE SUNSHINE  MM
  AVERAGE SKY COVER 0.8


WEATHER CONDITIONS
 THE FOLLOWING WEATHER WAS RECORDED TODAY.
  RAIN
  LIGHT RAIN
  FOG


RELATIVE HUMIDITY (PERCENT)
 HIGHEST    90           900 AM
 LOWEST     57           300 PM
 AVERAGE    74

..........................................................


THE EUGENE OR CLIMATE NORMALS FOR TOMORROW
                         NORMAL    RECORD    YEAR
 MAXIMUM TEMPERATURE (F)   81       102      1987
 MINIMUM TEMPERATURE (F)   50        38      2008


SUNRISE AND SUNSET
AUGUST 30 2015........SUNRISE   633 AM PDT   SUNSET   753 PM PDT
AUGUST 31 2015........SUNRISE   635 AM PDT   SUNSET   751 PM PDT


-  INDICATES NEGATIVE NUMBERS.
R  INDICATES RECORD WAS SET OR TIED.
MM INDICATES DATA IS MISSING.
T  INDICATES TRACE AMOUNT.




$$
