000
CDUS46 KPQR 021141
CLIEUG


CLIMATE REPORT
NATIONAL WEATHER SERVICE PORTLAND OREGON
340 AM PST MON MAR 2 2015


...................................

...THE EUGENE OR CLIMATE SUMMARY FOR MARCH 1 2015...

CLIMATE NORMAL PERIOD 1981 TO 2010
CLIMATE RECORD PERIOD 1892 TO 2015


WEATHER ITEM   OBSERVED TIME   RECORD YEAR NORMAL DEPARTURE LAST
                VALUE   (LST)  VALUE       VALUE  FROM      YEAR
                                                  NORMAL
..................................................................
TEMPERATURE (F)
 YESTERDAY
  MAXIMUM         56    347 PM  71    1905  54      2       56
  MINIMUM         26    648 AM  20    1917  36    -10       45
  AVERAGE         41                        45     -4       51

PRECIPITATION (IN)
  YESTERDAY        0.00          1.91 1972   0.19  -0.19     0.23
  MONTH TO DATE    0.00                      0.19  -0.19     0.23
  SINCE OCT 1     23.59                     31.29  -7.70    14.97
  SINCE JAN 1      6.54                     12.49  -5.95    10.78

SNOWFALL (IN)
  YESTERDAY        0.0
  MONTH TO DATE    0.0
  SINCE MAR 1      0.0
  SINCE JUL 1      0.0

DEGREE DAYS
 HEATING
  YESTERDAY       24                        20      4       14
  MONTH TO DATE   24                        20      4       14
  SINCE MAR 1     24                        20      4       14
  SINCE JUL 1   2586                      3347   -761     3581

 COOLING
  YESTERDAY        0                         0      0        0
  MONTH TO DATE    0                         0      0        0
  SINCE MAR 1      0                         0      0        0
  SINCE JAN 1      0                         0      0        0
..................................................................


WIND (MPH)
  HIGHEST WIND SPEED     9   HIGHEST WIND DIRECTION     N (340)
  HIGHEST GUST SPEED    11   HIGHEST GUST DIRECTION     N (340)
  AVERAGE WIND SPEED     2.6


SKY COVER
  POSSIBLE SUNSHINE  MM
  AVERAGE SKY COVER 0.4


WEATHER CONDITIONS
 THE FOLLOWING WEATHER WAS RECORDED YESTERDAY.
  NO SIGNIFICANT WEATHER WAS OBSERVED.


RELATIVE HUMIDITY (PERCENT)
 HIGHEST    85           600 AM
 LOWEST     27           300 PM
 AVERAGE    56

..........................................................


THE EUGENE OR CLIMATE NORMALS FOR TODAY
                         NORMAL    RECORD    YEAR
 MAXIMUM TEMPERATURE (F)   54        70      1905
 MINIMUM TEMPERATURE (F)   36        20      1917


SUNRISE AND SUNSET
MARCH  2 2015.........SUNRISE   648 AM PST   SUNSET   602 PM PST
MARCH  3 2015.........SUNRISE   647 AM PST   SUNSET   604 PM PST


-  INDICATES NEGATIVE NUMBERS.
R  INDICATES RECORD WAS SET OR TIED.
MM INDICATES DATA IS MISSING.
T  INDICATES TRACE AMOUNT.




$$
