000
CDUS45 KSLC 241227
CLIEVW


CLIMATE REPORT
NATIONAL WEATHER SERVICE SALT LAKE CITY UT
626 AM MDT SUN SEP 24 2017


...................................

...THE EVANSTON WY CLIMATE SUMMARY FOR SEPTEMBER 23 2017...

CLIMATE NORMAL PERIOD 1981 TO 2010
CLIMATE RECORD PERIOD 9999 TO 9999


WEATHER ITEM   OBSERVED TIME   RECORD YEAR NORMAL DEPARTURE LAST
                VALUE   (LST)  VALUE       VALUE  FROM      YEAR
                                                  NORMAL
..................................................................
TEMPERATURE (F)
 YESTERDAY
  MAXIMUM         45    253 PM  MM      MM  66    -21       44
  MINIMUM         30    644 AM  MM      MM  40    -10       33
  AVERAGE         38                        53    -15       39

PRECIPITATION (IN)
  YESTERDAY       MM            MM      MM   0.05  MM        0.14
  MONTH TO DATE    T                         0.98  -0.98     1.60
  SINCE OCT 1      6.94                     11.80  -4.86     6.46
  SINCE JAN 1      5.36                      9.01  -3.65     5.47

DEGREE DAYS
 HEATING
  YESTERDAY       27                        12     15       26
  MONTH TO DATE  177                       198    -21      178
  SINCE SEP 1    177                       198    -21      178
  SINCE JUL 1    201                       301   -100      237

 COOLING
  YESTERDAY        0                         0      0        0
  MONTH TO DATE   37                         0     37        7
  SINCE SEP 1     37                         0     37        7
  SINCE JAN 1    333                       157    176      293
..................................................................


WIND (MPH)
  RESULTANT WIND SPEED   7   RESULTANT WIND DIRECTION   N (360)
  HIGHEST WIND SPEED    18   HIGHEST WIND DIRECTION     N (360)
  HIGHEST GUST SPEED    19   HIGHEST GUST DIRECTION     N (360)
  AVERAGE WIND SPEED     6.9


SKY COVER
  POSSIBLE SUNSHINE  MM
  AVERAGE SKY COVER 0.9


WEATHER CONDITIONS
 THE FOLLOWING WEATHER WAS RECORDED YESTERDAY.
  RAIN
  LIGHT RAIN
  SNOW
  LIGHT SNOW
  FOG
  FOG W/VISIBILITY <= 1/4 MILE


RELATIVE HUMIDITY (PERCENT)
 HIGHEST   100           800 PM
 LOWEST     65           300 PM
 AVERAGE    83

..........................................................


THE EVANSTON WY CLIMATE NORMALS FOR TODAY
                         NORMAL    RECORD    YEAR
 MAXIMUM TEMPERATURE (F)   65        MM        MM
 MINIMUM TEMPERATURE (F)   39        MM        MM


SUNRISE AND SUNSET
SEPTEMBER 24 2017.....SUNRISE   714 AM MDT   SUNSET   717 PM MDT
SEPTEMBER 25 2017.....SUNRISE   715 AM MDT   SUNSET   716 PM MDT


-  INDICATES NEGATIVE NUMBERS.
R  INDICATES RECORD WAS SET OR TIED.
MM INDICATES DATA IS MISSING.
T  INDICATES TRACE AMOUNT.




$$
