000
CDUS45 KSLC 281233
CLIEVW


CLIMATE REPORT
NATIONAL WEATHER SERVICE SALT LAKE CITY UT
632 AM MDT TUE JUL 28 2015


...................................

...THE EVANSTON WY CLIMATE SUMMARY FOR JULY 27 2015...

CLIMATE NORMAL PERIOD 1981 TO 2010
CLIMATE RECORD PERIOD 9999 TO 9999


WEATHER ITEM   OBSERVED TIME   RECORD YEAR NORMAL DEPARTURE LAST
                VALUE   (LST)  VALUE       VALUE  FROM      YEAR
                                                  NORMAL
..................................................................
TEMPERATURE (F)
 YESTERDAY
  MAXIMUM         76    947 AM  MM      MM  82     -6       89
  MINIMUM         49   1159 PM  MM      MM  54     -5       56
  AVERAGE         63                        68     -5       73

PRECIPITATION (IN)
  YESTERDAY        0.00         MM      MM   0.03  -0.03     0.00
  MONTH TO DATE    0.88                      0.78   0.10     0.52
  SINCE OCT 1      8.91                      9.74  -0.83     4.09
  SINCE JAN 1      8.03                      6.95   1.08     2.89

DEGREE DAYS
 HEATING
  YESTERDAY        2                         1      1        0
  MONTH TO DATE   45                        39      6        6
  SINCE JUN 1    119                       269   -150      229
  SINCE JUL 1     45                        39      6        6

 COOLING
  YESTERDAY        0                         4     -4        8
  MONTH TO DATE   52                        67    -15      156
  SINCE JUN 1    122                        80     42      157
  SINCE JAN 1    122                        81     41      162
..................................................................


WIND (MPH)
  RESULTANT WIND SPEED  14   RESULTANT WIND DIRECTION   W (250)
  HIGHEST WIND SPEED    37   HIGHEST WIND DIRECTION     W (250)
  HIGHEST GUST SPEED    44   HIGHEST GUST DIRECTION    SW (240)
  AVERAGE WIND SPEED    16.4


SKY COVER
  POSSIBLE SUNSHINE  MM
  AVERAGE SKY COVER 0.0


WEATHER CONDITIONS
 THE FOLLOWING WEATHER WAS RECORDED YESTERDAY.
  NO SIGNIFICANT WEATHER WAS OBSERVED.


RELATIVE HUMIDITY (PERCENT)
 HIGHEST    52          1100 PM
 LOWEST     14          1000 AM
 AVERAGE    33

..........................................................


THE EVANSTON WY CLIMATE NORMALS FOR TODAY
                         NORMAL    RECORD    YEAR
 MAXIMUM TEMPERATURE (F)   82        MM        MM
 MINIMUM TEMPERATURE (F)   54        MM        MM


SUNRISE AND SUNSET
JULY 28 2015..........SUNRISE   615 AM MDT   SUNSET   845 PM MDT
JULY 29 2015..........SUNRISE   616 AM MDT   SUNSET   844 PM MDT


-  INDICATES NEGATIVE NUMBERS.
R  INDICATES RECORD WAS SET OR TIED.
MM INDICATES DATA IS MISSING.
T  INDICATES TRACE AMOUNT.




$$
