000
CDUS45 KSLC 221226
CLIEVW


CLIMATE REPORT
NATIONAL WEATHER SERVICE SALT LAKE CITY UT
626 AM MDT MON SEP 22 2014


...................................

...THE EVANSTON WY CLIMATE SUMMARY FOR SEPTEMBER 21 2014...

CLIMATE NORMAL PERIOD 1981 TO 2010
CLIMATE RECORD PERIOD 9999 TO 9999


WEATHER ITEM   OBSERVED TIME   RECORD YEAR NORMAL DEPARTURE LAST
                VALUE   (LST)  VALUE       VALUE  FROM      YEAR
                                                  NORMAL
..................................................................
TEMPERATURE (F)
 YESTERDAY
  MAXIMUM         58   1252 AM  MM      MM  67     -9       74
  MINIMUM         47   1149 PM  MM      MM  40      7       49
  AVERAGE         53                        53      0       62

PRECIPITATION (IN)
  YESTERDAY        0.27         MM      MM   0.05   0.22     0.00
  MONTH TO DATE    1.15                      0.88   0.27     1.33
  SINCE OCT 1      7.96                     11.70  -3.74     6.14
  SINCE JAN 1      6.76                      8.91  -2.15     3.91

DEGREE DAYS
 HEATING
  YESTERDAY       12                        12      0        3
  MONTH TO DATE  108                       174    -66      102
  SINCE SEP 1    108                       174    -66      102
  SINCE JUL 1    228                       277    -49      116

 COOLING
  YESTERDAY        0                         0      0        0
  MONTH TO DATE    8                         0      8       26
  SINCE SEP 1      8                         0      8       26
  SINCE JAN 1    214                       157     57      348
..................................................................


WIND (MPH)
  RESULTANT WIND SPEED   8   RESULTANT WIND DIRECTION   E (90)
  HIGHEST WIND SPEED    16   HIGHEST WIND DIRECTION    NE (60)
  HIGHEST GUST SPEED    20   HIGHEST GUST DIRECTION    NE (60)
  AVERAGE WIND SPEED     8.5


SKY COVER
  POSSIBLE SUNSHINE  MM
  AVERAGE SKY COVER 0.5


WEATHER CONDITIONS
 THE FOLLOWING WEATHER WAS RECORDED YESTERDAY.
  RAIN
  LIGHT RAIN
  FOG


RELATIVE HUMIDITY (PERCENT)
 HIGHEST    96           200 PM
 LOWEST     29          1200 AM
 AVERAGE    63

..........................................................


THE EVANSTON WY CLIMATE NORMALS FOR TODAY
                         NORMAL    RECORD    YEAR
 MAXIMUM TEMPERATURE (F)   66        MM        MM
 MINIMUM TEMPERATURE (F)   40        MM        MM


SUNRISE AND SUNSET
SEPTEMBER 22 2014.....SUNRISE   712 AM MDT   SUNSET   721 PM MDT
SEPTEMBER 23 2014.....SUNRISE   713 AM MDT   SUNSET   719 PM MDT


-  INDICATES NEGATIVE NUMBERS.
R  INDICATES RECORD WAS SET OR TIED.
MM INDICATES DATA IS MISSING.
T  INDICATES TRACE AMOUNT.




$$
