000
CDUS45 KSLC 241237
CLIEVW


CLIMATE REPORT
NATIONAL WEATHER SERVICE SALT LAKE CITY UT
633 AM MDT SAT SEP 24 2016


...................................

...THE EVANSTON WY CLIMATE SUMMARY FOR SEPTEMBER 23 2016...

CLIMATE NORMAL PERIOD 1981 TO 2010
CLIMATE RECORD PERIOD 9999 TO 9999


WEATHER ITEM   OBSERVED TIME   RECORD YEAR NORMAL DEPARTURE LAST
                VALUE   (LST)  VALUE       VALUE  FROM      YEAR
                                                  NORMAL
..................................................................
TEMPERATURE (F)
 YESTERDAY
  MAXIMUM         44   1148 AM  MM      MM  66    -22       80
  MINIMUM         33   1159 PM  MM      MM  40     -7       49
  AVERAGE         39                        53    -14       65

PRECIPITATION (IN)
  YESTERDAY        0.14         MM      MM   0.05   0.09     0.00
  MONTH TO DATE    1.60                      0.98   0.62     0.88
  SINCE OCT 1      6.46                     11.80  -5.34    10.67
  SINCE JAN 1      5.47                      9.01  -3.54     9.79

DEGREE DAYS
 HEATING
  YESTERDAY       26                        12     14        0
  MONTH TO DATE  178                       198    -20      126
  SINCE SEP 1    178                       198    -20      126
  SINCE JUL 1    237                       301    -64      218

 COOLING
  YESTERDAY        0                         0      0        0
  MONTH TO DATE    7                         0      7       14
  SINCE SEP 1      7                         0      7       14
  SINCE JAN 1    293                       157    136      223
..................................................................


WIND (MPH)
  RESULTANT WIND SPEED  11   RESULTANT WIND DIRECTION  SW (220)
  HIGHEST WIND SPEED    24   HIGHEST WIND DIRECTION    SW (220)
  HIGHEST GUST SPEED    30   HIGHEST GUST DIRECTION    SW (220)
  AVERAGE WIND SPEED    12.5


SKY COVER
  POSSIBLE SUNSHINE  MM
  AVERAGE SKY COVER 0.9


WEATHER CONDITIONS
 THE FOLLOWING WEATHER WAS RECORDED YESTERDAY.
  RAIN
  LIGHT RAIN
  LIGHT SNOW
  FOG


RELATIVE HUMIDITY (PERCENT)
 HIGHEST   100           400 AM
 LOWEST     76          1200 PM
 AVERAGE    88

..........................................................


THE EVANSTON WY CLIMATE NORMALS FOR TODAY
                         NORMAL    RECORD    YEAR
 MAXIMUM TEMPERATURE (F)   65        MM        MM
 MINIMUM TEMPERATURE (F)   39        MM        MM


SUNRISE AND SUNSET
SEPTEMBER 24 2016.....SUNRISE   714 AM MDT   SUNSET   717 PM MDT
SEPTEMBER 25 2016.....SUNRISE   715 AM MDT   SUNSET   715 PM MDT


-  INDICATES NEGATIVE NUMBERS.
R  INDICATES RECORD WAS SET OR TIED.
MM INDICATES DATA IS MISSING.
T  INDICATES TRACE AMOUNT.




$$
