000
CDUS45 KSLC 251234
CLIEVW


CLIMATE REPORT
NATIONAL WEATHER SERVICE SALT LAKE CITY UT
632 AM MDT FRI JUL 25 2014


...................................

...THE EVANSTON WY CLIMATE SUMMARY FOR JULY 24 2014...

CLIMATE NORMAL PERIOD 1981 TO 2010
CLIMATE RECORD PERIOD 9999 TO 9999


WEATHER ITEM   OBSERVED TIME   RECORD YEAR NORMAL DEPARTURE LAST
                VALUE   (LST)  VALUE       VALUE  FROM      YEAR
                                                  NORMAL
..................................................................
TEMPERATURE (F)
 YESTERDAY
  MAXIMUM         87    240 PM  MM      MM  82      5       87
  MINIMUM         61   1158 PM  MM      MM  54      7       57
  AVERAGE         74                        68      6       72

PRECIPITATION (IN)
  YESTERDAY        0.00         MM      MM   0.02  -0.02     0.00
  MONTH TO DATE    0.52                      0.69  -0.17     0.16
  SINCE OCT 1      4.09                      9.65  -5.56     4.40
  SINCE JAN 1      2.89                      6.86  -3.97     2.17

DEGREE DAYS
 HEATING
  YESTERDAY        0                         1     -1        0
  MONTH TO DATE    6                        36    -30        1
  SINCE JUN 1    229                       266    -37      134
  SINCE JUL 1      6                        36    -30        1

 COOLING
  YESTERDAY        9                         4      5        7
  MONTH TO DATE  137                        55     82      143
  SINCE JUN 1    138                        68     70      198
  SINCE JAN 1    143                        69     74      198
..................................................................


WIND (MPH)
  RESULTANT WIND SPEED  13   RESULTANT WIND DIRECTION  SW (230)
  HIGHEST WIND SPEED    32   HIGHEST WIND DIRECTION     W (250)
  HIGHEST GUST SPEED    44   HIGHEST GUST DIRECTION    SW (230)
  AVERAGE WIND SPEED    16.3


SKY COVER
  POSSIBLE SUNSHINE  MM
  AVERAGE SKY COVER 0.0


WEATHER CONDITIONS
 THE FOLLOWING WEATHER WAS RECORDED YESTERDAY.
  NO SIGNIFICANT WEATHER WAS OBSERVED.


RELATIVE HUMIDITY (PERCENT)
 HIGHEST    55           200 AM
 LOWEST     16           100 PM
 AVERAGE    36

..........................................................


THE EVANSTON WY CLIMATE NORMALS FOR TODAY
                         NORMAL    RECORD    YEAR
 MAXIMUM TEMPERATURE (F)   82        MM        MM
 MINIMUM TEMPERATURE (F)   54        MM        MM


SUNRISE AND SUNSET
JULY 25 2014..........SUNRISE   613 AM MDT   SUNSET   848 PM MDT
JULY 26 2014..........SUNRISE   614 AM MDT   SUNSET   847 PM MDT


-  INDICATES NEGATIVE NUMBERS.
R  INDICATES RECORD WAS SET OR TIED.
MM INDICATES DATA IS MISSING.
T  INDICATES TRACE AMOUNT.




$$
