000
CDUS45 KSLC 231245
CLIEVW


CLIMATE REPORT
NATIONAL WEATHER SERVICE SALT LAKE CITY UT
645 AM MDT WED APR 23 2014


...................................

...THE EVANSTON WY CLIMATE SUMMARY FOR APRIL 22 2014...

CLIMATE NORMAL PERIOD 1981 TO 2010
CLIMATE RECORD PERIOD 9999 TO 9999


WEATHER ITEM   OBSERVED TIME   RECORD YEAR NORMAL DEPARTURE LAST
                VALUE   (LST)  VALUE       VALUE  FROM      YEAR
                                                  NORMAL
..................................................................
TEMPERATURE (F)
 YESTERDAY
  MAXIMUM         65    234 PM  MM      MM  52     13       45
  MINIMUM         32   1159 PM  MM      MM  30      2       20
  AVERAGE         49                        41      8       33

PRECIPITATION (IN)
  YESTERDAY        0.03         MM      MM   0.04  -0.01      T
  MONTH TO DATE    0.21                      0.78  -0.57     0.92
  SINCE OCT 1      1.52                      5.58  -4.06     4.03
  SINCE JAN 1      0.32                      2.79  -2.47     1.80

DEGREE DAYS
 HEATING
  YESTERDAY       16                        24     -8       32
  MONTH TO DATE  518                       590    -72      675
  SINCE MAR 1   1470                      1650   -180     1671
  SINCE JUL 1   7120                      7658   -538     7266

 COOLING
  YESTERDAY        0                         0      0        0
  MONTH TO DATE    0                         0      0        0
  SINCE MAR 1      0                         0      0        0
  SINCE JAN 1      0                         0      0        0
..................................................................


WIND (MPH)
  RESULTANT WIND SPEED  15   RESULTANT WIND DIRECTION  SW (210)
  HIGHEST WIND SPEED    40   HIGHEST WIND DIRECTION     S (200)
  HIGHEST GUST SPEED    51   HIGHEST GUST DIRECTION     S (200)
  AVERAGE WIND SPEED    16.4


SKY COVER
  POSSIBLE SUNSHINE  MM
  AVERAGE SKY COVER 0.4


WEATHER CONDITIONS
 THE FOLLOWING WEATHER WAS RECORDED YESTERDAY.
  THUNDERSTORM
  RAIN
  LIGHT RAIN
  LIGHT SNOW
  FOG


RELATIVE HUMIDITY (PERCENT)
 HIGHEST    82           900 PM
 LOWEST     19           300 PM
 AVERAGE    51

..........................................................


THE EVANSTON WY CLIMATE NORMALS FOR TODAY
                         NORMAL    RECORD    YEAR
 MAXIMUM TEMPERATURE (F)   52        MM        MM
 MINIMUM TEMPERATURE (F)   31        MM        MM


SUNRISE AND SUNSET
APRIL 23 2014.........SUNRISE   633 AM MDT   SUNSET   813 PM MDT
APRIL 24 2014.........SUNRISE   631 AM MDT   SUNSET   814 PM MDT


-  INDICATES NEGATIVE NUMBERS.
R  INDICATES RECORD WAS SET OR TIED.
MM INDICATES DATA IS MISSING.
T  INDICATES TRACE AMOUNT.




$$
