000
CDUS45 KSLC 300043
CLIEVW


CLIMATE REPORT
NATIONAL WEATHER SERVICE SALT LAKE CITY UT
641 PM MDT WED MAR 29 2017


...................................

...THE EVANSTON WY CLIMATE SUMMARY FOR MARCH 29 2017...
VALID TODAY AS OF 0500 PM LOCAL TIME.

CLIMATE NORMAL PERIOD 1981 TO 2010
CLIMATE RECORD PERIOD 9999 TO 9999


WEATHER ITEM   OBSERVED TIME   RECORD YEAR NORMAL DEPARTURE LAST
                VALUE   (LST)  VALUE       VALUE  FROM      YEAR
                                                  NORMAL
..................................................................
TEMPERATURE (F)
 TODAY
  MAXIMUM         52    400 PM  MM      MM  44      8       36
  MINIMUM         24        MM  MM      MM  25     -1       26
  AVERAGE         38                        35      3       31

PRECIPITATION (IN)
  TODAY            0.00         MM      MM   0.04  -0.04     0.05
  MONTH TO DATE    T                         0.78  -0.78     0.24
  SINCE OCT 1      3.84                      4.72  -0.88     1.55
  SINCE JAN 1      2.26                      1.93   0.33     0.56

DEGREE DAYS
 HEATING
  TODAY           27                        30     -3       34
  MONTH TO DATE  805                      1000   -195      856
  SINCE MAR 1    805                      1000   -195      856
  SINCE JUL 1   6382                      7008   -626     6383

 COOLING
  TODAY            0                         0      0        0
  MONTH TO DATE    0                         0      0        0
  SINCE MAR 1      0                         0      0        0
  SINCE JAN 1      0                         0      0        0
..................................................................


WIND (MPH)
  RESULTANT WIND SPEED   7   RESULTANT WIND DIRECTION  SW (230)
  HIGHEST WIND SPEED    16   HIGHEST WIND DIRECTION     W (260)
  HIGHEST GUST SPEED    MM   HIGHEST GUST DIRECTION    MM
  AVERAGE WIND SPEED     7.8


SKY COVER
  POSSIBLE SUNSHINE  MM
  AVERAGE SKY COVER 0.1


WEATHER CONDITIONS
 THE FOLLOWING WEATHER WAS RECORDED TODAY.
  NO SIGNIFICANT WEATHER WAS OBSERVED.


RELATIVE HUMIDITY (PERCENT)
 HIGHEST    81           400 AM
 LOWEST     36           300 PM
 AVERAGE    59

..........................................................


THE EVANSTON WY CLIMATE NORMALS FOR TOMORROW
                         NORMAL    RECORD    YEAR
 MAXIMUM TEMPERATURE (F)   44        MM        MM
 MINIMUM TEMPERATURE (F)   26        MM        MM


SUNRISE AND SUNSET
MARCH 29 2017.........SUNRISE   712 AM MDT   SUNSET   746 PM MDT
MARCH 30 2017.........SUNRISE   710 AM MDT   SUNSET   747 PM MDT


-  INDICATES NEGATIVE NUMBERS.
R  INDICATES RECORD WAS SET OR TIED.
MM INDICATES DATA IS MISSING.
T  INDICATES TRACE AMOUNT.




$$
