000
CDUS42 KMHX 040631
CLIEWN


CLIMATE REPORT
NATIONAL WEATHER SERVICE NEWPORT/MOREHEAD CITY NC
130 AM EST WED MAR 4 2015


...................................

...THE NEW BERN NC CLIMATE SUMMARY FOR MARCH 3 2015...

CLIMATE NORMAL PERIOD 1981 TO 2010
CLIMATE RECORD PERIOD 1948 TO 2015


WEATHER ITEM   OBSERVED TIME   RECORD YEAR NORMAL DEPARTURE LAST
                VALUE   (LST)  VALUE       VALUE  FROM      YEAR
                                                  NORMAL
..................................................................
TEMPERATURE (F)
 YESTERDAY
  MAXIMUM         52   1151 PM  89    1976  61     -9       68
  MINIMUM         35    249 AM  18    1980  39     -4       28
  AVERAGE         44                        50     -6       48

PRECIPITATION (IN)
  YESTERDAY       MM             1.85 1971   0.14  MM        0.11
  MONTH TO DATE   MM                         0.42  MM        0.11
  SINCE MAR 1     MM                         0.42  MM        0.11
  SINCE JAN 1      8.37                      8.10   0.27     6.64

SNOWFALL (IN)
  YESTERDAY       MM
  MONTH TO DATE   MM
  SINCE NOV 1      3.0
  SINCE JUL 1      3.0
  SNOW DEPTH       0

DEGREE DAYS
 HEATING
  YESTERDAY       21                        15      6       17
  MONTH TO DATE   59                        46     13       47
  SINCE MAR 1     59                        46     13       47
  SINCE JUL 1   2302                      2192    110     2121

 COOLING
  YESTERDAY        0                         0      0        0
  MONTH TO DATE    0                         0      0        0
  SINCE MAR 1      0                         0      0        0
  SINCE JAN 1      7                         3      4        5
..................................................................


WIND (MPH)
  HIGHEST WIND SPEED    14   HIGHEST WIND DIRECTION    NE (60)
  HIGHEST GUST SPEED    18   HIGHEST GUST DIRECTION    NE (60)
  AVERAGE WIND SPEED     5.9


SKY COVER
  POSSIBLE SUNSHINE  MM
  AVERAGE SKY COVER 0.9


WEATHER CONDITIONS
 THE FOLLOWING WEATHER WAS RECORDED YESTERDAY.
  LIGHT RAIN
  FOG


RELATIVE HUMIDITY (PERCENT)
 HIGHEST    93          1000 PM
 LOWEST     48           700 AM
 AVERAGE    71

..........................................................


THE NEW BERN NC CLIMATE NORMALS FOR TODAY
                         NORMAL    RECORD    YEAR
 MAXIMUM TEMPERATURE (F)   62        85      1976
 MINIMUM TEMPERATURE (F)   39        16      2009


SUNRISE AND SUNSET
MARCH  4 2015.........SUNRISE   634 AM EST   SUNSET   606 PM EST
MARCH  5 2015.........SUNRISE   633 AM EST   SUNSET   607 PM EST


-  INDICATES NEGATIVE NUMBERS.
R  INDICATES RECORD WAS SET OR TIED.
MM INDICATES DATA IS MISSING.
T  INDICATES TRACE AMOUNT.




$$
