000
CDUS42 KMHX 060526
CLIEWN


CLIMATE REPORT
NATIONAL WEATHER SERVICE NEWPORT/MOREHEAD CITY NC
126 AM EDT MON JUL 6 2015


...................................

...THE NEW BERN NC CLIMATE SUMMARY FOR JULY 5 2015...

CLIMATE NORMAL PERIOD 1981 TO 2010
CLIMATE RECORD PERIOD 1948 TO 2015


WEATHER ITEM   OBSERVED TIME   RECORD YEAR NORMAL DEPARTURE LAST
                VALUE   (LST)  VALUE       VALUE  FROM      YEAR
                                                  NORMAL
..................................................................
TEMPERATURE (F)
 YESTERDAY
  MAXIMUM         92    212 PM  99    1990  89      3       85
  MINIMUM         77   1159 PM  57    1963  71      6       66
  AVERAGE         85                        80      5       76

PRECIPITATION (IN)
  YESTERDAY        0.00          1.23 1965   0.17  -0.17     0.00
  MONTH TO DATE    0.37                      0.86  -0.49     0.82
  SINCE JUN 1      8.15                      5.45   2.70     4.31
  SINCE JAN 1     24.97                     24.84   0.13    22.19

SNOWFALL (IN)
  YESTERDAY        0.0
  MONTH TO DATE    0.0
  SINCE NOV 1      3.0
  SINCE JUL 1      0.0
  SNOW DEPTH       0

DEGREE DAYS
 HEATING
  YESTERDAY        0                         0      0        0
  MONTH TO DATE    0                         0      0        0
  SINCE JUN 1      0                         1     -1        0
  SINCE JUL 1      0                         0      0        0

 COOLING
  YESTERDAY       20                        15      5       11
  MONTH TO DATE   84                        75      9       82
  SINCE JUN 1    560                       440    120      503
  SINCE JAN 1    858                       683    175      864
..................................................................


WIND (MPH)
  HIGHEST WIND SPEED    15   HIGHEST WIND DIRECTION     S (170)
  HIGHEST GUST SPEED    20   HIGHEST GUST DIRECTION     S (170)
  AVERAGE WIND SPEED     7.3


SKY COVER
  POSSIBLE SUNSHINE  MM
  AVERAGE SKY COVER 0.0


WEATHER CONDITIONS
 THE FOLLOWING WEATHER WAS RECORDED YESTERDAY.
  NO SIGNIFICANT WEATHER WAS OBSERVED.


RELATIVE HUMIDITY (PERCENT)
 HIGHEST    85           900 PM
 LOWEST     52           100 PM
 AVERAGE    69

..........................................................


THE NEW BERN NC CLIMATE NORMALS FOR TODAY
                         NORMAL    RECORD    YEAR
 MAXIMUM TEMPERATURE (F)   90        98      1969
 MINIMUM TEMPERATURE (F)   71        58      1964


SUNRISE AND SUNSET
JULY  6 2015..........SUNRISE   600 AM EDT   SUNSET   826 PM EDT
JULY  7 2015..........SUNRISE   600 AM EDT   SUNSET   826 PM EDT


-  INDICATES NEGATIVE NUMBERS.
R  INDICATES RECORD WAS SET OR TIED.
MM INDICATES DATA IS MISSING.
T  INDICATES TRACE AMOUNT.




$$
