000
CDUS42 KMHX 282236
CLIEWN


CLIMATE REPORT
NATIONAL WEATHER SERVICE NEWPORT/MOREHEAD CITY NC
535 PM EST SUN DEC 28 2014


...................................

...THE NEW BERN NC CLIMATE SUMMARY FOR DECEMBER 28 2014...
VALID TODAY AS OF 0500 PM LOCAL TIME.

CLIMATE NORMAL PERIOD 1981 TO 2010
CLIMATE RECORD PERIOD 1948 TO 2014


WEATHER ITEM   OBSERVED TIME   RECORD YEAR NORMAL DEPARTURE LAST
                VALUE   (LST)  VALUE       VALUE  FROM      YEAR
                                                  NORMAL
..................................................................
TEMPERATURE (F)
 TODAY
  MAXIMUM         76    213 PM  77    2008  55     21       61
  MINIMUM         46   1214 AM  18    1948  34     12       28
  AVERAGE         61                        44     17       45

PRECIPITATION (IN)
  TODAY            0.00          2.45 1980   0.11  -0.11     0.00
  MONTH TO DATE    3.90                      3.09   0.81     2.03
  SINCE DEC 1      3.90                      3.09   0.81     2.03
  SINCE JAN 1     54.61                     52.44   2.17    42.31

SNOWFALL (IN)
  TODAY            0.0
  MONTH TO DATE    0.0
  SINCE NOV 1      0.0
  SINCE JUL 1      0.0
  SNOW DEPTH       0

DEGREE DAYS
 HEATING
  TODAY            4                        21    -17       20
  MONTH TO DATE  414                       505    -91      393
  SINCE DEC 1    414                       505    -91      393
  SINCE JUL 1    859                       932    -73      816

 COOLING
  TODAY            0                         0      0        0
  MONTH TO DATE    0                         0      0       27
  SINCE DEC 1      0                         0      0       27
  SINCE JAN 1   2193                      1900    293     2033
..................................................................


WIND (MPH)
  HIGHEST WIND SPEED    14   HIGHEST WIND DIRECTION    SW (230)
  HIGHEST GUST SPEED    21   HIGHEST GUST DIRECTION     W (250)
  AVERAGE WIND SPEED     5.1


SKY COVER
  POSSIBLE SUNSHINE  MM
  AVERAGE SKY COVER 0.3


WEATHER CONDITIONS
 THE FOLLOWING WEATHER WAS RECORDED TODAY.
  NO SIGNIFICANT WEATHER WAS OBSERVED.


RELATIVE HUMIDITY (PERCENT)
 HIGHEST    86          1200 AM
 LOWEST     54           200 PM
 AVERAGE    70

..........................................................


THE NEW BERN NC CLIMATE NORMALS FOR TOMORROW
                         NORMAL    RECORD    YEAR
 MAXIMUM TEMPERATURE (F)   55        78      2007
 MINIMUM TEMPERATURE (F)   34        16      1952


SUNRISE AND SUNSET
DECEMBER 28 2014......SUNRISE   715 AM EST   SUNSET   504 PM EST
DECEMBER 29 2014......SUNRISE   716 AM EST   SUNSET   505 PM EST


-  INDICATES NEGATIVE NUMBERS.
R  INDICATES RECORD WAS SET OR TIED.
MM INDICATES DATA IS MISSING.
T  INDICATES TRACE AMOUNT.




$$
