000
CDUS42 KMHX 240542
CLIEWN


CLIMATE REPORT
NATIONAL WEATHER SERVICE NEWPORT/MOREHEAD CITY NC
140 AM EDT SUN MAY 24 2015


...................................

...THE NEW BERN NC CLIMATE SUMMARY FOR MAY 23 2015...

CLIMATE NORMAL PERIOD 1981 TO 2010
CLIMATE RECORD PERIOD 1948 TO 2015


WEATHER ITEM   OBSERVED TIME   RECORD YEAR NORMAL DEPARTURE LAST
                VALUE   (LST)  VALUE       VALUE  FROM      YEAR
                                                  NORMAL
..................................................................
TEMPERATURE (F)
 YESTERDAY
  MAXIMUM         80    221 PM  97    1953  82     -2       87
  MINIMUM         50    503 AM  44    2002  61    -11       66
  AVERAGE         65                        71     -6       77

PRECIPITATION (IN)
  YESTERDAY        0.00          2.46 2003   0.14  -0.14     0.00
  MONTH TO DATE    2.83                      2.98  -0.15     1.79
  SINCE MAR 1      8.45                     10.54  -2.09    11.22
  SINCE JAN 1     16.82                     18.22  -1.40    17.75

SNOWFALL (IN)
  YESTERDAY        0.0
  MONTH TO DATE    0.0
  SINCE NOV 1      3.0
  SINCE JUL 1      3.0
  SNOW DEPTH       0

DEGREE DAYS
 HEATING
  YESTERDAY        0                         1     -1        0
  MONTH TO DATE   19                        32    -13        5
  SINCE MAR 1    476                       553    -77      563
  SINCE JUL 1   2719                      2699     20     2637

 COOLING
  YESTERDAY        0                         7     -7       12
  MONTH TO DATE  135                       110     25      197
  SINCE MAR 1    223                       177     46      277
  SINCE JAN 1    230                       180     50      282
..................................................................


WIND (MPH)
  HIGHEST WIND SPEED    16   HIGHEST WIND DIRECTION     E (70)
  HIGHEST GUST SPEED    20   HIGHEST GUST DIRECTION    NE (60)
  AVERAGE WIND SPEED     4.6


SKY COVER
  POSSIBLE SUNSHINE  MM
  AVERAGE SKY COVER 0.0


WEATHER CONDITIONS
 THE FOLLOWING WEATHER WAS RECORDED YESTERDAY.
  FOG


RELATIVE HUMIDITY (PERCENT)
 HIGHEST    93           600 AM
 LOWEST     30           200 PM
 AVERAGE    62

..........................................................


THE NEW BERN NC CLIMATE NORMALS FOR TODAY
                         NORMAL    RECORD    YEAR
 MAXIMUM TEMPERATURE (F)   82        96      2011
 MINIMUM TEMPERATURE (F)   61        48      2002
                                             1963


SUNRISE AND SUNSET
MAY 24 2015...........SUNRISE   559 AM EDT   SUNSET   812 PM EDT
MAY 25 2015...........SUNRISE   558 AM EDT   SUNSET   812 PM EDT


-  INDICATES NEGATIVE NUMBERS.
R  INDICATES RECORD WAS SET OR TIED.
MM INDICATES DATA IS MISSING.
T  INDICATES TRACE AMOUNT.




$$
