000
CDUS42 KMHX 280526
CLIEWN


CLIMATE REPORT
NATIONAL WEATHER SERVICE NEWPORT/MOREHEAD CITY NC
125 AM EDT THU AUG 28 2014


...................................

...THE NEW BERN NC CLIMATE SUMMARY FOR AUGUST 27 2014...

CLIMATE NORMAL PERIOD 1981 TO 2010
CLIMATE RECORD PERIOD 1948 TO 2014


WEATHER ITEM   OBSERVED TIME   RECORD YEAR NORMAL DEPARTURE LAST
                VALUE   (LST)  VALUE       VALUE  FROM      YEAR
                                                  NORMAL
..................................................................
TEMPERATURE (F)
 YESTERDAY
  MAXIMUM         88    358 PM  96    1954  87      1       88
  MINIMUM         68   1126 PM  59    1984  69     -1       66
  AVERAGE         78                        78      0       77

PRECIPITATION (IN)
  YESTERDAY        0.00          9.72 2011   0.20  -0.20     0.00
  MONTH TO DATE    9.13                      5.87   3.26     6.07
  SINCE JUN 1     19.13                     16.63   2.50    18.01
  SINCE JAN 1     37.01                     36.02   0.99    29.36

SNOWFALL (IN)
  YESTERDAY        0.0
  MONTH TO DATE    0.0
  SINCE NOV 1     14.0
  SINCE JUL 1      0.0
  SNOW DEPTH       0

DEGREE DAYS
 HEATING
  YESTERDAY        0                         0      0        0
  MONTH TO DATE    0                         0      0        0
  SINCE JUN 1      0                         1     -1        0
  SINCE JUL 1      0                         0      0        0

 COOLING
  YESTERDAY       13                        13      0       12
  MONTH TO DATE  381                       387     -6      375
  SINCE JUN 1   1285                      1234     51     1301
  SINCE JAN 1   1646                      1477    169     1557
..................................................................


WIND (MPH)
  HIGHEST WIND SPEED    16   HIGHEST WIND DIRECTION     N (10)
  HIGHEST GUST SPEED    22   HIGHEST GUST DIRECTION     N (20)
  AVERAGE WIND SPEED     7.6


SKY COVER
  POSSIBLE SUNSHINE  MM
  AVERAGE SKY COVER 0.4


WEATHER CONDITIONS
 THE FOLLOWING WEATHER WAS RECORDED YESTERDAY.
  NO SIGNIFICANT WEATHER WAS OBSERVED.


RELATIVE HUMIDITY (PERCENT)
 HIGHEST    90           100 AM
 LOWEST     55           200 PM
 AVERAGE    73

..........................................................


THE NEW BERN NC CLIMATE NORMALS FOR TODAY
                         NORMAL    RECORD    YEAR
 MAXIMUM TEMPERATURE (F)   87        96      1987
 MINIMUM TEMPERATURE (F)   69        57      1986


SUNRISE AND SUNSET
AUGUST 28 2014........SUNRISE   638 AM EDT   SUNSET   740 PM EDT
AUGUST 29 2014........SUNRISE   639 AM EDT   SUNSET   739 PM EDT


-  INDICATES NEGATIVE NUMBERS.
R  INDICATES RECORD WAS SET OR TIED.
MM INDICATES DATA IS MISSING.
T  INDICATES TRACE AMOUNT.




$$
