000
CDUS42 KMHX 110525
CLIEWN


CLIMATE REPORT
NATIONAL WEATHER SERVICE NEWPORT/MOREHEAD CITY NC
1225 AM EST MON DEC 11 2017


...................................

...THE NEW BERN NC CLIMATE SUMMARY FOR DECEMBER 10 2017...

CLIMATE NORMAL PERIOD 1981 TO 2010
CLIMATE RECORD PERIOD 1948 TO 2017


WEATHER ITEM   OBSERVED TIME   RECORD YEAR NORMAL DEPARTURE LAST
                VALUE   (LST)  VALUE       VALUE  FROM      YEAR
                                                  NORMAL
..................................................................
TEMPERATURE (F)
 YESTERDAY
  MAXIMUM         44    335 PM  79    2007  59    -15       44
  MINIMUM         28   1026 PM  20    1968  37     -9       24
  AVERAGE         36                        48    -12       34

PRECIPITATION (IN)
  YESTERDAY        0.00          2.50 2003   0.11  -0.11     0.00
  MONTH TO DATE    2.67                      1.11   1.56     1.90
  SINCE DEC 1      2.67                      1.11   1.56     1.90
  SINCE JAN 1     49.71                     50.46  -0.75    63.71

SNOWFALL (IN)
  YESTERDAY        0.0
  MONTH TO DATE    0.0
  SINCE NOV 1      0.0
  SINCE JUL 1      0.0
  SNOW DEPTH       0

DEGREE DAYS
 HEATING
  YESTERDAY       29                        17     12       31
  MONTH TO DATE  168                       159      9      169
  SINCE DEC 1    168                       159      9      169
  SINCE JUL 1    607                       586     21      564

 COOLING
  YESTERDAY        0                         0      0        0
  MONTH TO DATE    0                         0      0        0
  SINCE DEC 1      0                         0      0        0
  SINCE JAN 1   2150                      1900    250     2260
..................................................................


WIND (MPH)
  HIGHEST WIND SPEED    16   HIGHEST WIND DIRECTION     W (290)
  HIGHEST GUST SPEED    22   HIGHEST GUST DIRECTION    NW (310)
  AVERAGE WIND SPEED     7.1


SKY COVER
  POSSIBLE SUNSHINE  MM
  AVERAGE SKY COVER 0.1


WEATHER CONDITIONS
 THE FOLLOWING WEATHER WAS RECORDED YESTERDAY.
  FOG


RELATIVE HUMIDITY (PERCENT)
 HIGHEST   100          1200 AM
 LOWEST     49           200 PM
 AVERAGE    75

..........................................................


THE NEW BERN NC CLIMATE NORMALS FOR TODAY
                         NORMAL    RECORD    YEAR
 MAXIMUM TEMPERATURE (F)   59        75      1971
 MINIMUM TEMPERATURE (F)   37        18      1968


SUNRISE AND SUNSET
DECEMBER 11 2017......SUNRISE   706 AM EST   SUNSET   457 PM EST
DECEMBER 12 2017......SUNRISE   707 AM EST   SUNSET   457 PM EST


-  INDICATES NEGATIVE NUMBERS.
R  INDICATES RECORD WAS SET OR TIED.
MM INDICATES DATA IS MISSING.
T  INDICATES TRACE AMOUNT.




$$
