000
CDUS42 KMHX 160543
CLIEWN


CLIMATE REPORT
NATIONAL WEATHER SERVICE NEWPORT/MOREHEAD CITY NC
143 AM EDT WED APR 16 2014


...................................

...THE NEW BERN NC CLIMATE SUMMARY FOR APRIL 15 2014...

CLIMATE NORMAL PERIOD 1981 TO 2010
CLIMATE RECORD PERIOD 1948 TO 2014


WEATHER ITEM   OBSERVED TIME   RECORD YEAR NORMAL DEPARTURE LAST
                VALUE   (LST)  VALUE       VALUE  FROM      YEAR
                                                  NORMAL
..................................................................
TEMPERATURE (F)
 YESTERDAY
  MAXIMUM         78   1124 AM  94    1972  74      4       72
  MINIMUM         47   1159 PM  29    1950  50     -3       61
  AVERAGE         63                        62      1       67

PRECIPITATION (IN)
  YESTERDAY        1.33          3.52 2007   0.10   1.23     0.07
  MONTH TO DATE    1.44                      1.58  -0.14     0.67
  SINCE MAR 1      6.04                      5.97   0.07     1.84
  SINCE JAN 1     12.57                     13.65  -1.08     7.98

SNOWFALL (IN)
  YESTERDAY       MM
  MONTH TO DATE    0.0
  SINCE NOV 1     14.0
  SINCE JUL 1     14.0
  SNOW DEPTH       0

DEGREE DAYS
 HEATING
  YESTERDAY        2                         5     -3        0
  MONTH TO DATE   27                        97    -70       91
  SINCE MAR 1    485                       466     19      573
  SINCE JUL 1   2559                      2612    -53     2499

 COOLING
  YESTERDAY        0                         2     -2        2
  MONTH TO DATE   43                        20     23       40
  SINCE MAR 1     46                        31     15       41
  SINCE JAN 1     51                        34     17       48
..................................................................


WIND (MPH)
  HIGHEST WIND SPEED    26   HIGHEST WIND DIRECTION     N (10)
  HIGHEST GUST SPEED    38   HIGHEST GUST DIRECTION     N (360)
  AVERAGE WIND SPEED    14.4


SKY COVER
  POSSIBLE SUNSHINE  MM
  AVERAGE SKY COVER 0.8


WEATHER CONDITIONS
 THE FOLLOWING WEATHER WAS RECORDED YESTERDAY.
  HEAVY RAIN
  RAIN
  LIGHT RAIN
  FOG


RELATIVE HUMIDITY (PERCENT)
 HIGHEST    90           400 PM
 LOWEST     64           200 PM
 AVERAGE    77

..........................................................


THE NEW BERN NC CLIMATE NORMALS FOR TODAY
                         NORMAL    RECORD    YEAR
 MAXIMUM TEMPERATURE (F)   74        92      1972
 MINIMUM TEMPERATURE (F)   50        33      1963


SUNRISE AND SUNSET
APRIL 16 2014.........SUNRISE   635 AM EDT   SUNSET   742 PM EDT
APRIL 17 2014.........SUNRISE   634 AM EDT   SUNSET   742 PM EDT


-  INDICATES NEGATIVE NUMBERS.
R  INDICATES RECORD WAS SET OR TIED.
MM INDICATES DATA IS MISSING.
T  INDICATES TRACE AMOUNT.




$$
