000
CDUS42 KMHX 030531
CLIEWN


CLIMATE REPORT
NATIONAL WEATHER SERVICE NEWPORT/MOREHEAD CITY NC
130 AM EDT TUE MAY 3 2016


...................................

...THE NEW BERN NC CLIMATE SUMMARY FOR MAY 2 2016...

CLIMATE NORMAL PERIOD 1981 TO 2010
CLIMATE RECORD PERIOD 1948 TO 2016


WEATHER ITEM   OBSERVED TIME   RECORD YEAR NORMAL DEPARTURE LAST
                VALUE   (LST)  VALUE       VALUE  FROM      YEAR
                                                  NORMAL
..................................................................
TEMPERATURE (F)
 YESTERDAY
  MAXIMUM         84    205 PM  92    1962  77      7       73
  MINIMUM         66   1230 AM  32    1963  55     11       44
  AVERAGE         75                        66      9       59

PRECIPITATION (IN)
  YESTERDAY        T             1.52 1961   0.11  -0.11     0.00
  MONTH TO DATE    0.01                      0.22  -0.21     0.32
  SINCE MAR 1      5.02                      7.78  -2.76     5.94
  SINCE JAN 1     16.04                     15.46   0.58    14.31

SNOWFALL (IN)
  YESTERDAY        0.0
  MONTH TO DATE    0.0
  SINCE NOV 1      T
  SINCE JUL 1      T
  SNOW DEPTH       0

DEGREE DAYS
 HEATING
  YESTERDAY        0                         2     -2        6
  MONTH TO DATE    0                         5     -5       13
  SINCE MAR 1    390                       526   -136      470
  SINCE JUL 1   2078                      2672   -594     2713

 COOLING
  YESTERDAY       10                         3      7        0
  MONTH TO DATE   16                         6     10        0
  SINCE MAR 1    117                        73     44       88
  SINCE JAN 1    117                        76     41       95
..................................................................


WIND (MPH)
  HIGHEST WIND SPEED    18   HIGHEST WIND DIRECTION     S (180)
  HIGHEST GUST SPEED    23   HIGHEST GUST DIRECTION     S (180)
  AVERAGE WIND SPEED     8.6


SKY COVER
  POSSIBLE SUNSHINE  MM
  AVERAGE SKY COVER 0.4


WEATHER CONDITIONS
 THE FOLLOWING WEATHER WAS RECORDED YESTERDAY.
  THUNDERSTORM
  FOG


RELATIVE HUMIDITY (PERCENT)
 HIGHEST    97           700 AM
 LOWEST     55           100 PM
 AVERAGE    76

..........................................................


THE NEW BERN NC CLIMATE NORMALS FOR TODAY
                         NORMAL    RECORD    YEAR
 MAXIMUM TEMPERATURE (F)   78        95      1959
 MINIMUM TEMPERATURE (F)   55        37      1963


SUNRISE AND SUNSET
MAY  3 2016...........SUNRISE   615 AM EDT   SUNSET   756 PM EDT
MAY  4 2016...........SUNRISE   614 AM EDT   SUNSET   757 PM EDT


-  INDICATES NEGATIVE NUMBERS.
R  INDICATES RECORD WAS SET OR TIED.
MM INDICATES DATA IS MISSING.
T  INDICATES TRACE AMOUNT.




$$
