000
CDUS41 KOKX 010619
CLIEWR


CLIMATE REPORT
NATIONAL WEATHER SERVICE NEW YORK NY
218 AM EDT MON MAY 1 2017


...................................

...THE NEWARK NJ CLIMATE SUMMARY FOR APRIL 30 2017...

CLIMATE NORMAL PERIOD 1981 TO 2010
CLIMATE RECORD PERIOD 1929 TO 2017


WEATHER ITEM   OBSERVED TIME   RECORD YEAR NORMAL DEPARTURE LAST
                VALUE   (LST)  VALUE       VALUE  FROM      YEAR
                                                  NORMAL
..................................................................
TEMPERATURE (F)
 YESTERDAY
  MAXIMUM         69   1207 AM  91    1942  67      2       63
  MINIMUM         51   1159 PM  34    1931  48      3       44
  AVERAGE         60                        58      2       54

PRECIPITATION (IN)
  YESTERDAY        0.00          5.24 2014   0.12  -0.12     0.00
  MONTH TO DATE    3.49                      4.20  -0.71     1.12
  SINCE MAR 1      8.56                      8.38   0.18     2.50
  SINCE JAN 1     15.30                     14.80   0.50    10.55

SNOWFALL (IN)
  YESTERDAY        0.0           0.0  2002   0.0    0.0      0.0
                                      2001
  MONTH TO DATE    0.0                       0.9   -0.9       T
  SINCE OCT 1     30.0                      28.5    1.5     32.8
  SINCE JUL 1     30.0                      28.5    1.5     32.8
  SNOW DEPTH       0

DEGREE DAYS
 HEATING
  YESTERDAY        5                         8     -3       11
  MONTH TO DATE  265                       376   -111      362
  SINCE MAR 1   1037                      1085    -48      856
  SINCE JUL 1   4046                      4720   -674     3729

 COOLING
  YESTERDAY        0                         1     -1        0
  MONTH TO DATE   36                        11     25       13
  SINCE MAR 1     36                        12     24       18
  SINCE JAN 1     36                        12     24       18
..................................................................


WIND (MPH)
  HIGHEST WIND SPEED    18   HIGHEST WIND DIRECTION    SE (140)
  HIGHEST GUST SPEED    25   HIGHEST GUST DIRECTION    SE (120)
  AVERAGE WIND SPEED    10.2


SKY COVER
  AVERAGE SKY COVER 0.9


WEATHER CONDITIONS
 THE FOLLOWING WEATHER WAS RECORDED YESTERDAY.
  NO SIGNIFICANT WEATHER WAS OBSERVED.


RELATIVE HUMIDITY (PERCENT)
 HIGHEST    77          1100 PM
 LOWEST     39           900 AM
 AVERAGE    58

..........................................................


THE NEWARK NJ CLIMATE NORMALS FOR TODAY
                         NORMAL    RECORD    YEAR
 MAXIMUM TEMPERATURE (F)   68        88      2010
 MINIMUM TEMPERATURE (F)   49        36      1978


SUNRISE AND SUNSET
MAY  1 2017...........SUNRISE   555 AM EDT   SUNSET   753 PM EDT
MAY  2 2017...........SUNRISE   554 AM EDT   SUNSET   754 PM EDT


-  INDICATES NEGATIVE NUMBERS.
R  INDICATES RECORD WAS SET OR TIED.
MM INDICATES DATA IS MISSING.
T  INDICATES TRACE AMOUNT.




$$
