000
CDUS41 KOKX 210628
CLIEWR


CLIMATE REPORT
NATIONAL WEATHER SERVICE NEW YORK NY
228 AM EDT SUN SEP 21 2014


...................................

...THE NEWARK NJ CLIMATE SUMMARY FOR SEPTEMBER 20 2014...

CLIMATE NORMAL PERIOD 1981 TO 2010
CLIMATE RECORD PERIOD 1929 TO 2014


WEATHER ITEM   OBSERVED TIME   RECORD YEAR NORMAL DEPARTURE LAST
                VALUE   (LST)  VALUE       VALUE  FROM      YEAR
                                                  NORMAL
..................................................................
TEMPERATURE (F)
 YESTERDAY
  MAXIMUM         74    506 PM  92    1983  75     -1       78
  MINIMUM         58    606 AM  44    1979  58      0       54
  AVERAGE         66                        67     -1       66

PRECIPITATION (IN)
  YESTERDAY        T             1.95 1989   0.14  -0.14     0.00
  MONTH TO DATE    1.11                      2.45  -1.34     0.77
  SINCE SEP 1      1.11                      2.45  -1.34     0.77
  SINCE JAN 1     35.73                     33.82   1.91    34.07

SNOWFALL (IN)
  YESTERDAY        0.0           0.0  2002   0.0    0.0      0.0
                                      2001
  MONTH TO DATE    0.0                       0.0    0.0      0.0
  SINCE OCT 1     61.1                      28.5   32.6     29.5
  SINCE JUL 1      0.0                       0.0    0.0      0.0
  SNOW DEPTH       0

DEGREE DAYS
 HEATING
  YESTERDAY        0                         2     -2        0
  MONTH TO DATE   11                        13     -2       24
  SINCE SEP 1     11                        13     -2       24
  SINCE JUL 1     11                        14     -3       24

 COOLING
  YESTERDAY        1                         3     -2        1
  MONTH TO DATE  138                       116     22      115
  SINCE SEP 1    138                       116     22      115
  SINCE JAN 1   1123                      1150    -27     1286
..................................................................


WIND (MPH)
  HIGHEST WIND SPEED    17   HIGHEST WIND DIRECTION    SE (150)
  HIGHEST GUST SPEED    23   HIGHEST GUST DIRECTION    SE (140)
  AVERAGE WIND SPEED     6.2


SKY COVER
  AVERAGE SKY COVER 0.7


WEATHER CONDITIONS
 THE FOLLOWING WEATHER WAS RECORDED YESTERDAY.
  NO SIGNIFICANT WEATHER WAS OBSERVED.


RELATIVE HUMIDITY (PERCENT)
 HIGHEST    84           900 PM
 LOWEST     57           500 PM
 AVERAGE    71

..........................................................


THE NEWARK NJ CLIMATE NORMALS FOR TODAY
                         NORMAL    RECORD    YEAR
 MAXIMUM TEMPERATURE (F)   75        90      1940
 MINIMUM TEMPERATURE (F)   58        39      1956


SUNRISE AND SUNSET
SEPTEMBER 21 2014.....SUNRISE   643 AM EDT   SUNSET   656 PM EDT
SEPTEMBER 22 2014.....SUNRISE   644 AM EDT   SUNSET   654 PM EDT


-  INDICATES NEGATIVE NUMBERS.
R  INDICATES RECORD WAS SET OR TIED.
MM INDICATES DATA IS MISSING.
T  INDICATES TRACE AMOUNT.




$$
