000
CDUS41 KOKX 202134
CLIEWR


CLIMATE REPORT
NATIONAL WEATHER SERVICE NEW YORK NY
434 PM EST TUE FEB 20 2018


...................................

...THE NEWARK NJ CLIMATE SUMMARY FOR FEBRUARY 20 2018...
VALID TODAY AS OF 0400 PM LOCAL TIME.

CLIMATE NORMAL PERIOD 1981 TO 2010
CLIMATE RECORD PERIOD 1929 TO 2018


WEATHER ITEM   OBSERVED TIME   RECORD YEAR NORMAL DEPARTURE LAST
                VALUE   (LST)  VALUE       VALUE  FROM      YEAR
                                                  NORMAL
..................................................................
TEMPERATURE (F)
 TODAY
  MAXIMUM         68    351 PM  70    1939  43     25       56
  MINIMUM         46    205 AM   1    2015  28     18       37
  AVERAGE         57                        36     21       47

PRECIPITATION (IN)
  TODAY            T             1.52 1981   0.10  -0.10     0.00
  MONTH TO DATE    4.50                      2.01   2.49     1.55
  SINCE DEC 1      8.20                      9.36  -1.16     9.11
  SINCE JAN 1      6.56                      5.55   1.01     6.20

SNOWFALL (IN)
  TODAY            0.0           1.7  2005   0.4   -0.4      0.0
  MONTH TO DATE    3.4                       6.9   -3.5      7.9
  SINCE OCT 1     21.2                      20.6    0.6     20.6
  SINCE JUL 1     21.2                      20.6    0.6     20.6
  SNOW DEPTH       0

DEGREE DAYS
 HEATING
  TODAY            8                        29    -21       18
  MONTH TO DATE  527                       624    -97      530
  SINCE DEC 1   2510                      2540    -30     2203
  SINCE JUL 1   3195                      3408   -213     2886

 COOLING
  TODAY            0                         0      0        0
  MONTH TO DATE    0                         0      0        0
  SINCE DEC 1      0                         0      0        0
  SINCE JAN 1      0                         0      0        0
..................................................................


WIND (MPH)
  HIGHEST WIND SPEED    17   HIGHEST WIND DIRECTION    SW (240)
  HIGHEST GUST SPEED    23   HIGHEST GUST DIRECTION     W (250)
  AVERAGE WIND SPEED     9.2


SKY COVER
  AVERAGE SKY COVER 0.9


WEATHER CONDITIONS
 THE FOLLOWING WEATHER WAS RECORDED TODAY.
  LIGHT RAIN
  FOG
  FOG W/VISIBILITY <= 1/4 MILE


RELATIVE HUMIDITY (PERCENT)
 HIGHEST   100          1200 AM
 LOWEST     63           200 PM
 AVERAGE    82

..........................................................


THE NEWARK NJ CLIMATE NORMALS FOR TOMORROW
                         NORMAL    RECORD    YEAR
 MAXIMUM TEMPERATURE (F)   44        69      1953
 MINIMUM TEMPERATURE (F)   28         6      1950
                                             1934


SUNRISE AND SUNSET
FEBRUARY 20 2018......SUNRISE   644 AM EST   SUNSET   537 PM EST
FEBRUARY 21 2018......SUNRISE   642 AM EST   SUNSET   539 PM EST


-  INDICATES NEGATIVE NUMBERS.
R  INDICATES RECORD WAS SET OR TIED.
MM INDICATES DATA IS MISSING.
T  INDICATES TRACE AMOUNT.




$$
