000
CDUS41 KOKX 230617
CLIEWR


CLIMATE REPORT
NATIONAL WEATHER SERVICE NEW YORK NY
217 AM EDT WED AUG 23 2017


...................................

...THE NEWARK NJ CLIMATE SUMMARY FOR AUGUST 22 2017...

CLIMATE NORMAL PERIOD 1981 TO 2010
CLIMATE RECORD PERIOD 1929 TO 2017


WEATHER ITEM   OBSERVED TIME   RECORD YEAR NORMAL DEPARTURE LAST
                VALUE   (LST)  VALUE       VALUE  FROM      YEAR
                                                  NORMAL
..................................................................
TEMPERATURE (F)
 YESTERDAY
  MAXIMUM         91    425 PM  94    1983  84      7       81
                                      1964
  MINIMUM         73   1159 PM  51    1982  67      6       67
  AVERAGE         82                        75      7       74

PRECIPITATION (IN)
  YESTERDAY        0.70          1.70 1994   0.11   0.59     0.00
  MONTH TO DATE    5.16                      2.81   2.35     0.92
  SINCE JUN 1     14.81                     11.59   3.22     9.40
  SINCE JAN 1     37.35                     30.48   6.87    23.80

SNOWFALL (IN)
  YESTERDAY        0.0           0.0  2002   0.0    0.0      0.0
                                      2001
  MONTH TO DATE    0.0                       0.0    0.0      0.0
  SINCE OCT 1     30.0                      28.5    1.5     32.8
  SINCE JUL 1      0.0                       0.0    0.0      0.0
  SNOW DEPTH       0

DEGREE DAYS
 HEATING
  YESTERDAY        0                         0      0        0
  MONTH TO DATE    0                         0      0        0
  SINCE JUN 1     18                        17      1        4
  SINCE JUL 1      0                         0      0        0

 COOLING
  YESTERDAY       17                        10      7        9
  MONTH TO DATE  236                       251    -15      342
  SINCE JUN 1    884                       873     11     1062
  SINCE JAN 1    979                       949     30     1180
..................................................................


WIND (MPH)
  HIGHEST WIND SPEED    31   HIGHEST WIND DIRECTION    SW (230)
  HIGHEST GUST SPEED    40   HIGHEST GUST DIRECTION    SW (240)
  AVERAGE WIND SPEED    11.9


SKY COVER
  AVERAGE SKY COVER 0.7


WEATHER CONDITIONS
 THE FOLLOWING WEATHER WAS RECORDED YESTERDAY.
  THUNDERSTORM
  HEAVY RAIN
  RAIN
  LIGHT RAIN
  FOG
  HAZE


RELATIVE HUMIDITY (PERCENT)
 HIGHEST    94           700 AM
 LOWEST     52           400 PM
 AVERAGE    73

..........................................................


THE NEWARK NJ CLIMATE NORMALS FOR TODAY
                         NORMAL    RECORD    YEAR
 MAXIMUM TEMPERATURE (F)   83        93      1989
 MINIMUM TEMPERATURE (F)   67        55      1952


SUNRISE AND SUNSET
AUGUST 23 2017........SUNRISE   615 AM EDT   SUNSET   743 PM EDT
AUGUST 24 2017........SUNRISE   616 AM EDT   SUNSET   741 PM EDT


-  INDICATES NEGATIVE NUMBERS.
R  INDICATES RECORD WAS SET OR TIED.
MM INDICATES DATA IS MISSING.
T  INDICATES TRACE AMOUNT.




$$
