000
CDUS41 KOKX 280624
CLIEWR


CLIMATE REPORT
NATIONAL WEATHER SERVICE NEW YORK NY
224 AM EDT THU APR 28 2016


...................................

...THE NEWARK NJ CLIMATE SUMMARY FOR APRIL 27 2016...

CLIMATE NORMAL PERIOD 1981 TO 2010
CLIMATE RECORD PERIOD 1929 TO 2016


WEATHER ITEM   OBSERVED TIME   RECORD YEAR NORMAL DEPARTURE LAST
                VALUE   (LST)  VALUE       VALUE  FROM      YEAR
                                                  NORMAL
..................................................................
TEMPERATURE (F)
 YESTERDAY
  MAXIMUM         67    450 PM  94    1990  66      1       64
  MINIMUM         46    458 AM  33    1933  48     -2       46
  AVERAGE         57                        57      0       55

PRECIPITATION (IN)
  YESTERDAY        0.00          2.36 2007   0.13  -0.13     0.00
  MONTH TO DATE    1.09                      3.80  -2.71     1.67
  SINCE MAR 1      2.47                      7.98  -5.51     6.30
  SINCE JAN 1     10.52                     14.40  -3.88    12.78

SNOWFALL (IN)
  YESTERDAY        0.0           T    1967   0.0    0.0      0.0
  MONTH TO DATE    T                         0.9   -0.9       T
  SINCE OCT 1     36.4                      28.5    7.9     46.4
  SINCE JUL 1     36.4                      28.5    7.9     46.4
  SNOW DEPTH       0

DEGREE DAYS
 HEATING
  YESTERDAY        8                         9     -1       10
  MONTH TO DATE  326                       352    -26      309
  SINCE MAR 1    820                      1061   -241     1148
  SINCE JUL 1   3693                      4696  -1003     5051

 COOLING
  YESTERDAY        0                         1     -1        0
  MONTH TO DATE   13                         6      7        3
  SINCE MAR 1     18                         7     11        3
  SINCE JAN 1     18                         7     11        3
..................................................................


WIND (MPH)
  HIGHEST WIND SPEED    16   HIGHEST WIND DIRECTION    SW (230)
  HIGHEST GUST SPEED    21   HIGHEST GUST DIRECTION    SW (230)
  AVERAGE WIND SPEED     8.0


SKY COVER
  AVERAGE SKY COVER 0.8


WEATHER CONDITIONS
 THE FOLLOWING WEATHER WAS RECORDED YESTERDAY.
  NO SIGNIFICANT WEATHER WAS OBSERVED.


RELATIVE HUMIDITY (PERCENT)
 HIGHEST    82          1200 AM
 LOWEST     51           200 PM
 AVERAGE    67

..........................................................


THE NEWARK NJ CLIMATE NORMALS FOR TODAY
                         NORMAL    RECORD    YEAR
 MAXIMUM TEMPERATURE (F)   67        90      2009
                                             1990
 MINIMUM TEMPERATURE (F)   48        33      1934


SUNRISE AND SUNSET
APRIL 28 2016.........SUNRISE   559 AM EDT   SUNSET   750 PM EDT
APRIL 29 2016.........SUNRISE   557 AM EDT   SUNSET   751 PM EDT


-  INDICATES NEGATIVE NUMBERS.
R  INDICATES RECORD WAS SET OR TIED.
MM INDICATES DATA IS MISSING.
T  INDICATES TRACE AMOUNT.




$$
