000
CDUS43 KIND 060532
CLIEYE


CLIMATE REPORT
NATIONAL WEATHER SERVICE INDIANAPOLIS IN
131 AM EDT FRI MAY 6 2016


...................................

...THE INDIANAPOLIS EAGLE CREEK IN CLIMATE SUMMARY FOR MAY 5 2016...

CLIMATE NORMAL PERIOD 1981 TO 2010
CLIMATE RECORD PERIOD 9999 TO 9999


WEATHER ITEM   OBSERVED TIME   NORMAL DEPARTURE LAST
                VALUE   (LST)  VALUE  FROM      YEAR
                                      NORMAL
......................................................
TEMPERATURE (F)
 YESTERDAY
  MAXIMUM         64        MM  69     -5       83
  MINIMUM         42        MM  49     -7       60
  AVERAGE         53            59     -6       72

PRECIPITATION (IN)
  YESTERDAY        0.02          0.22  -0.20     0.00
  MONTH TO DATE    0.43          1.08  -0.65     0.07
  SINCE MAR 1      6.73          8.28  -1.55     8.20
  SINCE JAN 1      8.69         12.62  -3.93    10.68

DEGREE DAYS
 HEATING
  YESTERDAY       12             7      5        0
  MONTH TO DATE   43            36      7       13
  SINCE MAR 1    882          1106   -224     1165
  SINCE JUL 1   4395          5231   -836     5851

 COOLING
  YESTERDAY        0             1     -1        7
  MONTH TO DATE    3             5     -2        8
  SINCE MAR 1     16            20     -4       12
  SINCE JAN 1     16            20     -4       12
......................................................


WIND (MPH)
  HIGHEST WIND SPEED    18   HIGHEST WIND DIRECTION     N (340)
  HIGHEST GUST SPEED    25   HIGHEST GUST DIRECTION     N (340)
  AVERAGE WIND SPEED    11.6


SKY COVER
  AVERAGE SKY COVER 0.7


WEATHER CONDITIONS
 THE FOLLOWING WEATHER WAS RECORDED YESTERDAY.
  LIGHT RAIN
  FOG


RELATIVE HUMIDITY (PERCENT)
 HIGHEST    96           500 AM
 LOWEST     52           600 PM
 AVERAGE    74

..........................................................


THE INDIANAPOLIS EAGLE CREEK IN CLIMATE NORMALS FOR TODAY
                         NORMAL
 MAXIMUM TEMPERATURE (F)   69
 MINIMUM TEMPERATURE (F)   50


SUNRISE AND SUNSET
MAY  6 2016...........SUNRISE   639 AM EDT   SUNSET   845 PM EDT
MAY  7 2016...........SUNRISE   638 AM EDT   SUNSET   846 PM EDT


-  INDICATES NEGATIVE NUMBERS.
R  INDICATES RECORD WAS SET OR TIED.
MM INDICATES DATA IS MISSING.
T  INDICATES TRACE AMOUNT.




$$
