000
CDUS43 KIND 180536
CLIEYE


CLIMATE REPORT
NATIONAL WEATHER SERVICE INDIANAPOLIS IN
1236 AM EST THU DEC 18 2014


...................................

...THE INDIANAPOLIS EAGLE CREEK IN CLIMATE SUMMARY FOR DECEMBER 17 2014...

CLIMATE NORMAL PERIOD 1981 TO 2010
CLIMATE RECORD PERIOD 9999 TO 9999


WEATHER ITEM   OBSERVED TIME   NORMAL DEPARTURE LAST
                VALUE   (LST)  VALUE  FROM      YEAR
                                      NORMAL
......................................................
TEMPERATURE (F)
 YESTERDAY
  MAXIMUM         31   1248 AM  38     -7       29
  MINIMUM         23    626 PM  24     -1       20
  AVERAGE         27            31     -4       25

PRECIPITATION (IN)
  YESTERDAY        0.01          0.07  -0.06      T
  MONTH TO DATE    1.67          1.38   0.29     0.71
  SINCE DEC 1      1.67          1.38   0.29     0.71
  SINCE JAN 1     39.08         39.09  -0.01    38.89

DEGREE DAYS
 HEATING
  YESTERDAY       38            34      4       40
  MONTH TO DATE  509           533    -24      619
  SINCE DEC 1    509           533    -24      619
  SINCE JUL 1   1748          1557    191     1797

 COOLING
  YESTERDAY        0             0      0        0
  MONTH TO DATE    0             0      0        0
  SINCE DEC 1      0             0      0        0
  SINCE JAN 1    893          1058   -165     1006
......................................................


WIND (MPH)
  HIGHEST WIND SPEED    21   HIGHEST WIND DIRECTION    NW (310)
  HIGHEST GUST SPEED    27   HIGHEST GUST DIRECTION    NW (310)
  AVERAGE WIND SPEED    10.1


SKY COVER
  AVERAGE SKY COVER 1.0


WEATHER CONDITIONS
 THE FOLLOWING WEATHER WAS RECORDED YESTERDAY.
  LIGHT SNOW
  FOG


RELATIVE HUMIDITY (PERCENT)
 HIGHEST    92          1200 AM
 LOWEST     74          1000 PM
 AVERAGE    83

..........................................................


THE INDIANAPOLIS EAGLE CREEK IN CLIMATE NORMALS FOR TODAY
                         NORMAL
 MAXIMUM TEMPERATURE (F)   37
 MINIMUM TEMPERATURE (F)   24


SUNRISE AND SUNSET
DECEMBER 18 2014......SUNRISE   801 AM EST   SUNSET   522 PM EST
DECEMBER 19 2014......SUNRISE   802 AM EST   SUNSET   523 PM EST


-  INDICATES NEGATIVE NUMBERS.
R  INDICATES RECORD WAS SET OR TIED.
MM INDICATES DATA IS MISSING.
T  INDICATES TRACE AMOUNT.




$$
