000
CDUS43 KIND 160541
CLIEYE


CLIMATE REPORT
NATIONAL WEATHER SERVICE INDIANAPOLIS IN
138 AM EDT TUE SEP 16 2014


...................................

...THE INDIANAPOLIS EAGLE CREEK IN CLIMATE SUMMARY FOR SEPTEMBER 15 2014...

CLIMATE NORMAL PERIOD 1981 TO 2010
CLIMATE RECORD PERIOD 9999 TO 9999


WEATHER ITEM   OBSERVED TIME   NORMAL DEPARTURE LAST
                VALUE   (LST)  VALUE  FROM      YEAR
                                      NORMAL
......................................................
TEMPERATURE (F)
 YESTERDAY
  MAXIMUM         67   1126 AM  78    -11       75
  MINIMUM         49    534 AM  58     -9       47
  AVERAGE         58            68    -10       61

PRECIPITATION (IN)
  YESTERDAY        0.47          0.08   0.39     0.01
  MONTH TO DATE    3.30          1.13   2.17     0.15
  SINCE SEP 1      3.30          1.13   2.17     0.15
  SINCE JAN 1     32.12         29.78   2.34    27.64

DEGREE DAYS
 HEATING
  YESTERDAY        7             1      6        4
  MONTH TO DATE   33             7     26       16
  SINCE SEP 1     33             7     26       16
  SINCE JUL 1     41            10     31       27

 COOLING
  YESTERDAY        0             4     -4        0
  MONTH TO DATE   75            87    -12      117
  SINCE SEP 1     75            87    -12      117
  SINCE JAN 1    868          1007   -139      952
......................................................


WIND (MPH)
  HIGHEST WIND SPEED    22   HIGHEST WIND DIRECTION     S (160)
  HIGHEST GUST SPEED    31   HIGHEST GUST DIRECTION    SE (140)
  AVERAGE WIND SPEED     3.6


SKY COVER
  AVERAGE SKY COVER 0.5


WEATHER CONDITIONS
 THE FOLLOWING WEATHER WAS RECORDED YESTERDAY.
  THUNDERSTORM
  RAIN
  LIGHT RAIN
  FOG


RELATIVE HUMIDITY (PERCENT)
 HIGHEST    93          1000 PM
 LOWEST     56          1000 AM
 AVERAGE    75

..........................................................


THE INDIANAPOLIS EAGLE CREEK IN CLIMATE NORMALS FOR TODAY
                         NORMAL
 MAXIMUM TEMPERATURE (F)   77
 MINIMUM TEMPERATURE (F)   57


SUNRISE AND SUNSET
SEPTEMBER 16 2014.....SUNRISE   727 AM EDT   SUNSET   752 PM EDT
SEPTEMBER 17 2014.....SUNRISE   728 AM EDT   SUNSET   751 PM EDT


-  INDICATES NEGATIVE NUMBERS.
R  INDICATES RECORD WAS SET OR TIED.
MM INDICATES DATA IS MISSING.
T  INDICATES TRACE AMOUNT.




$$
