649
CDUS43 KIND 230532
CLIEYE


CLIMATE REPORT
NATIONAL WEATHER SERVICE INDIANAPOLIS IN
132 AM EDT MON OCT 23 2017


...................................

...THE INDIANAPOLIS EAGLE CREEK IN CLIMATE SUMMARY FOR OCTOBER 22 2017...

CLIMATE NORMAL PERIOD 1981 TO 2010
CLIMATE RECORD PERIOD 9999 TO 9999


WEATHER ITEM   OBSERVED TIME   NORMAL DEPARTURE LAST
                VALUE   (LST)  VALUE  FROM      YEAR
                                      NORMAL
......................................................
TEMPERATURE (F)
 YESTERDAY
  MAXIMUM         78    245 PM  62     16       59
  MINIMUM         57    629 AM  43     14       40
  AVERAGE         68            53     15       50

PRECIPITATION (IN)
  YESTERDAY        0.00          0.10  -0.10     0.00
  MONTH TO DATE    2.52          2.24   0.28     3.24
  SINCE SEP 1      3.01          4.49  -1.48     7.28
  SINCE JAN 1     35.15         33.14   2.01    39.31

DEGREE DAYS
 HEATING
  YESTERDAY        0            12    -12       15
  MONTH TO DATE   57           205   -148       88
  SINCE SEP 1     84           263   -179      100
  SINCE JUL 1     84           266   -182      103

 COOLING
  YESTERDAY        3             0      3        0
  MONTH TO DATE   49            12     37       44
  SINCE SEP 1    218           135     83      256
  SINCE JAN 1   1146          1055     91     1445
......................................................


WIND (MPH)
  HIGHEST WIND SPEED    18   HIGHEST WIND DIRECTION     S (180)
  HIGHEST GUST SPEED    28   HIGHEST GUST DIRECTION    SE (140)
  AVERAGE WIND SPEED     8.1


SKY COVER
  AVERAGE SKY COVER 0.4


WEATHER CONDITIONS
 THE FOLLOWING WEATHER WAS RECORDED YESTERDAY.
  NO SIGNIFICANT WEATHER WAS OBSERVED.


RELATIVE HUMIDITY (PERCENT)
 HIGHEST    72           500 AM
 LOWEST     48           200 PM
 AVERAGE    60

..........................................................


THE INDIANAPOLIS EAGLE CREEK IN CLIMATE NORMALS FOR TODAY
                         NORMAL
 MAXIMUM TEMPERATURE (F)   62
 MINIMUM TEMPERATURE (F)   43


SUNRISE AND SUNSET
OCTOBER 23 2017.......SUNRISE   804 AM EDT   SUNSET   654 PM EDT
OCTOBER 24 2017.......SUNRISE   805 AM EDT   SUNSET   653 PM EDT


-  INDICATES NEGATIVE NUMBERS.
R  INDICATES RECORD WAS SET OR TIED.
MM INDICATES DATA IS MISSING.
T  INDICATES TRACE AMOUNT.




$$
