000
CDUS43 KIND 280532
CLIEYE


CLIMATE REPORT
NATIONAL WEATHER SERVICE INDIANAPOLIS IN
131 AM EDT SAT MAR 28 2015


...................................

...THE INDIANAPOLIS EAGLE CREEK IN CLIMATE SUMMARY FOR MARCH 27 2015...

CLIMATE NORMAL PERIOD 1981 TO 2010
CLIMATE RECORD PERIOD 9999 TO 9999


WEATHER ITEM   OBSERVED TIME   NORMAL DEPARTURE LAST
                VALUE   (LST)  VALUE  FROM      YEAR
                                      NORMAL
......................................................
TEMPERATURE (F)
 YESTERDAY
  MAXIMUM         33    120 PM  56    -23       52
  MINIMUM         21   1159 PM  38    -17       34
  AVERAGE         27            47    -20       43

PRECIPITATION (IN)
  YESTERDAY        T             0.13  -0.13     0.18
  MONTH TO DATE    2.99          2.74   0.25     0.36
  SINCE MAR 1      2.99          2.74   0.25     0.36
  SINCE JAN 1      5.47          7.08  -1.61     4.74

DEGREE DAYS
 HEATING
  YESTERDAY       38            18     20       22
  MONTH TO DATE  721           628     93      809
  SINCE MAR 1    721           628     93      809
  SINCE JUL 1   5407          4753    654     5635

 COOLING
  YESTERDAY        0             0      0        0
  MONTH TO DATE    0             0      0        0
  SINCE MAR 1      0             0      0        0
  SINCE JAN 1      0             0      0        0
......................................................


WIND (MPH)
  HIGHEST WIND SPEED    21   HIGHEST WIND DIRECTION     N (340)
  HIGHEST GUST SPEED    27   HIGHEST GUST DIRECTION     N (340)
  AVERAGE WIND SPEED    11.1


SKY COVER
  AVERAGE SKY COVER 0.7


WEATHER CONDITIONS
 THE FOLLOWING WEATHER WAS RECORDED YESTERDAY.
  LIGHT SNOW


RELATIVE HUMIDITY (PERCENT)
 HIGHEST    78           200 AM
 LOWEST     47           500 PM
 AVERAGE    63

..........................................................


THE INDIANAPOLIS EAGLE CREEK IN CLIMATE NORMALS FOR TODAY
                         NORMAL
 MAXIMUM TEMPERATURE (F)   56
 MINIMUM TEMPERATURE (F)   38


SUNRISE AND SUNSET
MARCH 28 2015.........SUNRISE   736 AM EDT   SUNSET   805 PM EDT
MARCH 29 2015.........SUNRISE   735 AM EDT   SUNSET   806 PM EDT


-  INDICATES NEGATIVE NUMBERS.
R  INDICATES RECORD WAS SET OR TIED.
MM INDICATES DATA IS MISSING.
T  INDICATES TRACE AMOUNT.




$$
