000
CDUS43 KIND 290530
CLIEYE


CLIMATE REPORT
NATIONAL WEATHER SERVICE INDIANAPOLIS IN
130 AM EDT THU SEP 29 2016


...................................

...THE INDIANAPOLIS EAGLE CREEK IN CLIMATE SUMMARY FOR SEPTEMBER 28 2016...

CLIMATE NORMAL PERIOD 1981 TO 2010
CLIMATE RECORD PERIOD 9999 TO 9999


WEATHER ITEM   OBSERVED TIME   NORMAL DEPARTURE LAST
                VALUE   (LST)  VALUE  FROM      YEAR
                                      NORMAL
......................................................
TEMPERATURE (F)
 YESTERDAY
  MAXIMUM         64   1156 AM  72     -8       81
  MINIMUM         55   1159 PM  52      3       61
  AVERAGE         60            62     -2       71

PRECIPITATION (IN)
  YESTERDAY        0.55          0.08   0.47      T
  MONTH TO DATE    3.91          2.07   1.84     1.94
  SINCE SEP 1      3.91          2.07   1.84     1.94
  SINCE JAN 1     35.94         30.72   5.22    27.94

DEGREE DAYS
 HEATING
  YESTERDAY        5             5      0        0
  MONTH TO DATE    7            47    -40       22
  SINCE SEP 1      7            47    -40       22
  SINCE JUL 1     10            50    -40       25

 COOLING
  YESTERDAY        0             2     -2        6
  MONTH TO DATE  212           120     92      162
  SINCE SEP 1    212           120     92      162
  SINCE JAN 1   1401          1040    361     1022
......................................................


WIND (MPH)
  HIGHEST WIND SPEED    20   HIGHEST WIND DIRECTION     W (290)
  HIGHEST GUST SPEED    25   HIGHEST GUST DIRECTION     W (280)
  AVERAGE WIND SPEED     5.6


SKY COVER
  AVERAGE SKY COVER 1.0


WEATHER CONDITIONS
 THE FOLLOWING WEATHER WAS RECORDED YESTERDAY.
  THUNDERSTORM
  HEAVY RAIN
  RAIN
  LIGHT RAIN
  FOG


RELATIVE HUMIDITY (PERCENT)
 HIGHEST    86           500 AM
 LOWEST     64          1200 AM
 AVERAGE    75

..........................................................


THE INDIANAPOLIS EAGLE CREEK IN CLIMATE NORMALS FOR TODAY
                         NORMAL
 MAXIMUM TEMPERATURE (F)   71
 MINIMUM TEMPERATURE (F)   51


SUNRISE AND SUNSET
SEPTEMBER 29 2016.....SUNRISE   740 AM EDT   SUNSET   730 PM EDT
SEPTEMBER 30 2016.....SUNRISE   741 AM EDT   SUNSET   728 PM EDT


-  INDICATES NEGATIVE NUMBERS.
R  INDICATES RECORD WAS SET OR TIED.
MM INDICATES DATA IS MISSING.
T  INDICATES TRACE AMOUNT.




$$
