000
CDUS43 KIND 220541
CLIEYE


CLIMATE REPORT
NATIONAL WEATHER SERVICE INDIANAPOLIS IN
1240 AM EST MON JAN 22 2018


...................................

...THE INDIANAPOLIS EAGLE CREEK IN CLIMATE SUMMARY FOR JANUARY 21 2018...

CLIMATE NORMAL PERIOD 1981 TO 2010
CLIMATE RECORD PERIOD 9999 TO 9999


WEATHER ITEM   OBSERVED TIME   NORMAL DEPARTURE LAST
                VALUE   (LST)  VALUE  FROM      YEAR
                                      NORMAL
......................................................
TEMPERATURE (F)
 YESTERDAY
  MAXIMUM         50   1159 PM  35     15       67
  MINIMUM         39    526 AM  21     18       47
  AVERAGE         45            28     17       57

PRECIPITATION (IN)
  YESTERDAY        0.01          0.04  -0.03     0.00
  MONTH TO DATE    0.90          1.85  -0.95     4.08
  SINCE DEC 1      1.84          4.93  -3.09     5.39
  SINCE JAN 1      0.90          1.85  -0.95     4.08

DEGREE DAYS
 HEATING
  YESTERDAY       20            37    -17        8
  MONTH TO DATE  947           777    170      640
  SINCE DEC 1   2007          1809    198     1703
  SINCE JUL 1   2902          2833     69     2387

 COOLING
  YESTERDAY        0             0      0        0
  MONTH TO DATE    0             0      0        0
  SINCE DEC 1      0             0      0        0
  SINCE JAN 1      0             0      0        0
......................................................


WIND (MPH)
  HIGHEST WIND SPEED     9   HIGHEST WIND DIRECTION     S (160)
  HIGHEST GUST SPEED    14   HIGHEST GUST DIRECTION     S (160)
  AVERAGE WIND SPEED     3.8


SKY COVER
  AVERAGE SKY COVER 1.0


WEATHER CONDITIONS
 THE FOLLOWING WEATHER WAS RECORDED YESTERDAY.
  LIGHT RAIN
  FOG
  FOG W/VISIBILITY <= 1/4 MILE


RELATIVE HUMIDITY (PERCENT)
 HIGHEST   100          1200 AM
 LOWEST     92           200 AM
 AVERAGE    96

..........................................................


THE INDIANAPOLIS EAGLE CREEK IN CLIMATE NORMALS FOR TODAY
                         NORMAL
 MAXIMUM TEMPERATURE (F)   35
 MINIMUM TEMPERATURE (F)   21


SUNRISE AND SUNSET
JANUARY 22 2018.......SUNRISE   801 AM EST   SUNSET   553 PM EST
JANUARY 23 2018.......SUNRISE   800 AM EST   SUNSET   554 PM EST


-  INDICATES NEGATIVE NUMBERS.
R  INDICATES RECORD WAS SET OR TIED.
MM INDICATES DATA IS MISSING.
T  INDICATES TRACE AMOUNT.




$$
