000
CDUS43 KIND 250532
CLIEYE


CLIMATE REPORT
NATIONAL WEATHER SERVICE INDIANAPOLIS IN
1231 AM EST SAT FEB 25 2017


...................................

...THE INDIANAPOLIS EAGLE CREEK IN CLIMATE SUMMARY FOR FEBRUARY 24 2017...

CLIMATE NORMAL PERIOD 1981 TO 2010
CLIMATE RECORD PERIOD 9999 TO 9999


WEATHER ITEM   OBSERVED TIME   NORMAL DEPARTURE LAST
                VALUE   (LST)  VALUE  FROM      YEAR
                                      NORMAL
......................................................
TEMPERATURE (F)
 YESTERDAY
  MAXIMUM         72   1253 PM  43     29       37
  MINIMUM         44   1159 PM  26     18       33
  AVERAGE         58            35     23       35

PRECIPITATION (IN)
  YESTERDAY        0.33          0.08   0.25     1.08
  MONTH TO DATE    0.75          1.80  -1.05     1.22
  SINCE DEC 1      6.22          7.09  -0.87     7.10
  SINCE JAN 1      4.91          4.01   0.90     1.87

DEGREE DAYS
 HEATING
  YESTERDAY        7            30    -23       30
  MONTH TO DATE  511           806   -295      765
  SINCE DEC 1   2488          2983   -495     2576
  SINCE JUL 1   3172          4007   -835     3397

 COOLING
  YESTERDAY        0             0      0        0
  MONTH TO DATE    0             0      0        0
  SINCE DEC 1      0             0      0        0
  SINCE JAN 1      0             0      0        0
......................................................


WIND (MPH)
  HIGHEST WIND SPEED    23   HIGHEST WIND DIRECTION     W (290)
  HIGHEST GUST SPEED    35   HIGHEST GUST DIRECTION    SW (220)
  AVERAGE WIND SPEED    10.4


SKY COVER
  AVERAGE SKY COVER 0.5


WEATHER CONDITIONS
 THE FOLLOWING WEATHER WAS RECORDED YESTERDAY.
  THUNDERSTORM
  HEAVY RAIN
  RAIN
  LIGHT RAIN
  FOG


RELATIVE HUMIDITY (PERCENT)
 HIGHEST    86           400 AM
 LOWEST     49          1200 PM
 AVERAGE    68

..........................................................


THE INDIANAPOLIS EAGLE CREEK IN CLIMATE NORMALS FOR TODAY
                         NORMAL
 MAXIMUM TEMPERATURE (F)   44
 MINIMUM TEMPERATURE (F)   27


SUNRISE AND SUNSET
FEBRUARY 25 2017......SUNRISE   724 AM EST   SUNSET   633 PM EST
FEBRUARY 26 2017......SUNRISE   722 AM EST   SUNSET   634 PM EST


-  INDICATES NEGATIVE NUMBERS.
R  INDICATES RECORD WAS SET OR TIED.
MM INDICATES DATA IS MISSING.
T  INDICATES TRACE AMOUNT.




$$
