000
CDUS42 KKEY 210529
CLIEYW

CLIMATE REPORT
NATIONAL WEATHER SERVICE KEY WEST, FL
128 AM EDT SUN SEP 21 2014

...................................

...THE KEY WEST CLIMATE SUMMARY FOR SEPTEMBER 20 2014...

CLIMATE NORMAL PERIOD 1981 TO 2010
CLIMATE RECORD PERIOD 1871 TO 2014

WEATHER ITEM   OBSERVED TIME   RECORD YEAR NORMAL DEPARTURE LAST
               VALUE    (LST)  VALUE       VALUE  FROM      YEAR
                                                  NORMAL
..................................................................
TEMPERATURE (F)
 YESTERDAY
  MAXIMUM         88    357 PM  93    1987  88      0       87
                                      1951
  MINIMUM         80   1148 PM  70    1890  78      2       78
  AVERAGE         84                        83      1       83

PRECIPITATION (IN)
  YESTERDAY        0.01          4.86 1963   0.24  -0.23     0.00
  MONTH TO DATE    4.05                      4.49  -0.44     3.73
  SINCE SEP 1      4.05                      4.49  -0.44     3.73
  SINCE JAN 1     26.19                     28.16  -1.97    39.24

SNOWFALL (IN)
  YESTERDAY        0.0
  MONTH TO DATE    0.0
  SINCE SEP 1      0.0
  SINCE JUL 1      0.0
  SNOW DEPTH       0

DEGREE DAYS
 HEATING
  YESTERDAY        0                         0      0        0
  MONTH TO DATE    0                         0      0        0
  SINCE SEP 1      0                         0      0        0
  SINCE JUL 1      0                         0      0        0

 COOLING
  YESTERDAY       19                        18      1       18
  MONTH TO DATE  377                       370      7      358
  SINCE SEP 1    377                       370      7      358
  SINCE JAN 1   3897                      3559    338     3678
..................................................................

WIND (MPH)
  HIGHEST WIND SPEED    17   HIGHEST WIND DIRECTION    NW (320)
  HIGHEST GUST SPEED    24   HIGHEST GUST DIRECTION    NW (320)
  AVERAGE WIND SPEED     7.9

SKY COVER
  POSSIBLE SUNSHINE  MM
  AVERAGE SKY COVER 0.1

WEATHER CONDITIONS
 THE FOLLOWING WEATHER WAS RECORDED YESTERDAY.
  THUNDERSTORM
  LIGHT RAIN

RELATIVE HUMIDITY (PERCENT)
 HIGHEST    85
 LOWEST     65
 AVERAGE    75

..........................................................

THE KEY WEST CLIMATE NORMALS FOR TODAY
                         NORMAL    RECORD    YEAR
 MAXIMUM TEMPERATURE (F)   88        92      1990
                                             1989
                                             1957
 MINIMUM TEMPERATURE (F)   78        70      1890

SUNRISE AND SUNSET
SEPTEMBER 21 2014.....SUNRISE   715 AM EDT   SUNSET   724 PM EDT
SEPTEMBER 22 2014.....SUNRISE   716 AM EDT   SUNSET   723 PM EDT

-  INDICATES NEGATIVE NUMBERS.
R  INDICATES RECORD WAS SET OR TIED.
MM INDICATES DATA IS MISSING.
T  INDICATES TRACE AMOUNT.

$$
