000
CDUS42 KKEY 020535
CLIEYW

CLIMATE REPORT
NATIONAL WEATHER SERVICE KEY WEST, FL
131 AM EDT TUE JUN 2 2015
...................................

...THE KEY WEST CLIMATE SUMMARY FOR JUNE 1 2015...

CLIMATE NORMAL PERIOD 1981 TO 2010
CLIMATE RECORD PERIOD 1871 TO 2015

WEATHER ITEM   OBSERVED TIME   RECORD YEAR NORMAL DEPARTURE LAST
                VALUE   (LST)  VALUE       VALUE  FROM      YEAR
                                                  NORMAL
..................................................................
TEMPERATURE (F)
 YESTERDAY
  MAXIMUM         87    150 PM  93    1874  87      0       88
  MINIMUM         80    654 AM  70    1908  78      2       81
                                      1902
  AVERAGE         84                        82      2       85

PRECIPITATION (IN)
  YESTERDAY        0.00          2.57 1968   0.14  -0.14     0.00
  MONTH TO DATE    0.00                      0.14  -0.14     0.00
  SINCE JUN 1      0.00                      0.14  -0.14     0.00
  SINCE JAN 1     12.43                     10.77   1.66    12.85

SNOWFALL (IN)
  YESTERDAY        0.0
  MONTH TO DATE    0.0
  SINCE JUN 1      0.0
  SINCE JUL 1      0.0
  SNOW DEPTH       0

DEGREE DAYS
 HEATING
  YESTERDAY        0                         0      0        0
  MONTH TO DATE    0                         0      0        0
  SINCE JUN 1      0                         0      0        0
  SINCE JUL 1     27                        73    -46       22

 COOLING
  YESTERDAY       19                        17      2       20
  MONTH TO DATE   19                        17      2       20
  SINCE JUN 1     19                        17      2       20
  SINCE JAN 1   1736                      1447    289     1642
..................................................................


WIND (MPH)
  HIGHEST WIND SPEED    14   HIGHEST WIND DIRECTION     E (110)
  HIGHEST GUST SPEED    18   HIGHEST GUST DIRECTION    SE (150)
  AVERAGE WIND SPEED     9.9


SKY COVER
  POSSIBLE SUNSHINE  MM
  AVERAGE SKY COVER 0.1


WEATHER CONDITIONS
 THE FOLLOWING WEATHER WAS RECORDED YESTERDAY.
  NO SIGNIFICANT WEATHER WAS OBSERVED.


RELATIVE HUMIDITY (PERCENT)
 HIGHEST    74
 LOWEST     61
 AVERAGE    68

..........................................................


THE KEY WEST CLIMATE NORMALS FOR TODAY
                         NORMAL    RECORD    YEAR
 MAXIMUM TEMPERATURE (F)   87        91      1995
                                             1950
                                             1878
 MINIMUM TEMPERATURE (F)   78        65      1932


SUNRISE AND SUNSET
JUNE  2 2015..........SUNRISE   638 AM EDT   SUNSET   812 PM EDT
JUNE  3 2015..........SUNRISE   638 AM EDT   SUNSET   813 PM EDT


-  INDICATES NEGATIVE NUMBERS.
R  INDICATES RECORD WAS SET OR TIED.
MM INDICATES DATA IS MISSING.
T  INDICATES TRACE AMOUNT.

$$

BWC
