000
CDUS42 KKEY 310725
CLIEYW

CLIMATE REPORT
NATIONAL WEATHER SERVICE KEY WEST FL
325 AM EDT THU JUL 31 2014

...................................

...THE KEY WEST CLIMATE SUMMARY FOR JULY 30 2014...

CLIMATE NORMAL PERIOD 1981 TO 2010
CLIMATE RECORD PERIOD 1871 TO 2014

WEATHER ITEM   OBSERVED TIME   RECORD YEAR NORMAL DEPARTURE LAST
                VALUE   (LST)  VALUE       VALUE  FROM      YEAR
                                                  NORMAL
..................................................................
TEMPERATURE (F)
 YESTERDAY
  MAXIMUM         91    450 PM  94    1933  90      1       88
                                      1884
                                      1881
  MINIMUM         81   1159 PM  69    1890  80      1       82
  AVERAGE         86                        85      1       85

PRECIPITATION (IN)
  YESTERDAY        0.07          2.65 1886   0.12  -0.05      T
  MONTH TO DATE    2.03                      3.43  -1.40     7.80
  SINCE JUN 1      4.41                      7.54  -3.13    16.34
  SINCE JAN 1     17.26                     18.17  -0.91    31.13

SNOWFALL (IN)
  YESTERDAY        0.0
  MONTH TO DATE    0.0
  SINCE JUN 1      0.0
  SINCE JUL 1      0.0
  SNOW DEPTH       0

DEGREE DAYS
 HEATING
  YESTERDAY        0                         0      0        0
  MONTH TO DATE    0                         0      0        0
  SINCE JUN 1      0                         0      0        0
  SINCE JUL 1      0                         0      0        0

 COOLING
  YESTERDAY       21                        20      1       20
  MONTH TO DATE  648                       588     60      536
  SINCE JUN 1   1206                      1137     69     1094
  SINCE JAN 1   2828                      2567    261     2723
..................................................................

WIND (MPH)
  HIGHEST WIND SPEED    15   HIGHEST WIND DIRECTION     S (170)
  HIGHEST GUST SPEED    21   HIGHEST GUST DIRECTION     S (160)
  AVERAGE WIND SPEED     6.7

SKY COVER
  POSSIBLE SUNSHINE  MM
  AVERAGE SKY COVER 0.3

WEATHER CONDITIONS
 THE FOLLOWING WEATHER WAS RECORDED YESTERDAY.
  THUNDERSTORM
  HEAVY RAIN

RELATIVE HUMIDITY (PERCENT)
 HIGHEST    72
 LOWEST     59
 AVERAGE    66
..........................................................

THE KEY WEST CLIMATE NORMALS FOR TODAY
                         NORMAL    RECORD    YEAR
 MAXIMUM TEMPERATURE (F)   90        95      1874
 MINIMUM TEMPERATURE (F)   80        71      1889

SUNRISE AND SUNSET
JULY 31 2014..........SUNRISE   655 AM EDT   SUNSET   812 PM EDT
AUGUST  1 2014........SUNRISE   655 AM EDT   SUNSET   811 PM EDT

-  INDICATES NEGATIVE NUMBERS.
R  INDICATES RECORD WAS SET OR TIED.
MM INDICATES DATA IS MISSING.
T  INDICATES TRACE AMOUNT.

$$
BS
