000
CDUS42 KKEY 300547
CLIEYW

CLIMATE REPORT
NATIONAL WEATHER SERVICE KEY WEST FL
1250 AM EST FRI JAN 30 2015

...................................

...THE KEY WEST CLIMATE SUMMARY FOR JANUARY 29 2015...

CLIMATE NORMAL PERIOD 1981 TO 2010
CLIMATE RECORD PERIOD 1871 TO 2015

WEATHER ITEM   OBSERVED TIME   RECORD YEAR NORMAL DEPARTURE LAST
                VALUE   (LST)  VALUE       VALUE  FROM      YEAR
                                                  NORMAL
..................................................................
TEMPERATURE (F)
 YESTERDAY
  MAXIMUM         73    305 PM  86    1991  75     -2       80
  MINIMUM         60    731 AM  45    1940  65     -5       66
  AVERAGE         67                        70     -3       73

PRECIPITATION (IN)
  YESTERDAY        0.00          1.78 1997   0.07  -0.07     1.15
  MONTH TO DATE    1.03                      1.92  -0.89     6.14
  SINCE DEC 1      3.28                      4.14  -0.86     7.23
  SINCE JAN 1      1.03                      1.92  -0.89     6.14

SNOWFALL (IN)
  YESTERDAY        0.0
  MONTH TO DATE    0.0
  SINCE DEC 1      0.0
  SINCE JUL 1      0.0
  SNOW DEPTH       0

DEGREE DAYS
 HEATING
  YESTERDAY        0                         1     -1        0
  MONTH TO DATE    0                        29    -29       22
  SINCE DEC 1      5                        46    -41       22
  SINCE JUL 1      6                        47    -41       22

 COOLING
  YESTERDAY        2                         5     -3        8
  MONTH TO DATE  224                       147     77      146
  SINCE DEC 1    477                       364    113      486
  SINCE JAN 1    224                       147     77      146
..................................................................

WIND (MPH)
  HIGHEST WIND SPEED    18   HIGHEST WIND DIRECTION     E (90)
  HIGHEST GUST SPEED    25   HIGHEST GUST DIRECTION     E (90)
  AVERAGE WIND SPEED    10.5

SKY COVER
  POSSIBLE SUNSHINE  MM
  AVERAGE SKY COVER 0.1

WEATHER CONDITIONS
 THE FOLLOWING WEATHER WAS RECORDED YESTERDAY.
  NO SIGNIFICANT WEATHER WAS OBSERVED.

RELATIVE HUMIDITY (PERCENT)
 HIGHEST    84
 LOWEST     51
 AVERAGE    68
..........................................................

THE KEY WEST CLIMATE NORMALS FOR TODAY
                         NORMAL    RECORD    YEAR
 MAXIMUM TEMPERATURE (F)   75        85      1991
                                             1957
 MINIMUM TEMPERATURE (F)   65        47      1940

SUNRISE AND SUNSET
JANUARY 30 2015.......SUNRISE   710 AM EST   SUNSET   611 PM EST
JANUARY 31 2015.......SUNRISE   709 AM EST   SUNSET   612 PM EST

-  INDICATES NEGATIVE NUMBERS.
R  INDICATES RECORD WAS SET OR TIED.
MM INDICATES DATA IS MISSING.
T  INDICATES TRACE AMOUNT.

$$
BS
