000
CDUS42 KKEY 242122
CLIEYW


CLIMATE REPORT
NATIONAL WEATHER SERVICE KEY WEST, FL
422 PM EST TUE JAN 24 2017


...................................

...THE KEY WEST CLIMATE SUMMARY FOR JANUARY 24 2017...
VALID TODAY AS OF 0400 PM LOCAL TIME.

CLIMATE NORMAL PERIOD 1981 TO 2010
CLIMATE RECORD PERIOD 1871 TO 2017


WEATHER ITEM   OBSERVED TIME   RECORD YEAR NORMAL DEPARTURE LAST
                VALUE   (LST)  VALUE       VALUE  FROM      YEAR
                                                  NORMAL
..................................................................
TEMPERATURE (F)
 TODAY
  MAXIMUM         77    258 PM  83    2007  74      3       64
                                      1881
                                      1880
  MINIMUM         70    751 AM  45    2003  64      6       56
  AVERAGE         74                        69      5       60

PRECIPITATION (IN)
  TODAY            0.00          1.77 1899   0.07  -0.07     0.00
  MONTH TO DATE    0.78                      1.60  -0.82     3.01
  SINCE DEC 1      2.52                      3.82  -1.30     7.59
  SINCE JAN 1      0.78                      1.60  -0.82     3.01

SNOWFALL (IN)
  TODAY            0.0
  MONTH TO DATE    0.0
  SINCE DEC 1      0.0
  SINCE JUL 1      0.0
  SNOW DEPTH       0

DEGREE DAYS
 HEATING
  TODAY            0                         1     -1        5
  MONTH TO DATE    3                        24    -21       11
  SINCE DEC 1      3                        41    -38       11
  SINCE JUL 1      3                        42    -39       11

 COOLING
  TODAY            9                         5      4        0
  MONTH TO DATE  231                       122    109      142
  SINCE DEC 1    624                       339    285      541
  SINCE JAN 1    231                       122    109      142
..................................................................


WIND (MPH)
  HIGHEST WIND SPEED    23   HIGHEST WIND DIRECTION    NW (320)
  HIGHEST GUST SPEED    29   HIGHEST GUST DIRECTION    NW (320)
  AVERAGE WIND SPEED    12.7


SKY COVER
  POSSIBLE SUNSHINE  MM
  AVERAGE SKY COVER 0.0


WEATHER CONDITIONS
 THE FOLLOWING WEATHER WAS RECORDED TODAY.
  NO SIGNIFICANT WEATHER WAS OBSERVED.


RELATIVE HUMIDITY (PERCENT)
 HIGHEST    73
 LOWEST     60
 AVERAGE    67

..........................................................


THE KEY WEST CLIMATE NORMALS FOR TOMORROW
                         NORMAL    RECORD    YEAR
 MAXIMUM TEMPERATURE (F)   75        84      1991
                                             1957
 MINIMUM TEMPERATURE (F)   64        49      1940


SUNRISE AND SUNSET
JANUARY 24 2017.......SUNRISE   712 AM EST   SUNSET   607 PM EST
JANUARY 25 2017.......SUNRISE   711 AM EST   SUNSET   608 PM EST


-  INDICATES NEGATIVE NUMBERS.
R  INDICATES RECORD WAS SET OR TIED.
MM INDICATES DATA IS MISSING.
T  INDICATES TRACE AMOUNT.




$$
