000
CDUS42 KKEY 250547
CLIEYW

CLIMATE REPORT
NATIONAL WEATHER SERVICE KEY WEST FL
150 AM EDT FRI APR 25 2014

...................................

...THE KEY WEST CLIMATE SUMMARY FOR APRIL 24 2014...

CLIMATE NORMAL PERIOD 1981 TO 2010
CLIMATE RECORD PERIOD 1871 TO 2014

WEATHER ITEM   OBSERVED TIME   RECORD YEAR NORMAL DEPARTURE LAST
                VALUE   (LST)  VALUE       VALUE  FROM      YEAR
                                                  NORMAL
..................................................................
TEMPERATURE (F)
 YESTERDAY
  MAXIMUM         82    502 PM  89    1991  82      0       85
  MINIMUM         69    211 AM  63    1998  73     -4       75
  AVERAGE         76                        78     -2       80

PRECIPITATION (IN)
  YESTERDAY        0.00          2.70 1979   0.07  -0.07     0.00
  MONTH TO DATE    0.56                      1.71  -1.15     1.97
  SINCE MAR 1      4.34                      3.76   0.58     4.17
  SINCE JAN 1     11.94                      7.29   4.65     5.71

SNOWFALL (IN)
  YESTERDAY        0.0
  MONTH TO DATE    0.0
  SINCE MAR 1      0.0
  SINCE JUL 1      0.0
  SNOW DEPTH       0

DEGREE DAYS
 HEATING
  YESTERDAY        0                         0      0        0
  MONTH TO DATE    0                         0      0        0
  SINCE MAR 1      0                         7     -7       16
  SINCE JUL 1     22                        73    -51       28

 COOLING
  YESTERDAY       11                        12     -1       15
  MONTH TO DATE  290                       265     25      360
  SINCE MAR 1    567                       527     40      522
  SINCE JAN 1    993                       875    118     1056
..................................................................

WIND (MPH)
  HIGHEST WIND SPEED     9   HIGHEST WIND DIRECTION    SE (120)
  HIGHEST GUST SPEED    16   HIGHEST GUST DIRECTION     S (160)
  AVERAGE WIND SPEED     5.4

SKY COVER
  POSSIBLE SUNSHINE  MM
  AVERAGE SKY COVER 0.2

WEATHER CONDITIONS
 THE FOLLOWING WEATHER WAS RECORDED YESTERDAY.
  NO SIGNIFICANT WEATHER WAS OBSERVED.

RELATIVE HUMIDITY (PERCENT)
 HIGHEST    90
 LOWEST     67
 AVERAGE    79
..........................................................

THE KEY WEST CLIMATE NORMALS FOR TODAY
                         NORMAL    RECORD    YEAR
 MAXIMUM TEMPERATURE (F)   82        90      1991
 MINIMUM TEMPERATURE (F)   73        64      2012

SUNRISE AND SUNSET
APRIL 25 2014.........SUNRISE   657 AM EDT   SUNSET   754 PM EDT
APRIL 26 2014.........SUNRISE   656 AM EDT   SUNSET   754 PM EDT

-  INDICATES NEGATIVE NUMBERS.
R  INDICATES RECORD WAS SET OR TIED.
MM INDICATES DATA IS MISSING.
T  INDICATES TRACE AMOUNT.

$$
BS
