000
CDUS42 KKEY 300538
CLIEYW

CLIMATE REPORT
NATIONAL WEATHER SERVICE KEY WEST, FL
133 AM EDT SAT AUG 30 2014

...................................

...THE KEY WEST CLIMATE SUMMARY FOR AUGUST 29 2014...

CLIMATE NORMAL PERIOD 1981 TO 2010
CLIMATE RECORD PERIOD 1871 TO 2014

WEATHER ITEM   OBSERVED TIME   RECORD YEAR NORMAL DEPARTURE LAST
                VALUE   (LST)  VALUE       VALUE  FROM      YEAR
                                                  NORMAL
..................................................................
TEMPERATURE (F)
 YESTERDAY
  MAXIMUM         92   1259 PM  95    1881  89      3       87
  MINIMUM         85    630 AM  70    1889  79      6       77
  AVERAGE         89                        84      5       82

PRECIPITATION (IN)
  YESTERDAY        T             3.29 1977   0.20  -0.20     0.00
  MONTH TO DATE    3.16                      4.98  -1.82     4.38
  SINCE JUN 1      8.40                     12.64  -4.24    20.72
  SINCE JAN 1     21.25                     23.27  -2.02    35.51

SNOWFALL (IN)
  YESTERDAY        0.0
  MONTH TO DATE    0.0
  SINCE JUN 1      0.0
  SINCE JUL 1      0.0
  SNOW DEPTH       0

DEGREE DAYS
 HEATING
  YESTERDAY        0                         0      0        0
  MONTH TO DATE    0                         0      0        0
  SINCE JUN 1      0                         0      0        0
  SINCE JUL 1      0                         0      0        0

 COOLING
  YESTERDAY       24                        19      5       17
  MONTH TO DATE  631                       568     63      539
  SINCE JUN 1   1856                      1723    133     1653
  SINCE JAN 1   3478                      3153    325     3282
..................................................................


WIND (MPH)
  HIGHEST WIND SPEED    20   HIGHEST WIND DIRECTION     E (110)
  HIGHEST GUST SPEED    25   HIGHEST GUST DIRECTION    SE (120)
  AVERAGE WIND SPEED    12.1


SKY COVER
  POSSIBLE SUNSHINE  MM
  AVERAGE SKY COVER 0.1


WEATHER CONDITIONS
 THE FOLLOWING WEATHER WAS RECORDED YESTERDAY.
  LIGHT RAIN


RELATIVE HUMIDITY (PERCENT)
 HIGHEST    74
 LOWEST     64
 AVERAGE    69

..........................................................


THE KEY WEST CLIMATE NORMALS FOR TODAY
                         NORMAL    RECORD    YEAR
 MAXIMUM TEMPERATURE (F)   89        94      1878
 MINIMUM TEMPERATURE (F)   79        70      1960
                                             1889


SUNRISE AND SUNSET
AUGUST 30 2014........SUNRISE   707 AM EDT   SUNSET   747 PM EDT
AUGUST 31 2014........SUNRISE   708 AM EDT   SUNSET   746 PM EDT


-  INDICATES NEGATIVE NUMBERS.
R  INDICATES RECORD WAS SET OR TIED.
MM INDICATES DATA IS MISSING.
T  INDICATES TRACE AMOUNT.

$$

BWC
