000
CDUS42 KKEY 080535
CLIEYW


CLIMATE REPORT
NATIONAL WEATHER SERVICE KEY WEST, FL
1235 AM EST THU DEC 8 2016


...................................

...THE KEY WEST CLIMATE SUMMARY FOR DECEMBER 7 2016...

CLIMATE NORMAL PERIOD 1981 TO 2010
CLIMATE RECORD PERIOD 1871 TO 2016


WEATHER ITEM   OBSERVED TIME   RECORD YEAR NORMAL DEPARTURE LAST
                VALUE   (LST)  VALUE       VALUE  FROM      YEAR
                                                  NORMAL
..................................................................
TEMPERATURE (F)
 YESTERDAY
  MAXIMUM         85R   328 PM  85    1953  77      8       77
  MINIMUM         76    719 AM  50    1937  68      8       70
  AVERAGE         81                        73      8       74

PRECIPITATION (IN)
  YESTERDAY        0.02          0.98 1950   0.09  -0.07     0.59
  MONTH TO DATE    0.45                      0.58  -0.13     4.13
  SINCE DEC 1      0.45                      0.58  -0.13     4.13
  SINCE JAN 1     36.06                     38.19  -2.13    35.79

SNOWFALL (IN)
  YESTERDAY        0.0
  MONTH TO DATE    0.0
  SINCE DEC 1      0.0
  SINCE JUL 1      0.0
  SNOW DEPTH       0

DEGREE DAYS
 HEATING
  YESTERDAY        0                         0      0        0
  MONTH TO DATE    0                         0      0        0
  SINCE DEC 1      0                         0      0        0
  SINCE JUL 1      0                         1     -1        0

 COOLING
  YESTERDAY       16                         8      8        9
  MONTH TO DATE  103                        58     45       72
  SINCE DEC 1    103                        58     45       72
  SINCE JAN 1   4856                      4591    265     5251
..................................................................


WIND (MPH)
  HIGHEST WIND SPEED     9   HIGHEST WIND DIRECTION     N (20)
  HIGHEST GUST SPEED    12   HIGHEST GUST DIRECTION     N (350)
  AVERAGE WIND SPEED     3.2


SKY COVER
  POSSIBLE SUNSHINE  MM
  AVERAGE SKY COVER 0.4


WEATHER CONDITIONS
 THE FOLLOWING WEATHER WAS RECORDED YESTERDAY.
  THUNDERSTORM
  LIGHT RAIN


RELATIVE HUMIDITY (PERCENT)
 HIGHEST   100
 LOWEST     80
 AVERAGE    90

..........................................................


THE KEY WEST CLIMATE NORMALS FOR TODAY
                         NORMAL    RECORD    YEAR
 MAXIMUM TEMPERATURE (F)   77        85      1978
 MINIMUM TEMPERATURE (F)   68        48      1937


SUNRISE AND SUNSET
DECEMBER  8 2016......SUNRISE   659 AM EST   SUNSET   539 PM EST
DECEMBER  9 2016......SUNRISE   700 AM EST   SUNSET   539 PM EST


-  INDICATES NEGATIVE NUMBERS.
R  INDICATES RECORD WAS SET OR TIED.
MM INDICATES DATA IS MISSING.
T  INDICATES TRACE AMOUNT.




$$
