000
CDUS42 KKEY 230549
CLIEYW

CLIMATE REPORT
NATIONAL WEATHER SERVICE KEY WEST, FL
146 AM EDT THU OCT 23 2014

...................................

...THE KEY WEST CLIMATE SUMMARY FOR OCTOBER 22 2014...

CLIMATE NORMAL PERIOD 1981 TO 2010
CLIMATE RECORD PERIOD 1871 TO 2014

WEATHER ITEM   OBSERVED TIME   RECORD YEAR NORMAL DEPARTURE LAST
               VALUE    (LST)  VALUE       VALUE  FROM      YEAR
                                                  NORMAL
..................................................................
TEMPERATURE (F)
 YESTERDAY
  MAXIMUM         81   1028 AM  89    1962  84     -3       86
                                      1956
                                      1876
  MINIMUM         73    719 PM  64    1898  75     -2       81
  AVERAGE         77                        79     -2       84

PRECIPITATION (IN)
  YESTERDAY        2.09          7.30 2008   0.15   1.94     0.00
  MONTH TO DATE    5.33                      3.79   1.54     1.01
  SINCE SEP 1     10.75                     10.50   0.25     5.81
  SINCE JAN 1     32.89                     34.17  -1.28    41.32

SNOWFALL (IN)
  YESTERDAY        0.0
  MONTH TO DATE    0.0
  SINCE SEP 1      0.0
  SINCE JUL 1      0.0
  SNOW DEPTH       0

DEGREE DAYS
 HEATING
  YESTERDAY        0                         0      0        0
  MONTH TO DATE    0                         0      0        0
  SINCE SEP 1      0                         0      0        0
  SINCE JUL 1      0                         0      0        0

 COOLING
  YESTERDAY       12                        14     -2       19
  MONTH TO DATE  377                       350     27      387
  SINCE SEP 1    944                       896     48      929
  SINCE JAN 1   4464                      4085    379     4249
..................................................................

WIND (MPH)
  HIGHEST WIND SPEED    14   HIGHEST WIND DIRECTION    SE (150)
  HIGHEST GUST SPEED    20   HIGHEST GUST DIRECTION     S (160)
  AVERAGE WIND SPEED     5.9

SKY COVER
  POSSIBLE SUNSHINE  MM
  AVERAGE SKY COVER 0.7

WEATHER CONDITIONS
 THE FOLLOWING WEATHER WAS RECORDED YESTERDAY.
  HEAVY RAIN
  RAIN
  LIGHT RAIN

RELATIVE HUMIDITY (PERCENT)
 HIGHEST   100
 LOWEST     79
 AVERAGE    90

..........................................................

THE KEY WEST CLIMATE NORMALS FOR TODAY
                         NORMAL    RECORD    YEAR
 MAXIMUM TEMPERATURE (F)   83        91      1881
 MINIMUM TEMPERATURE (F)   75        64      1898

SUNRISE AND SUNSET
OCTOBER 23 2014.......SUNRISE   729 AM EDT   SUNSET   653 PM EDT
OCTOBER 24 2014.......SUNRISE   729 AM EDT   SUNSET   653 PM EDT

-  INDICATES NEGATIVE NUMBERS.
R  INDICATES RECORD WAS SET OR TIED.
MM INDICATES DATA IS MISSING.
T  INDICATES TRACE AMOUNT.

$$
