000
CDUS42 KKEY 250553
CLIEYW

CLIMATE REPORT
NATIONAL WEATHER SERVICE KEY WEST, FL
149 AM EDT WED MAY 25 2016


...................................

...THE KEY WEST CLIMATE SUMMARY FOR MAY 24 2016...

CLIMATE NORMAL PERIOD 1981 TO 2010
CLIMATE RECORD PERIOD 1871 TO 2016


WEATHER ITEM   OBSERVED TIME   RECORD YEAR NORMAL DEPARTURE LAST
                VALUE   (LST)  VALUE       VALUE  FROM      YEAR
                                                  NORMAL
..................................................................
TEMPERATURE (F)
 YESTERDAY
  MAXIMUM         88    311 PM  92    1873  86      2       88
  MINIMUM         76    531 AM  68    1900  77     -1       81
  AVERAGE         82                        81      1       85

PRECIPITATION (IN)
  YESTERDAY        0.03          3.15 1937   0.12  -0.09     0.00
  MONTH TO DATE    2.18                      2.04   0.14     1.07
  SINCE MAR 1      3.88                      6.14  -2.26     9.15
  SINCE JAN 1     10.96                      9.67   1.29    12.38

SNOWFALL (IN)
  YESTERDAY        0.0
  MONTH TO DATE    0.0
  SINCE MAR 1      0.0
  SINCE JUL 1      0.0
  SNOW DEPTH       0

DEGREE DAYS
 HEATING
  YESTERDAY        0                         0      0        0
  MONTH TO DATE    0                         0      0        0
  SINCE MAR 1      0                         7     -7        0
  SINCE JUL 1     24                        73    -49       27

 COOLING
  YESTERDAY       17                        16      1       20
  MONTH TO DATE  351                       358     -7      391
  SINCE MAR 1   1044                       964     80     1235
  SINCE JAN 1   1372                      1312     60     1593
..................................................................


WIND (MPH)
  HIGHEST WIND SPEED    14   HIGHEST WIND DIRECTION     N (20)
  HIGHEST GUST SPEED    18   HIGHEST GUST DIRECTION     E (90)
  AVERAGE WIND SPEED     7.3


SKY COVER
  POSSIBLE SUNSHINE  MM
  AVERAGE SKY COVER 0.2


WEATHER CONDITIONS
 THE FOLLOWING WEATHER WAS RECORDED YESTERDAY.
  THUNDERSTORM
  LIGHT RAIN
  FOG
  WATERSPOUT


RELATIVE HUMIDITY (PERCENT)
 HIGHEST    97
 LOWEST     61
 AVERAGE    79

..........................................................


THE KEY WEST CLIMATE NORMALS FOR TODAY
                         NORMAL    RECORD    YEAR
 MAXIMUM TEMPERATURE (F)   86        91      2008
                                             1989
 MINIMUM TEMPERATURE (F)   77        70      1992
                                             1913


SUNRISE AND SUNSET
MAY 25 2016...........SUNRISE   639 AM EDT   SUNSET   809 PM EDT
MAY 26 2016...........SUNRISE   639 AM EDT   SUNSET   809 PM EDT


-  INDICATES NEGATIVE NUMBERS.
R  INDICATES RECORD WAS SET OR TIED.
MM INDICATES DATA IS MISSING.
T  INDICATES TRACE AMOUNT.




$$
