000
CDUS42 KKEY 290537
CLIEYW

CLIMATE REPORT
NATIONAL WEATHER SERVICE KEY WEST, FL
1236 AM EST MON DEC 29 2014

...................................

...THE KEY WEST CLIMATE SUMMARY FOR DECEMBER 28 2014...

CLIMATE NORMAL PERIOD 1981 TO 2010
CLIMATE RECORD PERIOD 1871 TO 2014

WEATHER ITEM   OBSERVED TIME   RECORD YEAR NORMAL DEPARTURE LAST
               VALUE    (LST)  VALUE       VALUE  FROM      YEAR
                                                  NORMAL
..................................................................
TEMPERATURE (F)
 YESTERDAY
  MAXIMUM         81    231 PM  85    1876  75      6       81
  MINIMUM         74    634 AM  49    2010  65      9       74
  AVERAGE         78                        70      8       78

PRECIPITATION (IN)
  YESTERDAY        0.00          1.96 1931   0.06  -0.06      T
  MONTH TO DATE    2.20                      2.04   0.16     1.05
  SINCE DEC 1      2.20                      2.04   0.16     1.05
  SINCE JAN 1     36.57                     39.65  -3.08    46.65

SNOWFALL (IN)
  YESTERDAY        0.0
  MONTH TO DATE    0.0
  SINCE DEC 1      0.0
  SINCE JUL 1      0.0
  SNOW DEPTH       0

DEGREE DAYS
 HEATING
  YESTERDAY        0                         1     -1        0
  MONTH TO DATE    5                        12     -7        0
  SINCE DEC 1      5                        12     -7        0
  SINCE JUL 1      6                        13     -7        0

 COOLING
  YESTERDAY       13                         6      7       13
  MONTH TO DATE  218                       200     18      309
  SINCE DEC 1    218                       200     18      309
  SINCE JAN 1   5061                      4733    328     5070
..................................................................

WIND (MPH)
  HIGHEST WIND SPEED    14   HIGHEST WIND DIRECTION    SE (130)
  HIGHEST GUST SPEED    20   HIGHEST GUST DIRECTION    SE (130)
  AVERAGE WIND SPEED     9.4

SKY COVER
  POSSIBLE SUNSHINE  MM
  AVERAGE SKY COVER 0.1

WEATHER CONDITIONS
 THE FOLLOWING WEATHER WAS RECORDED YESTERDAY.
  NO SIGNIFICANT WEATHER WAS OBSERVED.

RELATIVE HUMIDITY (PERCENT)
 HIGHEST    87
 LOWEST     67
 AVERAGE    77

..........................................................

THE KEY WEST CLIMATE NORMALS FOR TODAY
                         NORMAL    RECORD    YEAR
 MAXIMUM TEMPERATURE (F)   75        82      2007
                                             1990
                                             1954
 MINIMUM TEMPERATURE (F)   65        44      1894

SUNRISE AND SUNSET
DECEMBER 29 2014......SUNRISE   710 AM EST   SUNSET   548 PM EST
DECEMBER 30 2014......SUNRISE   710 AM EST   SUNSET   549 PM EST

-  INDICATES NEGATIVE NUMBERS.
R  INDICATES RECORD WAS SET OR TIED.
MM INDICATES DATA IS MISSING.
T  INDICATES TRACE AMOUNT.

$$
