000
CDAK49 PAFG 230032
CLIFAI

CLIMATE REPORT
NATIONAL WEATHER SERVICE FAIRBANKS AK
432 PM AKDT FRI MAY 22 2015

...................................

...THE FAIRBANKS AK CLIMATE SUMMARY FOR MAY 22 2015...
VALID TODAY AS OF 0400 PM LOCAL TIME.

CLIMATE NORMAL PERIOD 1981 TO 2010
CLIMATE RECORD PERIOD 1904 TO 2015


WEATHER ITEM   OBSERVED TIME   RECORD YEAR NORMAL DEPARTURE LAST
                VALUE   (LST)  VALUE       VALUE  FROM      YEAR
                                                  NORMAL
..................................................................
TEMPERATURE (F)
 TODAY
  MAXIMUM         78    252 PM  84    1963  64     14       58
  MINIMUM         46    347 AM  26    1933  40      6       37
  AVERAGE         62                        52     10       48

PRECIPITATION (IN)
  TODAY            0.00          0.30 1922   0.02  -0.02     0.00
  MONTH TO DATE    0.17                      0.39  -0.22     0.04
  SINCE MAR 1      0.82                      0.95  -0.13     0.45
  SINCE JAN 1      1.45                      1.95  -0.50     1.07

SNOWFALL (IN)
  TODAY            0.0           T    1968   0.0    0.0      0.0
  MONTH TO DATE    0.0                       0.8   -0.8       T
  SINCE MAR 1     10.2                       8.6    1.6      6.0
  SINCE JUL 1     43.8                      64.9  -21.1     48.9
  SNOW DEPTH       0

DEGREE DAYS
 HEATING
  TODAY            3                        13    -10       17
  MONTH TO DATE  264                       384   -120      337
  SINCE MAR 1   2632                      3018   -386     2838
  SINCE JUL 1  12099                     13408  -1309    12230

 COOLING
  TODAY            0                         0      0        0
  MONTH TO DATE    0                         0      0        0
  SINCE MAR 1      0                         0      0        0
  SINCE JAN 1      0                         0      0        0
..................................................................


WIND (MPH)
  HIGHEST GUST SPEED    12   HIGHEST GUST DIRECTION     E (80)


SKY COVER
  AVERAGE SKY COVER 0.8


WEATHER CONDITIONS
 THE FOLLOWING WEATHER WAS RECORDED TODAY.
  NO SIGNIFICANT WEATHER WAS OBSERVED.


RELATIVE HUMIDITY (PERCENT)
 HIGHEST    77
 LOWEST     22
 AVERAGE    50

..........................................................


THE FAIRBANKS AK CLIMATE NORMALS FOR TOMORROW
                         NORMAL    RECORD    YEAR
 MAXIMUM TEMPERATURE (F)   64        80      2002
                                             1960
 MINIMUM TEMPERATURE (F)   41        25      1918


SUNRISE AND SUNSET
MAY 22 2015..........SUNRISE  406 AM AKDT   SUNSET  1134 PM AKDT
MAY 23 2015..........SUNRISE  402 AM AKDT   SUNSET  1138 PM AKDT


-  INDICATES NEGATIVE NUMBERS.
R  INDICATES RECORD WAS SET OR TIED.
MM INDICATES DATA IS MISSING.
T  INDICATES TRACE AMOUNT.

&&

SNOW DEPTH IS MEASURED AT 3AM AKST/4AM AKDT

----------------------------
AVAILABLE DAYLIGHT

AMOUNT OF DAYLIGHT TODAY  (HOUR:MIN)........19:28
GAIN SINCE YESTERDAY........................7 MINUTES
----------------------------

$$
BJB MAY 15
