000
CDAK49 PAFG 280932
CLIFAI

CLIMATE REPORT
NATIONAL WEATHER SERVICE FAIRBANKS AK
132 AM AKDT SAT MAY 28 2016

...................................

...THE FAIRBANKS AK CLIMATE SUMMARY FOR MAY 27 2016...

CLIMATE NORMAL PERIOD 1981 TO 2010
CLIMATE RECORD PERIOD 1904 TO 2016


WEATHER ITEM   OBSERVED TIME   RECORD YEAR NORMAL DEPARTURE LAST
                VALUE   (LST)  VALUE       VALUE  FROM      YEAR
                                                  NORMAL
..................................................................
TEMPERATURE (F)
 YESTERDAY
  MAXIMUM         62    603 PM  85    2011  65     -3       76
  MINIMUM         47    430 AM  28    1927  42      5       51
  AVERAGE         55                        54      1       64

PRECIPITATION (IN)
  YESTERDAY        0.00          0.77 1955   0.02  -0.02     0.00
  MONTH TO DATE    0.78                      0.50   0.28     0.18
  SINCE MAR 1      1.83                      1.06   0.77     0.83
  SINCE JAN 1      1.89                      2.06  -0.17     1.46

SNOWFALL (IN)
  YESTERDAY        0.0           0.1  1978   0.0    0.0      0.0
  MONTH TO DATE    0.0                       0.9   -0.9      0.0
  SINCE MAR 1      7.4                       8.7   -1.3     10.2
  SINCE JUL 1     60.0                      65.0   -5.0     43.8
  SNOW DEPTH       0

DEGREE DAYS
 HEATING
  YESTERDAY       10                        11     -1        1
  MONTH TO DATE  334                       444   -110      272
  SINCE MAR 1   2401                      3078   -677     2640
  SINCE JUL 1  11807                     13468  -1661    12107

 COOLING
  YESTERDAY        0                         0      0        0
  MONTH TO DATE    6                         0      6        2
  SINCE MAR 1      6                         0      6        2
  SINCE JAN 1      6                         0      6        2
..................................................................


WIND (MPH)
  HIGHEST GUST SPEED    11   HIGHEST GUST DIRECTION    NE (40)


SKY COVER
  AVERAGE SKY COVER 0.8


WEATHER CONDITIONS
 THE FOLLOWING WEATHER WAS RECORDED YESTERDAY.
  NO SIGNIFICANT WEATHER WAS OBSERVED.


RELATIVE HUMIDITY (PERCENT)
 HIGHEST    93
 LOWEST     47
 AVERAGE    70

..........................................................


THE FAIRBANKS AK CLIMATE NORMALS FOR TODAY
                         NORMAL    RECORD    YEAR
 MAXIMUM TEMPERATURE (F)   66        90      1947
 MINIMUM TEMPERATURE (F)   43        30      1934


SUNRISE AND SUNSET
MAY 28 2016..........SUNRISE  344 AM AKDT   SUNSET  1158 PM AKDT
MAY 29 2016..........SUNRISE  341 AM AKDT   SUNSET  1201 AM AKDT


-  INDICATES NEGATIVE NUMBERS.
R  INDICATES RECORD WAS SET OR TIED.
MM INDICATES DATA IS MISSING.
T  INDICATES TRACE AMOUNT.

&&

SNOW DEPTH IS MEASURED AT 3AM AKST/4AM AKDT

----------------------------
AVAILABLE DAYLIGHT

AMOUNT OF DAYLIGHT TODAY  (HOUR:MIN)........20:14
GAIN SINCE YESTERDAY........................7 MINUTES
----------------------------

$$
LTH MAY 16
