000
CDAK49 PAFG 311022
CLIFAI

CLIMATE REPORT
NATIONAL WEATHER SERVICE FAIRBANKS AK
222 AM AKDT MON AUG 31 2015

...................................

...THE FAIRBANKS AK CLIMATE SUMMARY FOR AUGUST 30 2015...

CLIMATE NORMAL PERIOD 1981 TO 2010
CLIMATE RECORD PERIOD 1904 TO 2015


WEATHER ITEM   OBSERVED TIME   RECORD YEAR NORMAL DEPARTURE LAST
                VALUE   (LST)  VALUE       VALUE  FROM      YEAR
                                                  NORMAL
..................................................................
TEMPERATURE (F)
 YESTERDAY
  MAXIMUM         48        MM  83    1974  62    -14       55
  MINIMUM         35        MM  21    1922  42     -7       33
  AVERAGE         42                        52    -10       44

PRECIPITATION (IN)
  YESTERDAY        0.01          0.83 1962   0.05  -0.04     0.00
  MONTH TO DATE    2.58                      1.83   0.75     2.29
  SINCE JUN 1      6.39                      5.36   1.03    11.63
  SINCE JAN 1      7.96                      7.52   0.44    12.72

SNOWFALL (IN)
  YESTERDAY        0.0           T    1948   0.0    0.0      0.0
  MONTH TO DATE    0.0                       0.0    0.0      0.0
  SINCE JUN 1      0.0                       0.0    0.0      0.0
  SINCE JUL 1      0.0                       0.0    0.0      0.0
  SNOW DEPTH       0

DEGREE DAYS
 HEATING
  YESTERDAY       23                        13     10       21
  MONTH TO DATE  298                       266     32      162
  SINCE JUN 1    583                       534     49      491
  SINCE JUL 1    402                       374     28      299

 COOLING
  YESTERDAY        0                         0      0        0
  MONTH TO DATE    5                         0      5        7
  SINCE JUN 1     60                        54      6       27
  SINCE JAN 1     62                        55      7       27
..................................................................


WIND (MPH)
  HIGHEST GUST SPEED    16   HIGHEST GUST DIRECTION     W (270)


SKY COVER
  AVERAGE SKY COVER 0.8


WEATHER CONDITIONS
 THE FOLLOWING WEATHER WAS RECORDED YESTERDAY.
  LIGHT RAIN
  FOG


RELATIVE HUMIDITY (PERCENT)
 HIGHEST    86
 LOWEST     45
 AVERAGE    66

..........................................................


THE FAIRBANKS AK CLIMATE NORMALS FOR TODAY
                         NORMAL    RECORD    YEAR
 MAXIMUM TEMPERATURE (F)   62        78      1916
 MINIMUM TEMPERATURE (F)   41        25      1922


SUNRISE AND SUNSET
AUGUST 31 2015..........SUNRISE  629 AM AKDT   SUNSET  914 PM AKDT
SEPTEMBER 01 2015..........SUNRISE  632 AM AKDT   SUNSET  910 PM AKDT


-  INDICATES NEGATIVE NUMBERS.
R  INDICATES RECORD WAS SET OR TIED.
MM INDICATES DATA IS MISSING.
T  INDICATES TRACE AMOUNT.

&&

SNOW DEPTH IS MEASURED AT 3AM AKST/4AM AKDT

----------------------------
AVAILABLE DAYLIGHT

AMOUNT OF DAYLIGHT TODAY  (HOUR:MIN)........14:45
LOSS SINCE YESTERDAY........................7 MINUTES
----------------------------

$$
RF AUG 15
