000
CDAK49 PAFG 310934
CLIFAI

CLIMATE REPORT
NATIONAL WEATHER SERVICE FAIRBANKS AK
134 AM AKDT FRI OCT 31 2014

...................................

...THE FAIRBANKS AK CLIMATE SUMMARY FOR OCTOBER 30 2014...

CLIMATE NORMAL PERIOD 1981 TO 2010
CLIMATE RECORD PERIOD 1904 TO 2014


WEATHER ITEM   OBSERVED TIME   RECORD YEAR NORMAL DEPARTURE LAST
                VALUE   (LST)  VALUE       VALUE  FROM      YEAR
                                                  NORMAL
..................................................................
TEMPERATURE (F)
 YESTERDAY
  MAXIMUM         16    221 PM  45    1934  20     -4       33
  MINIMUM          5   1023 PM -23    1975   5      0       24
  AVERAGE         11                        12     -1       29

PRECIPITATION (IN)
  YESTERDAY        T             0.27 1996   0.03  -0.03     0.00
  MONTH TO DATE    0.44                      0.81  -0.37     0.56
  SINCE SEP 1      3.33                      1.91   1.42     2.30
  SINCE JAN 1     16.05                      9.48   6.57     8.10

SNOWFALL (IN)
  YESTERDAY        T             2.4  1996   0.5   -0.5      0.0
  MONTH TO DATE    5.4                      10.4   -5.0      0.1
  SINCE SEP 1      5.7                      12.2   -6.5      0.8
  SINCE JUL 1      5.7                      12.2   -6.5      0.8
  SNOW DEPTH       2

DEGREE DAYS
 HEATING
  YESTERDAY       54                        53      1       36
  MONTH TO DATE 1172                      1211    -39      845
  SINCE SEP 1   1721                      1816    -95     1475
  SINCE JUL 1   2042                      2205   -163     1734

 COOLING
  YESTERDAY        0                         0      0        0
  MONTH TO DATE    0                         0      0        0
  SINCE SEP 1      0                         0      0        0
  SINCE JAN 1     27                        61    -34      226
..................................................................


WIND (MPH)
  HIGHEST GUST SPEED     8   HIGHEST GUST DIRECTION    NE (50)


SKY COVER
  AVERAGE SKY COVER 0.9


WEATHER CONDITIONS
 THE FOLLOWING WEATHER WAS RECORDED YESTERDAY.
  LIGHT SNOW
  FOG


RELATIVE HUMIDITY (PERCENT)
 HIGHEST    80
 LOWEST     73
 AVERAGE    77

..........................................................


THE FAIRBANKS AK CLIMATE NORMALS FOR TODAY
                         NORMAL    RECORD    YEAR
 MAXIMUM TEMPERATURE (F)   19        50      1954
 MINIMUM TEMPERATURE (F)    4       -27      1992


SUNRISE AND SUNSET
OCTOBER 31 2014..........SUNRISE  937 AM AKDT   SUNSET  533 PM AKDT
NOVEMBER 01 2014..........SUNRISE  940 AM AKDT   SUNSET  530 PM AKDT


-  INDICATES NEGATIVE NUMBERS.
R  INDICATES RECORD WAS SET OR TIED.
MM INDICATES DATA IS MISSING.
T  INDICATES TRACE AMOUNT.

&&

SNOW DEPTH IS MEASURED AT 3AM AKST/4AM AKDT

----------------------------
AVAILABLE DAYLIGHT

AMOUNT OF DAYLIGHT TODAY  (HOUR:MIN)........7:56
LOSS SINCE YESTERDAY........................7 MINUTES
----------------------------

$$
RM OCT 14
