000
CDAK49 PAFG 020045
CLIFAI

CLIMATE REPORT
NATIONAL WEATHER SERVICE FAIRBANKS AK
445 PM AKDT FRI AUG 1 2014

...................................

...THE FAIRBANKS AK CLIMATE SUMMARY FOR AUGUST 1 2014...
VALID TODAY AS OF 0400 PM LOCAL TIME.

CLIMATE NORMAL PERIOD 1981 TO 2010
CLIMATE RECORD PERIOD 1904 TO 2014


WEATHER ITEM   OBSERVED TIME   RECORD YEAR NORMAL DEPARTURE LAST
                VALUE   (LST)  VALUE       VALUE  FROM      YEAR
                                                  NORMAL
..................................................................
TEMPERATURE (F)
 TODAY
  MAXIMUM         65   1215 AM  90    1976  70     -5       85
  MINIMUM         57    715 AM  38    1926  50      7       54
  AVERAGE         61                        60      1       70

PRECIPITATION (IN)
  TODAY            0.65R         0.42 1938   0.07   0.58     0.00
  MONTH TO DATE    0.65                      0.07   0.58     0.00
  SINCE JUN 1      9.99                      3.60   6.39     1.44
  SINCE JAN 1     11.08                      5.76   5.32     3.78

SNOWFALL (IN)
  TODAY            0.0           0.0  2002   0.0    0.0      0.0
                                      2001
                                      2000
  MONTH TO DATE    0.0                       0.0    0.0      0.0
  SINCE JUN 1      0.0                       0.0    0.0      0.0
  SINCE JUL 1      0.0                       0.0    0.0      0.0
  SNOW DEPTH       0

DEGREE DAYS
 HEATING
  TODAY            4                         5     -1        0
  MONTH TO DATE    4                         5     -1        0
  SINCE JUN 1    333                       273     60      140
  SINCE JUL 1    141                       113     28       69

 COOLING
  TODAY            0                         0      0        5
  MONTH TO DATE    0                         0      0        5
  SINCE JUN 1     20                        54    -34      194
  SINCE JAN 1     20                        55    -35      207
..................................................................


WIND (MPH)
  HIGHEST GUST SPEED    18   HIGHEST GUST DIRECTION     W (250)


SKY COVER
  AVERAGE SKY COVER 1.0


WEATHER CONDITIONS
 THE FOLLOWING WEATHER WAS RECORDED TODAY.
  RAIN
  LIGHT RAIN
  FOG


RELATIVE HUMIDITY (PERCENT)
 HIGHEST    93
 LOWEST     63
 AVERAGE    78

..........................................................


THE FAIRBANKS AK CLIMATE NORMALS FOR TOMORROW
                         NORMAL    RECORD    YEAR
 MAXIMUM TEMPERATURE (F)   69        85      1919
 MINIMUM TEMPERATURE (F)   50        34      1910


SUNRISE AND SUNSET
AUGUST 01 2014..........SUNRISE  452 AM AKDT   SUNSET  1102 PM AKDT
AUGUST 02 2014..........SUNRISE  456 AM AKDT   SUNSET  1058 PM AKDT


-  INDICATES NEGATIVE NUMBERS.
R  INDICATES RECORD WAS SET OR TIED.
MM INDICATES DATA IS MISSING.
T  INDICATES TRACE AMOUNT.

&&

SNOW DEPTH IS MEASURED AT 3AM AKST/4AM AKDT

----------------------------
AVAILABLE DAYLIGHT

AMOUNT OF DAYLIGHT TODAY  (HOUR:MIN)........18:10
LOSS SINCE YESTERDAY........................7 MINUTES
----------------------------

$$
RM AUG 14
