000
CDAK49 PAFG 040950
CLIFAI

CLIMATE REPORT
NATIONAL WEATHER SERVICE FAIRBANKS AK
1250 AM AKST WED MAR 4 2015

...................................

...THE FAIRBANKS AK CLIMATE SUMMARY FOR MARCH 3 2015...

CLIMATE NORMAL PERIOD 1981 TO 2010
CLIMATE RECORD PERIOD 1904 TO 2015


WEATHER ITEM   OBSERVED TIME   RECORD YEAR NORMAL DEPARTURE LAST
                VALUE   (LST)  VALUE       VALUE  FROM      YEAR
                                                  NORMAL
..................................................................
TEMPERATURE (F)
 YESTERDAY
  MAXIMUM         27   1017 PM  46    1957  19      8       24
  MINIMUM          1   1212 AM -44    1956  -9     10      -11
  AVERAGE         14                         5      9        7

PRECIPITATION (IN)
  YESTERDAY        0.05          0.17 1945   0.01   0.04     0.00
  MONTH TO DATE    0.05                      0.03   0.02     0.00
  SINCE MAR 1      0.05                      0.03   0.02     0.00
  SINCE JAN 1      0.68                      1.03  -0.35     0.62

SNOWFALL (IN)
  YESTERDAY        0.5           1.9  1974   0.2    0.3      0.0
  MONTH TO DATE    0.5                       0.6   -0.1      0.0
  SINCE MAR 1      0.5                       0.6   -0.1      0.0
  SINCE JUL 1     34.1                      56.9  -22.8     42.9
  SNOW DEPTH      15

DEGREE DAYS
 HEATING
  YESTERDAY       51                        60     -9       58
  MONTH TO DATE  152                       181    -29      166
  SINCE MAR 1    152                       181    -29      166
  SINCE JUL 1   9619                     10571   -952     9558

 COOLING
  YESTERDAY        0                         0      0        0
  MONTH TO DATE    0                         0      0        0
  SINCE MAR 1      0                         0      0        0
  SINCE JAN 1      0                         0      0        0
..................................................................


WIND (MPH)
  HIGHEST GUST SPEED     9   HIGHEST GUST DIRECTION    NE (50)


SKY COVER
  AVERAGE SKY COVER 0.9


WEATHER CONDITIONS
 THE FOLLOWING WEATHER WAS RECORDED YESTERDAY.
  LIGHT SNOW
  FOG


RELATIVE HUMIDITY (PERCENT)
 HIGHEST    92
 LOWEST     62
 AVERAGE    77

..........................................................


THE FAIRBANKS AK CLIMATE NORMALS FOR TODAY
                         NORMAL    RECORD    YEAR
 MAXIMUM TEMPERATURE (F)   19        44      1957
 MINIMUM TEMPERATURE (F)   -9       -41      1951


SUNRISE AND SUNSET
MARCH 04 2015..........SUNRISE  751 AM AKST   SUNSET  618 PM AKST
MARCH 05 2015..........SUNRISE  747 AM AKST   SUNSET  621 PM AKST


-  INDICATES NEGATIVE NUMBERS.
R  INDICATES RECORD WAS SET OR TIED.
MM INDICATES DATA IS MISSING.
T  INDICATES TRACE AMOUNT.

&&

SNOW DEPTH IS MEASURED AT 3AM AKST/4AM AKDT

----------------------------
AVAILABLE DAYLIGHT

AMOUNT OF DAYLIGHT TODAY  (HOUR:MIN)........10:27
GAIN SINCE YESTERDAY........................7 MINUTES
----------------------------

$$
CCC MAR 15
