000
CDAK49 PAFG 240937
CLIFAI

CLIMATE REPORT
NATIONAL WEATHER SERVICE FAIRBANKS AK
137 AM AKDT THU APR 24 2014

...................................

...THE FAIRBANKS AK CLIMATE SUMMARY FOR APRIL 23 2014...

CLIMATE NORMAL PERIOD 1981 TO 2010
CLIMATE RECORD PERIOD 1904 TO 2014


WEATHER ITEM   OBSERVED TIME   RECORD YEAR NORMAL DEPARTURE LAST
                VALUE   (LST)  VALUE       VALUE  FROM      YEAR
                                                  NORMAL
..................................................................
TEMPERATURE (F)
 YESTERDAY
  MAXIMUM         57    540 PM  66    1940  50      7       48
  MINIMUM         33    515 AM -13    1948  27      6       16
  AVERAGE         45                        38      7       32

PRECIPITATION (IN)
  YESTERDAY        T             0.27 2006   0.01  -0.01     0.00
  MONTH TO DATE    0.20                      0.21  -0.01     0.31
  SINCE MAR 1      0.41                      0.46  -0.05     0.57
  SINCE JAN 1      1.03                      1.46  -0.43     1.84

SNOWFALL (IN)
  YESTERDAY        0.0           3.3  1941   0.0    0.0      0.0
  MONTH TO DATE    2.9                       2.4    0.5      5.4
  SINCE MAR 1      6.0                       7.3   -1.3     11.6
  SINCE JUL 1     48.9                      63.6  -14.7     62.1
  SNOW DEPTH       T

DEGREE DAYS
 HEATING
  YESTERDAY       20                        27     -7       33
  MONTH TO DATE  788                       803    -15     1129
  SINCE MAR 1   2364                      2463    -99     2915
  SINCE JUL 1  11756                     12853  -1097    13884

 COOLING
  YESTERDAY        0                         0      0        0
  MONTH TO DATE    0                         0      0        0
  SINCE MAR 1      0                         0      0        0
  SINCE JAN 1      0                         0      0        0
..................................................................


WIND (MPH)
  HIGHEST GUST SPEED    17   HIGHEST GUST DIRECTION     N (350)


SKY COVER
  AVERAGE SKY COVER 0.3


WEATHER CONDITIONS
 THE FOLLOWING WEATHER WAS RECORDED YESTERDAY.
  NO SIGNIFICANT WEATHER WAS OBSERVED.


RELATIVE HUMIDITY (PERCENT)
 HIGHEST    61
 LOWEST     24
 AVERAGE    43

..........................................................


THE FAIRBANKS AK CLIMATE NORMALS FOR TODAY
                         NORMAL    RECORD    YEAR
 MAXIMUM TEMPERATURE (F)   50        67      1940
 MINIMUM TEMPERATURE (F)   27       -10      1948


SUNRISE AND SUNSET
APRIL 24 2014..........SUNRISE  544 AM AKDT   SUNSET  959 PM AKDT
APRIL 25 2014..........SUNRISE  540 AM AKDT   SUNSET  1002 PM AKDT


-  INDICATES NEGATIVE NUMBERS.
R  INDICATES RECORD WAS SET OR TIED.
MM INDICATES DATA IS MISSING.
T  INDICATES TRACE AMOUNT.

&&

SNOW DEPTH IS MEASURED AT 3AM AKST/4AM AKDT

----------------------------
AVAILABLE DAYLIGHT

AMOUNT OF DAYLIGHT TODAY  (HOUR:MIN)........16:15
GAIN SINCE YESTERDAY........................7 MINUTES
----------------------------

$$
LTH APR 14
