000
CDAK49 PAFG 210032
CLIFAI

CLIMATE REPORT
NATIONAL WEATHER SERVICE FAIRBANKS AK
432 PM AKDT SUN APR 20 2014

...................................

...THE FAIRBANKS AK CLIMATE SUMMARY FOR APRIL 20 2014...
VALID TODAY AS OF 0400 PM LOCAL TIME.

CLIMATE NORMAL PERIOD 1981 TO 2010
CLIMATE RECORD PERIOD 1904 TO 2014


WEATHER ITEM   OBSERVED TIME   RECORD YEAR NORMAL DEPARTURE LAST
                VALUE   (LST)  VALUE       VALUE  FROM      YEAR
                                                  NORMAL
..................................................................
TEMPERATURE (F)
 TODAY
  MAXIMUM         52    244 PM  64    1999  48      4       43
  MINIMUM         36    548 AM  -6    1937  25     11        5
  AVERAGE         44                        36      8       24

PRECIPITATION (IN)
  TODAY            0.00          0.47 1979   0.01  -0.01     0.00
  MONTH TO DATE    0.20                      0.17   0.03     0.31
  SINCE MAR 1      0.41                      0.42  -0.01     0.57
  SINCE JAN 1      1.03                      1.42  -0.39     1.84

SNOWFALL (IN)
  TODAY            0.0           5.5  1982   0.1   -0.1      0.0
  MONTH TO DATE    2.9                       2.2    0.7      5.4
  SINCE MAR 1      6.0                       7.1   -1.1     11.6
  SINCE JUL 1     48.9                      63.4  -14.5     62.1
  SNOW DEPTH       6

DEGREE DAYS
 HEATING
  TODAY           21                        29     -8       41
  MONTH TO DATE  732                       721     11     1020
  SINCE MAR 1   2308                      2381    -73     2806
  SINCE JUL 1  11700                     12771  -1071    13775

 COOLING
  TODAY            0                         0      0        0
  MONTH TO DATE    0                         0      0        0
  SINCE MAR 1      0                         0      0        0
  SINCE JAN 1      0                         0      0        0
..................................................................


WIND (MPH)
  HIGHEST GUST SPEED    18   HIGHEST GUST DIRECTION     N (360)


SKY COVER
  AVERAGE SKY COVER 0.1


WEATHER CONDITIONS
 THE FOLLOWING WEATHER WAS RECORDED TODAY.
  NO SIGNIFICANT WEATHER WAS OBSERVED.


RELATIVE HUMIDITY (PERCENT)
 HIGHEST    64
 LOWEST     35
 AVERAGE    50

..........................................................


THE FAIRBANKS AK CLIMATE NORMALS FOR TOMORROW
                         NORMAL    RECORD    YEAR
 MAXIMUM TEMPERATURE (F)   48        66      1940
 MINIMUM TEMPERATURE (F)   25       -20      1924


SUNRISE AND SUNSET
APRIL 20 2014..........SUNRISE  558 AM AKDT   SUNSET  946 PM AKDT
APRIL 21 2014..........SUNRISE  555 AM AKDT   SUNSET  949 PM AKDT


-  INDICATES NEGATIVE NUMBERS.
R  INDICATES RECORD WAS SET OR TIED.
MM INDICATES DATA IS MISSING.
T  INDICATES TRACE AMOUNT.

&&

SNOW DEPTH IS MEASURED AT 3AM AKST/4AM AKDT

----------------------------
AVAILABLE DAYLIGHT

AMOUNT OF DAYLIGHT TODAY  (HOUR:MIN)........15:48
GAIN SINCE YESTERDAY........................7 MINUTES
----------------------------

$$
SDB APR 14
