000
CDAK49 PAFG 220947
CLIFAI

CLIMATE REPORT
NATIONAL WEATHER SERVICE FAIRBANKS AK
1247 AM AKST THU FEB 22 2018

...................................

...THE FAIRBANKS AK CLIMATE SUMMARY FOR FEBRUARY 21 2018...

CLIMATE NORMAL PERIOD 1981 TO 2010
CLIMATE RECORD PERIOD 1904 TO 2018


WEATHER ITEM   OBSERVED TIME   RECORD YEAR NORMAL DEPARTURE LAST
                VALUE   (LST)  VALUE       VALUE  FROM      YEAR
                                                  NORMAL
..................................................................
TEMPERATURE (F)
 YESTERDAY
  MAXIMUM         24   1159 PM  41    1977  13     11       -5
  MINIMUM          3    323 AM -54    1932 -11     14      -26
  AVERAGE         14                         1     13      -15

PRECIPITATION (IN)
  YESTERDAY        0.07          0.62 2011   0.02   0.05      T
  MONTH TO DATE    0.75                      0.33   0.42     0.11
  SINCE DEC 1      2.23                      1.55   0.68     3.03
  SINCE JAN 1      1.85                      0.91   0.94     1.07

SNOWFALL (IN)
  YESTERDAY        0.7          11.9  2011   0.3    0.4       T
  MONTH TO DATE   11.2                       6.3    4.9      4.1
  SINCE DEC 1     32.3                      28.7    3.6     54.0
  SINCE JUL 1     62.1                      54.5    7.6     59.2
  SNOW DEPTH      25

DEGREE DAYS
 HEATING
  YESTERDAY       51                        64    -13       80
  MONTH TO DATE 1343                      1421    -78     1469
  SINCE DEC 1   5263                      5822   -559     6036
  SINCE JUL 1   8828                      9953  -1125     9806

 COOLING
  YESTERDAY        0                         0      0        0
  MONTH TO DATE    0                         0      0        0
  SINCE DEC 1      0                         0      0        0
  SINCE JAN 1      0                         0      0        0
..................................................................


WIND (MPH)
  HIGHEST GUST SPEED     9   HIGHEST GUST DIRECTION     N (20)


SKY COVER
  AVERAGE SKY COVER 0.9


WEATHER CONDITIONS
 THE FOLLOWING WEATHER WAS RECORDED YESTERDAY.
  LIGHT SNOW
  FOG
  FOG W/VISIBILITY <= 1/4 MILE


RELATIVE HUMIDITY (PERCENT)
 HIGHEST   100
 LOWEST     83
 AVERAGE    92

..........................................................


THE FAIRBANKS AK CLIMATE NORMALS FOR TODAY
                         NORMAL    RECORD    YEAR
 MAXIMUM TEMPERATURE (F)   14        46      1997
 MINIMUM TEMPERATURE (F)  -11       -50      1932


SUNRISE AND SUNSET
FEBRUARY 22 2018......SUNRISE   825 AM AKST  SUNSET   546 PM AKST
FEBRUARY 23 2018......SUNRISE   821 AM AKST  SUNSET   550 PM AKST


-  INDICATES NEGATIVE NUMBERS.
R  INDICATES RECORD WAS SET OR TIED.
MM INDICATES DATA IS MISSING.
T  INDICATES TRACE AMOUNT.

&&

SNOW DEPTH IS MEASURED AT 3AM AKST/4AM AKDT

----------------------------
AVAILABLE DAYLIGHT

AMOUNT OF DAYLIGHT TODAY  (HOUR:MIN)........09:21
GAIN SINCE YESTERDAY........................7 MINUTES
----------------------------

$$
SDB FEB 18
