000
CDAK49 PAFG 251001
CLIFAI

CLIMATE REPORT
NATIONAL WEATHER SERVICE FAIRBANKS AK
201 AM AKDT THU MAY 25 2017

...................................

...THE FAIRBANKS AK CLIMATE SUMMARY FOR MAY 24 2017...

CLIMATE NORMAL PERIOD 1981 TO 2010
CLIMATE RECORD PERIOD 1904 TO 2017


WEATHER ITEM   OBSERVED TIME   RECORD YEAR NORMAL DEPARTURE LAST
                VALUE   (LST)  VALUE       VALUE  FROM      YEAR
                                                  NORMAL
..................................................................
TEMPERATURE (F)
 YESTERDAY
  MAXIMUM         62    506 PM  89    1960  64     -2       57
  MINIMUM         34    304 AM  28    1931  41     -7       42
  AVERAGE         48                        53     -5       50

PRECIPITATION (IN)
  YESTERDAY        0.02          0.30 1926   0.02   0.00     0.01
  MONTH TO DATE    0.50                      0.43   0.07     0.68
  SINCE MAR 1      0.76                      0.99  -0.23     1.73
  SINCE JAN 1      2.96                      1.99   0.97     1.79

SNOWFALL (IN)
  YESTERDAY        0.0           T    1926   0.1   -0.1      0.0
  MONTH TO DATE    0.0                       0.9   -0.9      0.0
  SINCE MAR 1      4.7                       8.7   -4.0      7.4
  SINCE JUL 1     83.1                      65.0   18.1     60.0
  SNOW DEPTH       0

DEGREE DAYS
 HEATING
  YESTERDAY       17                        12      5       15
  MONTH TO DATE  353                       409    -56      294
  SINCE MAR 1   3312                      3043    269     2361
  SINCE JUL 1  13442                     13433      9    11767

 COOLING
  YESTERDAY        0                         0      0        0
  MONTH TO DATE    0                         0      0        6
  SINCE MAR 1      0                         0      0        6
  SINCE JAN 1      0                         0      0        6
..................................................................


WIND (MPH)
  HIGHEST GUST SPEED    30   HIGHEST GUST DIRECTION     W (280)


SKY COVER
  AVERAGE SKY COVER 0.8


WEATHER CONDITIONS
 THE FOLLOWING WEATHER WAS RECORDED YESTERDAY.
  LIGHT RAIN


RELATIVE HUMIDITY (PERCENT)
 HIGHEST   100
 LOWEST     32
 AVERAGE    66

..........................................................


THE FAIRBANKS AK CLIMATE NORMALS FOR TODAY
                         NORMAL    RECORD    YEAR
 MAXIMUM TEMPERATURE (F)   65        87      1960
 MINIMUM TEMPERATURE (F)   41        29      1905


SUNRISE AND SUNSET
MAY 25 2017..........SUNRISE  354 AM AKDT   SUNSET  1146 PM AKDT
MAY 26 2017..........SUNRISE  351 AM AKDT   SUNSET  1149 PM AKDT


-  INDICATES NEGATIVE NUMBERS.
R  INDICATES RECORD WAS SET OR TIED.
MM INDICATES DATA IS MISSING.
T  INDICATES TRACE AMOUNT.

&&

SNOW DEPTH IS MEASURED AT 3AM AKST/4AM AKDT

----------------------------
AVAILABLE DAYLIGHT

AMOUNT OF DAYLIGHT TODAY  (HOUR:MIN)........19:52
GAIN SINCE YESTERDAY........................7 MINUTES
----------------------------

$$
MAY 17
