000
CDAK49 PAFG 270943
CLIFAI

CLIMATE REPORT
NATIONAL WEATHER SERVICE FAIRBANKS AK
143 AM AKDT THU JUL 27 2017

...................................

...THE FAIRBANKS AK CLIMATE SUMMARY FOR JULY 26 2017...

CLIMATE NORMAL PERIOD 1981 TO 2010
CLIMATE RECORD PERIOD 1904 TO 2017


WEATHER ITEM   OBSERVED TIME   RECORD YEAR NORMAL DEPARTURE LAST
                VALUE   (LST)  VALUE       VALUE  FROM      YEAR
                                                  NORMAL
..................................................................
TEMPERATURE (F)
 YESTERDAY
  MAXIMUM         75    348 PM  89    1919  71      4       74
  MINIMUM         54    351 AM  36    1946  51      3       54
                                      1910
  AVERAGE         65                        61      4       64

PRECIPITATION (IN)
  YESTERDAY        T             1.16 2003   0.08  -0.08     0.00
  MONTH TO DATE    1.76                      1.80  -0.04     2.99
  SINCE JUN 1      3.49                      3.17   0.32     6.28
  SINCE JAN 1      6.54                      5.33   1.21     8.17

SNOWFALL (IN)
  YESTERDAY        0.0           0.0  2002   0.0    0.0      0.0
                                      2001
                                      2000
  MONTH TO DATE    0.0                       0.0    0.0      0.0
  SINCE JUN 1      0.0                       0.0    0.0      0.0
  SINCE JUL 1      0.0                       0.0    0.0      0.0
  SNOW DEPTH       0

DEGREE DAYS
 HEATING
  YESTERDAY        0                         4     -4        1
  MONTH TO DATE   23                        85    -62       62
  SINCE JUN 1    117                       245   -128      223
  SINCE JUL 1     23                        85    -62       62

 COOLING
  YESTERDAY        0                         0      0        0
  MONTH TO DATE   50                        29     21       41
  SINCE JUN 1     85                        52     33       60
  SINCE JAN 1     85                        53     32       66
..................................................................


WIND (MPH)
  HIGHEST GUST SPEED    21   HIGHEST GUST DIRECTION     N (360)


SKY COVER
  AVERAGE SKY COVER 0.7


WEATHER CONDITIONS
 THE FOLLOWING WEATHER WAS RECORDED YESTERDAY.
  LIGHT RAIN


RELATIVE HUMIDITY (PERCENT)
 HIGHEST    93
 LOWEST     46
 AVERAGE    70

..........................................................


THE FAIRBANKS AK CLIMATE NORMALS FOR TODAY
                         NORMAL    RECORD    YEAR
 MAXIMUM TEMPERATURE (F)   71        91      1919
 MINIMUM TEMPERATURE (F)   51        35      1957


SUNRISE AND SUNSET
JULY 27 2017..........SUNRISE  436 AM AKDT   SUNSET  1117 PM AKDT
JULY 28 2017..........SUNRISE  439 AM AKDT   SUNSET  1114 PM AKDT


-  INDICATES NEGATIVE NUMBERS.
R  INDICATES RECORD WAS SET OR TIED.
MM INDICATES DATA IS MISSING.
T  INDICATES TRACE AMOUNT.

&&

SNOW DEPTH IS MEASURED AT 3AM AKST/4AM AKDT

----------------------------
AVAILABLE DAYLIGHT

AMOUNT OF DAYLIGHT TODAY  (HOUR:MIN)........18:41
LOSS SINCE YESTERDAY........................8 MINUTES
----------------------------

$$
SDB JUL 17
