000
CDUS43 KFGF 170649
CLIFAR


CLIMATE REPORT
NATIONAL WEATHER SERVICE EASTERN NORTH DAKOTA/GRAND FORKS
143 AM CDT TUE OCT 17 2017


...................................

...THE FARGO HECTOR INTL AP ND CLIMATE SUMMARY FOR OCTOBER 16 2017...

CLIMATE NORMAL PERIOD 1981 TO 2010
CLIMATE RECORD PERIOD 1881 TO 2017


WEATHER ITEM   OBSERVED TIME   RECORD YEAR NORMAL DEPARTURE LAST
                VALUE   (LST)  VALUE       VALUE  FROM      YEAR
                                                  NORMAL
..................................................................
TEMPERATURE (F)
 YESTERDAY
  MAXIMUM         71    348 PM  83    1910  56     15       67
  MINIMUM         32    359 AM  17    1952  35     -3       38
  AVERAGE         52                        46      6       53

PRECIPITATION (IN)
  YESTERDAY        0.00          1.37 1971   0.07  -0.07     0.03
  MONTH TO DATE    0.70                      1.25  -0.55     0.92
  SINCE SEP 1      3.53                      3.82  -0.29     3.52
  SINCE JAN 1     14.03                     19.88  -5.85    18.99

SNOWFALL (IN)
  YESTERDAY        0.0           0.3  1992   0.1   -0.1      0.0
  MONTH TO DATE    0.0                       0.2   -0.2      0.0
  SINCE SEP 1      0.0                       0.2   -0.2      0.0
  SINCE JUL 1      0.0                       0.2   -0.2      0.0
  SNOW DEPTH       0

DEGREE DAYS
 HEATING
  YESTERDAY       13                        19     -6       12
  MONTH TO DATE  231                       258    -27      209
  SINCE SEP 1    383                       478    -95      321
  SINCE JUL 1    399                       528   -129      338

 COOLING
  YESTERDAY        0                         0      0        0
  MONTH TO DATE    0                         0      0        8
  SINCE SEP 1     69                        43     26       58
  SINCE JAN 1    516                       548    -32      661
..................................................................


WIND (MPH)
  HIGHEST WIND SPEED    28   HIGHEST WIND DIRECTION    SW (210)
  HIGHEST GUST SPEED    36   HIGHEST GUST DIRECTION    SW (210)
  AVERAGE WIND SPEED    10.5


SKY COVER
  POSSIBLE SUNSHINE  MM
  AVERAGE SKY COVER 0.0


WEATHER CONDITIONS
 THE FOLLOWING WEATHER WAS RECORDED YESTERDAY.
  NO SIGNIFICANT WEATHER WAS OBSERVED.


RELATIVE HUMIDITY (PERCENT)
 HIGHEST    89          1200 AM
 LOWEST     28           200 PM
 AVERAGE    59

..........................................................


THE FARGO HECTOR INTL AP ND CLIMATE NORMALS FOR TODAY
                         NORMAL    RECORD    YEAR
 MAXIMUM TEMPERATURE (F)   56        90      1910
 MINIMUM TEMPERATURE (F)   35        13      1976
                                             1952


SUNRISE AND SUNSET
OCTOBER 17 2017.......SUNRISE   748 AM CDT   SUNSET   636 PM CDT
OCTOBER 18 2017.......SUNRISE   750 AM CDT   SUNSET   634 PM CDT


-  INDICATES NEGATIVE NUMBERS.
R  INDICATES RECORD WAS SET OR TIED.
MM INDICATES DATA IS MISSING.
T  INDICATES TRACE AMOUNT.




$$
