000
CDUS43 KFGF 140637
CLIFAR


CLIMATE REPORT
NATIONAL WEATHER SERVICE EASTERN NORTH DAKOTA/GRAND FORKS
1237 AM CST THU DEC 14 2017


...................................

...THE FARGO HECTOR INTL AP ND CLIMATE SUMMARY FOR DECEMBER 13 2017...

CLIMATE NORMAL PERIOD 1981 TO 2010
CLIMATE RECORD PERIOD 1881 TO 2017


WEATHER ITEM   OBSERVED TIME   RECORD YEAR NORMAL DEPARTURE LAST
                VALUE   (LST)  VALUE       VALUE  FROM      YEAR
                                                  NORMAL
..................................................................
TEMPERATURE (F)
 YESTERDAY
  MAXIMUM         38    152 AM  49    1913  23     15       10
  MINIMUM         18   1159 PM -28    1917   7     11       -5
  AVERAGE         28                        15     13        3

PRECIPITATION (IN)
  YESTERDAY        0.11          0.35 1995   0.02   0.09     0.00
  MONTH TO DATE    0.34                      0.34   0.00     0.43
  SINCE DEC 1      0.34                      0.34   0.00     0.43
  SINCE JAN 1     14.80                     22.12  -7.32    22.69

SNOWFALL (IN)
  YESTERDAY        T             5.2  1995   0.3   -0.3      0.0
  MONTH TO DATE    2.0                       4.4   -2.4      6.0
  SINCE DEC 1      2.0                       4.4   -2.4      6.0
  SINCE JUL 1      5.7                      13.0   -7.3      9.7
  SNOW DEPTH       T

DEGREE DAYS
 HEATING
  YESTERDAY       37                        50    -13       62
  MONTH TO DATE  533                       623    -90      635
  SINCE DEC 1    533                       623    -90      635
  SINCE JUL 1   2331                      2585   -254     1940

 COOLING
  YESTERDAY        0                         0      0        0
  MONTH TO DATE    0                         0      0        0
  SINCE DEC 1      0                         0      0        0
  SINCE JAN 1    518                       551    -33      661
..................................................................


WIND (MPH)
  HIGHEST WIND SPEED    48   HIGHEST WIND DIRECTION     N (340)
  HIGHEST GUST SPEED    63   HIGHEST GUST DIRECTION     N (350)
  AVERAGE WIND SPEED    19.6


SKY COVER
  POSSIBLE SUNSHINE  MM
  AVERAGE SKY COVER 1.0


WEATHER CONDITIONS
 THE FOLLOWING WEATHER WAS RECORDED YESTERDAY.
  LIGHT RAIN
  LIGHT SNOW
  FOG


RELATIVE HUMIDITY (PERCENT)
 HIGHEST    92           600 AM
 LOWEST     74           500 PM
 AVERAGE    83

..........................................................


THE FARGO HECTOR INTL AP ND CLIMATE NORMALS FOR TODAY
                         NORMAL    RECORD    YEAR
 MAXIMUM TEMPERATURE (F)   22        48      1998
 MINIMUM TEMPERATURE (F)    6       -32      1901


SUNRISE AND SUNSET
DECEMBER 14 2017......SUNRISE   805 AM CST   SUNSET   439 PM CST
DECEMBER 15 2017......SUNRISE   806 AM CST   SUNSET   439 PM CST


-  INDICATES NEGATIVE NUMBERS.
R  INDICATES RECORD WAS SET OR TIED.
MM INDICATES DATA IS MISSING.
T  INDICATES TRACE AMOUNT.




$$
