000
CDUS43 KFGF 270637
CLIFAR


CLIMATE REPORT
NATIONAL WEATHER SERVICE EASTERN NORTH DAKOTA/GRAND FORKS
135 AM CDT FRI MAR 27 2015


...................................

...THE FARGO HECTOR INTL AP ND CLIMATE SUMMARY FOR MARCH 26 2015...

CLIMATE NORMAL PERIOD 1981 TO 2010
CLIMATE RECORD PERIOD 1881 TO 2015


WEATHER ITEM   OBSERVED TIME   RECORD YEAR NORMAL DEPARTURE LAST
                VALUE   (LST)  VALUE       VALUE  FROM      YEAR
                                                  NORMAL
..................................................................
TEMPERATURE (F)
 YESTERDAY
  MAXIMUM         37    159 PM  68    1946  42     -5       44
  MINIMUM         13   1125 PM -12    1996  24    -11       17
  AVERAGE         25                        33     -8       31

PRECIPITATION (IN)
  YESTERDAY        T             1.07 1950   0.05  -0.05     0.00
  MONTH TO DATE    0.06                      1.09  -1.03     0.29
  SINCE MAR 1      0.06                      1.09  -1.03     0.29
  SINCE JAN 1      1.03                      2.40  -1.37     1.17

SNOWFALL (IN)
  YESTERDAY        T             3.4  1972   0.2   -0.2      0.0
  MONTH TO DATE    0.4                       8.2   -7.8      3.0
  SINCE MAR 1      0.4                       8.2   -7.8      3.0
  SINCE JUL 1     16.0                      46.2  -30.2     30.6
  SNOW DEPTH       0

DEGREE DAYS
 HEATING
  YESTERDAY       40                        32      8       34
  MONTH TO DATE  845                      1001   -156     1144
  SINCE MAR 1    845                      1001   -156     1144
  SINCE JUL 1   7261                      7679   -418     8421

 COOLING
  YESTERDAY        0                         0      0        0
  MONTH TO DATE    0                         0      0        0
  SINCE MAR 1      0                         0      0        0
  SINCE JAN 1      0                         0      0        0
..................................................................


WIND (MPH)
  HIGHEST WIND SPEED    26   HIGHEST WIND DIRECTION     N (350)
  HIGHEST GUST SPEED    33   HIGHEST GUST DIRECTION     N (350)
  AVERAGE WIND SPEED    12.6


SKY COVER
  POSSIBLE SUNSHINE  MM
  AVERAGE SKY COVER 0.5


WEATHER CONDITIONS
 THE FOLLOWING WEATHER WAS RECORDED YESTERDAY.
  NO SIGNIFICANT WEATHER WAS OBSERVED.


RELATIVE HUMIDITY (PERCENT)
 HIGHEST    84           400 AM
 LOWEST     32           300 PM
 AVERAGE    58

..........................................................


THE FARGO HECTOR INTL AP ND CLIMATE NORMALS FOR TODAY
                         NORMAL    RECORD    YEAR
 MAXIMUM TEMPERATURE (F)   43        78      1946
 MINIMUM TEMPERATURE (F)   24        -7      1964


SUNRISE AND SUNSET
MARCH 27 2015.........SUNRISE   717 AM CDT   SUNSET   749 PM CDT
MARCH 28 2015.........SUNRISE   715 AM CDT   SUNSET   751 PM CDT


-  INDICATES NEGATIVE NUMBERS.
R  INDICATES RECORD WAS SET OR TIED.
MM INDICATES DATA IS MISSING.
T  INDICATES TRACE AMOUNT.




$$
