000
CDUS43 KFGF 300642
CLIFAR


CLIMATE REPORT
NATIONAL WEATHER SERVICE EASTERN NORTH DAKOTA/GRAND FORKS
1241 AM CST FRI JAN 30 2015


...................................

...THE FARGO HECTOR INTL AP ND CLIMATE SUMMARY FOR JANUARY 29 2015...

CLIMATE NORMAL PERIOD 1981 TO 2010
CLIMATE RECORD PERIOD 1881 TO 2015


WEATHER ITEM   OBSERVED TIME   RECORD YEAR NORMAL DEPARTURE LAST
                VALUE   (LST)  VALUE       VALUE  FROM      YEAR
                                                  NORMAL
..................................................................
TEMPERATURE (F)
 YESTERDAY
  MAXIMUM         29   1227 AM  52    1931  20      9       26
  MINIMUM          7   1155 PM -36    1951   0      7       -6
  AVERAGE         18                        10      8       10

PRECIPITATION (IN)
  YESTERDAY        T             0.32 1887   0.02  -0.02     0.00
  MONTH TO DATE    0.40                      0.66  -0.26     0.77
  SINCE DEC 1      0.65                      1.49  -0.84     1.98
  SINCE JAN 1      0.40                      0.66  -0.26     0.77

SNOWFALL (IN)
  YESTERDAY        T             4.1  1916   0.3   -0.3      0.0
  MONTH TO DATE    3.0                      10.6   -7.6      9.7
  SINCE DEC 1      3.9                      21.8  -17.9     25.8
  SINCE JUL 1      7.5                      30.4  -22.9     26.1
  SNOW DEPTH       T

DEGREE DAYS
 HEATING
  YESTERDAY       47                        55     -8       55
  MONTH TO DATE 1413                      1617   -204     1741
  SINCE DEC 1   2765                      3195   -430     3623
  SINCE JUL 1   4722                      5157   -435     5464

 COOLING
  YESTERDAY        0                         0      0        0
  MONTH TO DATE    0                         0      0        0
  SINCE DEC 1      0                         0      0        0
  SINCE JAN 1      0                         0      0        0
..................................................................


WIND (MPH)
  HIGHEST WIND SPEED    31   HIGHEST WIND DIRECTION     N (340)
  HIGHEST GUST SPEED    37   HIGHEST GUST DIRECTION    NW (330)
  AVERAGE WIND SPEED    18.0


SKY COVER
  POSSIBLE SUNSHINE  MM
  AVERAGE SKY COVER 0.7


WEATHER CONDITIONS
 THE FOLLOWING WEATHER WAS RECORDED YESTERDAY.
  LIGHT SNOW


RELATIVE HUMIDITY (PERCENT)
 HIGHEST    85          1200 AM
 LOWEST     61          1100 AM
 AVERAGE    73

..........................................................


THE FARGO HECTOR INTL AP ND CLIMATE NORMALS FOR TODAY
                         NORMAL    RECORD    YEAR
 MAXIMUM TEMPERATURE (F)   20        45      1931
 MINIMUM TEMPERATURE (F)    0       -36      2004


SUNRISE AND SUNSET
JANUARY 30 2015.......SUNRISE   755 AM CST   SUNSET   527 PM CST
JANUARY 31 2015.......SUNRISE   753 AM CST   SUNSET   528 PM CST


-  INDICATES NEGATIVE NUMBERS.
R  INDICATES RECORD WAS SET OR TIED.
MM INDICATES DATA IS MISSING.
T  INDICATES TRACE AMOUNT.




$$
