000
CDUS43 KFGF 312151
CLIFAR


CLIMATE REPORT
NATIONAL WEATHER SERVICE EASTERN NORTH DAKOTA/GRAND FORKS
450 PM CDT TUE MAY 31 2016


...................................

...THE FARGO HECTOR INTL AP ND CLIMATE SUMMARY FOR MAY 31 2016...
VALID TODAY AS OF 0400 PM LOCAL TIME.

CLIMATE NORMAL PERIOD 1981 TO 2010
CLIMATE RECORD PERIOD 1881 TO 2016


WEATHER ITEM   OBSERVED TIME   RECORD YEAR NORMAL DEPARTURE LAST
                VALUE   (LST)  VALUE       VALUE  FROM      YEAR
                                                  NORMAL
..................................................................
TEMPERATURE (F)
 TODAY
  MAXIMUM         71    226 PM  96    1939  73     -2       62
  MINIMUM         61    431 AM  29    1897  50     11       43
  AVERAGE         66                        62      4       53

PRECIPITATION (IN)
  TODAY            0.01          1.44 1916   0.11  -0.10     0.00
  MONTH TO DATE    1.42                      2.81  -1.39     7.85
  SINCE MAR 1      4.49                      5.50  -1.01     9.13
  SINCE JAN 1      5.48                      6.81  -1.33    10.10

SNOWFALL (IN)
  TODAY            0.0           0.0    MM   0.0    0.0      0.0
  MONTH TO DATE    T                         T      0.0       T
  SINCE MAR 1      3.1                      12.4   -9.3      0.4
  SINCE JUL 1     27.4                      50.4  -23.0     16.0
  SNOW DEPTH       0

DEGREE DAYS
 HEATING
  TODAY            0                         5     -5       12
  MONTH TO DATE  174                       272    -98      319
  SINCE MAR 1   1620                      2051   -431     1816
  SINCE JUL 1   7143                      8729  -1586     8232

 COOLING
  TODAY            1                         2     -1        0
  MONTH TO DATE   49                        28     21       15
  SINCE MAR 1     49                        31     18       15
  SINCE JAN 1     49                        31     18       15
..................................................................


WIND (MPH)
  HIGHEST WIND SPEED    24   HIGHEST WIND DIRECTION     S (200)
  HIGHEST GUST SPEED    31   HIGHEST GUST DIRECTION    SW (220)
  AVERAGE WIND SPEED    14.3


SKY COVER
  POSSIBLE SUNSHINE  MM
  AVERAGE SKY COVER 0.7


WEATHER CONDITIONS
 THE FOLLOWING WEATHER WAS RECORDED TODAY.
  LIGHT RAIN


RELATIVE HUMIDITY (PERCENT)
 HIGHEST    90           200 AM
 LOWEST     40           200 PM
 AVERAGE    65

..........................................................


THE FARGO HECTOR INTL AP ND CLIMATE NORMALS FOR TOMORROW
                         NORMAL    RECORD    YEAR
 MAXIMUM TEMPERATURE (F)   74        93      1933
 MINIMUM TEMPERATURE (F)   51        28      1888


SUNRISE AND SUNSET
MAY 31 2016...........SUNRISE   537 AM CDT   SUNSET   914 PM CDT
JUNE  1 2016..........SUNRISE   536 AM CDT   SUNSET   915 PM CDT


-  INDICATES NEGATIVE NUMBERS.
R  INDICATES RECORD WAS SET OR TIED.
MM INDICATES DATA IS MISSING.
T  INDICATES TRACE AMOUNT.




$$
