918
CDUS43 KFGF 160644
CLIFAR


CLIMATE REPORT
NATIONAL WEATHER SERVICE EASTERN NORTH DAKOTA/GRAND FORKS
1244 AM CST MON JAN 16 2017


...................................

...THE FARGO HECTOR INTL AP ND CLIMATE SUMMARY FOR JANUARY 15 2017...

CLIMATE NORMAL PERIOD 1981 TO 2010
CLIMATE RECORD PERIOD 1881 TO 2017


WEATHER ITEM   OBSERVED TIME   RECORD YEAR NORMAL DEPARTURE LAST
                VALUE   (LST)  VALUE       VALUE  FROM      YEAR
                                                  NORMAL
..................................................................
TEMPERATURE (F)
 YESTERDAY
  MAXIMUM         23    344 PM  40    1942  18      5        4
                                      1901
  MINIMUM          6    555 AM -36    1888   0      6       -7
  AVERAGE         15                         9      6       -1

PRECIPITATION (IN)
  YESTERDAY        0.00          0.48 1889   0.02  -0.02      T
  MONTH TO DATE    0.92                      0.37   0.55     0.59
  SINCE DEC 1      2.19                      1.20   0.99     1.23
  SINCE JAN 1      0.92                      0.37   0.55     0.59

SNOWFALL (IN)
  YESTERDAY        0.0           4.0  1920   0.3   -0.3       T
  MONTH TO DATE   12.9                       5.9    7.0      7.7
  SINCE DEC 1     21.2                      17.1    4.1     15.4
  SINCE JUL 1     24.9                      25.7   -0.8     18.3
  SNOW DEPTH       9

DEGREE DAYS
 HEATING
  YESTERDAY       50                        56     -6       66
  MONTH TO DATE  955                       836    119      813
  SINCE DEC 1   2465                      2414     51     2103
  SINCE JUL 1   3770                      4376   -606     3544

 COOLING
  YESTERDAY        0                         0      0        0
  MONTH TO DATE    0                         0      0        0
  SINCE DEC 1      0                         0      0        0
  SINCE JAN 1      0                         0      0        0
..................................................................


WIND (MPH)
  HIGHEST WIND SPEED    18   HIGHEST WIND DIRECTION     S (170)
  HIGHEST GUST SPEED    22   HIGHEST GUST DIRECTION     S (170)
  AVERAGE WIND SPEED    11.6


SKY COVER
  POSSIBLE SUNSHINE  MM
  AVERAGE SKY COVER 0.0


WEATHER CONDITIONS
 THE FOLLOWING WEATHER WAS RECORDED YESTERDAY.
  NO SIGNIFICANT WEATHER WAS OBSERVED.


RELATIVE HUMIDITY (PERCENT)
 HIGHEST    88          1100 PM
 LOWEST     71           300 PM
 AVERAGE    80

..........................................................


THE FARGO HECTOR INTL AP ND CLIMATE NORMALS FOR TODAY
                         NORMAL    RECORD    YEAR
 MAXIMUM TEMPERATURE (F)   18        47      1942
 MINIMUM TEMPERATURE (F)    0       -35      1977


SUNRISE AND SUNSET
JANUARY 16 2017.......SUNRISE   807 AM CST   SUNSET   507 PM CST
JANUARY 17 2017.......SUNRISE   807 AM CST   SUNSET   509 PM CST


-  INDICATES NEGATIVE NUMBERS.
R  INDICATES RECORD WAS SET OR TIED.
MM INDICATES DATA IS MISSING.
T  INDICATES TRACE AMOUNT.




$$
