000
CDUS43 KFGF 210645
CLIFAR


CLIMATE REPORT
NATIONAL WEATHER SERVICE EASTERN NORTH DAKOTA/GRAND FORKS
1241 AM CST TUE FEB 21 2017


...................................

...THE FARGO HECTOR INTL AP ND CLIMATE SUMMARY FOR FEBRUARY 20 2017...

CLIMATE NORMAL PERIOD 1981 TO 2010
CLIMATE RECORD PERIOD 1881 TO 2017


WEATHER ITEM   OBSERVED TIME   RECORD YEAR NORMAL DEPARTURE LAST
                VALUE   (LST)  VALUE       VALUE  FROM      YEAR
                                                  NORMAL
..................................................................
TEMPERATURE (F)
 YESTERDAY
  MAXIMUM         54R   330 AM  49    1931  25     29       39
                                      1930
  MINIMUM         31   1025 PM -31    2008   8     23       26
  AVERAGE         43                        16     27       33

PRECIPITATION (IN)
  YESTERDAY        0.31          0.74 1891   0.03   0.28     0.00
  MONTH TO DATE    0.40                      0.38   0.02     0.28
  SINCE DEC 1      2.65                      1.91   0.74     1.61
  SINCE JAN 1      1.38                      1.08   0.30     0.97

SNOWFALL (IN)
  YESTERDAY        0.0           4.2  1955   0.2   -0.2      0.0
  MONTH TO DATE    1.1                       4.6   -3.5      4.8
  SINCE DEC 1     22.5                      27.0   -4.5     20.9
  SINCE JUL 1     26.2                      35.6   -9.4     23.8
  SNOW DEPTH       0

DEGREE DAYS
 HEATING
  YESTERDAY       22                        49    -27       32
  MONTH TO DATE  826                      1038   -212      880
  SINCE DEC 1   3884                      4344   -460     3767
  SINCE JUL 1   5189                      6306  -1117     5208

 COOLING
  YESTERDAY        0                         0      0        0
  MONTH TO DATE    0                         0      0        0
  SINCE DEC 1      0                         0      0        0
  SINCE JAN 1      0                         0      0        0
..................................................................


WIND (MPH)
  HIGHEST WIND SPEED    24   HIGHEST WIND DIRECTION    SE (150)
  HIGHEST GUST SPEED    32   HIGHEST GUST DIRECTION     S (160)
  AVERAGE WIND SPEED    12.5


SKY COVER
  POSSIBLE SUNSHINE  MM
  AVERAGE SKY COVER 0.6


WEATHER CONDITIONS
 THE FOLLOWING WEATHER WAS RECORDED YESTERDAY.
  RAIN
  LIGHT RAIN
  FOG


RELATIVE HUMIDITY (PERCENT)
 HIGHEST    96           100 PM
 LOWEST     83           300 AM
 AVERAGE    90

..........................................................


THE FARGO HECTOR INTL AP ND CLIMATE NORMALS FOR TODAY
                         NORMAL    RECORD    YEAR
 MAXIMUM TEMPERATURE (F)   26        49      1981
                                             1930
 MINIMUM TEMPERATURE (F)    8       -26      1956


SUNRISE AND SUNSET
FEBRUARY 21 2017......SUNRISE   721 AM CST   SUNSET   601 PM CST
FEBRUARY 22 2017......SUNRISE   719 AM CST   SUNSET   603 PM CST


-  INDICATES NEGATIVE NUMBERS.
R  INDICATES RECORD WAS SET OR TIED.
MM INDICATES DATA IS MISSING.
T  INDICATES TRACE AMOUNT.




$$
