000
CDUS43 KFGF 080709
CLIFAR


CLIMATE REPORT
NATIONAL WEATHER SERVICE EASTERN NORTH DAKOTA/GRAND FORKS
108 AM CST THU DEC 8 2016


...................................

...THE FARGO HECTOR INTL AP ND CLIMATE SUMMARY FOR DECEMBER 7 2016...

CLIMATE NORMAL PERIOD 1981 TO 2010
CLIMATE RECORD PERIOD 1881 TO 2016


WEATHER ITEM   OBSERVED TIME   RECORD YEAR NORMAL DEPARTURE LAST
                VALUE   (LST)  VALUE       VALUE  FROM      YEAR
                                                  NORMAL
..................................................................
TEMPERATURE (F)
 YESTERDAY
  MAXIMUM         19   1111 PM  53    1918  25     -6       38
  MINIMUM         12    436 AM -29    1882   9      3       30
  AVERAGE         16                        17     -1       34

PRECIPITATION (IN)
  YESTERDAY        0.04          0.30 1916   0.03   0.01     0.00
  MONTH TO DATE    0.21                      0.19   0.02     0.19
  SINCE DEC 1      0.21                      0.19   0.02     0.19
  SINCE JAN 1     22.47                     21.97   0.50    20.86

SNOWFALL (IN)
  YESTERDAY        0.6           3.0  1916   0.3    0.3      0.0
  MONTH TO DATE    2.6                       2.4    0.2      2.1
  SINCE DEC 1      2.6                       2.4    0.2      2.1
  SINCE JUL 1      6.3                      11.0   -4.7      5.0
  SNOW DEPTH       2

DEGREE DAYS
 HEATING
  YESTERDAY       49                        48      1       31
  MONTH TO DATE  268                       327    -59      255
  SINCE DEC 1    268                       327    -59      255
  SINCE JUL 1   1573                      2289   -716     1696

 COOLING
  YESTERDAY        0                         0      0        0
  MONTH TO DATE    0                         0      0        0
  SINCE DEC 1      0                         0      0        0
  SINCE JAN 1    661                       551    110      677
..................................................................


WIND (MPH)
  HIGHEST WIND SPEED    35   HIGHEST WIND DIRECTION     W (290)
  HIGHEST GUST SPEED    42   HIGHEST GUST DIRECTION     W (290)
  AVERAGE WIND SPEED    25.2


SKY COVER
  POSSIBLE SUNSHINE  MM
  AVERAGE SKY COVER 1.0


WEATHER CONDITIONS
 THE FOLLOWING WEATHER WAS RECORDED YESTERDAY.
  LIGHT SNOW
  FOG
  HAZE


RELATIVE HUMIDITY (PERCENT)
 HIGHEST    80           100 AM
 LOWEST     67          1200 PM
 AVERAGE    74

..........................................................


THE FARGO HECTOR INTL AP ND CLIMATE NORMALS FOR TODAY
                         NORMAL    RECORD    YEAR
 MAXIMUM TEMPERATURE (F)   25        53      1990
 MINIMUM TEMPERATURE (F)    8       -21      1972


SUNRISE AND SUNSET
DECEMBER  8 2016......SUNRISE   800 AM CST   SUNSET   438 PM CST
DECEMBER  9 2016......SUNRISE   801 AM CST   SUNSET   438 PM CST


-  INDICATES NEGATIVE NUMBERS.
R  INDICATES RECORD WAS SET OR TIED.
MM INDICATES DATA IS MISSING.
T  INDICATES TRACE AMOUNT.




$$
