000
CDUS46 KHNX 270823
CLIFAT


CLIMATE REPORT
NATIONAL WEATHER SERVICE SAN JOAQUIN VALLEY, CA
1222 AM PST THU NOV 27 2014


...................................

...THE FRESNO CA CLIMATE SUMMARY FOR NOVEMBER 26 2014...

CLIMATE NORMAL PERIOD 1981 TO 2010
CLIMATE RECORD PERIOD 1887 TO 2014


WEATHER ITEM   OBSERVED TIME   RECORD YEAR NORMAL DEPARTURE
                VALUE   (LST)  VALUE       VALUE  FROM
                                                  NORMAL
...............................................................
TEMPERATURE (F)
 YESTERDAY
  MAXIMUM         69    319 PM  75    1914  60      9
  MINIMUM         41    643 AM  30    1987  40      1
                                      1952
  AVERAGE         55                        50      5

PRECIPITATION (IN)
  YESTERDAY        0.00          1.27 1926   0.04  -0.04
  MONTH TO DATE    0.39                      0.92  -0.53
  SINCE JUL 1      1.08                      1.74  -0.66
  SINCE JAN 1      5.16                      9.58  -4.42

SNOWFALL (IN)
  YESTERDAY        0.0
  MONTH TO DATE    0.0
  SINCE SEP 1      0.0
  SINCE JUL 1      0.0
  SNOW DEPTH       0

DEGREE DAYS
 HEATING
  YESTERDAY       10                               -5
  MONTH TO DATE  183                              -81
  SINCE SEP 1    188                             -139
  SINCE JUL 1    188                             -139

 COOLING
  YESTERDAY        0                                0
  MONTH TO DATE    2                                2
  SINCE SEP 1    711                              273
  SINCE JAN 1   2932                              810
...............................................................


WIND (MPH)
  HIGHEST WIND SPEED     6   HIGHEST WIND DIRECTION    SE (120)
  HIGHEST GUST SPEED    10   HIGHEST GUST DIRECTION     S (160)
  AVERAGE WIND SPEED     1.0




RELATIVE HUMIDITY (PERCENT)
 HIGHEST    92
 LOWEST     39
 AVERAGE    66

..........................................................


THE FRESNO CA CLIMATE NORMALS FOR TODAY
                         NORMAL    RECORD    YEAR
 MAXIMUM TEMPERATURE (F)   60        78      1959
 MINIMUM TEMPERATURE (F)   40        27      1948


SUNRISE AND SUNSET
NOVEMBER 27 2014......SUNRISE   649 AM PST   SUNSET   444 PM PST
NOVEMBER 28 2014......SUNRISE   650 AM PST   SUNSET   443 PM PST


-  INDICATES NEGATIVE NUMBERS.
R  INDICATES RECORD WAS SET OR TIED.
MM INDICATES DATA IS MISSING.
T  INDICATES TRACE AMOUNT.




$$
