000
CDUS46 KHNX 020821
CLIFAT


CLIMATE REPORT
NATIONAL WEATHER SERVICE SAN JOAQUIN VALLEY, CA
121 AM PDT TUE SEP 2 2014


...................................

...THE FRESNO CA CLIMATE SUMMARY FOR SEPTEMBER 1 2014...

CLIMATE NORMAL PERIOD 1981 TO 2010
CLIMATE RECORD PERIOD 1887 TO 2014


WEATHER ITEM   OBSERVED TIME   RECORD YEAR NORMAL DEPARTURE
                VALUE   (LST)  VALUE       VALUE  FROM
                                                  NORMAL
...............................................................
TEMPERATURE (F)
 YESTERDAY
  MAXIMUM         99    452 PM 107    1888  95      4
  MINIMUM         69    555 AM  51    1964  64      5
                                      1907
  AVERAGE         84                        79      5

PRECIPITATION (IN)
  YESTERDAY        0.00          0.32 2000   0.00   0.00
  MONTH TO DATE    0.00                      0.00   0.00
  SINCE JUL 1      0.01                      0.02  -0.01
  SINCE JAN 1      4.09                      7.86  -3.77

SNOWFALL (IN)
  YESTERDAY        0.0
  MONTH TO DATE    0.0
  SINCE SEP 1      0.0
  SINCE JUL 1      0.0
  SNOW DEPTH       0

DEGREE DAYS
 HEATING
  YESTERDAY        0                                0
  MONTH TO DATE    0                                0
  SINCE SEP 1      0                                0
  SINCE JUL 1      0                                0

 COOLING
  YESTERDAY       19                                5
  MONTH TO DATE   19                                5
  SINCE SEP 1     19                                5
  SINCE JAN 1   2240                              542
...............................................................


WIND (MPH)
  HIGHEST WIND SPEED    12   HIGHEST WIND DIRECTION     W (280)
  HIGHEST GUST SPEED    14   HIGHEST GUST DIRECTION     W (280)
  AVERAGE WIND SPEED     4.1




RELATIVE HUMIDITY (PERCENT)
 HIGHEST    61
 LOWEST     16
 AVERAGE    39

..........................................................


THE FRESNO CA CLIMATE NORMALS FOR TODAY
                         NORMAL    RECORD    YEAR
 MAXIMUM TEMPERATURE (F)   94       108      1955
 MINIMUM TEMPERATURE (F)   64        48      1964


SUNRISE AND SUNSET
SEPTEMBER  2 2014.....SUNRISE   631 AM PDT   SUNSET   726 PM PDT
SEPTEMBER  3 2014.....SUNRISE   632 AM PDT   SUNSET   724 PM PDT


-  INDICATES NEGATIVE NUMBERS.
R  INDICATES RECORD WAS SET OR TIED.
MM INDICATES DATA IS MISSING.
T  INDICATES TRACE AMOUNT.




$$
