000
CDUS46 KHNX 180823
CLIFAT


CLIMATE REPORT
NATIONAL WEATHER SERVICE SAN JOAQUIN VALLEY, CA
1223 AM PST SUN FEB 18 2018


...................................

...THE FRESNO CA CLIMATE SUMMARY FOR FEBRUARY 17 2018...

CLIMATE NORMAL PERIOD 1981 TO 2010
CLIMATE RECORD PERIOD 1887 TO 2018


WEATHER ITEM   OBSERVED TIME   RECORD YEAR NORMAL DEPARTURE
                VALUE   (LST)  VALUE       VALUE  FROM
                                                  NORMAL
...............................................................
TEMPERATURE (F)
 YESTERDAY
  MAXIMUM         71    414 PM  84    1930  62      9
  MINIMUM         41    715 AM  29    1956  42     -1
                                      1917
                                      1889
  AVERAGE         56                        52      4

PRECIPITATION (IN)
  YESTERDAY        0.00          0.73 2017   0.08  -0.08
  MONTH TO DATE    0.00                      1.23  -1.23
  SINCE OCT 1      1.64                      6.89  -5.25
  SINCE JAN 1      1.23                      3.42  -2.19

SNOWFALL (IN)
  YESTERDAY        0.0
  MONTH TO DATE    0.0
  SINCE DEC 1      0.0
  SINCE JUL 1      0.0
  SNOW DEPTH       0

DEGREE DAYS
 HEATING
  YESTERDAY        9                               -4
  MONTH TO DATE  126                             -122
  SINCE DEC 1   1025                             -370
  SINCE JUL 1   1283                             -500

 COOLING
  YESTERDAY        0                                0
  MONTH TO DATE    0                                0
  SINCE DEC 1      0                                0
  SINCE JAN 1      0                                0
...............................................................


WIND (MPH)
  HIGHEST WIND SPEED     8   HIGHEST WIND DIRECTION    SE (130)
  HIGHEST GUST SPEED    11   HIGHEST GUST DIRECTION    SE (130)
  AVERAGE WIND SPEED     3.2




RELATIVE HUMIDITY (PERCENT)
 HIGHEST    70
 LOWEST     22
 AVERAGE    46

..........................................................


THE FRESNO CA CLIMATE NORMALS FOR TODAY
                         NORMAL    RECORD    YEAR
 MAXIMUM TEMPERATURE (F)   63        84      1930
 MINIMUM TEMPERATURE (F)   42        27      1889


SUNRISE AND SUNSET
FEBRUARY 18 2018......SUNRISE   643 AM PST   SUNSET   542 PM PST
FEBRUARY 19 2018......SUNRISE   642 AM PST   SUNSET   543 PM PST


-  INDICATES NEGATIVE NUMBERS.
R  INDICATES RECORD WAS SET OR TIED.
MM INDICATES DATA IS MISSING.
T  INDICATES TRACE AMOUNT.




$$
