000
CDUS46 KHNX 280822
CLIFAT


CLIMATE REPORT
NATIONAL WEATHER SERVICE SAN JOAQUIN VALLEY, CA
1221 AM PST SAT FEB 28 2015


...................................

...THE FRESNO CA CLIMATE SUMMARY FOR FEBRUARY 27 2015...

CLIMATE NORMAL PERIOD 1981 TO 2010
CLIMATE RECORD PERIOD 1887 TO 2015


WEATHER ITEM   OBSERVED TIME   RECORD YEAR NORMAL DEPARTURE
                VALUE   (LST)  VALUE       VALUE  FROM
                                                  NORMAL
...............................................................
TEMPERATURE (F)
 YESTERDAY
  MAXIMUM         67    211 PM  79    1992  65      2
                                      1888
  MINIMUM         45    701 AM  26    1962  44      1
  AVERAGE         56                        54      2

PRECIPITATION (IN)
  YESTERDAY        0.00          1.87 2000   0.07  -0.07
  MONTH TO DATE    1.11                      1.96  -0.85
  SINCE OCT 1      4.51                      7.62  -3.11
  SINCE JAN 1      1.32                      4.15  -2.83

SNOWFALL (IN)
  YESTERDAY        0.0
  MONTH TO DATE    0.0
  SINCE DEC 1      0.0
  SINCE JUL 1      0.0
  SNOW DEPTH       0

DEGREE DAYS
 HEATING
  YESTERDAY        9                               -2
  MONTH TO DATE  206                             -159
  SINCE DEC 1   1094                             -418
  SINCE JUL 1   1315                             -585

 COOLING
  YESTERDAY        0                                0
  MONTH TO DATE    0                                0
  SINCE DEC 1      0                                0
  SINCE JAN 1      0                                0
...............................................................


WIND (MPH)
  HIGHEST WIND SPEED    17   HIGHEST WIND DIRECTION     W (290)
  HIGHEST GUST SPEED    22   HIGHEST GUST DIRECTION     W (290)
  AVERAGE WIND SPEED     6.5




RELATIVE HUMIDITY (PERCENT)
 HIGHEST    92
 LOWEST     42
 AVERAGE    67

..........................................................


THE FRESNO CA CLIMATE NORMALS FOR TODAY
                         NORMAL    RECORD    YEAR
 MAXIMUM TEMPERATURE (F)   65        79      1926
 MINIMUM TEMPERATURE (F)   44        28      1962


SUNRISE AND SUNSET
FEBRUARY 28 2015......SUNRISE   631 AM PST   SUNSET   552 PM PST
MARCH  1 2015.........SUNRISE   630 AM PST   SUNSET   553 PM PST


-  INDICATES NEGATIVE NUMBERS.
R  INDICATES RECORD WAS SET OR TIED.
MM INDICATES DATA IS MISSING.
T  INDICATES TRACE AMOUNT.




$$
