000
CDUS46 KHNX 160822
CLIFAT


CLIMATE REPORT
NATIONAL WEATHER SERVICE SAN JOAQUIN VALLEY, CA
121 AM PDT TUE SEP 16 2014


...................................

...THE FRESNO CA CLIMATE SUMMARY FOR SEPTEMBER 15 2014...

CLIMATE NORMAL PERIOD 1981 TO 2010
CLIMATE RECORD PERIOD 1887 TO 2014


WEATHER ITEM   OBSERVED TIME   RECORD YEAR NORMAL DEPARTURE
                VALUE   (LST)  VALUE       VALUE  FROM
                                                  NORMAL
...............................................................
TEMPERATURE (F)
 YESTERDAY
  MAXIMUM        104R   400 PM 104    1983  91     13
                                      1887
  MINIMUM         73    619 AM  45    1970  62     11
  AVERAGE         89                        77     12

PRECIPITATION (IN)
  YESTERDAY        0.00          0.73 1910   0.00   0.00
  MONTH TO DATE    T                         0.05  -0.05
  SINCE JUL 1      0.01                      0.07  -0.06
  SINCE JAN 1      4.09                      7.91  -3.82

SNOWFALL (IN)
  YESTERDAY        0.0
  MONTH TO DATE    0.0
  SINCE SEP 1      0.0
  SINCE JUL 1      0.0
  SNOW DEPTH       0

DEGREE DAYS
 HEATING
  YESTERDAY        0                                0
  MONTH TO DATE    0                                0
  SINCE SEP 1      0                                0
  SINCE JUL 1      0                                0

 COOLING
  YESTERDAY       24                               12
  MONTH TO DATE  298                              102
  SINCE SEP 1    298                              102
  SINCE JAN 1   2519                              639
...............................................................


WIND (MPH)
  HIGHEST WIND SPEED    16   HIGHEST WIND DIRECTION    NW (320)
  HIGHEST GUST SPEED    26   HIGHEST GUST DIRECTION     N (20)
  AVERAGE WIND SPEED     7.0




RELATIVE HUMIDITY (PERCENT)
 HIGHEST    49
 LOWEST     15
 AVERAGE    32

..........................................................


THE FRESNO CA CLIMATE NORMALS FOR TODAY
                         NORMAL    RECORD    YEAR
 MAXIMUM TEMPERATURE (F)   91       105      1937
 MINIMUM TEMPERATURE (F)   62        49      1955
                                             1954


SUNRISE AND SUNSET
SEPTEMBER 16 2014.....SUNRISE   642 AM PDT   SUNSET   705 PM PDT
SEPTEMBER 17 2014.....SUNRISE   643 AM PDT   SUNSET   703 PM PDT


-  INDICATES NEGATIVE NUMBERS.
R  INDICATES RECORD WAS SET OR TIED.
MM INDICATES DATA IS MISSING.
T  INDICATES TRACE AMOUNT.




$$
