000
CDUS46 KHNX 030823
CLIFAT


CLIMATE REPORT
NATIONAL WEATHER SERVICE SAN JOAQUIN VALLEY, CA
123 AM PDT FRI JUL 3 2015


...................................

...THE FRESNO CA CLIMATE SUMMARY FOR JULY 2 2015...

CLIMATE NORMAL PERIOD 1981 TO 2010
CLIMATE RECORD PERIOD 1887 TO 2015


WEATHER ITEM   OBSERVED TIME   RECORD YEAR NORMAL DEPARTURE
                VALUE   (LST)  VALUE       VALUE  FROM
                                                  NORMAL
...............................................................
TEMPERATURE (F)
 YESTERDAY
  MAXIMUM         98    242 PM 110    1942  96      2
                                      1891
  MINIMUM         78    621 AM  51    1956  66     12
  AVERAGE         88                        81      7

PRECIPITATION (IN)
  YESTERDAY        0.04R         T    1961   0.00   0.04
                                      1949
                                      1935
  MONTH TO DATE    0.07                      0.00   0.07
  SINCE OCT 1      6.49                     11.31  -4.82
  SINCE JAN 1      3.30                      7.84  -4.54

SNOWFALL (IN)
  YESTERDAY        0.0
  MONTH TO DATE    0.0
  SINCE JUN 1      0.0
  SINCE JUL 1      0.0
  SNOW DEPTH       0

DEGREE DAYS
 HEATING
  YESTERDAY        0                                0
  MONTH TO DATE    0                                0
  SINCE JUN 1      0                               -3
  SINCE JUL 1      0                                0

 COOLING
  YESTERDAY       23                                7
  MONTH TO DATE   49                               17
  SINCE JUN 1    562                              161
  SINCE JAN 1    835                              193
...............................................................


WIND (MPH)
  HIGHEST WIND SPEED    12   HIGHEST WIND DIRECTION     E (70)
  HIGHEST GUST SPEED    16   HIGHEST GUST DIRECTION     E (90)
  AVERAGE WIND SPEED     3.4




RELATIVE HUMIDITY (PERCENT)
 HIGHEST    71
 LOWEST     29
 AVERAGE    50

..........................................................


THE FRESNO CA CLIMATE NORMALS FOR TODAY
                         NORMAL    RECORD    YEAR
 MAXIMUM TEMPERATURE (F)   97       110      2001
                                             1892
                                             1889
 MINIMUM TEMPERATURE (F)   66        50      1901


SUNRISE AND SUNSET
JULY  3 2015..........SUNRISE   544 AM PDT   SUNSET   822 PM PDT
JULY  4 2015..........SUNRISE   545 AM PDT   SUNSET   821 PM PDT


-  INDICATES NEGATIVE NUMBERS.
R  INDICATES RECORD WAS SET OR TIED.
MM INDICATES DATA IS MISSING.
T  INDICATES TRACE AMOUNT.




$$
