000
CDUS42 KRAH 210708
CLIFAY


CLIMATE REPORT
NATIONAL WEATHER SERVICE RALEIGH NC
200 AM EST TUE FEB 21 2017


...................................

...THE FAYETTEVILLE REGL AIRPORT NC CLIMATE SUMMARY FOR FEBRUARY 20 2017...

CLIMATE NORMAL PERIOD 1981 TO 2010
CLIMATE RECORD PERIOD 1910 TO 2017


WEATHER ITEM   OBSERVED TIME   RECORD YEAR NORMAL DEPARTURE LAST
                VALUE   (LST)  VALUE       VALUE  FROM      YEAR
                                                  NORMAL
..................................................................
TEMPERATURE (F)
 YESTERDAY
  MAXIMUM         75    349 PM  82    2014  60     15       65
  MINIMUM         47    539 AM  10    2015  36     11       40
  AVERAGE         61                        48     13       53

PRECIPITATION (IN)
  YESTERDAY        0.00          1.37 1924   0.11  -0.11     0.00
  MONTH TO DATE    0.99                      1.98  -0.99     4.22
  SINCE DEC 1      6.06                      7.93  -1.87    12.43
  SINCE JAN 1      3.42                      5.28  -1.86     5.92

DEGREE DAYS
 HEATING
  YESTERDAY        4                        17    -13       12
  MONTH TO DATE  214                       371   -157      429
  SINCE DEC 1   1228                      1649   -421     1382
  SINCE JUL 1   1579                      2097   -518     1701

 COOLING
  YESTERDAY        0                         0      0        0
  MONTH TO DATE    9                         0      9        0
  SINCE DEC 1     10                         4      6       47
  SINCE JAN 1     10                         2      8        0
..................................................................


WIND (MPH)
  HIGHEST WIND SPEED    13   HIGHEST WIND DIRECTION    NE (30)
  HIGHEST GUST SPEED    17   HIGHEST GUST DIRECTION     E (70)
  AVERAGE WIND SPEED     4.6


SKY COVER
  POSSIBLE SUNSHINE  MM
  AVERAGE SKY COVER 0.0


WEATHER CONDITIONS
 THE FOLLOWING WEATHER WAS RECORDED YESTERDAY.
  NO SIGNIFICANT WEATHER WAS OBSERVED.


RELATIVE HUMIDITY (PERCENT)
 HIGHEST    80           600 AM
 LOWEST     27           100 PM
 AVERAGE    54

..........................................................


THE FAYETTEVILLE REGL AIRPORT NC CLIMATE NORMALS FOR TODAY
                         NORMAL    RECORD    YEAR
 MAXIMUM TEMPERATURE (F)   60        80      1991
 MINIMUM TEMPERATURE (F)   36        16      1958


SUNRISE AND SUNSET
FEBRUARY 21 2017......SUNRISE   654 AM EST   SUNSET   604 PM EST
FEBRUARY 22 2017......SUNRISE   653 AM EST   SUNSET   605 PM EST


-  INDICATES NEGATIVE NUMBERS.
R  INDICATES RECORD WAS SET OR TIED.
MM INDICATES DATA IS MISSING.
T  INDICATES TRACE AMOUNT.




$$
