000
CDUS42 KRAH 200759
CLIFAY


CLIMATE REPORT
NATIONAL WEATHER SERVICE RALEIGH NC
358 AM EDT THU JUL 20 2017


...................................

...THE FAYETTEVILLE REGL AIRPORT NC CLIMATE SUMMARY FOR JULY 19 2017...

CLIMATE NORMAL PERIOD 1981 TO 2010
CLIMATE RECORD PERIOD 1910 TO 2017


WEATHER ITEM   OBSERVED TIME   RECORD YEAR NORMAL DEPARTURE LAST
                VALUE   (LST)  VALUE       VALUE  FROM      YEAR
                                                  NORMAL
..................................................................
TEMPERATURE (F)
 YESTERDAY
  MAXIMUM         92    441 PM 101    2002  91      1       94
  MINIMUM         74    658 AM  61    1987  72      2       72
  AVERAGE         83                        82      1       83

PRECIPITATION (IN)
  YESTERDAY        0.00          1.64 1968   0.21  -0.21     0.82
  MONTH TO DATE    5.10                      3.48   1.62     4.47
  SINCE JUN 1      9.66                      7.83   1.83     7.68
  SINCE JAN 1     25.30                     23.50   1.80    25.25

DEGREE DAYS
 HEATING
  YESTERDAY        0                         0      0        0
  MONTH TO DATE    0                         0      0        0
  SINCE JUN 1      0                         0      0        0
  SINCE JUL 1      0                         0      0        0

 COOLING
  YESTERDAY       18                        17      1       18
  MONTH TO DATE  377                       312     65      361
  SINCE JUN 1    809                       708    101      813
  SINCE JAN 1   1312                       992    320     1149
..................................................................


WIND (MPH)
  HIGHEST WIND SPEED    12   HIGHEST WIND DIRECTION    SE (130)
  HIGHEST GUST SPEED    14   HIGHEST GUST DIRECTION    SE (120)
  AVERAGE WIND SPEED     4.1


SKY COVER
  POSSIBLE SUNSHINE  MM
  AVERAGE SKY COVER 0.1


WEATHER CONDITIONS
 THE FOLLOWING WEATHER WAS RECORDED YESTERDAY.
  NO SIGNIFICANT WEATHER WAS OBSERVED.


RELATIVE HUMIDITY (PERCENT)
 HIGHEST    93           400 AM
 LOWEST     52          1200 PM
 AVERAGE    73

..........................................................


THE FAYETTEVILLE REGL AIRPORT NC CLIMATE NORMALS FOR TODAY
                         NORMAL    RECORD    YEAR
 MAXIMUM TEMPERATURE (F)   91       104      1932
 MINIMUM TEMPERATURE (F)   72        60      1910


SUNRISE AND SUNSET
JULY 20 2017..........SUNRISE   616 AM EDT   SUNSET   827 PM EDT
JULY 21 2017..........SUNRISE   617 AM EDT   SUNSET   826 PM EDT


-  INDICATES NEGATIVE NUMBERS.
R  INDICATES RECORD WAS SET OR TIED.
MM INDICATES DATA IS MISSING.
T  INDICATES TRACE AMOUNT.




$$
