000
CDUS42 KRAH 301431
CLIFAY


CLIMATE REPORT
NATIONAL WEATHER SERVICE RALEIGH NC
1030 AM EDT THU MAR 30 2017


...................................

...THE FAYETTEVILLE REGL AIRPORT NC CLIMATE SUMMARY FOR MARCH 30 2017...
VALID AS OF 1030 AM LOCAL TIME.

CLIMATE NORMAL PERIOD 1981 TO 2010
CLIMATE RECORD PERIOD 1910 TO 2017


WEATHER ITEM   OBSERVED TIME   RECORD YEAR NORMAL DEPARTURE LAST
                VALUE   (LST)  VALUE       VALUE  FROM      YEAR
                                                  NORMAL
..................................................................
TEMPERATURE (F)
 TODAY
  MAXIMUM                       90    1910  71    -11       74
  MINIMUM         51    528 AM  26    1955  46      5       40
  AVERAGE         56                        58     -2       57

PRECIPITATION (IN)
  TODAY            0.00          1.67 1974   0.14  -0.14     0.00
  MONTH TO DATE    1.78                      3.42  -1.64     1.01
  SINCE MAR 1      1.78                      3.42  -1.64     1.01
  SINCE JAN 1      5.20                      9.48  -4.28     8.85

..................................................................


WIND (MPH)
  HIGHEST WIND SPEED    14   HIGHEST WIND DIRECTION     E (110)
  HIGHEST GUST SPEED    18   HIGHEST GUST DIRECTION     E (110)
  AVERAGE WIND SPEED     7.5


SKY COVER
  POSSIBLE SUNSHINE  MM
  AVERAGE SKY COVER 0.5


WEATHER CONDITIONS
 THE FOLLOWING WEATHER WAS RECORDED TODAY.
  NO SIGNIFICANT WEATHER WAS OBSERVED.


RELATIVE HUMIDITY (PERCENT)
 HIGHEST    96           500 AM
 LOWEST     72           900 AM
 AVERAGE    84

..........................................................




SUNRISE AND SUNSET
MARCH 30 2017.........SUNRISE   705 AM EDT   SUNSET   735 PM EDT
MARCH 31 2017.........SUNRISE   703 AM EDT   SUNSET   736 PM EDT


-  INDICATES NEGATIVE NUMBERS.
R  INDICATES RECORD WAS SET OR TIED.
MM INDICATES DATA IS MISSING.
T  INDICATES TRACE AMOUNT.




$$
