000
CDUS42 KRAH 312040
CLIFAY


CLIMATE REPORT
NATIONAL WEATHER SERVICE RALEIGH NC
438 PM EDT WED AUG 31 2016


...................................

...THE FAYETTEVILLE REGL AIRPORT NC CLIMATE SUMMARY FOR AUGUST 31 2016...
VALID TODAY AS OF 0435 PM LOCAL TIME.

CLIMATE NORMAL PERIOD 1981 TO 2010
CLIMATE RECORD PERIOD 1910 TO 2016


WEATHER ITEM   OBSERVED TIME   RECORD YEAR NORMAL DEPARTURE LAST
                VALUE   (LST)  VALUE       VALUE  FROM      YEAR
                                                  NORMAL
..................................................................
TEMPERATURE (F)
 TODAY
  MAXIMUM         92    335 PM 103    1932  88      4       84
  MINIMUM         72    617 AM  49    1976  68      4       70
  AVERAGE         82                        78      4       77

PRECIPITATION (IN)
  TODAY            0.00          2.14 1911   0.15  -0.15     1.23
  MONTH TO DATE    1.33                      5.49  -4.16     3.00
  SINCE JUN 1      9.09                     15.76  -6.67    15.52
  SINCE JAN 1     26.66                     31.43  -4.77    30.79

DEGREE DAYS
 HEATING
  TODAY            0                         0      0        0
  MONTH TO DATE    0                         0      0        0
  SINCE JUN 1      0                         0      0        0
  SINCE JUL 1      0                         0      0        0

 COOLING
  TODAY           17                        13      4       12
  MONTH TO DATE  587                       453    134      461
  SINCE JUN 1   1658                      1356    302     1505
  SINCE JAN 1   1994                      1640    354     1835
..................................................................


WIND (MPH)
  HIGHEST WIND SPEED    14   HIGHEST WIND DIRECTION    SE (130)
  HIGHEST GUST SPEED    17   HIGHEST GUST DIRECTION    SE (120)
  AVERAGE WIND SPEED     4.2


SKY COVER
  POSSIBLE SUNSHINE  MM
  AVERAGE SKY COVER 0.1


WEATHER CONDITIONS
 THE FOLLOWING WEATHER WAS RECORDED TODAY.
  FOG


RELATIVE HUMIDITY (PERCENT)
 HIGHEST    93           300 AM
 LOWEST     50           200 PM
 AVERAGE    72

..........................................................


THE FAYETTEVILLE REGL AIRPORT NC CLIMATE NORMALS FOR TOMORROW
                         NORMAL    RECORD    YEAR
 MAXIMUM TEMPERATURE (F)   87       101      1932
 MINIMUM TEMPERATURE (F)   68        54      1976


SUNRISE AND SUNSET
AUGUST 31 2016........SUNRISE   648 AM EDT   SUNSET   743 PM EDT
SEPTEMBER  1 2016.....SUNRISE   649 AM EDT   SUNSET   741 PM EDT


-  INDICATES NEGATIVE NUMBERS.
R  INDICATES RECORD WAS SET OR TIED.
MM INDICATES DATA IS MISSING.
T  INDICATES TRACE AMOUNT.




$$
