000
CDUS42 KRAH 240641
CLIFAY


CLIMATE REPORT
NATIONAL WEATHER SERVICE RALEIGH NC
239 AM EDT THU JUL 24 2014


...................................

...THE FAYETTEVILLE REGL AIRPORT NC CLIMATE SUMMARY FOR JULY 23 2014...

CLIMATE NORMAL PERIOD 1981 TO 2010
CLIMATE RECORD PERIOD 1910 TO 2014


WEATHER ITEM   OBSERVED TIME   RECORD YEAR NORMAL DEPARTURE LAST
                VALUE   (LST)  VALUE       VALUE  FROM      YEAR
                                                  NORMAL
..................................................................
TEMPERATURE (F)
 YESTERDAY
  MAXIMUM         89    503 PM 103    2011  91     -2       92
  MINIMUM         75    618 AM  51    1944  72      3       75
  AVERAGE         82                        82      0       84

PRECIPITATION (IN)
  YESTERDAY        0.04          1.70 1923   0.22  -0.18      T
  MONTH TO DATE    1.82                      4.33  -2.51     6.24
  SINCE JUN 1      4.51                      8.68  -4.17    14.82
  SINCE JAN 1     22.96                     24.35  -1.39    28.16

DEGREE DAYS
 HEATING
  YESTERDAY        0                         0      0        0
  MONTH TO DATE    0                         0      0        0
  SINCE JUN 1      0                         0      0        0
  SINCE JUL 1      0                         0      0        0

 COOLING
  YESTERDAY       17                        16      1       19
  MONTH TO DATE  356                       379    -23      380
  SINCE JUN 1    813                       775     38      775
  SINCE JAN 1   1179                      1059    120     1024
..................................................................


WIND (MPH)
  HIGHEST WIND SPEED    16   HIGHEST WIND DIRECTION    NW (300)
  HIGHEST GUST SPEED    18   HIGHEST GUST DIRECTION     W (290)
  AVERAGE WIND SPEED     7.7


SKY COVER
  POSSIBLE SUNSHINE  MM
  AVERAGE SKY COVER 0.4


WEATHER CONDITIONS
 THE FOLLOWING WEATHER WAS RECORDED YESTERDAY.
  THUNDERSTORM
  FOG


RELATIVE HUMIDITY (PERCENT)
 HIGHEST    94           100 AM
 LOWEST     59           400 PM
 AVERAGE    77

..........................................................


THE FAYETTEVILLE REGL AIRPORT NC CLIMATE NORMALS FOR TODAY
                         NORMAL    RECORD    YEAR
 MAXIMUM TEMPERATURE (F)   91       105      1952
 MINIMUM TEMPERATURE (F)   72        59      1947


SUNRISE AND SUNSET
JULY 24 2014..........SUNRISE   619 AM EDT   SUNSET   825 PM EDT
JULY 25 2014..........SUNRISE   620 AM EDT   SUNSET   824 PM EDT


-  INDICATES NEGATIVE NUMBERS.
R  INDICATES RECORD WAS SET OR TIED.
MM INDICATES DATA IS MISSING.
T  INDICATES TRACE AMOUNT.




$$
