146
CDUS42 KRAH 230636
CLIFAY


CLIMATE REPORT
NATIONAL WEATHER SERVICE RALEIGH NC
235 AM EDT SAT SEP 23 2017


...................................

...THE FAYETTEVILLE REGL AIRPORT NC CLIMATE SUMMARY FOR SEPTEMBER 22 2017...

CLIMATE NORMAL PERIOD 1981 TO 2010
CLIMATE RECORD PERIOD 1910 TO 2017


WEATHER ITEM   OBSERVED TIME   RECORD YEAR NORMAL DEPARTURE LAST
                VALUE   (LST)  VALUE       VALUE  FROM      YEAR
                                                  NORMAL
..................................................................
TEMPERATURE (F)
 YESTERDAY
  MAXIMUM         89    356 PM  98    1931  82      7       83
  MINIMUM         66    631 AM  43    1918  62      4       71
  AVERAGE         78                        72      6       77

PRECIPITATION (IN)
  YESTERDAY        0.00          1.96 1983   0.15  -0.15     0.52
  MONTH TO DATE    3.73                      3.27   0.46     5.45
  SINCE SEP 1      3.73                      3.27   0.46     5.45
  SINCE JAN 1     35.53                     34.70   0.83    32.11

DEGREE DAYS
 HEATING
  YESTERDAY        0                         0      0        0
  MONTH TO DATE    2                         0      2        0
  SINCE SEP 1      2                         0      2        0
  SINCE JUL 1      2                         0      2        0

 COOLING
  YESTERDAY       13                         7      6       12
  MONTH TO DATE  226                       221      5      310
  SINCE SEP 1    226                       221      5      310
  SINCE JAN 1   2205                      1861    344     2304
..................................................................


WIND (MPH)
  HIGHEST WIND SPEED    12   HIGHEST WIND DIRECTION    NE (30)
  HIGHEST GUST SPEED    15   HIGHEST GUST DIRECTION     N (20)
  AVERAGE WIND SPEED     3.4


SKY COVER
  POSSIBLE SUNSHINE  MM
  AVERAGE SKY COVER 0.0


WEATHER CONDITIONS
 THE FOLLOWING WEATHER WAS RECORDED YESTERDAY.
  NO SIGNIFICANT WEATHER WAS OBSERVED.


RELATIVE HUMIDITY (PERCENT)
 HIGHEST   100           200 AM
 LOWEST     43           400 PM
 AVERAGE    72

..........................................................


THE FAYETTEVILLE REGL AIRPORT NC CLIMATE NORMALS FOR TODAY
                         NORMAL    RECORD    YEAR
 MAXIMUM TEMPERATURE (F)   81       101      1931
 MINIMUM TEMPERATURE (F)   61        42      1983


SUNRISE AND SUNSET
SEPTEMBER 23 2017.....SUNRISE   704 AM EDT   SUNSET   710 PM EDT
SEPTEMBER 24 2017.....SUNRISE   705 AM EDT   SUNSET   709 PM EDT


-  INDICATES NEGATIVE NUMBERS.
R  INDICATES RECORD WAS SET OR TIED.
MM INDICATES DATA IS MISSING.
T  INDICATES TRACE AMOUNT.

$$
