000
CDUS42 KRAH 030038
CLIFAY


CLIMATE REPORT
NATIONAL WEATHER SERVICE RALEIGH NC
836 PM EDT TUE SEP 2 2014


...................................

...THE FAYETTEVILLE REGL AIRPORT NC CLIMATE SUMMARY FOR SEPTEMBER 2 2014...
VALID AS OF 0836 PM LOCAL TIME.

CLIMATE NORMAL PERIOD 1981 TO 2010
CLIMATE RECORD PERIOD 1910 TO 2014


WEATHER ITEM   OBSERVED TIME   RECORD YEAR NORMAL DEPARTURE LAST
                VALUE   (LST)  VALUE       VALUE  FROM      YEAR
                                                  NORMAL
..................................................................
TEMPERATURE (F)
 TODAY
  MAXIMUM         98    141 PM 103    1932  87     11       92
  MINIMUM         75    627 AM  49    1967  67      8       73
  AVERAGE         87                        77     10       83

PRECIPITATION (IN)
  TODAY            0.47          1.16 1955   0.14   0.33     0.02
  MONTH TO DATE    0.47                      0.29   0.18     0.03
  SINCE SEP 1      0.47                      0.29   0.18     0.03
  SINCE JAN 1     27.39                     31.72  -4.33    34.59

DEGREE DAYS
 HEATING
  TODAY            0                         0      0        0
  MONTH TO DATE    0                         0      0        0
  SINCE SEP 1      0                         0      0        0
  SINCE JUL 1      0                         0      0        0

 COOLING
  TODAY           22                        12     10       18
  MONTH TO DATE   43                        25     18       36
  SINCE SEP 1     43                        25     18       36
  SINCE JAN 1   1784                      1665    119     1615
..................................................................


WIND (MPH)
  RESULTANT WIND SPEED   5   RESULTANT WIND DIRECTION  SW (210)
  HIGHEST WIND SPEED    28   HIGHEST WIND DIRECTION     W (290)
  HIGHEST GUST SPEED    35   HIGHEST GUST DIRECTION     W (290)
  AVERAGE WIND SPEED     5.8


SKY COVER
  POSSIBLE SUNSHINE  MM
  AVERAGE SKY COVER 0.3


WEATHER CONDITIONS
 THE FOLLOWING WEATHER WAS RECORDED TODAY.
  THUNDERSTORM
  HEAVY RAIN
  RAIN
  LIGHT RAIN
  FOG


RELATIVE HUMIDITY (PERCENT)
 HIGHEST    94           400 AM
 LOWEST     44          1200 PM
 AVERAGE    69

..........................................................




SUNRISE AND SUNSET
SEPTEMBER  2 2014.....SUNRISE   649 AM EDT   SUNSET   741 PM EDT
SEPTEMBER  3 2014.....SUNRISE   650 AM EDT   SUNSET   739 PM EDT


-  INDICATES NEGATIVE NUMBERS.
R  INDICATES RECORD WAS SET OR TIED.
MM INDICATES DATA IS MISSING.
T  INDICATES TRACE AMOUNT.




$$
