000
CDUS42 KRAH 310602
CLIFAY


CLIMATE REPORT
NATIONAL WEATHER SERVICE RALEIGH NC
200 AM EDT MON AUG 31 2015


...................................

...THE FAYETTEVILLE REGL AIRPORT NC CLIMATE SUMMARY FOR AUGUST 30 2015...

CLIMATE NORMAL PERIOD 1981 TO 2010
CLIMATE RECORD PERIOD 1910 TO 2015


WEATHER ITEM   OBSERVED TIME   RECORD YEAR NORMAL DEPARTURE LAST
                VALUE   (LST)  VALUE       VALUE  FROM      YEAR
                                                  NORMAL
..................................................................
TEMPERATURE (F)
 YESTERDAY
  MAXIMUM         84   1143 AM 105    1932  88     -4       93
  MINIMUM         65    608 AM  46    1965  68     -3       70
  AVERAGE         75                        78     -3       82

PRECIPITATION (IN)
  YESTERDAY        0.02          3.05 1988   0.13  -0.11     0.00
  MONTH TO DATE    1.77                      5.34  -3.57     3.92
  SINCE JUN 1     14.29                     15.61  -1.32     8.47
  SINCE JAN 1     29.56                     31.28  -1.72    26.92

DEGREE DAYS
 HEATING
  YESTERDAY        0                         0      0        0
  MONTH TO DATE    0                         0      0        0
  SINCE JUN 1      0                         0      0        0
  SINCE JUL 1      0                         0      0        0

 COOLING
  YESTERDAY       10                        13     -3       17
  MONTH TO DATE  449                       440      9      416
  SINCE JUN 1   1493                      1343    150     1357
  SINCE JAN 1   1823                      1627    196     1723
..................................................................


WIND (MPH)
  HIGHEST WIND SPEED    12   HIGHEST WIND DIRECTION     S (190)
  HIGHEST GUST SPEED    15   HIGHEST GUST DIRECTION     S (180)
  AVERAGE WIND SPEED     2.2


SKY COVER
  POSSIBLE SUNSHINE  MM
  AVERAGE SKY COVER 0.1


WEATHER CONDITIONS
 THE FOLLOWING WEATHER WAS RECORDED YESTERDAY.
  LIGHT RAIN
  FOG
  HAZE


RELATIVE HUMIDITY (PERCENT)
 HIGHEST    97          1100 PM
 LOWEST     51          1200 PM
 AVERAGE    74

..........................................................


THE FAYETTEVILLE REGL AIRPORT NC CLIMATE NORMALS FOR TODAY
                         NORMAL    RECORD    YEAR
 MAXIMUM TEMPERATURE (F)   88       103      1932
 MINIMUM TEMPERATURE (F)   68        49      1976


SUNRISE AND SUNSET
AUGUST 31 2015........SUNRISE   647 AM EDT   SUNSET   744 PM EDT
SEPTEMBER  1 2015.....SUNRISE   648 AM EDT   SUNSET   743 PM EDT


-  INDICATES NEGATIVE NUMBERS.
R  INDICATES RECORD WAS SET OR TIED.
MM INDICATES DATA IS MISSING.
T  INDICATES TRACE AMOUNT.

$$
