000
CDUS42 KRAH 240719
CLIFAY


CLIMATE REPORT
NATIONAL WEATHER SERVICE RALEIGH NC
318 AM EDT SUN MAY 24 2015


...................................

...THE FAYETTEVILLE REGL AIRPORT NC CLIMATE SUMMARY FOR MAY 23 2015...

CLIMATE NORMAL PERIOD 1981 TO 2010
CLIMATE RECORD PERIOD 1910 TO 2015


WEATHER ITEM   OBSERVED TIME   RECORD YEAR NORMAL DEPARTURE LAST
                VALUE   (LST)  VALUE       VALUE  FROM      YEAR
                                                  NORMAL
..................................................................
TEMPERATURE (F)
 YESTERDAY
  MAXIMUM         82    411 PM 102    1941  84     -2       92
  MINIMUM         51    353 AM  44    1954  61    -10       69
  AVERAGE         67                        73     -6       81

PRECIPITATION (IN)
  YESTERDAY        0.00          1.96 2010   0.11  -0.11     0.00
  MONTH TO DATE    2.23                      2.14   0.09     3.66
  SINCE MAR 1      7.59                      8.51  -0.92    11.28
  SINCE JAN 1     15.24                     14.57   0.67    18.00

DEGREE DAYS
 HEATING
  YESTERDAY        0                         0      0        0
  MONTH TO DATE   10                        23    -13       12
  SINCE MAR 1    446                       505    -59      616
  SINCE JUL 1   2942                      2730    212     2941

 COOLING
  YESTERDAY        2                         8     -6       16
  MONTH TO DATE  153                       128     25      197
  SINCE MAR 1    245                       207     38      275
  SINCE JAN 1    245                       211     34      278
..................................................................


WIND (MPH)
  HIGHEST WIND SPEED    15   HIGHEST WIND DIRECTION     N (20)
  HIGHEST GUST SPEED    23   HIGHEST GUST DIRECTION    NE (30)
  AVERAGE WIND SPEED     4.8


SKY COVER
  POSSIBLE SUNSHINE  MM
  AVERAGE SKY COVER 0.0


WEATHER CONDITIONS
 THE FOLLOWING WEATHER WAS RECORDED YESTERDAY.
  NO SIGNIFICANT WEATHER WAS OBSERVED.


RELATIVE HUMIDITY (PERCENT)
 HIGHEST    96           400 AM
 LOWEST     28           300 PM
 AVERAGE    62

..........................................................


THE FAYETTEVILLE REGL AIRPORT NC CLIMATE NORMALS FOR TODAY
                         NORMAL    RECORD    YEAR
 MAXIMUM TEMPERATURE (F)   84        99      1938
 MINIMUM TEMPERATURE (F)   62        42      1931


SUNRISE AND SUNSET
MAY 24 2015...........SUNRISE   606 AM EDT   SUNSET   819 PM EDT
MAY 25 2015...........SUNRISE   606 AM EDT   SUNSET   819 PM EDT


-  INDICATES NEGATIVE NUMBERS.
R  INDICATES RECORD WAS SET OR TIED.
MM INDICATES DATA IS MISSING.
T  INDICATES TRACE AMOUNT.




$$
