000
CSUS97 KFGF 220634
CLIFGF


CLIMATE REPORT
NATIONAL WEATHER SERVICE EASTERN NORTH DAKOTA/GRAND FORKS
133 AM CDT TUE JUL 22 2014


...................................

...THE GRAND FORKS UNIV. (NWS) ND CLIMATE SUMMARY FOR JULY 21 2014...

CLIMATE NORMAL PERIOD 1981 TO 2010
CLIMATE RECORD PERIOD 1890 TO 2014


WEATHER ITEM   OBSERVED TIME   RECORD YEAR NORMAL DEPARTURE LAST
                VALUE   (LST)  VALUE       VALUE  FROM      YEAR
                                                  NORMAL
..................................................................
TEMPERATURE (F)
 YESTERDAY
  MAXIMUM         90        MM  97    1955  82      8       80
  MINIMUM         65        MM  41    1947  59      6       50
  AVERAGE         78                        70      8       65

PRECIPITATION (IN)
  YESTERDAY        2.71R         2.03   MM   0.09   2.62     0.45
  MONTH TO DATE    3.39                      2.27   1.12     1.39
  SINCE JUN 1     10.14                      6.01   4.13     4.17
  SINCE JAN 1     17.13                     12.06   5.07    12.38

SNOWFALL (IN)
  YESTERDAY        0.0           0.0    MM   0.0    0.0      0.0
  MONTH TO DATE    0.0                       0.0    0.0      0.0
  SINCE JUN 1      0.0                       0.0    0.0      0.0
  SINCE JUL 1      0.0                       0.0    0.0      0.0
  SNOW DEPTH       0

DEGREE DAYS
 HEATING
  YESTERDAY        0                         0      0        0
  MONTH TO DATE   30                        19     11        3
  SINCE JUN 1     82                       102    -20       78
  SINCE JUL 1     30                        19     11        3

 COOLING
  YESTERDAY       13                         6      7        0
  MONTH TO DATE   95                       116    -21      172
  SINCE JUN 1    158                       207    -49      287
  SINCE JAN 1    213                       233    -20      296
..................................................................


WIND (MPH)
  RESULTANT WIND SPEED  MM   RESULTANT WIND DIRECTION  MM
  HIGHEST WIND SPEED    MM   HIGHEST WIND DIRECTION    MM
  HIGHEST GUST SPEED    MM   HIGHEST GUST DIRECTION    MM
  AVERAGE WIND SPEED    MM


SKY COVER
  POSSIBLE SUNSHINE  MM
  AVERAGE SKY COVER  MM


WEATHER CONDITIONS
 THE FOLLOWING WEATHER WAS RECORDED YESTERDAY.
  NO SIGNIFICANT WEATHER WAS OBSERVED.


RELATIVE HUMIDITY (PERCENT)
 HIGHEST    MM
 LOWEST     MM
 AVERAGE    MM

..........................................................


THE GRAND FORKS UNIV. (NWS) ND CLIMATE NORMALS FOR TODAY
                         NORMAL    RECORD    YEAR
 MAXIMUM TEMPERATURE (F)   82        98      1940
 MINIMUM TEMPERATURE (F)   59        45      1949
                                             1907


SUNRISE AND SUNSET
JULY 22 2014..........SUNRISE   553 AM CDT   SUNSET   916 PM CDT
JULY 23 2014..........SUNRISE   554 AM CDT   SUNSET   915 PM CDT


-  INDICATES NEGATIVE NUMBERS.
R  INDICATES RECORD WAS SET OR TIED.
MM INDICATES DATA IS MISSING.
T  INDICATES TRACE AMOUNT.




$$
