000
CDUS43 KFGF 190633
CLIFGF


CLIMATE REPORT
NATIONAL WEATHER SERVICE EASTERN NORTH DAKOTA/GRAND FORKS
1231 AM CST FRI DEC 19 2014


...................................

...THE GRAND FORKS UNIV. (NWS) ND CLIMATE SUMMARY FOR DECEMBER 18 2014...

CLIMATE NORMAL PERIOD 1981 TO 2010
CLIMATE RECORD PERIOD 1890 TO 2014


WEATHER ITEM   OBSERVED TIME   RECORD YEAR NORMAL DEPARTURE LAST
                VALUE   (LST)  VALUE       VALUE  FROM      YEAR
                                                  NORMAL
..................................................................
TEMPERATURE (F)
 YESTERDAY
  MAXIMUM         20        MM  50    2011  19      1       23
  MINIMUM          5        MM -30    1916   3      2       -2
  AVERAGE         13                        11      2       11

PRECIPITATION (IN)
  YESTERDAY        0.00          0.47   MM   0.03  -0.03      T
  MONTH TO DATE    0.02                      0.37  -0.35     0.54
  SINCE DEC 1      0.02                      0.37  -0.35     0.54
  SINCE JAN 1     22.58                     21.34   1.24    18.99

SNOWFALL (IN)
  YESTERDAY        0.0           6.8    MM   0.4   -0.4       T
  MONTH TO DATE    0.2                       5.8   -5.6     17.4
  SINCE DEC 1      0.2                       5.8   -5.6     17.4
  SINCE JUL 1      4.0                      12.9   -8.9     19.0
  SNOW DEPTH       0

DEGREE DAYS
 HEATING
  YESTERDAY       52                        54     -2       54
  MONTH TO DATE  825                       912    -87     1133
  SINCE DEC 1    825                       912    -87     1133
  SINCE JUL 1   2945                      3006    -61     3184

 COOLING
  YESTERDAY        0                         0      0        0
  MONTH TO DATE    0                         0      0        0
  SINCE DEC 1      0                         0      0        0
  SINCE JAN 1    395                       463    -68      528
..................................................................


WIND (MPH)
  RESULTANT WIND SPEED  MM   RESULTANT WIND DIRECTION  MM
  HIGHEST WIND SPEED    MM   HIGHEST WIND DIRECTION    MM
  HIGHEST GUST SPEED    MM   HIGHEST GUST DIRECTION    MM
  AVERAGE WIND SPEED    MM


SKY COVER
  POSSIBLE SUNSHINE  MM
  AVERAGE SKY COVER  MM


WEATHER CONDITIONS
 THE FOLLOWING WEATHER WAS RECORDED YESTERDAY.
  NO SIGNIFICANT WEATHER WAS OBSERVED.


RELATIVE HUMIDITY (PERCENT)
 HIGHEST    MM
 LOWEST     MM
 AVERAGE    MM

..........................................................


THE GRAND FORKS UNIV. (NWS) ND CLIMATE NORMALS FOR TODAY
                         NORMAL    RECORD    YEAR
 MAXIMUM TEMPERATURE (F)   19        42      2006
                                             1957
 MINIMUM TEMPERATURE (F)    3       -34      1916


SUNRISE AND SUNSET
DECEMBER 19 2014......SUNRISE   814 AM CST   SUNSET   437 PM CST
DECEMBER 20 2014......SUNRISE   815 AM CST   SUNSET   438 PM CST


-  INDICATES NEGATIVE NUMBERS.
R  INDICATES RECORD WAS SET OR TIED.
MM INDICATES DATA IS MISSING.
T  INDICATES TRACE AMOUNT.




$$
