000
CDUS43 KFGF 040639
CLIFGF


CLIMATE REPORT
NATIONAL WEATHER SERVICE EASTERN NORTH DAKOTA/GRAND FORKS
1238 AM CST SUN DEC 4 2016


...................................

...THE GRAND FORKS UNIV. (NWS) ND CLIMATE SUMMARY FOR DECEMBER 3 2016...

CLIMATE NORMAL PERIOD 1981 TO 2010
CLIMATE RECORD PERIOD 1890 TO 2016


WEATHER ITEM   OBSERVED TIME   RECORD YEAR NORMAL DEPARTURE LAST
                VALUE   (LST)  VALUE       VALUE  FROM      YEAR
                                                  NORMAL
..................................................................
TEMPERATURE (F)
 YESTERDAY
  MAXIMUM         33        MM  52    1941  25      8       38
  MINIMUM         26        MM -22    1985   9     17       11
  AVERAGE         30                        17     13       25

PRECIPITATION (IN)
  YESTERDAY        0.02          0.50 1903   0.02   0.00     0.00
  MONTH TO DATE    0.02                      0.06  -0.04     0.30
  SINCE DEC 1      0.02                      0.06  -0.04     0.30
  SINCE JAN 1     29.45                     21.03   8.42    19.71

SNOWFALL (IN)
  YESTERDAY        0.2           5.0  1903   0.2    0.0      0.0
  MONTH TO DATE    0.2                       0.8   -0.6      2.7
  SINCE DEC 1      0.2                       0.8   -0.6      2.7
  SINCE JUL 1      1.1                       7.9   -6.8      6.1
  SNOW DEPTH       T

DEGREE DAYS
 HEATING
  YESTERDAY       35                        48    -13       40
  MONTH TO DATE  105                       142    -37      121
  SINCE DEC 1    105                       142    -37      121
  SINCE JUL 1   1559                      2236   -677     1730

 COOLING
  YESTERDAY        0                         0      0        0
  MONTH TO DATE    0                         0      0        0
  SINCE DEC 1      0                         0      0        0
  SINCE JAN 1    461                       463     -2      580
..................................................................


WIND (MPH)
  RESULTANT WIND SPEED  MM   RESULTANT WIND DIRECTION  MM
  HIGHEST WIND SPEED    MM   HIGHEST WIND DIRECTION    MM
  HIGHEST GUST SPEED    MM   HIGHEST GUST DIRECTION    MM
  AVERAGE WIND SPEED    MM


SKY COVER
  POSSIBLE SUNSHINE  MM
  AVERAGE SKY COVER  MM


WEATHER CONDITIONS
 THE FOLLOWING WEATHER WAS RECORDED YESTERDAY.
  LIGHT SNOW


RELATIVE HUMIDITY (PERCENT)
 HIGHEST    MM
 LOWEST     MM
 AVERAGE    MM

..........................................................


THE GRAND FORKS UNIV. (NWS) ND CLIMATE NORMALS FOR TODAY
                         NORMAL    RECORD    YEAR
 MAXIMUM TEMPERATURE (F)   25        52      1916
 MINIMUM TEMPERATURE (F)    9       -19      1964


SUNRISE AND SUNSET
DECEMBER  4 2016......SUNRISE   801 AM CST   SUNSET   436 PM CST
DECEMBER  5 2016......SUNRISE   802 AM CST   SUNSET   436 PM CST


-  INDICATES NEGATIVE NUMBERS.
R  INDICATES RECORD WAS SET OR TIED.
MM INDICATES DATA IS MISSING.
T  INDICATES TRACE AMOUNT.




$$
