000
CDUS43 KFGF 290647
CLIFGF


CLIMATE REPORT
NATIONAL WEATHER SERVICE EASTERN NORTH DAKOTA/GRAND FORKS
1247 AM CST SAT NOV 29 2014


...................................

...THE GRAND FORKS UNIV. (NWS) ND CLIMATE SUMMARY FOR NOVEMBER 28 2014...

CLIMATE NORMAL PERIOD 1981 TO 2010
CLIMATE RECORD PERIOD 1890 TO 2014


WEATHER ITEM   OBSERVED TIME   RECORD YEAR NORMAL DEPARTURE LAST
                VALUE   (LST)  VALUE       VALUE  FROM      YEAR
                                                  NORMAL
..................................................................
TEMPERATURE (F)
 YESTERDAY
  MAXIMUM         17        MM  52    1914  27    -10       19
  MINIMUM          8        MM -28    1985  12     -4        3
  AVERAGE         13                        20     -7       11

PRECIPITATION (IN)
  YESTERDAY        0.01          0.36   MM   0.03  -0.02      T
  MONTH TO DATE    0.26                      0.86  -0.60     0.12
  SINCE SEP 1      2.14                      4.83  -2.69     5.01
  SINCE JAN 1     22.56                     20.93   1.63    18.45

SNOWFALL (IN)
  YESTERDAY        0.2           7.0    MM   0.2    0.0       T
  MONTH TO DATE    3.6                       5.5   -1.9      1.6
  SINCE SEP 1      3.6                       6.5   -2.9      1.6
  SINCE JUL 1      3.6                       6.5   -2.9      1.6
  SNOW DEPTH       1

DEGREE DAYS
 HEATING
  YESTERDAY       52                        45      7       54
  MONTH TO DATE 1196                      1048    148     1097
  SINCE SEP 1   1948                      1938     10     1902
  SINCE JUL 1   2004                      2002      2     1961

 COOLING
  YESTERDAY        0                         0      0        0
  MONTH TO DATE    0                         0      0        0
  SINCE SEP 1     31                        31      0       46
  SINCE JAN 1    395                       463    -68      528
..................................................................


WIND (MPH)
  RESULTANT WIND SPEED  MM   RESULTANT WIND DIRECTION  MM
  HIGHEST WIND SPEED    MM   HIGHEST WIND DIRECTION    MM
  HIGHEST GUST SPEED    MM   HIGHEST GUST DIRECTION    MM
  AVERAGE WIND SPEED    MM


SKY COVER
  POSSIBLE SUNSHINE  MM
  AVERAGE SKY COVER  MM


WEATHER CONDITIONS
 THE FOLLOWING WEATHER WAS RECORDED YESTERDAY.
  NO SIGNIFICANT WEATHER WAS OBSERVED.


RELATIVE HUMIDITY (PERCENT)
 HIGHEST    MM
 LOWEST     MM
 AVERAGE    MM

..........................................................


THE GRAND FORKS UNIV. (NWS) ND CLIMATE NORMALS FOR TODAY
                         NORMAL    RECORD    YEAR
 MAXIMUM TEMPERATURE (F)   27        48      1914
 MINIMUM TEMPERATURE (F)   12       -28      1985


SUNRISE AND SUNSET
NOVEMBER 29 2014......SUNRISE   754 AM CST   SUNSET   439 PM CST
NOVEMBER 30 2014......SUNRISE   756 AM CST   SUNSET   438 PM CST


-  INDICATES NEGATIVE NUMBERS.
R  INDICATES RECORD WAS SET OR TIED.
MM INDICATES DATA IS MISSING.
T  INDICATES TRACE AMOUNT.




$$
