000
CDUS43 KFGF 232148
CLIFGF


CLIMATE REPORT
NATIONAL WEATHER SERVICE EASTERN NORTH DAKOTA/GRAND FORKS
447 PM CDT TUE AUG 23 2016


...................................

...THE GRAND FORKS UNIV. (NWS) ND CLIMATE SUMMARY FOR AUGUST 23 2016...
VALID TODAY AS OF 0400 PM LOCAL TIME.

CLIMATE NORMAL PERIOD 1981 TO 2010
CLIMATE RECORD PERIOD 1890 TO 2016


WEATHER ITEM   OBSERVED TIME   RECORD YEAR NORMAL DEPARTURE LAST
                VALUE   (LST)  VALUE       VALUE  FROM      YEAR
                                                  NORMAL
..................................................................
TEMPERATURE (F)
 TODAY
  MAXIMUM         87        MM 101    1929  79      8       64
  MINIMUM         69        MM  35    1942  55     14       53
  AVERAGE         78                        67     11       59

PRECIPITATION (IN)
  TODAY            0.36          1.99 1932   0.11   0.25     0.93
  MONTH TO DATE    3.86                      2.33   1.53     2.49
  SINCE JUN 1     14.04                      9.24   4.80     9.76
  SINCE JAN 1     21.14                     15.29   5.85    15.66

SNOWFALL (IN)
  TODAY            0.0           0.0    MM   0.0    0.0      0.0
  MONTH TO DATE    0.0                       0.0    0.0      0.0
  SINCE JUN 1      0.0                       0.0    0.0      0.0
  SINCE JUL 1      0.0                       0.0    0.0      0.0
  SNOW DEPTH       0

DEGREE DAYS
 HEATING
  TODAY            0                         2     -2        6
  MONTH TO DATE    4                        25    -21       20
  SINCE JUN 1     58                       131    -73       78
  SINCE JUL 1     12                        48    -36       32

 COOLING
  TODAY           13                         4      9        0
  MONTH TO DATE  139                       119     20      125
  SINCE JUN 1    398                       381     17      445
  SINCE JAN 1    422                       407     15      456
..................................................................


WIND (MPH)
  HIGHEST WIND SPEED    MM   HIGHEST WIND DIRECTION    MM
  HIGHEST GUST SPEED    MM   HIGHEST GUST DIRECTION    MM
  AVERAGE WIND SPEED    MM


SKY COVER
  POSSIBLE SUNSHINE  MM
  AVERAGE SKY COVER  MM


WEATHER CONDITIONS
 THE FOLLOWING WEATHER WAS RECORDED TODAY.
  NO SIGNIFICANT WEATHER WAS OBSERVED.


RELATIVE HUMIDITY (PERCENT)
 HIGHEST    MM
 LOWEST     MM
 AVERAGE    MM

..........................................................


THE GRAND FORKS UNIV. (NWS) ND CLIMATE NORMALS FOR TOMORROW
                         NORMAL    RECORD    YEAR
 MAXIMUM TEMPERATURE (F)   79        99      1976
 MINIMUM TEMPERATURE (F)   55        34      1923
                                             1908


SUNRISE AND SUNSET
AUGUST 23 2016........SUNRISE   635 AM CDT   SUNSET   826 PM CDT
AUGUST 24 2016........SUNRISE   636 AM CDT   SUNSET   824 PM CDT


-  INDICATES NEGATIVE NUMBERS.
R  INDICATES RECORD WAS SET OR TIED.
MM INDICATES DATA IS MISSING.
T  INDICATES TRACE AMOUNT.




$$
