000
CDUS45 KFGZ 280734
CLIFLG
CLIMATE REPORT
NATIONAL WEATHER SERVICE FLAGSTAFF, AZ
1233 AM MST SAT MAR 28 2015


...................................

...THE FLAGSTAFF AZ AIRPORT CLIMATE SUMMARY FOR MARCH 27 2015...

CLIMATE NORMAL PERIOD 1981 TO 2010
CLIMATE RECORD PERIOD 1898 TO 2015


WEATHER ITEM   OBSERVED TIME   RECORD YEAR NORMAL DEPARTURE LAST
                VALUE   (LST)  VALUE       VALUE  FROM      YEAR
                                                  NORMAL
..................................................................
TEMPERATURE (F)
 YESTERDAY
  MAXIMUM         72R   241 PM  70    1986  53     19       49
  MINIMUM         24    643 AM  -1    1975  25     -1       30
  AVERAGE         48                        39      9

PRECIPITATION (IN)
  YESTERDAY        0.00          0.59 1938   0.06  -0.06     0.00
  MONTH TO DATE    3.73                      1.91   1.82     1.24
  SINCE SEP 1     15.87                     13.79   2.08     8.95
  SINCE JAN 1      8.04                      6.12   1.92     1.84

SNOWFALL (IN)
  YESTERDAY        0.0           6.6  1998   0.5             0.0
  MONTH TO DATE   17.3                      18.9             1.4
  SINCE JUL 1     56.2                      92.1            34.9
  SNOW DEPTH       0

DEGREE DAYS
 HEATING
  YESTERDAY       17                        26     -9       25
  MONTH TO DATE  649                       764   -115      660
  SINCE JUL 1   4699                      5603   -904     5261

 COOLING
  YESTERDAY        0                         0      0        0
  MONTH TO DATE    0                         0      0        0
  SINCE JAN 1      0                         0      0        0
..................................................................


WIND (MPH)
  HIGHEST WIND SPEED    22   HIGHEST WIND DIRECTION    SW (220)
  HIGHEST GUST SPEED    25   HIGHEST GUST DIRECTION    SW (230)
  AVERAGE WIND SPEED     4.7


SKY COVER
  POSSIBLE SUNSHINE  MM
  AVERAGE SKY COVER 0.0


WEATHER CONDITIONS
 THE FOLLOWING WEATHER WAS RECORDED YESTERDAY.
  NO SIGNIFICANT WEATHER WAS OBSERVED.


RELATIVE HUMIDITY (PERCENT)
 HIGHEST    68           600 AM
 LOWEST      8           300 PM
 AVERAGE    38

..........................................................


THE FLAGSTAFF AZ AIRPORT CLIMATE NORMALS FOR TODAY
                         NORMAL    RECORD    YEAR
 MAXIMUM TEMPERATURE (F)   53        68      1971
                                             1943
 MINIMUM TEMPERATURE (F)   25        -7      1975


SUNRISE AND SUNSET
MARCH 28 2015.........SUNRISE   619 AM MST   SUNSET   645 PM MST
MARCH 29 2015.........SUNRISE   618 AM MST   SUNSET   646 PM MST


-  INDICATES NEGATIVE NUMBERS.
R  INDICATES RECORD WAS SET OR TIED.
MM INDICATES DATA IS MISSING.
T  INDICATES TRACE AMOUNT.




$$


&&

-------------------------------------------------------------------
SNOW DEPTH DATA FOR FLAGSTAFF AIRPORT IS REPORTED AT 5 AM MST


-------------------------------------------------------------------
SUPPLEMENTARY CLIMATE DATA FOR NWS BELLEMONT, ARIZONA

SNOW DEPTH (IN) AT 11 AM........................................ 0
WATER EQUIVALENT OF SNOW PACK (IN) AT 11 AM*...................
* ONLY MEASURED IF SNOW DEPTH IS 2.0 INCHES OR GREATER
-------------------------------------------------------------------
