375
CDUS45 KFGZ 230744
CLIFLG
CLIMATE REPORT
NATIONAL WEATHER SERVICE FLAGSTAFF, AZ
1243 AM MST MON JAN 23 2017


...................................

...THE FLAGSTAFF AZ AIRPORT CLIMATE SUMMARY FOR JANUARY 22 2017...

CLIMATE NORMAL PERIOD 1981 TO 2010
CLIMATE RECORD PERIOD 1898 TO 2017


WEATHER ITEM   OBSERVED TIME   RECORD YEAR NORMAL DEPARTURE LAST
                VALUE   (LST)  VALUE       VALUE  FROM      YEAR
                                                  NORMAL
..................................................................
TEMPERATURE (F)
 YESTERDAY
  MAXIMUM         29   1037 PM  62    1970  43    -14       52
  MINIMUM         19    108 AM -30    1937  18      1       11
  AVERAGE         24                        30     -6

PRECIPITATION (IN)
  YESTERDAY        0.11          1.53 1909   0.05   0.06     0.00
  MONTH TO DATE    3.62                      1.49   2.13     2.91
  SINCE SEP 1     12.23                      9.16   3.07    11.74
  SINCE JAN 1      3.62                      1.49   2.13     2.91

SNOWFALL (IN)
  YESTERDAY       MM            14.9  2010   0.7             0.0
  MONTH TO DATE   31.0                      16.1            34.0
  SINCE JUL 1     51.5                      45.2            61.5
  SNOW DEPTH      14

DEGREE DAYS
 HEATING
  YESTERDAY       41                        35      6       33
  MONTH TO DATE  732                       776    -44      839
  SINCE JUL 1   3295                      3604   -309     3570

 COOLING
  YESTERDAY        0                         0      0        0
  MONTH TO DATE    0                         0      0        0
  SINCE JAN 1      0                         0      0        0
..................................................................


WIND (MPH)
  HIGHEST WIND SPEED    20   HIGHEST WIND DIRECTION    SW (210)
  HIGHEST GUST SPEED    25   HIGHEST GUST DIRECTION    SW (210)
  AVERAGE WIND SPEED     9.2


SKY COVER
  POSSIBLE SUNSHINE  MM
  AVERAGE SKY COVER 1.0


WEATHER CONDITIONS
 THE FOLLOWING WEATHER WAS RECORDED YESTERDAY.
  HEAVY SNOW
  SNOW
  LIGHT SNOW
  FOG
  FOG W/VISIBILITY <= 1/4 MILE


RELATIVE HUMIDITY (PERCENT)
 HIGHEST   100          1200 AM
 LOWEST     88           500 AM
 AVERAGE    94

..........................................................


THE FLAGSTAFF AZ AIRPORT CLIMATE NORMALS FOR TODAY
                         NORMAL    RECORD    YEAR
 MAXIMUM TEMPERATURE (F)   43        61      1970
 MINIMUM TEMPERATURE (F)   18       -15      1937
                                             1922


SUNRISE AND SUNSET
JANUARY 23 2017.......SUNRISE   731 AM MST   SUNSET   546 PM MST
JANUARY 24 2017.......SUNRISE   731 AM MST   SUNSET   547 PM MST


-  INDICATES NEGATIVE NUMBERS.
R  INDICATES RECORD WAS SET OR TIED.
MM INDICATES DATA IS MISSING.
T  INDICATES TRACE AMOUNT.




$$
&&

-------------------------------------------------------------------
SNOW DEPTH DATA FOR FLAGSTAFF AIRPORT IS REPORTED AT 5 AM MST


-------------------------------------------------------------------
SUPPLEMENTARY CLIMATE DATA FOR NWS BELLEMONT, ARIZONA

SNOW DEPTH (IN) AT 11 AM.........................................14
WATER EQUIVALENT OF SNOW PACK (IN) AT 11 AM*..................  1.7
* ONLY MEASURED IF SNOW DEPTH IS 2.0 INCHES OR GREATER
-------------------------------------------------------------------
