000
CDUS45 KFGZ 020847
CLIFLG
CLIMATE REPORT
NATIONAL WEATHER SERVICE FLAGSTAFF, AZ
146 AM MST MON MAY 2 2016


...................................

...THE FLAGSTAFF AZ AIRPORT CLIMATE SUMMARY FOR MAY 1 2016...

CLIMATE NORMAL PERIOD 1981 TO 2010
CLIMATE RECORD PERIOD 1898 TO 2016


WEATHER ITEM   OBSERVED TIME   RECORD YEAR NORMAL DEPARTURE LAST
                VALUE   (LST)  VALUE       VALUE  FROM      YEAR
                                                  NORMAL
..................................................................
TEMPERATURE (F)
 YESTERDAY
  MAXIMUM         46    423 PM  80    1947  63    -17       73
  MINIMUM         30   1151 PM  17    1972  32     -2       40
                                      1967
  AVERAGE         38                        48    -10

PRECIPITATION (IN)
  YESTERDAY        0.62          0.77 1915   0.03   0.59     0.00
  MONTH TO DATE    0.62                      0.03   0.59     0.00
  SINCE SEP 1     14.90                     15.18  -0.28    16.96
  SINCE JAN 1      6.07                      7.51  -1.44     9.13

SNOWFALL (IN)
  YESTERDAY        1.3           5.0  1915   0.1             0.0
  MONTH TO DATE    1.3                       0.1             0.0
  SINCE JUL 1     77.7                     101.1            57.0
  SNOW DEPTH       0

DEGREE DAYS
 HEATING
  YESTERDAY       27                        17     10        8
  MONTH TO DATE   27                        17     10        8
  SINCE JUL 1   6109                      6373   -264     5408

 COOLING
  YESTERDAY        0                         0      0        0
  MONTH TO DATE    0                         0      0        0
  SINCE JAN 1      0                         0      0        0
..................................................................


WIND (MPH)
  HIGHEST WIND SPEED    14   HIGHEST WIND DIRECTION    SW (210)
  HIGHEST GUST SPEED    15   HIGHEST GUST DIRECTION    SW (220)
  AVERAGE WIND SPEED     3.2


SKY COVER
  POSSIBLE SUNSHINE  MM
  AVERAGE SKY COVER 0.8


WEATHER CONDITIONS
 THE FOLLOWING WEATHER WAS RECORDED YESTERDAY.
  RAIN
  LIGHT RAIN
  SNOW
  LIGHT SNOW
  FOG


RELATIVE HUMIDITY (PERCENT)
 HIGHEST   100          1200 AM
 LOWEST     71           300 PM
 AVERAGE    86

..........................................................


THE FLAGSTAFF AZ AIRPORT CLIMATE NORMALS FOR TODAY
                         NORMAL    RECORD    YEAR
 MAXIMUM TEMPERATURE (F)   63        84      1947
 MINIMUM TEMPERATURE (F)   32        13      1915


SUNRISE AND SUNSET
MAY  2 2016...........SUNRISE   534 AM MST   SUNSET   714 PM MST
MAY  3 2016...........SUNRISE   533 AM MST   SUNSET   714 PM MST


-  INDICATES NEGATIVE NUMBERS.
R  INDICATES RECORD WAS SET OR TIED.
MM INDICATES DATA IS MISSING.
T  INDICATES TRACE AMOUNT.




$$
&&

-------------------------------------------------------------------
SNOW DEPTH DATA FOR FLAGSTAFF AIRPORT IS REPORTED AT 5 AM MST


-------------------------------------------------------------------
SUPPLEMENTARY CLIMATE DATA FOR NWS BELLEMONT, ARIZONA

SNOW DEPTH (IN) AT 11 AM........................................0
WATER EQUIVALENT OF SNOW PACK (IN) AT 11 AM*....................
* ONLY MEASURED IF SNOW DEPTH IS 2.0 INCHES OR GREATER
-------------------------------------------------------------------
