000
CDUS45 KFGZ 250823
CLIFLG
CLIMATE REPORT
NATIONAL WEATHER SERVICE FLAGSTAFF, AZ
120 AM MST WED MAY 25 2016


...................................

...THE FLAGSTAFF AZ AIRPORT CLIMATE SUMMARY FOR MAY 24 2016...

CLIMATE NORMAL PERIOD 1981 TO 2010
CLIMATE RECORD PERIOD 1898 TO 2016


WEATHER ITEM   OBSERVED TIME   RECORD YEAR NORMAL DEPARTURE LAST
                VALUE   (LST)  VALUE       VALUE  FROM      YEAR
                                                  NORMAL
..................................................................
TEMPERATURE (F)
 YESTERDAY
  MAXIMUM         61    325 PM  83    1983  71    -10       56
                                      1949
  MINIMUM         30    526 AM  23    1909  36     -6       32
  AVERAGE         46                        54     -8

PRECIPITATION (IN)
  YESTERDAY        0.00          1.11 1965   0.02  -0.02     0.03
  MONTH TO DATE    1.57                      0.49   1.08     1.70
  SINCE SEP 1     15.85                     15.64   0.21    18.66
  SINCE JAN 1      7.02                      7.97  -0.95    10.83

SNOWFALL (IN)
  YESTERDAY        0.0           6.6  1965   0.0             0.0
  MONTH TO DATE    1.9                       0.7             5.9
  SINCE JUL 1     78.3                     101.7            62.9
  SNOW DEPTH       0

DEGREE DAYS
 HEATING
  YESTERDAY       19                        11      8       21
  MONTH TO DATE  403                       343     60      463
  SINCE JUL 1   6485                      6699   -214     5863

 COOLING
  YESTERDAY        0                         0      0        0
  MONTH TO DATE    0                         0      0        0
  SINCE JAN 1      0                         0      0        0
..................................................................


WIND (MPH)
  HIGHEST WIND SPEED    36   HIGHEST WIND DIRECTION    SW (230)
  HIGHEST GUST SPEED    46   HIGHEST GUST DIRECTION    SW (230)
  AVERAGE WIND SPEED    13.2


SKY COVER
  POSSIBLE SUNSHINE  MM
  AVERAGE SKY COVER 0.0


WEATHER CONDITIONS
 THE FOLLOWING WEATHER WAS RECORDED YESTERDAY.
  NO SIGNIFICANT WEATHER WAS OBSERVED.


RELATIVE HUMIDITY (PERCENT)
 HIGHEST    69           400 AM
 LOWEST     25           200 PM
 AVERAGE    47

..........................................................


THE FLAGSTAFF AZ AIRPORT CLIMATE NORMALS FOR TODAY
                         NORMAL    RECORD    YEAR
 MAXIMUM TEMPERATURE (F)   71        84      1951
 MINIMUM TEMPERATURE (F)   37        18      1980


SUNRISE AND SUNSET
MAY 25 2016...........SUNRISE   516 AM MST   SUNSET   732 PM MST
MAY 26 2016...........SUNRISE   516 AM MST   SUNSET   732 PM MST


-  INDICATES NEGATIVE NUMBERS.
R  INDICATES RECORD WAS SET OR TIED.
MM INDICATES DATA IS MISSING.
T  INDICATES TRACE AMOUNT.




$$
&&

-------------------------------------------------------------------
SNOW DEPTH DATA FOR FLAGSTAFF AIRPORT IS REPORTED AT 5 AM MST


-------------------------------------------------------------------
SUPPLEMENTARY CLIMATE DATA FOR NWS BELLEMONT, ARIZONA

SNOW DEPTH (IN) AT 11 AM........................................0
WATER EQUIVALENT OF SNOW PACK (IN) AT 11 AM*....................
* ONLY MEASURED IF SNOW DEPTH IS 2.0 INCHES OR GREATER
-------------------------------------------------------------------
