000
CDUS45 KFGZ 110052
CLIFLG
CLIMATE REPORT
NATIONAL WEATHER SERVICE FLAGSTAFF, AZ
551 PM MST SAT DEC 10 2016


...................................

...THE FLAGSTAFF AZ AIRPORT CLIMATE SUMMARY FOR DECEMBER 10 2016...
VALID TODAY AS OF 0500 PM LOCAL TIME.

CLIMATE NORMAL PERIOD 1981 TO 2010
CLIMATE RECORD PERIOD 1898 TO 2016


WEATHER ITEM   OBSERVED TIME   RECORD YEAR NORMAL DEPARTURE LAST
                VALUE   (LST)  VALUE       VALUE  FROM      YEAR
                                                  NORMAL
..................................................................
TEMPERATURE (F)
 TODAY
  MAXIMUM         51    219 PM  65    1939  43      8       57
  MINIMUM         24    727 AM -10    2013  17      7       24
  AVERAGE         38                        30      8       41

PRECIPITATION (IN)
  TODAY            0.00          0.97 1961   0.06  -0.06     0.00
  MONTH TO DATE    T                         0.57  -0.57     0.00
  SINCE SEP 1      4.19                      6.37  -2.18     7.80
  SINCE JAN 1     21.38                     20.56   0.82    26.22

SNOWFALL (IN)
  TODAY            0.0          12.9  2007   0.5   -0.5      0.0
  MONTH TO DATE    T                         5.1   -5.1      0.0
  SINCE SEP 1      5.5                      17.3  -11.8     14.6
  SNOW DEPTH       0

DEGREE DAYS
 HEATING
  TODAY           27                        35     -8       24
  MONTH TO DATE  322                       343    -21      292
  SINCE JUL 1   1882                      2075   -193     1882

 COOLING
  TODAY            0                         0      0        0
  MONTH TO DATE    0                         0      0        0
  SINCE JAN 1    131                       117     14      115
..................................................................


WIND (MPH)
  HIGHEST WIND SPEED    23   HIGHEST WIND DIRECTION    SW (210)
  HIGHEST GUST SPEED    27   HIGHEST GUST DIRECTION    SW (220)
  AVERAGE WIND SPEED     7.0


SKY COVER
  POSSIBLE SUNSHINE  MM
  AVERAGE SKY COVER 0.0


WEATHER CONDITIONS
 THE FOLLOWING WEATHER WAS RECORDED TODAY.
  NO SIGNIFICANT WEATHER WAS OBSERVED.


RELATIVE HUMIDITY (PERCENT)
 HIGHEST   100           700 AM
 LOWEST     46           100 PM
 AVERAGE    73

..........................................................


THE FLAGSTAFF AZ AIRPORT CLIMATE NORMALS FOR TOMORROW
                         NORMAL    RECORD    YEAR
 MAXIMUM TEMPERATURE (F)   43        68      1950
 MINIMUM TEMPERATURE (F)   17       -11      1961


SUNRISE AND SUNSET
DECEMBER 10 2016......SUNRISE   724 AM MST   SUNSET   515 PM MST
DECEMBER 11 2016......SUNRISE   725 AM MST   SUNSET   515 PM MST


-  INDICATES NEGATIVE NUMBERS.
R  INDICATES RECORD WAS SET OR TIED.
MM INDICATES DATA IS MISSING.
T  INDICATES TRACE AMOUNT.




$$
&&

-------------------------------------------------------------------
SNOW DEPTH DATA FOR FLAGSTAFF AIRPORT IS REPORTED AT 5 AM MST


-------------------------------------------------------------------
SUPPLEMENTARY CLIMATE DATA FOR NWS BELLEMONT, ARIZONA

SNOW DEPTH (IN) AT 11 AM........................................T
WATER EQUIVALENT OF SNOW PACK (IN) AT 11 AM*....................
* ONLY MEASURED IF SNOW DEPTH IS 2.0 INCHES OR GREATER
-------------------------------------------------------------------
