000
CDUS42 KMFL 292132
CLIFLL


CLIMATE REPORT
NATIONAL WEATHER SERVICE MIAMI, FL
431 PM EST THU JAN 29 2015


...................................

...THE FORT LAUDERDALE CLIMATE SUMMARY FOR JANUARY 29 2015...
VALID TODAY AS OF 0400 PM LOCAL TIME.

CLIMATE NORMAL PERIOD 1981 TO 2010
CLIMATE RECORD PERIOD 1839 TO 2015


WEATHER ITEM   OBSERVED TIME   RECORD YEAR NORMAL DEPARTURE LAST
                VALUE   (LST)  VALUE       VALUE  FROM      YEAR
                                                  NORMAL
..................................................................
TEMPERATURE (F)
 TODAY
  MAXIMUM         71    305 PM  86    1973  77     -6       75
  MINIMUM         52    343 AM  30    1940  63    -11       64
  AVERAGE         62                        70     -8       70

PRECIPITATION (IN)
  TODAY            0.00          4.10 1926   0.17  -0.17     0.71
  MONTH TO DATE    3.39                      3.27   0.12     2.53
  SINCE NOV 1      8.50                      8.97  -0.47    14.65
  SINCE JAN 1      3.39                      3.27   0.12     2.53

SNOWFALL (IN)
  TODAY            0.0
  MONTH TO DATE    0.0
  SINCE DEC 1      0.0
  SINCE JUL 1      0.0
  SNOW DEPTH       0

DEGREE DAYS
 HEATING
  TODAY            3                         1      2
  MONTH TO DATE   23                        45    -22
  SINCE DEC 1     39                        75    -36
  SINCE JUL 1     49                        77    -28

 COOLING
  TODAY            0                         6     -6
  MONTH TO DATE  163                       160      3
  SINCE DEC 1    375                       376     -1
  SINCE JAN 1    163                       160      3
..................................................................


WIND (MPH)
  HIGHEST WIND SPEED    20   HIGHEST WIND DIRECTION     E (100)
  HIGHEST GUST SPEED    24   HIGHEST GUST DIRECTION     E (100)
  AVERAGE WIND SPEED     9.5


SKY COVER
  AVERAGE SKY COVER 0.7


WEATHER CONDITIONS
 THE FOLLOWING WEATHER WAS RECORDED TODAY.
  NO SIGNIFICANT WEATHER WAS OBSERVED.


RELATIVE HUMIDITY (PERCENT)
 HIGHEST    89
 LOWEST     47
 AVERAGE    68

..........................................................


THE FORT LAUDERDALE CLIMATE NORMALS FOR TOMORROW
                         NORMAL    RECORD    YEAR
 MAXIMUM TEMPERATURE (F)   77        85      1991
                                             1923
 MINIMUM TEMPERATURE (F)   63        38      1978


SUNRISE AND SUNSET
JANUARY 29 2015.......SUNRISE   706 AM EST   SUNSET   602 PM EST
JANUARY 30 2015.......SUNRISE   706 AM EST   SUNSET   602 PM EST


-  INDICATES NEGATIVE NUMBERS.
R  INDICATES RECORD WAS SET OR TIED.
MM INDICATES DATA IS MISSING.
T  INDICATES TRACE AMOUNT.




$$
