000
CDUS42 KMFL 200926
CLIFLL


CLIMATE REPORT
NATIONAL WEATHER SERVICE MIAMI, FL
426 AM EST TUE FEB 20 2018


...................................

...THE FORT LAUDERDALE CLIMATE SUMMARY FOR FEBRUARY 19 2018...

CLIMATE NORMAL PERIOD 1981 TO 2010
CLIMATE RECORD PERIOD 1912 TO 2018


WEATHER ITEM   OBSERVED TIME   RECORD YEAR NORMAL DEPARTURE LAST
                VALUE   (LST)  VALUE       VALUE  FROM      YEAR
                                                  NORMAL
..................................................................
TEMPERATURE (F)
 YESTERDAY
  MAXIMUM         81    254 PM  89    1926  78      3       88
  MINIMUM         73    648 AM  35    1958  64      9       70
  AVERAGE         77                        71      6       79

PRECIPITATION (IN)
  YESTERDAY        T             2.56 1981   0.08  -0.08      T
  MONTH TO DATE    0.30                      2.12  -1.82     0.13
  SINCE NOV 1      9.25                     11.45  -2.20     6.47
  SINCE JAN 1      2.62                      5.75  -3.13     1.84

SNOWFALL (IN)
  YESTERDAY        0.0
  MONTH TO DATE    0.0
  SINCE DEC 1      0.0
  SINCE JUL 1      0.0
  SNOW DEPTH       0

DEGREE DAYS
 HEATING
  YESTERDAY        0                         1     -1        0
  MONTH TO DATE    0                        19    -19        0
  SINCE DEC 1    124                        97     27       29
  SINCE JUL 1    126                        99     27       29

 COOLING
  YESTERDAY       12                         7      5       14
  MONTH TO DATE  184                       124     60      155
  SINCE DEC 1    516                       510      6      711
  SINCE JAN 1    309                       294     15      368
..................................................................


WIND (MPH)
  HIGHEST WIND SPEED    25   HIGHEST WIND DIRECTION     E (100)
  HIGHEST GUST SPEED    30   HIGHEST GUST DIRECTION     E (100)
  AVERAGE WIND SPEED    17.9


SKY COVER
  AVERAGE SKY COVER 0.6


WEATHER CONDITIONS
 THE FOLLOWING WEATHER WAS RECORDED YESTERDAY.
  LIGHT RAIN


RELATIVE HUMIDITY (PERCENT)
 HIGHEST    82
 LOWEST     69
 AVERAGE    76

..........................................................


THE FORT LAUDERDALE CLIMATE NORMALS FOR TODAY
                         NORMAL    RECORD    YEAR
 MAXIMUM TEMPERATURE (F)   78        87      1984
 MINIMUM TEMPERATURE (F)   64        40      2015


SUNRISE AND SUNSET
FEBRUARY 20 2018......SUNRISE   652 AM EST   SUNSET   617 PM EST
FEBRUARY 21 2018......SUNRISE   651 AM EST   SUNSET   618 PM EST


-  INDICATES NEGATIVE NUMBERS.
R  INDICATES RECORD WAS SET OR TIED.
MM INDICATES DATA IS MISSING.
T  INDICATES TRACE AMOUNT.




$$
