000
CDUS42 KMFL 240823
CLIFLL


CLIMATE REPORT
NATIONAL WEATHER SERVICE MIAMI, FL
423 AM EDT THU APR 24 2014


...................................

...THE FORT LAUDERDALE CLIMATE SUMMARY FOR APRIL 23 2014...

CLIMATE NORMAL PERIOD 1981 TO 2010
CLIMATE RECORD PERIOD 1839 TO 2014


WEATHER ITEM   OBSERVED TIME   RECORD YEAR NORMAL DEPARTURE LAST
                VALUE   (LST)  VALUE       VALUE  FROM      YEAR
                                                  NORMAL
..................................................................
TEMPERATURE (F)
 YESTERDAY
  MAXIMUM         85    144 PM  93    1921  83      2       83
  MINIMUM         67    640 AM  53    1986  71     -4       68
  AVERAGE         76                        77     -1       76

PRECIPITATION (IN)
  YESTERDAY        0.00          6.13 1927   0.09  -0.09     0.00
  MONTH TO DATE    4.22                      2.37   1.85     5.51
  SINCE OCT 1     28.08                     24.84   3.24    18.67
  SINCE JAN 1     12.39                     12.32   0.07     8.72

SNOWFALL (IN)
  YESTERDAY        0.0
  MONTH TO DATE    0.0
  SINCE MAR 1      0.0
  SINCE JUL 1      0.0
  SNOW DEPTH       0

DEGREE DAYS
 HEATING
  YESTERDAY        0                         0      0        0
  MONTH TO DATE    0                         0      0        0
  SINCE MAR 1      1                         9     -8       42
  SINCE JUL 1     81                       111    -30       85

 COOLING
  YESTERDAY       11                        12     -1       11
  MONTH TO DATE  278                       249     29      291
  SINCE MAR 1    550                       503     47      423
  SINCE JAN 1    938                       859     79      880
..................................................................


WIND (MPH)
  HIGHEST WIND SPEED    15   HIGHEST WIND DIRECTION    SE (130)
  HIGHEST GUST SPEED    19   HIGHEST GUST DIRECTION    SE (130)
  AVERAGE WIND SPEED     7.5


SKY COVER
  AVERAGE SKY COVER 0.2


WEATHER CONDITIONS
 THE FOLLOWING WEATHER WAS RECORDED YESTERDAY.
  NO SIGNIFICANT WEATHER WAS OBSERVED.


RELATIVE HUMIDITY (PERCENT)
 HIGHEST    87
 LOWEST     48
 AVERAGE    68

..........................................................


THE FORT LAUDERDALE CLIMATE NORMALS FOR TODAY
                         NORMAL    RECORD    YEAR
 MAXIMUM TEMPERATURE (F)   84        92      1971
                                             1921
 MINIMUM TEMPERATURE (F)   71        56      1998
                                             1932


SUNRISE AND SUNSET
APRIL 24 2014.........SUNRISE   649 AM EDT   SUNSET   749 PM EDT
APRIL 25 2014.........SUNRISE   648 AM EDT   SUNSET   749 PM EDT


-  INDICATES NEGATIVE NUMBERS.
R  INDICATES RECORD WAS SET OR TIED.
MM INDICATES DATA IS MISSING.
T  INDICATES TRACE AMOUNT.




$$
