000
CDUS42 KMFL 262016
CLIFLL


CLIMATE REPORT
NATIONAL WEATHER SERVICE MIAMI, FL
416 PM EDT WED JUL 26 2017


...................................

...THE FORT LAUDERDALE CLIMATE SUMMARY FOR JULY 26 2017...
VALID TODAY AS OF 0400 PM LOCAL TIME.

CLIMATE NORMAL PERIOD 1981 TO 2010
CLIMATE RECORD PERIOD 1912 TO 2017


WEATHER ITEM   OBSERVED TIME   RECORD YEAR NORMAL DEPARTURE LAST
                VALUE   (LST)  VALUE       VALUE  FROM      YEAR
                                                  NORMAL
..................................................................
TEMPERATURE (F)
 TODAY
  MAXIMUM         91    247 PM  96    1969  91      0       91
                                      1922
  MINIMUM         83   1252 AM  66    1926  79      4       78
  AVERAGE         87                        85      2       85

PRECIPITATION (IN)
  TODAY            0.00          2.50 1924   0.17  -0.17     0.54
  MONTH TO DATE    3.98                      5.09  -1.11     2.04
  SINCE JUN 1     15.76                     15.25   0.51    11.09
  SINCE JAN 1     27.36                     32.74  -5.38    30.04

SNOWFALL (IN)
  TODAY            0.0
  MONTH TO DATE    0.0
  SINCE JUN 1      0.0
  SINCE JUL 1      0.0
  SNOW DEPTH       0

DEGREE DAYS
 HEATING
  TODAY            0                         0      0        0
  MONTH TO DATE    0                         0      0        0
  SINCE JUN 1      0                         0      0        0
  SINCE JUL 1      0                         0      0        0

 COOLING
  TODAY           22                        20      2       20
  MONTH TO DATE  509                       501      8      530
  SINCE JUN 1   1042                      1044     -2     1091
  SINCE JAN 1   2619                      2462    157     2505
..................................................................


WIND (MPH)
  HIGHEST WIND SPEED    13   HIGHEST WIND DIRECTION    SE (130)
  HIGHEST GUST SPEED    MM   HIGHEST GUST DIRECTION    MM
  AVERAGE WIND SPEED     8.0


SKY COVER
  AVERAGE SKY COVER 0.6


WEATHER CONDITIONS
 THE FOLLOWING WEATHER WAS RECORDED TODAY.
  NO SIGNIFICANT WEATHER WAS OBSERVED.


RELATIVE HUMIDITY (PERCENT)
 HIGHEST    82
 LOWEST     59
 AVERAGE    71

..........................................................


THE FORT LAUDERDALE CLIMATE NORMALS FOR TOMORROW
                         NORMAL    RECORD    YEAR
 MAXIMUM TEMPERATURE (F)   91        95      1983
                                             1922
 MINIMUM TEMPERATURE (F)   79        69      1928


SUNRISE AND SUNSET
JULY 26 2017..........SUNRISE   644 AM EDT   SUNSET   810 PM EDT
JULY 27 2017..........SUNRISE   644 AM EDT   SUNSET   810 PM EDT


-  INDICATES NEGATIVE NUMBERS.
R  INDICATES RECORD WAS SET OR TIED.
MM INDICATES DATA IS MISSING.
T  INDICATES TRACE AMOUNT.




$$
