000
CDUS42 KMFL 200828
CLIFLL


CLIMATE REPORT
NATIONAL WEATHER SERVICE MIAMI, FL
425 AM EDT WED AUG 20 2014


...................................

...THE FORT LAUDERDALE CLIMATE SUMMARY FOR AUGUST 19 2014...

CLIMATE NORMAL PERIOD 1981 TO 2010
CLIMATE RECORD PERIOD 1839 TO 2014


WEATHER ITEM   OBSERVED TIME   RECORD YEAR NORMAL DEPARTURE LAST
                VALUE   (LST)  VALUE       VALUE  FROM      YEAR
                                                  NORMAL
..................................................................
TEMPERATURE (F)
 YESTERDAY
  MAXIMUM         93    258 PM  97    1952  90      3       90
  MINIMUM         81    554 AM  67    1974  79      2       78
  AVERAGE         87                        84      3       84

PRECIPITATION (IN)
  YESTERDAY        0.00          4.44 1976   0.23  -0.23     0.07
  MONTH TO DATE    4.97                      4.34   0.63     1.57
  SINCE JUN 1     22.79                     20.48   2.31    31.78
  SINCE JAN 1     43.39                     37.97   5.42    56.56

SNOWFALL (IN)
  YESTERDAY        0.0
  MONTH TO DATE    0.0
  SINCE JUN 1      0.0
  SINCE JUL 1      0.0
  SNOW DEPTH       0

DEGREE DAYS
 HEATING
  YESTERDAY        0                         0      0        0
  MONTH TO DATE    0                         0      0        0
  SINCE JUN 1      0                         0      0        0
  SINCE JUL 1      0                         0      0        0

 COOLING
  YESTERDAY       22                        20      2       19
  MONTH TO DATE  383                       380      3      362
  SINCE JUN 1   1514                      1521     -7     1431
  SINCE JAN 1   3049                      2939    110     2827
..................................................................


WIND (MPH)
  HIGHEST WIND SPEED    15   HIGHEST WIND DIRECTION    SE (140)
  HIGHEST GUST SPEED    20   HIGHEST GUST DIRECTION    SE (120)
  AVERAGE WIND SPEED     5.8


SKY COVER
  AVERAGE SKY COVER 0.5


WEATHER CONDITIONS
 THE FOLLOWING WEATHER WAS RECORDED YESTERDAY.
  NO SIGNIFICANT WEATHER WAS OBSERVED.


RELATIVE HUMIDITY (PERCENT)
 HIGHEST    85
 LOWEST     46
 AVERAGE    66

..........................................................


THE FORT LAUDERDALE CLIMATE NORMALS FOR TODAY
                         NORMAL    RECORD    YEAR
 MAXIMUM TEMPERATURE (F)   90        96      1964
 MINIMUM TEMPERATURE (F)   79        66      1981


SUNRISE AND SUNSET
AUGUST 20 2014........SUNRISE   656 AM EDT   SUNSET   752 PM EDT
AUGUST 21 2014........SUNRISE   656 AM EDT   SUNSET   751 PM EDT


-  INDICATES NEGATIVE NUMBERS.
R  INDICATES RECORD WAS SET OR TIED.
MM INDICATES DATA IS MISSING.
T  INDICATES TRACE AMOUNT.




$$
