000
CDUS42 KILM 250840
CLIFLO


CLIMATE REPORT
NATIONAL WEATHER SERVICE WILMINGTON NC
440 AM EDT THU MAY 25 2017


...................................

...THE FLORENCE SC CLIMATE SUMMARY FOR MAY 24 2017...

CLIMATE NORMAL PERIOD 1981 TO 2010
CLIMATE RECORD PERIOD 1948 TO 2017


WEATHER ITEM   OBSERVED TIME   RECORD YEAR NORMAL DEPARTURE LAST
                VALUE   (LST)  VALUE       VALUE  FROM      YEAR
                                                  NORMAL
..................................................................
TEMPERATURE (F)
 YESTERDAY
  MAXIMUM         79    208 PM  97    1994  84     -5       83
  MINIMUM         68    533 AM  47    1963  62      6       51
  AVERAGE         74                        73      1       67

PRECIPITATION (IN)
  YESTERDAY        0.38          0.94 1996   0.12   0.26     0.00
  MONTH TO DATE    2.86                      2.37   0.49     6.27
  SINCE MAR 1      9.01                      8.32   0.69    13.24
  SINCE JAN 1     13.88                     14.47  -0.59    20.70

DEGREE DAYS
 HEATING
  YESTERDAY        0                         0      0        0
  MONTH TO DATE   11                        22    -11       10
  SINCE MAR 1    391                       456    -65      288
  SINCE JUL 1   1836                      2522   -686     1948

 COOLING
  YESTERDAY        9                         8      1        2
  MONTH TO DATE  166                       144     22      134
  SINCE MAR 1    344                       234    110      265
  SINCE JAN 1    357                       240    117      266
..................................................................


WIND (MPH)
  HIGHEST WIND SPEED    29   HIGHEST WIND DIRECTION     S (170)
  HIGHEST GUST SPEED    42   HIGHEST GUST DIRECTION     S (160)
  AVERAGE WIND SPEED     7.5


SKY COVER
  POSSIBLE SUNSHINE  MM
  AVERAGE SKY COVER 0.8


WEATHER CONDITIONS
 THE FOLLOWING WEATHER WAS RECORDED YESTERDAY.
  THUNDERSTORM
  HEAVY RAIN
  LIGHT RAIN
  FOG


RELATIVE HUMIDITY (PERCENT)
 HIGHEST   100          1200 AM
 LOWEST     76          1200 PM
 AVERAGE    88

..........................................................


THE FLORENCE SC CLIMATE NORMALS FOR TODAY
                         NORMAL    RECORD    YEAR
 MAXIMUM TEMPERATURE (F)   85       100      1953
 MINIMUM TEMPERATURE (F)   62        44      2013


SUNRISE AND SUNSET
MAY 25 2017...........SUNRISE   611 AM EDT   SUNSET   821 PM EDT
MAY 26 2017...........SUNRISE   610 AM EDT   SUNSET   822 PM EDT


-  INDICATES NEGATIVE NUMBERS.
R  INDICATES RECORD WAS SET OR TIED.
MM INDICATES DATA IS MISSING.
T  INDICATES TRACE AMOUNT.




$$
