219
CDUS42 KILM 302049
CLIFLO


CLIMATE REPORT
NATIONAL WEATHER SERVICE WILMINGTON NC
448 PM EDT FRI SEP 30 2016


...................................

...THE FLORENCE SC CLIMATE SUMMARY FOR SEPTEMBER 30 2016...
VALID TODAY AS OF 0400 PM LOCAL TIME.

CLIMATE NORMAL PERIOD 1981 TO 2010
CLIMATE RECORD PERIOD 1948 TO 2016


WEATHER ITEM   OBSERVED TIME   RECORD YEAR NORMAL DEPARTURE LAST
                VALUE   (LST)  VALUE       VALUE  FROM      YEAR
                                                  NORMAL
..................................................................
TEMPERATURE (F)
 TODAY
  MAXIMUM         87    256 PM  92    1964  80      7       88
  MINIMUM         69   1202 AM  41    1967  59     10       74
  AVERAGE         78                        70      8       81

PRECIPITATION (IN)
  TODAY            0.00          4.95 1964   0.12  -0.12     0.67
  MONTH TO DATE    9.82                      3.67   6.15     2.99
  SINCE SEP 1      9.82                      3.67   6.15     2.99
  SINCE JAN 1     42.70                     34.15   8.55    30.83

DEGREE DAYS
 HEATING
  TODAY            0                         1     -1        0
  MONTH TO DATE    0                         7     -7        0
  SINCE SEP 1      0                         9     -9        0
  SINCE JUL 1      0                         9     -9        0

 COOLING
  TODAY           13                         6      7       16
  MONTH TO DATE  407                       286    121      363
  SINCE SEP 1    407                       286    121      363
  SINCE JAN 1   2444                      1956    488     2380
..................................................................


WIND (MPH)
  HIGHEST WIND SPEED    17   HIGHEST WIND DIRECTION    SW (240)
  HIGHEST GUST SPEED    20   HIGHEST GUST DIRECTION     W (250)
  AVERAGE WIND SPEED     4.7


SKY COVER
  POSSIBLE SUNSHINE  MM
  AVERAGE SKY COVER 0.5


WEATHER CONDITIONS
 THE FOLLOWING WEATHER WAS RECORDED TODAY.
  FOG
  FOG W/VISIBILITY <= 1/4 MILE


RELATIVE HUMIDITY (PERCENT)
 HIGHEST   100           300 AM
 LOWEST     39           300 PM
 AVERAGE    70

..........................................................


THE FLORENCE SC CLIMATE NORMALS FOR TOMORROW
                         NORMAL    RECORD    YEAR
 MAXIMUM TEMPERATURE (F)   80        94      1986
 MINIMUM TEMPERATURE (F)   59        41      1967


SUNRISE AND SUNSET
SEPTEMBER 30 2016.....SUNRISE   713 AM EDT   SUNSET   704 PM EDT
OCTOBER  1 2016.......SUNRISE   714 AM EDT   SUNSET   702 PM EDT


-  INDICATES NEGATIVE NUMBERS.
R  INDICATES RECORD WAS SET OR TIED.
MM INDICATES DATA IS MISSING.
T  INDICATES TRACE AMOUNT.




$$
