000
CDUS42 KILM 300844
CLIFLO


CLIMATE REPORT
NATIONAL WEATHER SERVICE WILMINGTON NC
443 AM EDT TUE JUN 30 2015


...................................

...THE FLORENCE SC CLIMATE SUMMARY FOR JUNE 29 2015...

CLIMATE NORMAL PERIOD 1981 TO 2010
CLIMATE RECORD PERIOD 1948 TO 2015


WEATHER ITEM   OBSERVED TIME   RECORD YEAR NORMAL DEPARTURE LAST
                VALUE   (LST)  VALUE       VALUE  FROM      YEAR
                                                  NORMAL
..................................................................
TEMPERATURE (F)
 YESTERDAY
  MAXIMUM         91    400 PM 105    2012  90      1       91
  MINIMUM         70    604 AM  54    1981  71     -1       69
  AVERAGE         81                        80      1       80

PRECIPITATION (IN)
  YESTERDAY        0.00          1.18 2005   0.16  -0.16     0.00
  MONTH TO DATE    3.40                      4.47  -1.07     0.98
  SINCE JUN 1      3.40                      4.47  -1.07     0.98
  SINCE JAN 1     18.42                     19.83  -1.41    18.34

DEGREE DAYS
 HEATING
  YESTERDAY        0                         0      0        0
  MONTH TO DATE    0                         0      0        0
  SINCE JUN 1      0                         0      0        0
  SINCE JUL 1   2544                      2523     21     2669

 COOLING
  YESTERDAY       16                        15      1       15
  MONTH TO DATE  523                       381    142      467
  SINCE JUN 1    523                       381    142      467
  SINCE JAN 1    908                       688    220      849
..................................................................


WIND (MPH)
  HIGHEST WIND SPEED    16   HIGHEST WIND DIRECTION    SW (240)
  HIGHEST GUST SPEED    20   HIGHEST GUST DIRECTION     W (260)
  AVERAGE WIND SPEED     4.6


SKY COVER
  POSSIBLE SUNSHINE  MM
  AVERAGE SKY COVER 0.1


WEATHER CONDITIONS
 THE FOLLOWING WEATHER WAS RECORDED YESTERDAY.
  FOG


RELATIVE HUMIDITY (PERCENT)
 HIGHEST   100           100 AM
 LOWEST     24           200 PM
 AVERAGE    62

..........................................................


THE FLORENCE SC CLIMATE NORMALS FOR TODAY
                         NORMAL    RECORD    YEAR
 MAXIMUM TEMPERATURE (F)   90       105      2012
 MINIMUM TEMPERATURE (F)   71        61      1970


SUNRISE AND SUNSET
JUNE 30 2015..........SUNRISE   610 AM EDT   SUNSET   835 PM EDT
JULY  1 2015..........SUNRISE   611 AM EDT   SUNSET   835 PM EDT


-  INDICATES NEGATIVE NUMBERS.
R  INDICATES RECORD WAS SET OR TIED.
MM INDICATES DATA IS MISSING.
T  INDICATES TRACE AMOUNT.




$$
