355
CDUS42 KILM 222143
CLIFLO


CLIMATE REPORT
NATIONAL WEATHER SERVICE WILMINGTON NC
443 PM EST MON JAN 22 2018


...................................

...THE FLORENCE SC CLIMATE SUMMARY FOR JANUARY 22 2018...
VALID TODAY AS OF 0400 PM LOCAL TIME.

CLIMATE NORMAL PERIOD 1981 TO 2010
CLIMATE RECORD PERIOD 1948 TO 2018


WEATHER ITEM   OBSERVED TIME   RECORD YEAR NORMAL DEPARTURE LAST
                VALUE   (LST)  VALUE       VALUE  FROM      YEAR
                                                  NORMAL
..................................................................
TEMPERATURE (F)
 TODAY
  MAXIMUM         67    351 PM  81    1999  56     11       65
  MINIMUM         36    658 AM  14    1961  35      1       59
  AVERAGE         52                        45      7       62

PRECIPITATION (IN)
  TODAY            0.00          1.67 1987   0.10  -0.10     0.44
  MONTH TO DATE    0.59                      2.31  -1.72     2.91
  SINCE DEC 1      5.25                      5.32  -0.07     7.48
  SINCE JAN 1      0.59                      2.31  -1.72     2.91

SNOWFALL (IN)
  TODAY           MM
  MONTH TO DATE   MM
  SINCE DEC 1     MM
  SINCE JUL 1     MM
  SNOW DEPTH      MM

DEGREE DAYS
 HEATING
  TODAY           13                        20     -7        3
  MONTH TO DATE  579                       447    132      258
  SINCE DEC 1   1110                      1004    106      753
  SINCE JUL 1   1515                      1426     89     1066

 COOLING
  TODAY            0                         0      0        0
  MONTH TO DATE    2                         0      2        0
  SINCE DEC 1      2                         4     -2        4
  SINCE JAN 1      2                         0      2        0
..................................................................


WIND (MPH)
  HIGHEST WIND SPEED    10   HIGHEST WIND DIRECTION    SE (150)
  HIGHEST GUST SPEED    15   HIGHEST GUST DIRECTION    SE (130)
  AVERAGE WIND SPEED     1.2


SKY COVER
  POSSIBLE SUNSHINE  MM
  AVERAGE SKY COVER 0.2


WEATHER CONDITIONS
 THE FOLLOWING WEATHER WAS RECORDED TODAY.
  FOG


RELATIVE HUMIDITY (PERCENT)
 HIGHEST   100           700 AM
 LOWEST     56           200 PM
 AVERAGE    78

..........................................................


THE FLORENCE SC CLIMATE NORMALS FOR TOMORROW
                         NORMAL    RECORD    YEAR
 MAXIMUM TEMPERATURE (F)   56        82      1974
 MINIMUM TEMPERATURE (F)   35        14      1985


SUNRISE AND SUNSET
JANUARY 22 2018.......SUNRISE   722 AM EST   SUNSET   539 PM EST
JANUARY 23 2018.......SUNRISE   722 AM EST   SUNSET   540 PM EST


-  INDICATES NEGATIVE NUMBERS.
R  INDICATES RECORD WAS SET OR TIED.
MM INDICATES DATA IS MISSING.
T  INDICATES TRACE AMOUNT.




$$
