000
CDUS42 KILM 240855
CLIFLO


CLIMATE REPORT
NATIONAL WEATHER SERVICE WILMINGTON NC
455 AM EDT MON JUL 24 2017


...................................

...THE FLORENCE SC CLIMATE SUMMARY FOR JULY 23 2017...

CLIMATE NORMAL PERIOD 1981 TO 2010
CLIMATE RECORD PERIOD 1948 TO 2017


WEATHER ITEM   OBSERVED TIME   RECORD YEAR NORMAL DEPARTURE LAST
                VALUE   (LST)  VALUE       VALUE  FROM      YEAR
                                                  NORMAL
..................................................................
TEMPERATURE (F)
 YESTERDAY
  MAXIMUM         95    224 PM 104    1952  91      4       96
  MINIMUM         73   1159 PM  59    2007  72      1       77
                                      1966
  AVERAGE         84                        81      3       87

PRECIPITATION (IN)
  YESTERDAY        0.55          2.52 1996   0.19   0.36     0.00
  MONTH TO DATE    9.03                      3.82   5.21     5.87
  SINCE JUN 1     13.27                      8.44   4.83     9.83
  SINCE JAN 1     27.98                     23.80   4.18    30.92

DEGREE DAYS
 HEATING
  YESTERDAY        0                         0      0        0
  MONTH TO DATE    0                         0      0        0
  SINCE JUN 1      0                         1     -1        0
  SINCE JUL 1      0                         0      0        0

 COOLING
  YESTERDAY       19                        16      3       22
  MONTH TO DATE  397                       368     29      452
  SINCE JUN 1    766                       765      1      939
  SINCE JAN 1   1197                      1072    125     1286
..................................................................


WIND (MPH)
  HIGHEST WIND SPEED    45   HIGHEST WIND DIRECTION     N (340)
  HIGHEST GUST SPEED    57   HIGHEST GUST DIRECTION     N (340)
  AVERAGE WIND SPEED     9.9


SKY COVER
  POSSIBLE SUNSHINE  MM
  AVERAGE SKY COVER 0.1


WEATHER CONDITIONS
 THE FOLLOWING WEATHER WAS RECORDED YESTERDAY.
  THUNDERSTORM
  HEAVY RAIN
  RAIN
  LIGHT RAIN
  FOG
  HAZE


RELATIVE HUMIDITY (PERCENT)
 HIGHEST   100           600 AM
 LOWEST     56           100 PM
 AVERAGE    78

..........................................................


THE FLORENCE SC CLIMATE NORMALS FOR TODAY
                         NORMAL    RECORD    YEAR
 MAXIMUM TEMPERATURE (F)   91       104      1952
 MINIMUM TEMPERATURE (F)   72        62      2007


SUNRISE AND SUNSET
JULY 24 2017..........SUNRISE   624 AM EDT   SUNSET   826 PM EDT
JULY 25 2017..........SUNRISE   625 AM EDT   SUNSET   825 PM EDT


-  INDICATES NEGATIVE NUMBERS.
R  INDICATES RECORD WAS SET OR TIED.
MM INDICATES DATA IS MISSING.
T  INDICATES TRACE AMOUNT.




$$
