000
CDUS42 KILM 092047
CLIFLO


CLIMATE REPORT
NATIONAL WEATHER SERVICE WILMINGTON NC
447 PM EDT WED JUL 9 2014


...................................

...THE FLORENCE SC CLIMATE SUMMARY FOR JULY 9 2014...
VALID TODAY AS OF 0400 PM LOCAL TIME.

CLIMATE NORMAL PERIOD 1981 TO 2010
CLIMATE RECORD PERIOD 1948 TO 2014


WEATHER ITEM   OBSERVED TIME   RECORD YEAR NORMAL DEPARTURE LAST
                VALUE   (LST)  VALUE       VALUE  FROM      YEAR
                                                  NORMAL
..................................................................
TEMPERATURE (F)
 TODAY
  MAXIMUM        100    243 PM 104    1977  91      9       89
  MINIMUM         77    616 AM  59    2006  71      6       74
  AVERAGE         89                        81      8       82

PRECIPITATION (IN)
  TODAY            0.00          2.41 2010   0.17  -0.17     0.46
  MONTH TO DATE    0.02                      1.35  -1.33     6.15
  SINCE JUN 1      1.00                      5.97  -4.97    14.43
  SINCE JAN 1     18.36                     21.33  -2.97    33.26

DEGREE DAYS
 HEATING
  TODAY            0                         0      0        0
  MONTH TO DATE    0                         0      0        0
  SINCE JUN 1      0                         1     -1        0
  SINCE JUL 1      0                         0      0        0

 COOLING
  TODAY           24                        16      8       17
  MONTH TO DATE  161                       144     17      136
  SINCE JUN 1    643                       541    102      560
  SINCE JAN 1   1025                       848    177      827
..................................................................


WIND (MPH)
  HIGHEST WIND SPEED    23   HIGHEST WIND DIRECTION     S (200)
  HIGHEST GUST SPEED    28   HIGHEST GUST DIRECTION     S (200)
  AVERAGE WIND SPEED     8.6


SKY COVER
  POSSIBLE SUNSHINE  MM
  AVERAGE SKY COVER 0.1


WEATHER CONDITIONS
 THE FOLLOWING WEATHER WAS RECORDED TODAY.
  NO SIGNIFICANT WEATHER WAS OBSERVED.


RELATIVE HUMIDITY (PERCENT)
 HIGHEST    88           400 AM
 LOWEST     27           100 PM
 AVERAGE    58

..........................................................


THE FLORENCE SC CLIMATE NORMALS FOR TOMORROW
                         NORMAL    RECORD    YEAR
 MAXIMUM TEMPERATURE (F)   91       104      1990
 MINIMUM TEMPERATURE (F)   71        62      1963


SUNRISE AND SUNSET
JULY  9 2014..........SUNRISE   615 AM EDT   SUNSET   833 PM EDT
JULY 10 2014..........SUNRISE   615 AM EDT   SUNSET   833 PM EDT


-  INDICATES NEGATIVE NUMBERS.
R  INDICATES RECORD WAS SET OR TIED.
MM INDICATES DATA IS MISSING.
T  INDICATES TRACE AMOUNT.




$$
