000
CDUS42 KILM 182043
CLIFLO


CLIMATE REPORT
NATIONAL WEATHER SERVICE WILMINGTON NC
442 PM EDT THU SEP 18 2014


...................................

...THE FLORENCE SC CLIMATE SUMMARY FOR SEPTEMBER 18 2014...
VALID TODAY AS OF 0400 PM LOCAL TIME.

CLIMATE NORMAL PERIOD 1981 TO 2010
CLIMATE RECORD PERIOD 1948 TO 2014


WEATHER ITEM   OBSERVED TIME   RECORD YEAR NORMAL DEPARTURE LAST
                VALUE   (LST)  VALUE       VALUE  FROM      YEAR
                                                  NORMAL
..................................................................
TEMPERATURE (F)
 TODAY
  MAXIMUM         84    207 PM  96    2005  84      0       80
  MINIMUM         69    730 AM  50    2001  64      5       56
  AVERAGE         77                        74      3       68

PRECIPITATION (IN)
  TODAY            0.00          2.45 1994   0.12  -0.12     0.00
  MONTH TO DATE    7.65                      2.30   5.35     0.44
  SINCE SEP 1      7.65                      2.30   5.35     0.44
  SINCE JAN 1     35.64                     32.78   2.86    46.90

DEGREE DAYS
 HEATING
  TODAY            0                         0      0        0
  MONTH TO DATE    0                         0      0        0
  SINCE SEP 1      0                         0      0        0
  SINCE JUL 1      0                         0      0        0

 COOLING
  TODAY           12                         9      3        3
  MONTH TO DATE  259                       201     58      241
  SINCE SEP 1    259                       201     58      241
  SINCE JAN 1   2091                      1871    220     1868
..................................................................


WIND (MPH)
  HIGHEST WIND SPEED    10   HIGHEST WIND DIRECTION     E (90)
  HIGHEST GUST SPEED    14   HIGHEST GUST DIRECTION     E (80)
  AVERAGE WIND SPEED     4.6


SKY COVER
  POSSIBLE SUNSHINE  MM
  AVERAGE SKY COVER 0.8


WEATHER CONDITIONS
 THE FOLLOWING WEATHER WAS RECORDED TODAY.
  NO SIGNIFICANT WEATHER WAS OBSERVED.


RELATIVE HUMIDITY (PERCENT)
 HIGHEST    97           200 AM
 LOWEST     55           200 PM
 AVERAGE    76

..........................................................


THE FLORENCE SC CLIMATE NORMALS FOR TOMORROW
                         NORMAL    RECORD    YEAR
 MAXIMUM TEMPERATURE (F)   83        95      1954
 MINIMUM TEMPERATURE (F)   63        50      1981


SUNRISE AND SUNSET
SEPTEMBER 18 2014.....SUNRISE   704 AM EDT   SUNSET   721 PM EDT
SEPTEMBER 19 2014.....SUNRISE   705 AM EDT   SUNSET   720 PM EDT


-  INDICATES NEGATIVE NUMBERS.
R  INDICATES RECORD WAS SET OR TIED.
MM INDICATES DATA IS MISSING.
T  INDICATES TRACE AMOUNT.




$$
