645
CDUS42 KTBW 230830
CLIFMY


CLIMATE REPORT
NATIONAL WEATHER SERVICE TAMPA BAY FL
427 AM EDT THU MAR 23 2017


...................................

...THE FORT MYERS CLIMATE SUMMARY FOR MARCH 22 2017...

CLIMATE NORMAL PERIOD 1981 TO 2010
CLIMATE RECORD PERIOD 1902 TO 2017


WEATHER ITEM   OBSERVED TIME   RECORD YEAR NORMAL DEPARTURE LAST
                VALUE   (LST)  VALUE       VALUE  FROM      YEAR
                                                  NORMAL
..................................................................
TEMPERATURE (F)
 YESTERDAY
  MAXIMUM         82    238 PM  92    1944  81      1       76
  MINIMUM         58    647 AM  39    1960  60     -2       47
  AVERAGE         70                        71     -1       62

PRECIPITATION (IN)
  YESTERDAY        0.00          2.41 1941   0.09  -0.09     0.00
  MONTH TO DATE    0.16                      2.07  -1.91     0.48
  SINCE MAR 1      0.16                      2.07  -1.91     0.48
  SINCE JAN 1      2.41                      6.16  -3.75    15.59

DEGREE DAYS
 HEATING
  YESTERDAY        0                         0      0        3
  MONTH TO DATE   11                        21    -10        9
  SINCE MAR 1     11                        21    -10        9
  SINCE JUL 1     76                       281   -205      204

 COOLING
  YESTERDAY        5                         6     -1        0
  MONTH TO DATE  141                       118     23      153
  SINCE MAR 1    141                       118     23      153
  SINCE JAN 1    483                       303    180      264
..................................................................


WIND (MPH)
  RESULTANT WIND SPEED   5   RESULTANT WIND DIRECTION   W (290)
  HIGHEST WIND SPEED    16   HIGHEST WIND DIRECTION    NW (300)
  HIGHEST GUST SPEED    21   HIGHEST GUST DIRECTION     W (260)
  AVERAGE WIND SPEED     5.8


SKY COVER
  POSSIBLE SUNSHINE  MM
  AVERAGE SKY COVER 0.1


WEATHER CONDITIONS
 THE FOLLOWING WEATHER WAS RECORDED YESTERDAY.
  FOG
  FOG W/VISIBILITY <= 1/4 MILE


RELATIVE HUMIDITY (PERCENT)
 HIGHEST   100           800 AM
 LOWEST     33           100 PM

..........................................................


THE FORT MYERS CLIMATE NORMALS FOR TODAY
                         NORMAL    RECORD    YEAR
 MAXIMUM TEMPERATURE (F)   81        88      2007
                                             1982
                                             1975
 MINIMUM TEMPERATURE (F)   60        43      1922


SUNRISE AND SUNSET
MARCH 23 2017.........SUNRISE   728 AM EDT   SUNSET   740 PM EDT
MARCH 24 2017.........SUNRISE   727 AM EDT   SUNSET   741 PM EDT


-  INDICATES NEGATIVE NUMBERS.
R  INDICATES RECORD WAS SET OR TIED.
MM INDICATES DATA IS MISSING.
T  INDICATES TRACE AMOUNT.




$$


&&
------------------------------------------------------------------
******************** SUPPLEMENTAL DATA ***************************

...GULF WATER TEMPERATURE AT FORT MYERS BEACH 71 DEGREES
