000
CDUS42 KTBW 242116
CLIFMY


CLIMATE REPORT
NATIONAL WEATHER SERVICE TAMPA BAY FL
513 PM EDT SUN MAY 24 2015


...................................

...THE FORT MYERS CLIMATE SUMMARY FOR MAY 24 2015...
VALID TODAY AS OF 0500 PM LOCAL TIME.

CLIMATE NORMAL PERIOD 1981 TO 2010
CLIMATE RECORD PERIOD 1902 TO 2015


WEATHER ITEM   OBSERVED TIME   RECORD YEAR NORMAL DEPARTURE LAST
                VALUE   (LST)  VALUE       VALUE  FROM      YEAR
                                                  NORMAL
..................................................................
TEMPERATURE (F)
 TODAY
  MAXIMUM         94    337 PM  95    2014  91      3       95
                                      2008
                                      1975
  MINIMUM         73    546 AM  60    1954  71      2       73
                                      1941
  AVERAGE         84                        80      4       84

PRECIPITATION (IN)
  TODAY            0.00          3.32 1970   0.10  -0.10     0.00
  MONTH TO DATE    1.29                      1.68  -0.39     1.47
  SINCE MAR 1      4.78                      6.74  -1.96     5.59
  SINCE JAN 1      7.97                     10.83  -2.86     9.03

DEGREE DAYS
 HEATING
  TODAY            0                         0      0        0
  MONTH TO DATE    0                         0      0        0
  SINCE MAR 1      0                        27    -27        9
  SINCE JUL 1    231                       287    -56      178

 COOLING
  TODAY           19                        16      3       19
  MONTH TO DATE  360                       323     37      344
  SINCE MAR 1   1087                       768    319      810
  SINCE JAN 1   1235                       953    282     1071
..................................................................


WIND (MPH)
  RESULTANT WIND SPEED   8   RESULTANT WIND DIRECTION   E (90)
  HIGHEST WIND SPEED    16   HIGHEST WIND DIRECTION     E (70)
  HIGHEST GUST SPEED    22   HIGHEST GUST DIRECTION     E (80)
  AVERAGE WIND SPEED     8.1


SKY COVER
  POSSIBLE SUNSHINE  MM
  AVERAGE SKY COVER 0.1


WEATHER CONDITIONS
 THE FOLLOWING WEATHER WAS RECORDED TODAY.
  FOG


RELATIVE HUMIDITY (PERCENT)
 HIGHEST   100           300 AM
 LOWEST     36           400 PM

..........................................................


THE FORT MYERS CLIMATE NORMALS FOR TOMORROW
                         NORMAL    RECORD    YEAR
 MAXIMUM TEMPERATURE (F)   91        97      1919
 MINIMUM TEMPERATURE (F)   71        60      1954


SUNRISE AND SUNSET
MAY 24 2015...........SUNRISE   637 AM EDT   SUNSET   812 PM EDT
MAY 25 2015...........SUNRISE   636 AM EDT   SUNSET   813 PM EDT


-  INDICATES NEGATIVE NUMBERS.
R  INDICATES RECORD WAS SET OR TIED.
MM INDICATES DATA IS MISSING.
T  INDICATES TRACE AMOUNT.




$$


&&
------------------------------------------------------------------
******************** SUPPLEMENTAL DATA ***************************

...GULF WATER TEMPERATURE AT FORT MYERS BEACH 87
