000
CDUS42 KTBW 230130
CLIFMY


CLIMATE REPORT
NATIONAL WEATHER SERVICE TAMPA BAY FL
828 PM EST THU FEB 22 2018


...................................

...THE FORT MYERS CLIMATE SUMMARY FOR FEBRUARY 22 2018...
VALID TODAY AS OF 0500 PM LOCAL TIME.

CLIMATE NORMAL PERIOD 1981 TO 2010
CLIMATE RECORD PERIOD 1902 TO 2018


WEATHER ITEM   OBSERVED TIME   RECORD YEAR NORMAL DEPARTURE LAST
                VALUE   (LST)  VALUE       VALUE  FROM      YEAR
                                                  NORMAL
..................................................................
TEMPERATURE (F)
 TODAY
  MAXIMUM         87    350 PM  91    1975  78      9       76
  MINIMUM         67    706 AM  36    1977  57     10       62
  AVERAGE         77                        67     10       69

PRECIPITATION (IN)
  TODAY            0.00          1.45 1993   0.08  -0.08     0.62
  MONTH TO DATE    0.74                      1.64  -0.90     0.72
  SINCE DEC 1      3.35                      5.29  -1.94     2.49
  SINCE JAN 1      1.90                      3.58  -1.68     2.25

DEGREE DAYS
 HEATING
  TODAY            0                         2     -2        0
  MONTH TO DATE    0                        50    -50        1
  SINCE DEC 1    181                       233    -52       60
  SINCE JUL 1    186                       251    -65       65

 COOLING
  TODAY           12                         4      8        4
  MONTH TO DATE  211                        78    133      131
  SINCE DEC 1    460                       282    178      560
  SINCE JAN 1    291                       161    130      284
..................................................................


WIND (MPH)
  RESULTANT WIND SPEED   9   RESULTANT WIND DIRECTION   E (80)
  HIGHEST WIND SPEED    18   HIGHEST WIND DIRECTION     E (100)
  HIGHEST GUST SPEED    22   HIGHEST GUST DIRECTION     E (100)
  AVERAGE WIND SPEED     9.2


SKY COVER
  POSSIBLE SUNSHINE  MM
  AVERAGE SKY COVER 0.4


WEATHER CONDITIONS
 THE FOLLOWING WEATHER WAS RECORDED TODAY.
  NO SIGNIFICANT WEATHER WAS OBSERVED.


RELATIVE HUMIDITY (PERCENT)
 HIGHEST   100           700 AM
 LOWEST     55           300 PM

..........................................................


THE FORT MYERS CLIMATE NORMALS FOR TOMORROW
                         NORMAL    RECORD    YEAR
 MAXIMUM TEMPERATURE (F)   78        89      1962
 MINIMUM TEMPERATURE (F)   57        32      1978


SUNRISE AND SUNSET
FEBRUARY 22 2018......SUNRISE   658 AM EST   SUNSET   625 PM EST
FEBRUARY 23 2018......SUNRISE   657 AM EST   SUNSET   625 PM EST


-  INDICATES NEGATIVE NUMBERS.
R  INDICATES RECORD WAS SET OR TIED.
MM INDICATES DATA IS MISSING.
T  INDICATES TRACE AMOUNT.




$$
