000
CDUS42 KTBW 010932
CLIFMY


CLIMATE REPORT
NATIONAL WEATHER SERVICE TAMPA BAY FL
430 AM EST SUN FEB 1 2015


...................................

...THE FORT MYERS CLIMATE SUMMARY FOR JANUARY 31 2015...

CLIMATE NORMAL PERIOD 1981 TO 2010
CLIMATE RECORD PERIOD 1902 TO 2015


WEATHER ITEM   OBSERVED TIME   RECORD YEAR NORMAL DEPARTURE LAST
                VALUE   (LST)  VALUE       VALUE  FROM      YEAR
                                                  NORMAL
..................................................................
TEMPERATURE (F)
 YESTERDAY
  MAXIMUM         76    335 PM  87    1975  76      0       76
  MINIMUM         48    741 AM  28    1966  54     -6       56
  AVERAGE         62                        65     -3       66

PRECIPITATION (IN)
  YESTERDAY        0.00          0.70 1926   0.06  -0.06     0.34
  MONTH TO DATE    0.57                      1.94  -1.37     2.16
  SINCE DEC 1      0.62                      3.65  -3.03     2.66
  SINCE JAN 1      0.57                      1.94  -1.37     2.16

DEGREE DAYS
 HEATING
  YESTERDAY        3                         3      0        0
  MONTH TO DATE   55                       112    -57      138
  SINCE DEC 1    103                       183    -80      142
  SINCE JUL 1    144                       201    -57      151

 COOLING
  YESTERDAY        0                         3     -3        1
  MONTH TO DATE  100                        83     17       83
  SINCE DEC 1    238                       204     34      298
  SINCE JAN 1    100                        83     17       83
..................................................................


WIND (MPH)
  RESULTANT WIND SPEED   8   RESULTANT WIND DIRECTION   E (70)
  HIGHEST WIND SPEED    15   HIGHEST WIND DIRECTION     E (70)
  HIGHEST GUST SPEED    20   HIGHEST GUST DIRECTION    NE (50)
  AVERAGE WIND SPEED     9.1


SKY COVER
  POSSIBLE SUNSHINE  MM
  AVERAGE SKY COVER 0.0


WEATHER CONDITIONS
 THE FOLLOWING WEATHER WAS RECORDED YESTERDAY.
  NO SIGNIFICANT WEATHER WAS OBSERVED.


RELATIVE HUMIDITY (PERCENT)
 HIGHEST    93           300 AM
 LOWEST     38           300 PM

..........................................................


THE FORT MYERS CLIMATE NORMALS FOR TODAY
                         NORMAL    RECORD    YEAR
 MAXIMUM TEMPERATURE (F)   76        86      1990
                                             1989
                                             1975
 MINIMUM TEMPERATURE (F)   55        33      1909


SUNRISE AND SUNSET
FEBRUARY  1 2015......SUNRISE   712 AM EST   SUNSET   610 PM EST
FEBRUARY  2 2015......SUNRISE   712 AM EST   SUNSET   611 PM EST


-  INDICATES NEGATIVE NUMBERS.
R  INDICATES RECORD WAS SET OR TIED.
MM INDICATES DATA IS MISSING.
T  INDICATES TRACE AMOUNT.




$$


&&
------------------------------------------------------------------
******************** SUPPLEMENTAL DATA ***************************

...GULF WATER TEMPERATURE AT FORT MYERS BEACH 64.
