000
CDUS42 KTBW 282114
CLIFMY


CLIMATE REPORT
NATIONAL WEATHER SERVICE TAMPA BAY FL
512 PM EDT THU APR 28 2016


...................................

...THE FORT MYERS CLIMATE SUMMARY FOR APRIL 28 2016...
VALID TODAY AS OF 0500 PM LOCAL TIME.

CLIMATE NORMAL PERIOD 1981 TO 2010
CLIMATE RECORD PERIOD 1902 TO 2016


WEATHER ITEM   OBSERVED TIME   RECORD YEAR NORMAL DEPARTURE LAST
                VALUE   (LST)  VALUE       VALUE  FROM      YEAR
                                                  NORMAL
..................................................................
TEMPERATURE (F)
 TODAY
  MAXIMUM         89    127 PM  93    1986  87      2       82
                                      1944
  MINIMUM         71    615 AM  51    1977  65      6       69
                                      1913
  AVERAGE         80                        76      4       76

PRECIPITATION (IN)
  TODAY            0.01          1.49 1995   0.07  -0.06     0.49
  MONTH TO DATE    1.16                      2.04  -0.88     1.41
  SINCE MAR 1      2.22                      4.92  -2.70     2.90
  SINCE JAN 1     17.33                      9.01   8.32     6.09

DEGREE DAYS
 HEATING
  TODAY            0                         0      0        0
  MONTH TO DATE    0                         0      0        0
  SINCE MAR 1      9                        24    -15        0
  SINCE JUL 1    204                       284    -80      231

 COOLING
  TODAY           15                        11      4       11
  MONTH TO DATE  274                       246     28      397
  SINCE MAR 1    519                       422     97      702
  SINCE JAN 1    630                       607     23      850
..................................................................


WIND (MPH)
  RESULTANT WIND SPEED   3   RESULTANT WIND DIRECTION  SE (150)
  HIGHEST WIND SPEED    17   HIGHEST WIND DIRECTION     W (280)
  HIGHEST GUST SPEED    22   HIGHEST GUST DIRECTION     W (280)
  AVERAGE WIND SPEED     3.7


SKY COVER
  POSSIBLE SUNSHINE  MM
  AVERAGE SKY COVER 0.4


WEATHER CONDITIONS
 THE FOLLOWING WEATHER WAS RECORDED TODAY.
  LIGHT RAIN


RELATIVE HUMIDITY (PERCENT)
 HIGHEST    90           500 AM
 LOWEST     41           100 PM

..........................................................


THE FORT MYERS CLIMATE NORMALS FOR TOMORROW
                         NORMAL    RECORD    YEAR
 MAXIMUM TEMPERATURE (F)   87        94      1986
 MINIMUM TEMPERATURE (F)   65        46      1928


SUNRISE AND SUNSET
APRIL 28 2016.........SUNRISE   652 AM EDT   SUNSET   758 PM EDT
APRIL 29 2016.........SUNRISE   651 AM EDT   SUNSET   759 PM EDT


-  INDICATES NEGATIVE NUMBERS.
R  INDICATES RECORD WAS SET OR TIED.
MM INDICATES DATA IS MISSING.
T  INDICATES TRACE AMOUNT.




$$


&&
------------------------------------------------------------------
******************** SUPPLEMENTAL DATA ***************************

...GULF WATER TEMPERATURE AT FORT MYERS BEACH 81 DEGREES
