000
CDUS42 KTBW 262226
CLIFMY


CLIMATE REPORT
NATIONAL WEATHER SERVICE TAMPA BAY FL
522 PM EST FRI DEC 26 2014


...................................

...THE FORT MYERS CLIMATE SUMMARY FOR DECEMBER 26 2014...
VALID TODAY AS OF 0500 PM LOCAL TIME.

CLIMATE NORMAL PERIOD 1981 TO 2010
CLIMATE RECORD PERIOD 1902 TO 2014


WEATHER ITEM   OBSERVED TIME   RECORD YEAR NORMAL DEPARTURE LAST
                VALUE   (LST)  VALUE       VALUE  FROM      YEAR
                                                  NORMAL
..................................................................
TEMPERATURE (F)
 TODAY
  MAXIMUM         74    325 PM  85    1964  75     -1       82
                                      1942
  MINIMUM         56    644 AM  29    1983  55      1       63
  AVERAGE         65                        65      0       73

PRECIPITATION (IN)
  TODAY            T             2.20 1958   0.07  -0.07     0.00
  MONTH TO DATE    0.05                      1.41  -1.36     0.32
  SINCE DEC 1      0.05                      1.41  -1.36     0.32
  SINCE JAN 1     42.32                     55.63 -13.31    53.61

DEGREE DAYS
 HEATING
  TODAY            0                         3     -3        0
  MONTH TO DATE   48                        56     -8        4
  SINCE DEC 1     48                        56     -8        4
  SINCE JUL 1     89                        74     15       13

 COOLING
  TODAY            0                         3     -3        8
  MONTH TO DATE  100                       106     -6      178
  SINCE DEC 1    100                       106     -6      178
  SINCE JAN 1   4027                      3969     58     4052
..................................................................


WIND (MPH)
  RESULTANT WIND SPEED   8   RESULTANT WIND DIRECTION  NE (50)
  HIGHEST WIND SPEED    13   HIGHEST WIND DIRECTION    NE (40)
  HIGHEST GUST SPEED    16   HIGHEST GUST DIRECTION    NE (40)
  AVERAGE WIND SPEED     8.5


SKY COVER
  POSSIBLE SUNSHINE  MM
  AVERAGE SKY COVER 0.7


WEATHER CONDITIONS
 THE FOLLOWING WEATHER WAS RECORDED TODAY.
  LIGHT RAIN


RELATIVE HUMIDITY (PERCENT)
 HIGHEST    86           500 AM
 LOWEST     63          1000 AM

..........................................................


THE FORT MYERS CLIMATE NORMALS FOR TOMORROW
                         NORMAL    RECORD    YEAR
 MAXIMUM TEMPERATURE (F)   75        88      1911
 MINIMUM TEMPERATURE (F)   55        34      1985
                                             1935


SUNRISE AND SUNSET
DECEMBER 26 2014......SUNRISE   714 AM EST   SUNSET   542 PM EST
DECEMBER 27 2014......SUNRISE   714 AM EST   SUNSET   543 PM EST


-  INDICATES NEGATIVE NUMBERS.
R  INDICATES RECORD WAS SET OR TIED.
MM INDICATES DATA IS MISSING.
T  INDICATES TRACE AMOUNT.




$$


&&
------------------------------------------------------------------
******************** SUPPLEMENTAL DATA ***************************

...GULF WATER TEMPERATURE AT FORT MYERS BEACH 69
