000
CDUS42 KTBW 140935
CLIFMY


CLIMATE REPORT
NATIONAL WEATHER SERVICE TAMPA BAY FL
431 AM EST THU DEC 14 2017


...................................

...THE FORT MYERS CLIMATE SUMMARY FOR DECEMBER 13 2017...

CLIMATE NORMAL PERIOD 1981 TO 2010
CLIMATE RECORD PERIOD 1902 TO 2017


WEATHER ITEM   OBSERVED TIME   RECORD YEAR NORMAL DEPARTURE LAST
                VALUE   (LST)  VALUE       VALUE  FROM      YEAR
                                                  NORMAL
..................................................................
TEMPERATURE (F)
 YESTERDAY
  MAXIMUM         67    340 PM  87    1967  77    -10       85
  MINIMUM         49   1159 PM  26    1962  57     -8       65
  AVERAGE         58                        67     -9       75

PRECIPITATION (IN)
  YESTERDAY        0.00          0.80 1907   0.06  -0.06     0.00
  MONTH TO DATE    1.45                      0.63   0.82     0.22
  SINCE DEC 1      1.45                      0.63   0.82     0.22
  SINCE JAN 1     61.54                     54.85   6.69    63.84

DEGREE DAYS
 HEATING
  YESTERDAY        7                         2      5        0
  MONTH TO DATE   34                        21     13        2
  SINCE DEC 1     34                        21     13        2
  SINCE JUL 1     39                        39      0        7

 COOLING
  YESTERDAY        0                         4     -4       10
  MONTH TO DATE   75                        59     16      114
  SINCE DEC 1     75                        59     16      114
  SINCE JAN 1   4251                      3922    329     4122
..................................................................


WIND (MPH)
  RESULTANT WIND SPEED   7   RESULTANT WIND DIRECTION   N (360)
  HIGHEST WIND SPEED    17   HIGHEST WIND DIRECTION    NE (30)
  HIGHEST GUST SPEED    22   HIGHEST GUST DIRECTION     N (20)
  AVERAGE WIND SPEED     7.7


SKY COVER
  POSSIBLE SUNSHINE  MM
  AVERAGE SKY COVER 0.0


WEATHER CONDITIONS
 THE FOLLOWING WEATHER WAS RECORDED YESTERDAY.
  NO SIGNIFICANT WEATHER WAS OBSERVED.


RELATIVE HUMIDITY (PERCENT)
 HIGHEST    89          1000 PM
 LOWEST     37           300 PM

..........................................................


THE FORT MYERS CLIMATE NORMALS FOR TODAY
                         NORMAL    RECORD    YEAR
 MAXIMUM TEMPERATURE (F)   77        87      1967
 MINIMUM TEMPERATURE (F)   57        30      1962


SUNRISE AND SUNSET
DECEMBER 14 2017......SUNRISE   708 AM EST   SUNSET   537 PM EST
DECEMBER 15 2017......SUNRISE   708 AM EST   SUNSET   537 PM EST


-  INDICATES NEGATIVE NUMBERS.
R  INDICATES RECORD WAS SET OR TIED.
MM INDICATES DATA IS MISSING.
T  INDICATES TRACE AMOUNT.




$$


&&
------------------------------------------------------------------
******************** SUPPLEMENTAL DATA ***************************

...GULF WATER TEMPERATURE AT FORT MYERS BEACH 68 DEGREES
