765
CDUS42 KTBW 212115
CLIFMY


CLIMATE REPORT
NATIONAL WEATHER SERVICE TAMPA BAY FL
512 PM EDT MON AUG 21 2017


...................................

...THE FORT MYERS CLIMATE SUMMARY FOR AUGUST 21 2017...
VALID TODAY AS OF 0500 PM LOCAL TIME.

CLIMATE NORMAL PERIOD 1981 TO 2010
CLIMATE RECORD PERIOD 1902 TO 2017


WEATHER ITEM   OBSERVED TIME   RECORD YEAR NORMAL DEPARTURE LAST
                VALUE   (LST)  VALUE       VALUE  FROM      YEAR
                                                  NORMAL
..................................................................
TEMPERATURE (F)
 TODAY
  MAXIMUM         93    344 PM  97    2014  92      1       93
  MINIMUM         78    633 AM  70    1947  75      3       78
                                      1929
                                      1916
  AVERAGE         86                        83      3       86

PRECIPITATION (IN)
  TODAY            0.00          3.95 1981   0.33  -0.33     0.00
  MONTH TO DATE    2.85                      6.77  -3.92     7.99
  SINCE JUN 1     26.47                     25.90   0.57    29.59
  SINCE JAN 1     32.65                     37.70  -5.05    50.46

DEGREE DAYS
 HEATING
  TODAY            0                         0      0        0
  MONTH TO DATE    0                         0      0        0
  SINCE JUN 1      0                         0      0        0
  SINCE JUL 1      0                         0      0        0

 COOLING
  TODAY           21                        18      3       21
  MONTH TO DATE  421                       378     43      399
  SINCE JUN 1   1505                      1467     38     1553
  SINCE JAN 1   2787                      2533    254     2651
..................................................................


WIND (MPH)
  RESULTANT WIND SPEED   8   RESULTANT WIND DIRECTION   E (90)
  HIGHEST WIND SPEED    15   HIGHEST WIND DIRECTION     E (80)
  HIGHEST GUST SPEED    20   HIGHEST GUST DIRECTION     E (80)
  AVERAGE WIND SPEED     8.3


SKY COVER
  POSSIBLE SUNSHINE  MM
  AVERAGE SKY COVER 0.2


WEATHER CONDITIONS
 THE FOLLOWING WEATHER WAS RECORDED TODAY.
  NO SIGNIFICANT WEATHER WAS OBSERVED.


RELATIVE HUMIDITY (PERCENT)
 HIGHEST   100          1200 AM
 LOWEST     52           100 PM

..........................................................


THE FORT MYERS CLIMATE NORMALS FOR TOMORROW
                         NORMAL    RECORD    YEAR
 MAXIMUM TEMPERATURE (F)   92        96      2014
                                             1978
 MINIMUM TEMPERATURE (F)   75        70      1973
                                             1918
                                             1911


SUNRISE AND SUNSET
AUGUST 21 2017........SUNRISE   702 AM EDT   SUNSET   758 PM EDT
AUGUST 22 2017........SUNRISE   703 AM EDT   SUNSET   757 PM EDT


-  INDICATES NEGATIVE NUMBERS.
R  INDICATES RECORD WAS SET OR TIED.
MM INDICATES DATA IS MISSING.
T  INDICATES TRACE AMOUNT.




$$


&&
------------------------------------------------------------------
******************** SUPPLEMENTAL DATA ***************************

...GULF WATER TEMPERATURE AT FORT MYERS BEACH 90 DEGREES.
