424
CDUS42 KTBW 232215
CLIFMY


CLIMATE REPORT
NATIONAL WEATHER SERVICE TAMPA BAY FL
514 PM EST MON JAN 23 2017


...................................

...THE FORT MYERS CLIMATE SUMMARY FOR JANUARY 23 2017...
VALID TODAY AS OF 0500 PM LOCAL TIME.

CLIMATE NORMAL PERIOD 1981 TO 2010
CLIMATE RECORD PERIOD 1902 TO 2017


WEATHER ITEM   OBSERVED TIME   RECORD YEAR NORMAL DEPARTURE LAST
                VALUE   (LST)  VALUE       VALUE  FROM      YEAR
                                                  NORMAL
..................................................................
TEMPERATURE (F)
 TODAY
  MAXIMUM         75   1135 AM  87    1975  75      0       63
  MINIMUM         65    821 AM  33    1985  54     11       52
  AVERAGE         70                        64      6       58

PRECIPITATION (IN)
  TODAY            0.20          1.84 1958   0.07   0.13      T
  MONTH TO DATE    1.29                      1.43  -0.14     8.41
  SINCE DEC 1      1.53                      3.14  -1.61    12.01
  SINCE JAN 1      1.29                      1.43  -0.14     8.41

DEGREE DAYS
 HEATING
  TODAY            0                         3     -3        7
  MONTH TO DATE   27                        88    -61       68
  SINCE DEC 1     36                       163   -127       71
  SINCE JUL 1     41                       181   -140       71

 COOLING
  TODAY            5                         3      2        0
  MONTH TO DATE  138                        68     70       36
  SINCE DEC 1    414                       189    225      314
  SINCE JAN 1    138                        68     70       36
..................................................................


WIND (MPH)
  RESULTANT WIND SPEED  19   RESULTANT WIND DIRECTION   W (280)
  HIGHEST WIND SPEED    30   HIGHEST WIND DIRECTION     W (290)
  HIGHEST GUST SPEED    42   HIGHEST GUST DIRECTION     W (290)
  AVERAGE WIND SPEED    19.5


SKY COVER
  POSSIBLE SUNSHINE  MM
  AVERAGE SKY COVER 0.9


WEATHER CONDITIONS
 THE FOLLOWING WEATHER WAS RECORDED TODAY.
  HEAVY RAIN
  LIGHT RAIN
  FOG
  HAZE


RELATIVE HUMIDITY (PERCENT)
 HIGHEST    87          1200 AM
 LOWEST     61           600 AM

..........................................................


THE FORT MYERS CLIMATE NORMALS FOR TOMORROW
                         NORMAL    RECORD    YEAR
 MAXIMUM TEMPERATURE (F)   75        85      2012
                                             2010
                                             1990
 MINIMUM TEMPERATURE (F)   54        32      1960


SUNRISE AND SUNSET
JANUARY 23 2017.......SUNRISE   716 AM EST   SUNSET   603 PM EST
JANUARY 24 2017.......SUNRISE   715 AM EST   SUNSET   604 PM EST


-  INDICATES NEGATIVE NUMBERS.
R  INDICATES RECORD WAS SET OR TIED.
MM INDICATES DATA IS MISSING.
T  INDICATES TRACE AMOUNT.




$$


&&
------------------------------------------------------------------
******************** SUPPLEMENTAL DATA ***************************

...GULF WATER TEMPERATURE AT FORT MYERS BEACH 71 DEGREES
