000
CDUS43 KFSD 300630
CLIFSD


CLIMATE REPORT
NATIONAL WEATHER SERVICE SIOUX FALLS SD
129 AM CDT THU OCT 30 2014


...................................

...THE SIOUX FALLS SD CLIMATE SUMMARY FOR OCTOBER 29 2014...

CLIMATE NORMAL PERIOD 1981 TO 2010
CLIMATE RECORD PERIOD 1893 TO 2014


WEATHER ITEM   OBSERVED TIME   RECORD YEAR NORMAL DEPARTURE LAST
                VALUE   (LST)  VALUE       VALUE  FROM      YEAR
                                                  NORMAL
..................................................................
TEMPERATURE (F)
 YESTERDAY
  MAXIMUM         51    346 PM  86    1937  53     -2       42
  MINIMUM         31    729 AM  -5    1925  31      0       34
  AVERAGE         41                        42     -1       38

PRECIPITATION (IN)
  YESTERDAY        0.00          1.69 1896   0.05  -0.05     0.19
  MONTH TO DATE    0.67                      2.07  -1.40     3.01
  SINCE SEP 1      2.95                      4.84  -1.89     3.78
  SINCE JAN 1     27.38                     24.23   3.15    24.20

SNOWFALL (IN)
  YESTERDAY        0.0           2.5  1929   0.1   -0.1      0.0
  MONTH TO DATE    0.0                       1.1   -1.1      0.4
  SINCE SEP 1      0.0                       1.1   -1.1      0.4
  SINCE JUL 1      T                         1.1   -1.1      0.4
  SNOW DEPTH       0

DEGREE DAYS
 HEATING
  YESTERDAY       24                        23      1       27
  MONTH TO DATE  391                       489    -98      486
  SINCE SEP 1    521                       662   -141      552
  SINCE JUL 1    539                       693   -154      586

 COOLING
  YESTERDAY        0                         0      0        0
  MONTH TO DATE    0                         0      0        3
  SINCE SEP 1     59                        60     -1      133
  SINCE JAN 1    610                       685    -75      787
..................................................................


WIND (MPH)
  HIGHEST WIND SPEED    17   HIGHEST WIND DIRECTION    NW (320)
  HIGHEST GUST SPEED    21   HIGHEST GUST DIRECTION    NW (320)
  AVERAGE WIND SPEED     6.9


SKY COVER
  POSSIBLE SUNSHINE  MM
  AVERAGE SKY COVER 0.6


WEATHER CONDITIONS
 THE FOLLOWING WEATHER WAS RECORDED YESTERDAY.
  NO SIGNIFICANT WEATHER WAS OBSERVED.


RELATIVE HUMIDITY (PERCENT)
 HIGHEST    82           600 AM
 LOWEST     46           300 PM
 AVERAGE    64

..........................................................


THE SIOUX FALLS SD CLIMATE NORMALS FOR TODAY
                         NORMAL    RECORD    YEAR
 MAXIMUM TEMPERATURE (F)   53        88      1950
 MINIMUM TEMPERATURE (F)   31         7      1925


SUNRISE AND SUNSET
OCTOBER 30 2014.......SUNRISE   800 AM CDT   SUNSET   621 PM CDT
OCTOBER 31 2014.......SUNRISE   801 AM CDT   SUNSET   619 PM CDT


-  INDICATES NEGATIVE NUMBERS.
R  INDICATES RECORD WAS SET OR TIED.
MM INDICATES DATA IS MISSING.
T  INDICATES TRACE AMOUNT.




$$
