784
CDUS43 KFSD 222226
CLIFSD


CLIMATE REPORT
NATIONAL WEATHER SERVICE SIOUX FALLS SD
525 PM CDT MON MAY 22 2017


...................................

...THE SIOUX FALLS SD CLIMATE SUMMARY FOR MAY 22 2017...
VALID TODAY AS OF 0500 PM LOCAL TIME.

CLIMATE NORMAL PERIOD 1981 TO 2010
CLIMATE RECORD PERIOD 1893 TO 2017


WEATHER ITEM   OBSERVED TIME   RECORD YEAR NORMAL DEPARTURE LAST
                VALUE   (LST)  VALUE       VALUE  FROM      YEAR
                                                  NORMAL
..................................................................
TEMPERATURE (F)
 TODAY
  MAXIMUM         65   1232 PM  92    1964  72     -7       82
  MINIMUM         48    547 AM  27    1963  48      0       56
  AVERAGE         57                        60     -3       69

PRECIPITATION (IN)
  TODAY            0.00          3.50 1898   0.11  -0.11     0.00
  MONTH TO DATE    3.11                      2.36   0.75     0.65
  SINCE MAR 1      6.52                      7.13  -0.61     7.36
  SINCE JAN 1      7.63                      8.29  -0.66     9.04

SNOWFALL (IN)
  TODAY            0.0          MM      MM   0.0    0.0      0.0
  MONTH TO DATE    2.2                       0.4    1.8      0.0
  SINCE MAR 1     11.5                      13.4   -1.9     12.2
  SINCE JUL 1     42.9                      44.9   -2.0     68.5
  SNOW DEPTH       0

DEGREE DAYS
 HEATING
  TODAY            8                         6      2        0
  MONTH TO DATE  186                       202    -16      211
  SINCE MAR 1   1570                      1759   -189     1457
  SINCE JUL 1   6376                      7609  -1233     6493

 COOLING
  TODAY            0                         1     -1        4
  MONTH TO DATE   25                        18      7       10
  SINCE MAR 1     26                        23      3       10
  SINCE JAN 1     26                        23      3       10
..................................................................


WIND (MPH)
  HIGHEST WIND SPEED    20   HIGHEST WIND DIRECTION    NW (310)
  HIGHEST GUST SPEED    24   HIGHEST GUST DIRECTION    NW (310)
  AVERAGE WIND SPEED     8.2


SKY COVER
  POSSIBLE SUNSHINE  MM
  AVERAGE SKY COVER 0.6


WEATHER CONDITIONS
 THE FOLLOWING WEATHER WAS RECORDED TODAY.
  NO SIGNIFICANT WEATHER WAS OBSERVED.


RELATIVE HUMIDITY (PERCENT)
 HIGHEST    86           500 AM
 LOWEST     60           900 AM
 AVERAGE    73

..........................................................


THE SIOUX FALLS SD CLIMATE NORMALS FOR TOMORROW
                         NORMAL    RECORD    YEAR
 MAXIMUM TEMPERATURE (F)   72        94      1950
 MINIMUM TEMPERATURE (F)   49        33      1893


SUNRISE AND SUNSET
MAY 22 2017...........SUNRISE   555 AM CDT   SUNSET   853 PM CDT
MAY 23 2017...........SUNRISE   554 AM CDT   SUNSET   854 PM CDT


-  INDICATES NEGATIVE NUMBERS.
R  INDICATES RECORD WAS SET OR TIED.
MM INDICATES DATA IS MISSING.
T  INDICATES TRACE AMOUNT.




$$
