000
CDUS43 KFSD 200636
CLIFSD


CLIMATE REPORT
NATIONAL WEATHER SERVICE SIOUX FALLS SD
131 AM CDT WED SEP 20 2017


...................................

...THE SIOUX FALLS SD CLIMATE SUMMARY FOR SEPTEMBER 19 2017...

CLIMATE NORMAL PERIOD 1981 TO 2010
CLIMATE RECORD PERIOD 1893 TO 2017


WEATHER ITEM   OBSERVED TIME   RECORD YEAR NORMAL DEPARTURE LAST
                VALUE   (LST)  VALUE       VALUE  FROM      YEAR
                                                  NORMAL
..................................................................
TEMPERATURE (F)
 YESTERDAY
  MAXIMUM         82    247 PM 100    1895  72     10       83
  MINIMUM         59   1056 PM  27    1991  48     11       54
  AVERAGE         71                        60     11       69

PRECIPITATION (IN)
  YESTERDAY        0.40          1.90 1923   0.09   0.31     0.00
  MONTH TO DATE    0.60                      1.79  -1.19     6.32
  SINCE SEP 1      0.60                      1.79  -1.19     6.32
  SINCE JAN 1     18.19                     21.18  -2.99    24.18

SNOWFALL (IN)
  YESTERDAY        0.0           0.0    MM   0.0    0.0      0.0
  MONTH TO DATE    0.0                       0.0    0.0      0.0
  SINCE SEP 1      0.0                       0.0    0.0      0.0
  SINCE JUL 1      0.0                       0.0    0.0      0.0
  SNOW DEPTH       0

DEGREE DAYS
 HEATING
  YESTERDAY        0                         7     -7        0
  MONTH TO DATE   41                        76    -35       25
  SINCE SEP 1     41                        76    -35       25
  SINCE JUL 1     47                       107    -60       33

 COOLING
  YESTERDAY        6                         1      5        4
  MONTH TO DATE   74                        52     22       56
  SINCE SEP 1     74                        52     22       56
  SINCE JAN 1    748                       677     71      836
..................................................................


WIND (MPH)
  HIGHEST WIND SPEED    41   HIGHEST WIND DIRECTION    NW (310)
  HIGHEST GUST SPEED    59   HIGHEST GUST DIRECTION     W (270)
  AVERAGE WIND SPEED    16.1


SKY COVER
  POSSIBLE SUNSHINE  MM
  AVERAGE SKY COVER 0.9


WEATHER CONDITIONS
 THE FOLLOWING WEATHER WAS RECORDED YESTERDAY.
  THUNDERSTORM
  HEAVY RAIN
  RAIN
  LIGHT RAIN
  FOG


RELATIVE HUMIDITY (PERCENT)
 HIGHEST   100           300 AM
 LOWEST     69           200 PM
 AVERAGE    85

..........................................................


THE SIOUX FALLS SD CLIMATE NORMALS FOR TODAY
                         NORMAL    RECORD    YEAR
 MAXIMUM TEMPERATURE (F)   72        93      1910
 MINIMUM TEMPERATURE (F)   47        25      1918


SUNRISE AND SUNSET
SEPTEMBER 20 2017.....SUNRISE   712 AM CDT   SUNSET   727 PM CDT
SEPTEMBER 21 2017.....SUNRISE   713 AM CDT   SUNSET   726 PM CDT


-  INDICATES NEGATIVE NUMBERS.
R  INDICATES RECORD WAS SET OR TIED.
MM INDICATES DATA IS MISSING.
T  INDICATES TRACE AMOUNT.




$$
