000
CDUS43 KFSD 300624
CLIFSD


CLIMATE REPORT
NATIONAL WEATHER SERVICE SIOUX FALLS SD
124 AM CDT SUN AUG 30 2015


...................................

...THE SIOUX FALLS SD CLIMATE SUMMARY FOR AUGUST 29 2015...

CLIMATE NORMAL PERIOD 1981 TO 2010
CLIMATE RECORD PERIOD 1893 TO 2015


WEATHER ITEM   OBSERVED TIME   RECORD YEAR NORMAL DEPARTURE LAST
                VALUE   (LST)  VALUE       VALUE  FROM      YEAR
                                                  NORMAL
..................................................................
TEMPERATURE (F)
 YESTERDAY
  MAXIMUM         75    326 PM 100    2012  80     -5       76
  MINIMUM         51    610 AM  34    1893  57     -6       65
  AVERAGE         63                        68     -5       71

PRECIPITATION (IN)
  YESTERDAY        0.00          2.91 1942   0.10  -0.10     0.55
  MONTH TO DATE    6.57                      2.84   3.73     4.95
  SINCE JUN 1     15.05                      9.85   5.20    19.45
  SINCE JAN 1     21.60                     19.18   2.42    24.43

SNOWFALL (IN)
  YESTERDAY        0.0           0.0    MM   0.0    0.0      0.0
  MONTH TO DATE    0.0                       0.0    0.0      0.0
  SINCE JUN 1      0.0                       0.0    0.0       T
  SINCE JUL 1      0.0                       0.0    0.0       T
  SNOW DEPTH       0

DEGREE DAYS
 HEATING
  YESTERDAY        2                         2      0        0
  MONTH TO DATE   34                        17     17        3
  SINCE JUN 1     49                        76    -27       50
  SINCE JUL 1     40                        25     15       18

 COOLING
  YESTERDAY        0                         5     -5        6
  MONTH TO DATE  165                       190    -25      180
  SINCE JUN 1    540                       581    -41      488
  SINCE JAN 1    562                       617    -55      541
..................................................................


WIND (MPH)
  HIGHEST WIND SPEED    14   HIGHEST WIND DIRECTION     S (160)
  HIGHEST GUST SPEED    18   HIGHEST GUST DIRECTION     S (170)
  AVERAGE WIND SPEED     5.5


SKY COVER
  POSSIBLE SUNSHINE  MM
  AVERAGE SKY COVER 0.4


WEATHER CONDITIONS
 THE FOLLOWING WEATHER WAS RECORDED YESTERDAY.
  FOG


RELATIVE HUMIDITY (PERCENT)
 HIGHEST   100          1200 AM
 LOWEST     68           400 PM
 AVERAGE    84

..........................................................


THE SIOUX FALLS SD CLIMATE NORMALS FOR TODAY
                         NORMAL    RECORD    YEAR
 MAXIMUM TEMPERATURE (F)   79       104      2012
 MINIMUM TEMPERATURE (F)   57        37      1893


SUNRISE AND SUNSET
AUGUST 30 2015........SUNRISE   648 AM CDT   SUNSET   806 PM CDT
AUGUST 31 2015........SUNRISE   649 AM CDT   SUNSET   804 PM CDT


-  INDICATES NEGATIVE NUMBERS.
R  INDICATES RECORD WAS SET OR TIED.
MM INDICATES DATA IS MISSING.
T  INDICATES TRACE AMOUNT.




$$
