000
CDUS43 KFSD 090643
CLIFSD


CLIMATE REPORT
NATIONAL WEATHER SERVICE SIOUX FALLS SD
1243 AM CST FRI DEC 9 2016


...................................

...THE SIOUX FALLS SD CLIMATE SUMMARY FOR DECEMBER 8 2016...

CLIMATE NORMAL PERIOD 1981 TO 2010
CLIMATE RECORD PERIOD 1893 TO 2016


WEATHER ITEM   OBSERVED TIME   RECORD YEAR NORMAL DEPARTURE LAST
                VALUE   (LST)  VALUE       VALUE  FROM      YEAR
                                                  NORMAL
..................................................................
TEMPERATURE (F)
 YESTERDAY
  MAXIMUM         20    326 PM  60    1970  30    -10       45
  MINIMUM          4   1159 PM -22    1927  12     -8       26
  AVERAGE         12                        21     -9       36

PRECIPITATION (IN)
  YESTERDAY        T             0.61 1963   0.02  -0.02      T
  MONTH TO DATE    T                         0.22  -0.22     0.05
  SINCE DEC 1      T                         0.22  -0.22     0.05
  SINCE JAN 1     30.31                     25.91   4.40    31.68

SNOWFALL (IN)
  YESTERDAY        T             8.0  1963   0.3   -0.3      0.0
  MONTH TO DATE    T                         2.2   -2.2      0.9
  SINCE DEC 1      T                         2.2   -2.2      0.9
  SINCE JUL 1      6.0                      10.9   -4.9     18.2
  SNOW DEPTH       0

DEGREE DAYS
 HEATING
  YESTERDAY       53                        44      9       29
  MONTH TO DATE  310                       341    -31      289
  SINCE DEC 1    310                       341    -31      289
  SINCE JUL 1   1445                      2053   -608     1563

 COOLING
  YESTERDAY        0                         0      0        0
  MONTH TO DATE    0                         0      0        0
  SINCE DEC 1      0                         0      0        0
  SINCE JAN 1    879                       690    189      715
..................................................................


WIND (MPH)
  HIGHEST WIND SPEED    26   HIGHEST WIND DIRECTION    NW (310)
  HIGHEST GUST SPEED    34   HIGHEST GUST DIRECTION    NW (310)
  AVERAGE WIND SPEED    16.2


SKY COVER
  POSSIBLE SUNSHINE  MM
  AVERAGE SKY COVER 0.3


WEATHER CONDITIONS
 THE FOLLOWING WEATHER WAS RECORDED YESTERDAY.
  SNOW


RELATIVE HUMIDITY (PERCENT)
 HIGHEST    88           800 AM
 LOWEST     62           300 PM
 AVERAGE    75

..........................................................


THE SIOUX FALLS SD CLIMATE NORMALS FOR TODAY
                         NORMAL    RECORD    YEAR
 MAXIMUM TEMPERATURE (F)   30        61      1957
 MINIMUM TEMPERATURE (F)   11       -19      1958
                                             1917


SUNRISE AND SUNSET
DECEMBER  9 2016......SUNRISE   749 AM CST   SUNSET   450 PM CST
DECEMBER 10 2016......SUNRISE   750 AM CST   SUNSET   450 PM CST


-  INDICATES NEGATIVE NUMBERS.
R  INDICATES RECORD WAS SET OR TIED.
MM INDICATES DATA IS MISSING.
T  INDICATES TRACE AMOUNT.




$$
