000
CDUS44 KTSA 312119
CLIFSM

CLIMATE REPORT
NATIONAL WEATHER SERVICE TULSA OK
418 PM CDT TUE MAY 31 2016


...................................

...THE FORT SMITH ARKANSAS CLIMATE SUMMARY FOR MAY 31 2016...
VALID TODAY AS OF 0400 PM LOCAL TIME.

CLIMATE NORMAL PERIOD 1981 TO 2010
CLIMATE RECORD PERIOD 1882 TO 2016


WEATHER ITEM   OBSERVED TIME   RECORD YEAR NORMAL DEPARTURE LAST
                VALUE   (LST)  VALUE       VALUE  FROM      YEAR
                                                  NORMAL
..................................................................
TEMPERATURE (F)
 TODAY
  MAXIMUM         81   1148 AM  99    1934  84     -3       74
  MINIMUM         65    613 AM  42    1889  64      1       64
  AVERAGE         73                        74     -1       69

PRECIPITATION (IN)
  TODAY            0.01          2.25 1890   0.17  -0.16     0.00
  MONTH TO DATE    3.70                      5.47  -1.77    19.85
  SINCE MAR 1     15.06                     13.62   1.44    28.64
  SINCE JAN 1     17.21                     19.19  -1.98    33.25

DEGREE DAYS
 COOLING
  TODAY            8                         9     -1        4
  MONTH TO DATE  136                       178    -42      172
  SINCE MAR 1    184                       243    -59      240
  SINCE JAN 1    185                       244    -59      240
..................................................................


WIND (MPH)
  HIGHEST WIND SPEED    10   HIGHEST WIND DIRECTION     E (70)
  HIGHEST GUST SPEED    13   HIGHEST GUST DIRECTION    NE (40)
  AVERAGE WIND SPEED     5.2


SKY COVER
  POSSIBLE SUNSHINE  MM
  AVERAGE SKY COVER 0.1


WEATHER CONDITIONS
 THE FOLLOWING WEATHER WAS RECORDED TODAY.
  LIGHT RAIN


RELATIVE HUMIDITY (PERCENT)
 HIGHEST    93           300 AM
 LOWEST     62          1100 AM
 AVERAGE    78

..........................................................


THE FORT SMITH ARKANSAS CLIMATE NORMALS FOR TOMORROW
                         NORMAL    RECORD    YEAR
 MAXIMUM TEMPERATURE (F)   84        98      1951
                                             1934
 MINIMUM TEMPERATURE (F)   64        47      1972


SUNRISE AND SUNSET
MAY 31 2016...........SUNRISE   604 AM CDT   SUNSET   827 PM CDT
JUNE  1 2016..........SUNRISE   604 AM CDT   SUNSET   827 PM CDT


-  INDICATES NEGATIVE NUMBERS.
R  INDICATES RECORD WAS SET OR TIED.
MM INDICATES DATA IS MISSING.
T  INDICATES TRACE AMOUNT.




$$

&&
...........................................................

THE ARKANSAS RIVER AT VAN BUREN

                   OBSERVED      24 HOUR     24 HOUR
                    VALUE        CHANGE      FORECAST

 STAGE (FEET)
  THIS AFTERNOON     19.8         -0.1

MEAN FLOW (CFS)
  TODAY                                        -99
...........................................................
ALL DATA MEASURED AT THE FORT SMITH REGIONAL AIRPORT
