000
CDUS44 KTSA 242234 RRA
CLIFSM

CLIMATE REPORT
NATIONAL WEATHER SERVICE TULSA OK
418 PM CST FRI NOV 24 2017


...................................

...THE FORT SMITH ARKANSAS CLIMATE SUMMARY FOR NOVEMBER 24 2017...
VALID TODAY AS OF 0400 PM LOCAL TIME.

CLIMATE NORMAL PERIOD 1981 TO 2010
CLIMATE RECORD PERIOD 1882 TO 2017


WEATHER ITEM   OBSERVED TIME   RECORD YEAR NORMAL DEPARTURE LAST
                VALUE   (LST)  VALUE       VALUE  FROM      YEAR
                                                  NORMAL
..................................................................
TEMPERATURE (F)
 TODAY
  MAXIMUM         75    259 PM  80    2010  59     16       61
                                      1965
  MINIMUM         36    659 AM  15    1970  37     -1       34
  AVERAGE         56                        48      8       48

PRECIPITATION (IN)
  TODAY            0.00          6.81 1973   0.14  -0.14     0.00
  MONTH TO DATE    0.26                      3.59  -3.33     0.50
  SINCE SEP 1      3.55                     11.96  -8.41     2.67
  SINCE JAN 1     45.66                     41.32   4.34    29.32

SNOWFALL (IN)
  TODAY            0.0                                       0.0
  MONTH TO DATE    0.0                                       0.0
  SINCE SEP 1      0.0                                       0.0
  SINCE JUL 1      0.0                                       0.0

DEGREE DAYS
 HEATING
  TODAY            9                        17     -8       17
  MONTH TO DATE  251                       300    -49      169
  SINCE SEP 1    386                       454    -68      193
  SINCE JUL 1    386                       454    -68      193
..................................................................


WIND (MPH)
  HIGHEST WIND SPEED    15   HIGHEST WIND DIRECTION    SW (210)
  HIGHEST GUST SPEED    18   HIGHEST GUST DIRECTION    SW (210)
  AVERAGE WIND SPEED     4.8


SKY COVER
  POSSIBLE SUNSHINE  MM
  AVERAGE SKY COVER 0.0


WEATHER CONDITIONS
 THE FOLLOWING WEATHER WAS RECORDED TODAY.
  NO SIGNIFICANT WEATHER WAS OBSERVED.


RELATIVE HUMIDITY (PERCENT)
 HIGHEST    92           700 AM
 LOWEST     21           300 PM
 AVERAGE    57

..........................................................


THE FORT SMITH ARKANSAS CLIMATE NORMALS FOR TOMORROW
                         NORMAL    RECORD    YEAR
 MAXIMUM TEMPERATURE (F)   58        81      1965
 MINIMUM TEMPERATURE (F)   37        17      1950


SUNRISE AND SUNSET
NOVEMBER 24 2017......SUNRISE   702 AM CST   SUNSET   507 PM CST
NOVEMBER 25 2017......SUNRISE   703 AM CST   SUNSET   506 PM CST


-  INDICATES NEGATIVE NUMBERS.
R  INDICATES RECORD WAS SET OR TIED.
MM INDICATES DATA IS MISSING.
T  INDICATES TRACE AMOUNT.




$$

&&
...........................................................

THE ARKANSAS RIVER AT VAN BUREN

                   OBSERVED      24 HOUR     24 HOUR
                    VALUE        CHANGE      FORECAST

 STAGE (FEET)
  THIS AFTERNOON     19.5         -0.1

 MEAN FLOW (CFS)
  TODAY                                        478
...........................................................
ALL DATA MEASURED AT THE FORT SMITH REGIONAL AIRPORT
