000
CDUS44 KTSA 272221
CLIFSM

CLIMATE REPORT
NATIONAL WEATHER SERVICE TULSA OK
418 PM CST THU NOV 27 2014


...................................

...THE FORT SMITH ARKANSAS CLIMATE SUMMARY FOR NOVEMBER 27 2014...
VALID TODAY AS OF 0400 PM LOCAL TIME.

CLIMATE NORMAL PERIOD 1981 TO 2010
CLIMATE RECORD PERIOD 1882 TO 2014


WEATHER ITEM   OBSERVED TIME   RECORD YEAR NORMAL DEPARTURE LAST
                VALUE   (LST)  VALUE       VALUE  FROM      YEAR
                                                  NORMAL
..................................................................
TEMPERATURE (F)
 TODAY
  MAXIMUM         49    243 PM  81    1964  57     -8       43
  MINIMUM         29    657 AM  13    1975  36     -7       24
  AVERAGE         39                        47     -8       34

PRECIPITATION (IN)
  TODAY            0.00          1.02 1918   0.14  -0.14     0.00
  MONTH TO DATE    1.58                      4.01  -2.43     2.40
  SINCE SEP 1     16.38                     12.38   4.00     8.08
  SINCE JAN 1     39.83                     41.74  -1.91    42.95

SNOWFALL (IN)
  TODAY            0.0                                       0.0
  MONTH TO DATE    T                                          T
  SINCE SEP 1      T                                          T
  SINCE JUL 1      T                                          T

DEGREE DAYS
 HEATING
  TODAY           26                        18      8       31
  MONTH TO DATE  519                       354    165      386
  SINCE SEP 1    594                       508     86      521
  SINCE JUL 1    594                       508     86      521
..................................................................


WIND (MPH)
  HIGHEST WIND SPEED    15   HIGHEST WIND DIRECTION    NW (330)
  HIGHEST GUST SPEED    19   HIGHEST GUST DIRECTION     N (350)
  AVERAGE WIND SPEED     6.8


SKY COVER
  POSSIBLE SUNSHINE  MM
  AVERAGE SKY COVER 0.0


WEATHER CONDITIONS
 THE FOLLOWING WEATHER WAS RECORDED TODAY.
  NO SIGNIFICANT WEATHER WAS OBSERVED.


RELATIVE HUMIDITY (PERCENT)
 HIGHEST    85           700 AM
 LOWEST     33           400 PM
 AVERAGE    59

..........................................................


THE FORT SMITH ARKANSAS CLIMATE NORMALS FOR TOMORROW
                         NORMAL    RECORD    YEAR
 MAXIMUM TEMPERATURE (F)   57        79      1905
 MINIMUM TEMPERATURE (F)   36        11      1976


SUNRISE AND SUNSET
NOVEMBER 27 2014......SUNRISE   704 AM CST   SUNSET   506 PM CST
NOVEMBER 28 2014......SUNRISE   705 AM CST   SUNSET   506 PM CST


-  INDICATES NEGATIVE NUMBERS.
R  INDICATES RECORD WAS SET OR TIED.
MM INDICATES DATA IS MISSING.
T  INDICATES TRACE AMOUNT.




$$

&&
...........................................................

THE ARKANSAS RIVER AT VAN BUREN

                   OBSERVED      24 HOUR     24 HOUR
                    VALUE        CHANGE      FORECAST

 STAGE (FEET)
  THIS AFTERNOON     19.3         -0.1

MEAN FLOW (CFS)
  TODAY                                        5000
...........................................................
ALL DATA MEASURED AT THE FORT SMITH REGIONAL AIRPORT
