000
CDUS44 KTSA 160806
CLIFSM

CLIMATE REPORT
NATIONAL WEATHER SERVICE TULSA OK
302 AM CDT TUE SEP 16 2014


...................................

...THE FORT SMITH ARKANSAS CLIMATE SUMMARY FOR SEPTEMBER 15 2014...

CLIMATE NORMAL PERIOD 1981 TO 2010
CLIMATE RECORD PERIOD 1882 TO 2014


WEATHER ITEM   OBSERVED TIME   RECORD YEAR NORMAL DEPARTURE LAST
                VALUE   (LST)  VALUE       VALUE  FROM      YEAR
                                                  NORMAL
..................................................................
TEMPERATURE (F)
 YESTERDAY
  MAXIMUM         79    217 PM 101    1939  86     -7       93
  MINIMUM         65    734 AM  46    1902  63      2       61
  AVERAGE         72                        74     -2       77

PRECIPITATION (IN)
  YESTERDAY        0.03          3.10 1925   0.14  -0.11     0.00
  MONTH TO DATE    5.18                      1.94   3.24     0.14
  SINCE SEP 1      5.18                      1.94   3.24     0.14
  SINCE JAN 1     28.63                     31.30  -2.67    35.01

DEGREE DAYS
 HEATING
  YESTERDAY        0                         0      0        0
  MONTH TO DATE    4                         0      4        0
  SINCE SEP 1      4                         0      4        0
  SINCE JUL 1      4                         0      4        0

 COOLING
  YESTERDAY        7                         9     -2       12
  MONTH TO DATE  176                       178     -2      258
  SINCE SEP 1    176                       178     -2      258
  SINCE JAN 1   1839                      1873    -34     2061
..................................................................


WIND (MPH)
  HIGHEST WIND SPEED     9   HIGHEST WIND DIRECTION     E (70)
  HIGHEST GUST SPEED    11   HIGHEST GUST DIRECTION    NE (60)
  AVERAGE WIND SPEED     3.0


SKY COVER
  POSSIBLE SUNSHINE  MM
  AVERAGE SKY COVER 0.5


WEATHER CONDITIONS
 THE FOLLOWING WEATHER WAS RECORDED YESTERDAY.
  LIGHT RAIN
  FOG
  FOG W/VISIBILITY <= 1/4 MILE


RELATIVE HUMIDITY (PERCENT)
 HIGHEST    97          1000 PM
 LOWEST     67           300 PM
 AVERAGE    82

..........................................................


THE FORT SMITH ARKANSAS CLIMATE NORMALS FOR TODAY
                         NORMAL    RECORD    YEAR
 MAXIMUM TEMPERATURE (F)   85       101      1980
                                             1956
 MINIMUM TEMPERATURE (F)   62        44      1979
                                             1961


SUNRISE AND SUNSET
SEPTEMBER 16 2014.....SUNRISE   701 AM CDT   SUNSET   723 PM CDT
SEPTEMBER 17 2014.....SUNRISE   702 AM CDT   SUNSET   721 PM CDT


-  INDICATES NEGATIVE NUMBERS.
R  INDICATES RECORD WAS SET OR TIED.
MM INDICATES DATA IS MISSING.
T  INDICATES TRACE AMOUNT.




$$

&&
...........................................................

THE ARKANSAS RIVER AT VAN BUREN

                   OBSERVED      24 HOUR     24 HOUR
                    VALUE        CHANGE      FORECAST

 STAGE (FEET)
  THIS MORNING       19.4         -0.0

MEAN FLOW (CFS)
  TODAY                                        5500
...........................................................
ALL DATA MEASURED AT THE FORT SMITH REGIONAL AIRPORT
