000
CDUS44 KTSA 272237
CLIFSM

CLIMATE REPORT
NATIONAL WEATHER SERVICE TULSA OK
425 PM CST TUE JAN 27 2015


...................................

...THE FORT SMITH ARKANSAS CLIMATE SUMMARY FOR JANUARY 27 2015...
VALID TODAY AS OF 0400 PM LOCAL TIME.

CLIMATE NORMAL PERIOD 1981 TO 2010
CLIMATE RECORD PERIOD 1882 TO 2015


WEATHER ITEM   OBSERVED TIME   RECORD YEAR NORMAL DEPARTURE LAST
                VALUE   (LST)  VALUE       VALUE  FROM      YEAR
                                                  NORMAL
..................................................................
TEMPERATURE (F)
 TODAY
  MAXIMUM         71    253 PM  78    1914  51     20       53
                                      1911
  MINIMUM         34    334 AM   6    1963  29      5       23
  AVERAGE         53                        40     13       38

PRECIPITATION (IN)
  TODAY            0.00          2.51 2009   0.10  -0.10     0.00
  MONTH TO DATE    2.16                      2.43  -0.27     0.79
  SINCE DEC 1      4.47                      5.72  -1.25     4.89
  SINCE JAN 1      2.16                      2.43  -0.27     0.79

SNOWFALL (IN)
  TODAY            0.0                                       0.0
  MONTH TO DATE    T                                          T
  SINCE DEC 1      T                                         5.0
  SINCE JUL 1      T                                         5.0

DEGREE DAYS
 HEATING
  TODAY           12                        25    -13       27
  MONTH TO DATE  707                       695     12      731
  SINCE DEC 1   1366                      1429    -63     1528
  SINCE JUL 1   1985                      1994     -9     2118
..................................................................


WIND (MPH)
  HIGHEST WIND SPEED     9   HIGHEST WIND DIRECTION     W (260)
  HIGHEST GUST SPEED    10   HIGHEST GUST DIRECTION    SW (230)
  AVERAGE WIND SPEED     4.2


SKY COVER
  POSSIBLE SUNSHINE  MM
  AVERAGE SKY COVER 0.0


WEATHER CONDITIONS
 THE FOLLOWING WEATHER WAS RECORDED TODAY.
  NO SIGNIFICANT WEATHER WAS OBSERVED.


RELATIVE HUMIDITY (PERCENT)
 HIGHEST    79           300 AM
 LOWEST     14           400 PM
 AVERAGE    47

..........................................................


THE FORT SMITH ARKANSAS CLIMATE NORMALS FOR TOMORROW
                         NORMAL    RECORD    YEAR
 MAXIMUM TEMPERATURE (F)   51        79      1970
 MINIMUM TEMPERATURE (F)   30         8      1979


SUNRISE AND SUNSET
JANUARY 27 2015.......SUNRISE   720 AM CST   SUNSET   540 PM CST
JANUARY 28 2015.......SUNRISE   720 AM CST   SUNSET   541 PM CST


-  INDICATES NEGATIVE NUMBERS.
R  INDICATES RECORD WAS SET OR TIED.
MM INDICATES DATA IS MISSING.
T  INDICATES TRACE AMOUNT.




$$

&&
...........................................................

THE ARKANSAS RIVER AT VAN BUREN

                   OBSERVED      24 HOUR     24 HOUR
                    VALUE        CHANGE      FORECAST

 STAGE (FEET)
  THIS AFTERNOON     19.5         +0.1

MEAN FLOW (CFS)
  TODAY                                        8600
...........................................................
ALL DATA MEASURED AT THE FORT SMITH REGIONAL AIRPORT
