000
CDUS44 KTSA 280805
CLIFSM

CLIMATE REPORT
NATIONAL WEATHER SERVICE TULSA OK
305 AM CDT WED SEP 28 2016

...................................

...THE FORT SMITH ARKANSAS CLIMATE SUMMARY FOR SEPTEMBER 27 2016...

CLIMATE NORMAL PERIOD 1981 TO 2010
CLIMATE RECORD PERIOD 1882 TO 2016


WEATHER ITEM   OBSERVED TIME   RECORD YEAR NORMAL DEPARTURE LAST
                VALUE   (LST)  VALUE       VALUE  FROM      YEAR
                                                  NORMAL
..................................................................
TEMPERATURE (F)
 YESTERDAY
  MAXIMUM         83    318 PM  98    1954  81      2       86
                                      1938
  MINIMUM         50    600 AM  38    1942  57     -7       62
  AVERAGE         67                        69     -2       74

PRECIPITATION (IN)
  YESTERDAY        0.00          2.64 1927   0.14  -0.14     0.00
  MONTH TO DATE    1.79                      3.64  -1.85     2.57
  SINCE SEP 1      1.79                      3.64  -1.85     2.57
  SINCE JAN 1     28.44                     33.00  -4.56    52.17

DEGREE DAYS
 HEATING
  YESTERDAY        0                         2     -2        0
  MONTH TO DATE    0                        11    -11        0
  SINCE SEP 1      0                        11    -11        0
  SINCE JUL 1      0                        11    -11        0

 COOLING
  YESTERDAY        2                         6     -4        9
  MONTH TO DATE  373                       266    107      326
  SINCE SEP 1    373                       266    107      326
  SINCE JAN 1   2224                      1961    263     2141
..................................................................


WIND (MPH)
  HIGHEST WIND SPEED     8   HIGHEST WIND DIRECTION     W (250)
  HIGHEST GUST SPEED    10   HIGHEST GUST DIRECTION     N (10)
  AVERAGE WIND SPEED     1.7


SKY COVER
  POSSIBLE SUNSHINE  MM
  AVERAGE SKY COVER 0.0


WEATHER CONDITIONS
 THE FOLLOWING WEATHER WAS RECORDED YESTERDAY.
  HAZE


RELATIVE HUMIDITY (PERCENT)
 HIGHEST    89           500 AM
 LOWEST     20           300 PM
 AVERAGE    55

..........................................................


THE FORT SMITH ARKANSAS CLIMATE NORMALS FOR TODAY
                         NORMAL    RECORD    YEAR
 MAXIMUM TEMPERATURE (F)   81       104      1953
 MINIMUM TEMPERATURE (F)   57        39      1967


SUNRISE AND SUNSET
SEPTEMBER 28 2016.....SUNRISE   710 AM CDT   SUNSET   705 PM CDT
SEPTEMBER 29 2016.....SUNRISE   711 AM CDT   SUNSET   703 PM CDT


-  INDICATES NEGATIVE NUMBERS.
R  INDICATES RECORD WAS SET OR TIED.
MM INDICATES DATA IS MISSING.
T  INDICATES TRACE AMOUNT.




$$

&&
...........................................................

THE ARKANSAS RIVER AT VAN BUREN

                   OBSERVED      24 HOUR     24 HOUR
                    VALUE        CHANGE      FORECAST

 STAGE (FEET)
  THIS MORNING       19.6         -0.1

MEAN FLOW (CFS)
  TODAY                                        -99
...........................................................
ALL DATA MEASURED AT THE FORT SMITH REGIONAL AIRPORT
