000
CDUS44 KTSA 022119
CLIFSM

CLIMATE REPORT
NATIONAL WEATHER SERVICE TULSA OK
418 PM CDT TUE SEP 2 2014


...................................

...THE FORT SMITH ARKANSAS CLIMATE SUMMARY FOR SEPTEMBER 2 2014...
VALID TODAY AS OF 0400 PM LOCAL TIME.

CLIMATE NORMAL PERIOD 1981 TO 2010
CLIMATE RECORD PERIOD 1882 TO 2014


WEATHER ITEM   OBSERVED TIME   RECORD YEAR NORMAL DEPARTURE LAST
                VALUE   (LST)  VALUE       VALUE  FROM      YEAR
                                                  NORMAL
..................................................................
TEMPERATURE (F)
 TODAY
  MAXIMUM         79    720 AM 109    2000  91    -12       96
  MINIMUM         69   1046 AM  51    1882  68      1       75
  AVERAGE         74                        79     -5       86

PRECIPITATION (IN)
  TODAY            1.21          2.70 1974   0.12   1.09     0.00
  MONTH TO DATE    1.21                      0.23   0.98      T
  SINCE SEP 1      1.21                      0.23   0.98      T
  SINCE JAN 1     24.66                     29.59  -4.93    34.87

DEGREE DAYS
 HEATING
  TODAY            0                         0      0        0
  MONTH TO DATE    0                         0      0        0
  SINCE SEP 1      0                         0      0        0
  SINCE JUL 1      0                         0      0        0

 COOLING
  TODAY            9                        14     -5       21
  MONTH TO DATE   29                        28      1       44
  SINCE SEP 1     29                        28      1       44
  SINCE JAN 1   1692                      1723    -31     1847
..................................................................


WIND (MPH)
  HIGHEST WIND SPEED    30   HIGHEST WIND DIRECTION     N (20)
  HIGHEST GUST SPEED    35   HIGHEST GUST DIRECTION     N (20)
  AVERAGE WIND SPEED     5.1


SKY COVER
  POSSIBLE SUNSHINE  MM
  AVERAGE SKY COVER 0.6


WEATHER CONDITIONS
 THE FOLLOWING WEATHER WAS RECORDED TODAY.
  HEAVY RAIN
  RAIN
  LIGHT RAIN
  FOG


RELATIVE HUMIDITY (PERCENT)
 HIGHEST    97           100 PM
 LOWEST     74           300 PM
 AVERAGE    86

..........................................................


THE FORT SMITH ARKANSAS CLIMATE NORMALS FOR TOMORROW
                         NORMAL    RECORD    YEAR
 MAXIMUM TEMPERATURE (F)   90       109      2000
 MINIMUM TEMPERATURE (F)   67        50      1952


SUNRISE AND SUNSET
SEPTEMBER  2 2014.....SUNRISE   651 AM CDT   SUNSET   743 PM CDT
SEPTEMBER  3 2014.....SUNRISE   651 AM CDT   SUNSET   742 PM CDT


-  INDICATES NEGATIVE NUMBERS.
R  INDICATES RECORD WAS SET OR TIED.
MM INDICATES DATA IS MISSING.
T  INDICATES TRACE AMOUNT.




$$

&&
...........................................................

THE ARKANSAS RIVER AT VAN BUREN

                   OBSERVED      24 HOUR     24 HOUR
                    VALUE        CHANGE      FORECAST

 STAGE (FEET)
  THIS AFTERNOON     19.6         +0.1

MEAN FLOW (CFS)
  TODAY                                        4900
...........................................................
ALL DATA MEASURED AT THE FORT SMITH REGIONAL AIRPORT
