559
CDUS44 KTSA 122219
CLIFSM

CLIMATE REPORT
NATIONAL WEATHER SERVICE TULSA OK
418 PM CST FRI FEB 12 2016


...................................

...THE FORT SMITH ARKANSAS CLIMATE SUMMARY FOR FEBRUARY 12 2016...
VALID TODAY AS OF 0400 PM LOCAL TIME.

CLIMATE NORMAL PERIOD 1981 TO 2010
CLIMATE RECORD PERIOD 1882 TO 2016


WEATHER ITEM   OBSERVED TIME   RECORD YEAR NORMAL DEPARTURE LAST
                VALUE   (LST)  VALUE       VALUE  FROM      YEAR
                                                  NORMAL
..................................................................
TEMPERATURE (F)
 TODAY
  MAXIMUM         63    239 PM  86    1962  55      8       48
  MINIMUM         30    650 AM -15    1899  32     -2       31
  AVERAGE         47                        43      4       40

PRECIPITATION (IN)
  TODAY            0.00          2.28 1884   0.10  -0.10     0.00
  MONTH TO DATE    0.00                      1.15  -1.15     0.66
  SINCE DEC 1     11.20                      7.25   3.95     5.19
  SINCE JAN 1      0.39                      3.96  -3.57     2.88

SNOWFALL (IN)
  TODAY            0.0                                       0.0
  MONTH TO DATE    0.0                                       0.0
  SINCE DEC 1      T                                          T
  SINCE JUL 1      T                                          T

DEGREE DAYS
 HEATING
  TODAY           18                        22     -4       25
  MONTH TO DATE  245                       276    -31      253
  SINCE DEC 1   1477                      1802   -325     1687
  SINCE JUL 1   1834                      2367   -533     2306
..................................................................


WIND (MPH)
  HIGHEST WIND SPEED    15   HIGHEST WIND DIRECTION     N (340)
  HIGHEST GUST SPEED    19   HIGHEST GUST DIRECTION     N (340)
  AVERAGE WIND SPEED     5.8


SKY COVER
  POSSIBLE SUNSHINE  MM
  AVERAGE SKY COVER 0.0


WEATHER CONDITIONS
 THE FOLLOWING WEATHER WAS RECORDED TODAY.
  NO SIGNIFICANT WEATHER WAS OBSERVED.


RELATIVE HUMIDITY (PERCENT)
 HIGHEST    78           700 AM
 LOWEST     25           200 PM
 AVERAGE    52

..........................................................


THE FORT SMITH ARKANSAS CLIMATE NORMALS FOR TOMORROW
                         NORMAL    RECORD    YEAR
 MAXIMUM TEMPERATURE (F)   55        85      1962
 MINIMUM TEMPERATURE (F)   33        -8      1905


SUNRISE AND SUNSET
FEBRUARY 12 2016......SUNRISE   707 AM CST   SUNSET   556 PM CST
FEBRUARY 13 2016......SUNRISE   706 AM CST   SUNSET   557 PM CST


-  INDICATES NEGATIVE NUMBERS.
R  INDICATES RECORD WAS SET OR TIED.
MM INDICATES DATA IS MISSING.
T  INDICATES TRACE AMOUNT.




$$

&&
...........................................................

THE ARKANSAS RIVER AT VAN BUREN

                   OBSERVED      24 HOUR     24 HOUR
                    VALUE        CHANGE      FORECAST

 STAGE (FEET)
  THIS AFTERNOON     19.9         +0.1

MEAN FLOW (CFS)
  TODAY                                        17600
...........................................................
ALL DATA MEASURED AT THE FORT SMITH REGIONAL AIRPORT
