000
CDUS44 KTSA 030808
CLIFSM

CLIMATE REPORT
NATIONAL WEATHER SERVICE TULSA OK
147 AM CDT TUE MAY 3 2016


...................................

...THE FORT SMITH ARKANSAS CLIMATE SUMMARY FOR MAY 2 2016...

CLIMATE NORMAL PERIOD 1981 TO 2010
CLIMATE RECORD PERIOD 1882 TO 2016


WEATHER ITEM   OBSERVED TIME   RECORD YEAR NORMAL DEPARTURE LAST
                VALUE   (LST)  VALUE       VALUE  FROM      YEAR
                                                  NORMAL
..................................................................
TEMPERATURE (F)
 YESTERDAY
  MAXIMUM         67    104 PM  93    1943  78    -11       81
                                      1883
  MINIMUM         50   1159 PM  37    1989  55     -5       51
                                      1909
  AVERAGE         59                        66     -7       66

PRECIPITATION (IN)
  YESTERDAY        0.03          3.84 1990   0.17  -0.14     0.00
  MONTH TO DATE    0.03                      0.35  -0.32     0.00
  SINCE MAR 1     11.39                      8.50   2.89     8.79
  SINCE JAN 1     13.54                     14.07  -0.53    13.40

DEGREE DAYS
 COOLING
  YESTERDAY        0                         3     -3        1
  MONTH TO DATE    0                         6     -6        1
  SINCE MAR 1     48                        71    -23       69
  SINCE JAN 1     49                        72    -23       69
..................................................................


WIND (MPH)
  HIGHEST WIND SPEED    16   HIGHEST WIND DIRECTION    NW (310)
  HIGHEST GUST SPEED    21   HIGHEST GUST DIRECTION    NW (310)
  AVERAGE WIND SPEED     6.5


SKY COVER
  POSSIBLE SUNSHINE  MM
  AVERAGE SKY COVER 0.5


WEATHER CONDITIONS
 THE FOLLOWING WEATHER WAS RECORDED YESTERDAY.
  NO SIGNIFICANT WEATHER WAS OBSERVED.


RELATIVE HUMIDITY (PERCENT)
 HIGHEST    83           400 AM
 LOWEST     52           100 PM
 AVERAGE    68

..........................................................


THE FORT SMITH ARKANSAS CLIMATE NORMALS FOR TODAY
                         NORMAL    RECORD    YEAR
 MAXIMUM TEMPERATURE (F)   78        90      1955
                                             1952
 MINIMUM TEMPERATURE (F)   55        37      2013
                                             2011
                                             2005


SUNRISE AND SUNSET
MAY  3 2016...........SUNRISE   623 AM CDT   SUNSET   806 PM CDT
MAY  4 2016...........SUNRISE   622 AM CDT   SUNSET   806 PM CDT


-  INDICATES NEGATIVE NUMBERS.
R  INDICATES RECORD WAS SET OR TIED.
MM INDICATES DATA IS MISSING.
T  INDICATES TRACE AMOUNT.




$$

&&
...........................................................

THE ARKANSAS RIVER AT VAN BUREN

                   OBSERVED      24 HOUR     24 HOUR
                    VALUE        CHANGE      FORECAST

 STAGE (FEET)
  THIS MORNING       20.1         -0.1

MEAN FLOW (CFS)
  TODAY                                        84000
...........................................................
ALL DATA MEASURED AT THE FORT SMITH REGIONAL AIRPORT
