000
CDUS44 KTSA 210906
CLIFSM

CLIMATE REPORT
NATIONAL WEATHER SERVICE TULSA OK
1246 AM CST WED FEB 21 2018


...................................

...THE FORT SMITH ARKANSAS CLIMATE SUMMARY FOR FEBRUARY 20 2018...

CLIMATE NORMAL PERIOD 1981 TO 2010
CLIMATE RECORD PERIOD 1882 TO 2018


WEATHER ITEM   OBSERVED TIME   RECORD YEAR NORMAL DEPARTURE LAST
                VALUE   (LST)  VALUE       VALUE  FROM      YEAR
                                                  NORMAL
..................................................................
TEMPERATURE (F)
 YESTERDAY
  MAXIMUM         74    206 PM  81    1981  57     17       68
  MINIMUM         39   1159 PM  12    1921  35      4       57
  AVERAGE         57                        46     11       63

PRECIPITATION (IN)
  YESTERDAY        2.17          2.54 1945   0.10   2.07     0.25
  MONTH TO DATE    2.96                      1.93   1.03     2.43
  SINCE DEC 1      7.47                      8.03  -0.56     5.54
  SINCE JAN 1      5.19                      4.74   0.45     4.77

SNOWFALL (IN)
  YESTERDAY        0.0                                       0.0
  MONTH TO DATE    T                                         0.0
  SINCE DEC 1      T                                         2.0
  SINCE JUL 1      T                                         2.0

DEGREE DAYS
 HEATING
  YESTERDAY        8                        19    -11        2
  MONTH TO DATE  407                       439    -32      242
  SINCE DEC 1   1911                      1965    -54     1556
  SINCE JUL 1   2347                      2530   -183     1842
..................................................................


WIND (MPH)
  HIGHEST WIND SPEED    28   HIGHEST WIND DIRECTION     S (190)
  HIGHEST GUST SPEED    36   HIGHEST GUST DIRECTION     S (200)
  AVERAGE WIND SPEED    11.5


SKY COVER
  POSSIBLE SUNSHINE  MM
  AVERAGE SKY COVER 0.9


WEATHER CONDITIONS
 THE FOLLOWING WEATHER WAS RECORDED YESTERDAY.
  THUNDERSTORM
  HEAVY RAIN
  RAIN
  LIGHT RAIN
  FOG


RELATIVE HUMIDITY (PERCENT)
 HIGHEST   100           400 PM
 LOWEST     57          1100 AM
 AVERAGE    79

..........................................................


THE FORT SMITH ARKANSAS CLIMATE NORMALS FOR TODAY
                         NORMAL    RECORD    YEAR
 MAXIMUM TEMPERATURE (F)   57        82      1897
 MINIMUM TEMPERATURE (F)   35        13      1939


SUNRISE AND SUNSET
FEBRUARY 21 2018......SUNRISE   657 AM CST   SUNSET   606 PM CST
FEBRUARY 22 2018......SUNRISE   656 AM CST   SUNSET   607 PM CST


-  INDICATES NEGATIVE NUMBERS.
R  INDICATES RECORD WAS SET OR TIED.
MM INDICATES DATA IS MISSING.
T  INDICATES TRACE AMOUNT.




$$

&&
...........................................................
...........................................................
ALL DATA MEASURED AT THE FORT SMITH REGIONAL AIRPORT
