000
CDUS44 KTSA 252244
CLIFSM

CLIMATE REPORT
NATIONAL WEATHER SERVICE TULSA OK
418 PM CST THU DEC 25 2014


...................................

...THE FORT SMITH ARKANSAS CLIMATE SUMMARY FOR DECEMBER 25 2014...
VALID TODAY AS OF 0400 PM LOCAL TIME.

CLIMATE NORMAL PERIOD 1981 TO 2010
CLIMATE RECORD PERIOD 1882 TO 2014


WEATHER ITEM   OBSERVED TIME   RECORD YEAR NORMAL DEPARTURE LAST
                VALUE   (LST)  VALUE       VALUE  FROM      YEAR
                                                  NORMAL
..................................................................
TEMPERATURE (F)
 TODAY
  MAXIMUM         60    148 PM  75    1889  50     10       49
  MINIMUM         28    751 AM  -1    1983  30     -2       27
  AVERAGE         44                        40      4       38

PRECIPITATION (IN)
  TODAY            0.00          1.98 1888   0.09  -0.09     0.00
  MONTH TO DATE    2.16                      2.75  -0.59     4.10
  SINCE DEC 1      2.16                      2.75  -0.59     4.10
  SINCE JAN 1     41.99                     44.92  -2.93    47.05

SNOWFALL (IN)
  TODAY            0.0                                       0.0
  MONTH TO DATE    T                                         5.0
  SINCE DEC 1      T                                         5.0
  SINCE JUL 1      T                                         5.0

DEGREE DAYS
 HEATING
  TODAY           21                        25     -4       27
  MONTH TO DATE  501                       579    -78      636
  SINCE DEC 1    501                       579    -78      636
  SINCE JUL 1   1120                      1144    -24     1226
..................................................................


WIND (MPH)
  HIGHEST WIND SPEED    26   HIGHEST WIND DIRECTION    SW (210)
  HIGHEST GUST SPEED    35   HIGHEST GUST DIRECTION     S (200)
  AVERAGE WIND SPEED     6.1


SKY COVER
  POSSIBLE SUNSHINE  MM
  AVERAGE SKY COVER 0.0


WEATHER CONDITIONS
 THE FOLLOWING WEATHER WAS RECORDED TODAY.
  NO SIGNIFICANT WEATHER WAS OBSERVED.


RELATIVE HUMIDITY (PERCENT)
 HIGHEST    92           200 AM
 LOWEST     24           200 PM
 AVERAGE    58

..........................................................


THE FORT SMITH ARKANSAS CLIMATE NORMALS FOR TOMORROW
                         NORMAL    RECORD    YEAR
 MAXIMUM TEMPERATURE (F)   50        79      1889
 MINIMUM TEMPERATURE (F)   30         2      1892


SUNRISE AND SUNSET
DECEMBER 25 2014......SUNRISE   724 AM CST   SUNSET   511 PM CST
DECEMBER 26 2014......SUNRISE   725 AM CST   SUNSET   512 PM CST


-  INDICATES NEGATIVE NUMBERS.
R  INDICATES RECORD WAS SET OR TIED.
MM INDICATES DATA IS MISSING.
T  INDICATES TRACE AMOUNT.




$$

&&
...........................................................

THE ARKANSAS RIVER AT VAN BUREN

                   OBSERVED      24 HOUR     24 HOUR
                    VALUE        CHANGE      FORECAST

 STAGE (FEET)
  THIS AFTERNOON     19.7         -0.5

MEAN FLOW (CFS)
  TODAY                                        6100
...........................................................
ALL DATA MEASURED AT THE FORT SMITH REGIONAL AIRPORT
