000
CDUS42 KFFC 190022
CLIFTY


CLIMATE REPORT
NATIONAL WEATHER SERVICE PEACHTREE CITY GA
722 PM EST THU JAN 18 2018


...................................

...THE FULTON COUNTY AIRPORT CLIMATE SUMMARY FOR JANUARY 18 2018...
VALID AS OF 0700 PM LOCAL TIME.

CLIMATE NORMAL PERIOD 1981 TO 2010
CLIMATE RECORD PERIOD 9999 TO 9999


WEATHER ITEM   OBSERVED TIME   RECORD YEAR NORMAL DEPARTURE LAST
                VALUE   (LST)  VALUE       VALUE  FROM      YEAR
                                                  NORMAL
..................................................................
TEMPERATURE (F)
 TODAY
  MAXIMUM         41    503 PM  MM      MM  53    -12       70
  MINIMUM         15    810 AM  MM      MM  33    -18       54
  AVERAGE         28                        43    -15       62

PRECIPITATION (IN)
  TODAY            0.00         MM      MM   0.16  -0.16      T
  MONTH TO DATE    0.91                      2.04  -1.13     3.09
  SINCE DEC 1      3.74                      6.03  -2.29     5.87

SNOWFALL (IN)
  TODAY            0.0          MM      MM  MM     MM        0.0
  MONTH TO DATE    0.0                      MM     MM        0.0
  SINCE DEC 1      0.0                      MM     MM        0.0
  SINCE JUL 1      0.0                      MM     MM        0.0
  SNOW DEPTH       0

DEGREE DAYS
 HEATING
  TODAY           37                        22     15        3
  MONTH TO DATE  550                       396    154      276
  SINCE DEC 1   1145                      1023    122      796
  SINCE JUL 1   1615                      1533     82     1116

 COOLING
  TODAY            0                         0      0        0
  MONTH TO DATE    0                         0      0        0
  SINCE DEC 1      0                         1     -1        0
  SINCE JAN 1      0                         0      0        0
..................................................................


WIND (MPH)
  RESULTANT WIND SPEED   8   RESULTANT WIND DIRECTION  NW (310)
  HIGHEST WIND SPEED    15   HIGHEST WIND DIRECTION    NW (310)
  HIGHEST GUST SPEED    23   HIGHEST GUST DIRECTION    NW (310)
  AVERAGE WIND SPEED     8.8


SKY COVER
  AVERAGE SKY COVER 0.0


WEATHER CONDITIONS
 THE FOLLOWING WEATHER WAS RECORDED TODAY.
  NO SIGNIFICANT WEATHER WAS OBSERVED.


RELATIVE HUMIDITY (PERCENT)
 HIGHEST    73           100 AM
 LOWEST     25           500 PM
 AVERAGE    49

..........................................................


THE FULTON COUNTY AIRPORT CLIMATE NORMALS FOR TOMORROW
                         NORMAL    RECORD    YEAR
 MAXIMUM TEMPERATURE (F)   53        MM        MM
 MINIMUM TEMPERATURE (F)   33        MM        MM


SUNRISE AND SUNSET
JANUARY 18 2018.......SUNRISE   742 AM EST   SUNSET   555 PM EST
JANUARY 19 2018.......SUNRISE   742 AM EST   SUNSET   556 PM EST


-  INDICATES NEGATIVE NUMBERS.
R  INDICATES RECORD WAS SET OR TIED.
MM INDICATES DATA IS MISSING.
T  INDICATES TRACE AMOUNT.




$$
