000
CDUS42 KFFC 240819
CLIFTY


CLIMATE REPORT
NATIONAL WEATHER SERVICE PEACHTREE CITY GA
419 AM EDT FRI OCT 24 2014


...................................

...THE FULTON COUNTY AIRPORT CLIMATE SUMMARY FOR OCTOBER 23 2014...

CLIMATE NORMAL PERIOD 1981 TO 2010
CLIMATE RECORD PERIOD 9999 TO 9999


WEATHER ITEM   OBSERVED TIME   RECORD YEAR NORMAL DEPARTURE LAST
                VALUE   (LST)  VALUE       VALUE  FROM      YEAR
                                                  NORMAL
..................................................................
TEMPERATURE (F)
 YESTERDAY
  MAXIMUM         70    324 PM  MM      MM  71     -1       62
  MINIMUM         41    708 AM  MM      MM  49     -8       41
  AVERAGE         56                        60     -4       52

PRECIPITATION (IN)
  YESTERDAY        0.00         MM      MM   0.10  -0.10     0.00
  MONTH TO DATE    3.36                      2.81   0.55     3.44
  SINCE SEP 1      5.49                      6.79  -1.30     6.38
  SINCE JAN 1     36.19                     42.21  -6.02    39.56

SNOWFALL (IN)
  YESTERDAY        0.0          MM      MM  MM     MM       MM
  MONTH TO DATE    0.0                      MM     MM        0.0
  SINCE SEP 1      0.0                      MM     MM        0.0
  SINCE JUL 1      0.0                      MM     MM        0.0
  SNOW DEPTH      MM

DEGREE DAYS
 HEATING
  YESTERDAY        9                         6      3       13
  MONTH TO DATE   65                        77    -12       43
  SINCE SEP 1     65                        87    -22       43
  SINCE JUL 1     65                        87    -22       43

 COOLING
  YESTERDAY        0                         1     -1        0
  MONTH TO DATE   78                        48     30       54
  SINCE SEP 1    376                       292     84      295
  SINCE JAN 1   1770                      1729     41     1616
..................................................................


WIND (MPH)
  RESULTANT WIND SPEED   1   RESULTANT WIND DIRECTION   N (340)
  HIGHEST WIND SPEED    10   HIGHEST WIND DIRECTION     N (340)
  HIGHEST GUST SPEED    15   HIGHEST GUST DIRECTION     W (290)
  AVERAGE WIND SPEED     2.7


SKY COVER
  AVERAGE SKY COVER 0.0


WEATHER CONDITIONS
 THE FOLLOWING WEATHER WAS RECORDED YESTERDAY.
  NO SIGNIFICANT WEATHER WAS OBSERVED.


RELATIVE HUMIDITY (PERCENT)
 HIGHEST    89           400 AM
 LOWEST     36           300 PM
 AVERAGE    63

..........................................................


THE FULTON COUNTY AIRPORT CLIMATE NORMALS FOR TODAY
                         NORMAL    RECORD    YEAR
 MAXIMUM TEMPERATURE (F)   71        MM        MM
 MINIMUM TEMPERATURE (F)   49        MM        MM


SUNRISE AND SUNSET
OCTOBER 24 2014.......SUNRISE   750 AM EDT   SUNSET   654 PM EDT
OCTOBER 25 2014.......SUNRISE   751 AM EDT   SUNSET   653 PM EDT


-  INDICATES NEGATIVE NUMBERS.
R  INDICATES RECORD WAS SET OR TIED.
MM INDICATES DATA IS MISSING.
T  INDICATES TRACE AMOUNT.




$$
