000
CDUS42 KFFC 270923
CLIFTY


CLIMATE REPORT
NATIONAL WEATHER SERVICE PEACHTREE CITY GA
422 AM EST FRI FEB 27 2015


...................................

...THE FULTON COUNTY AIRPORT CLIMATE SUMMARY FOR FEBRUARY 26 2015...

CLIMATE NORMAL PERIOD 1981 TO 2010
CLIMATE RECORD PERIOD 9999 TO 9999


WEATHER ITEM   OBSERVED TIME   RECORD YEAR NORMAL DEPARTURE LAST
                VALUE   (LST)  VALUE       VALUE  FROM      YEAR
                                                  NORMAL
..................................................................
TEMPERATURE (F)
 YESTERDAY
  MAXIMUM         39   1141 AM  MM      MM  60    -21       50
  MINIMUM         31   1159 PM  MM      MM  38     -7       33
  AVERAGE         35                        49    -14       42

PRECIPITATION (IN)
  YESTERDAY        T            MM      MM   0.21  -0.21     0.17
  MONTH TO DATE    3.46                      4.50  -1.04     3.07
  SINCE DEC 1     11.11                     12.76  -1.65    13.40
  SINCE JAN 1      6.79                      8.77  -1.98     5.67

SNOWFALL (IN)
  YESTERDAY       MM            MM      MM  MM     MM       MM
  MONTH TO DATE    T                        MM     MM        0.0
  SINCE DEC 1      T                        MM     MM         T
  SINCE JUL 1      T                        MM     MM         T
  SNOW DEPTH      MM

DEGREE DAYS
 HEATING
  YESTERDAY       30                        16     14       23
  MONTH TO DATE  676                       493    183      479
  SINCE DEC 1   1900                      1799    101     1940
  SINCE JUL 1   2538                      2309    229     2513
..................................................................


WIND (MPH)
  RESULTANT WIND SPEED   6   RESULTANT WIND DIRECTION  NW (320)
  HIGHEST WIND SPEED    15   HIGHEST WIND DIRECTION    NW (310)
  HIGHEST GUST SPEED    20   HIGHEST GUST DIRECTION    NW (300)
  AVERAGE WIND SPEED     6.4


SKY COVER
  AVERAGE SKY COVER 0.8


WEATHER CONDITIONS
 THE FOLLOWING WEATHER WAS RECORDED YESTERDAY.
  LIGHT RAIN
  FOG


RELATIVE HUMIDITY (PERCENT)
 HIGHEST    89           200 AM
 LOWEST     70           600 PM
 AVERAGE    80

..........................................................


THE FULTON COUNTY AIRPORT CLIMATE NORMALS FOR TODAY
                         NORMAL    RECORD    YEAR
 MAXIMUM TEMPERATURE (F)   60        MM        MM
 MINIMUM TEMPERATURE (F)   38        MM        MM


SUNRISE AND SUNSET
FEBRUARY 27 2015......SUNRISE   709 AM EST   SUNSET   633 PM EST
FEBRUARY 28 2015......SUNRISE   708 AM EST   SUNSET   634 PM EST


-  INDICATES NEGATIVE NUMBERS.
R  INDICATES RECORD WAS SET OR TIED.
MM INDICATES DATA IS MISSING.
T  INDICATES TRACE AMOUNT.




$$
