919
CDUS42 KFFC 230817
CLIFTY


CLIMATE REPORT
NATIONAL WEATHER SERVICE PEACHTREE CITY GA
417 AM EDT FRI JUN 23 2017


...................................

...THE FULTON COUNTY AIRPORT CLIMATE SUMMARY FOR JUNE 22 2017...

CLIMATE NORMAL PERIOD 1981 TO 2010
CLIMATE RECORD PERIOD 9999 TO 9999


WEATHER ITEM   OBSERVED TIME   RECORD YEAR NORMAL DEPARTURE LAST
                VALUE   (LST)  VALUE       VALUE  FROM      YEAR
                                                  NORMAL
..................................................................
TEMPERATURE (F)
 YESTERDAY
  MAXIMUM         84    415 PM  MM      MM  88     -4       91
  MINIMUM         71    617 AM  MM      MM  68      3       72
  AVERAGE         78                        78      0       82

PRECIPITATION (IN)
  YESTERDAY        0.44         MM      MM   0.15   0.29     0.00
  MONTH TO DATE    5.20                      2.71   2.49     1.62
  SINCE JUN 1      5.20                      2.71   2.49     1.62
  SINCE JAN 1     27.43                     24.20   3.23    18.43

DEGREE DAYS
 COOLING
  YESTERDAY       13                        13      0       17
  MONTH TO DATE  259                       242     17      300
  SINCE JUN 1    259                       242     17      300
  SINCE JAN 1    588                       442    146      532
..................................................................


WIND (MPH)
  RESULTANT WIND SPEED   3   RESULTANT WIND DIRECTION  SE (130)
  HIGHEST WIND SPEED    17   HIGHEST WIND DIRECTION     S (160)
  HIGHEST GUST SPEED    23   HIGHEST GUST DIRECTION     S (170)
  AVERAGE WIND SPEED     4.2


SKY COVER
  AVERAGE SKY COVER 0.6


WEATHER CONDITIONS
 THE FOLLOWING WEATHER WAS RECORDED YESTERDAY.
  THUNDERSTORM
  HEAVY RAIN
  RAIN
  LIGHT RAIN
  FOG


RELATIVE HUMIDITY (PERCENT)
 HIGHEST   100          1200 AM
 LOWEST     79           200 PM
 AVERAGE    90

..........................................................


THE FULTON COUNTY AIRPORT CLIMATE NORMALS FOR TODAY
                         NORMAL    RECORD    YEAR
 MAXIMUM TEMPERATURE (F)   88        MM        MM
 MINIMUM TEMPERATURE (F)   68        MM        MM


SUNRISE AND SUNSET
JUNE 23 2017..........SUNRISE   628 AM EDT   SUNSET   852 PM EDT
JUNE 24 2017..........SUNRISE   629 AM EDT   SUNSET   852 PM EDT


-  INDICATES NEGATIVE NUMBERS.
R  INDICATES RECORD WAS SET OR TIED.
MM INDICATES DATA IS MISSING.
T  INDICATES TRACE AMOUNT.




$$
